[INFO] fetching crate faucet-source-rabbitmq 1.0.0...
[INFO] checking faucet-source-rabbitmq-1.0.0 against 3154cc1a3e6424e44f438a95007d043ed5ceaaf6 for pr-133502-30
[INFO] extracting crate faucet-source-rabbitmq 1.0.0 into /workspace/builds/worker-0-tc2/source
[INFO] started tweaking crates.io crate faucet-source-rabbitmq 1.0.0
[INFO] removed 0 missing tests
[INFO] finished tweaking crates.io crate faucet-source-rabbitmq 1.0.0
[INFO] tweaked toml for crates.io crate faucet-source-rabbitmq 1.0.0 written to /workspace/builds/worker-0-tc2/source/Cargo.toml
[INFO] validating manifest of crates.io crate faucet-source-rabbitmq 1.0.0 on toolchain 3154cc1a3e6424e44f438a95007d043ed5ceaaf6
[INFO] running `Command { std: CARGO_HOME="/workspace/cargo-home" RUSTUP_HOME="/workspace/rustup-home" "/workspace/cargo-home/bin/cargo" "+3154cc1a3e6424e44f438a95007d043ed5ceaaf6" "metadata" "--manifest-path" "Cargo.toml" "--no-deps", kill_on_drop: false }`
[INFO] crate crates.io crate faucet-source-rabbitmq 1.0.0 already has a lockfile, it will not be regenerated
[INFO] running `Command { std: CARGO_HOME="/workspace/cargo-home" RUSTUP_HOME="/workspace/rustup-home" "/workspace/cargo-home/bin/cargo" "+3154cc1a3e6424e44f438a95007d043ed5ceaaf6" "fetch" "--manifest-path" "Cargo.toml", kill_on_drop: false }`
[INFO] [stderr]     Blocking waiting for file lock on package cache
[INFO] running `Command { std: "docker" "create" "-v" "/var/lib/crater-agent-workspace/builds/worker-0-tc2/source:/opt/rustwide/workdir:ro,Z" "-v" "/var/lib/crater-agent-workspace/builds/worker-0-tc2/target:/opt/rustwide/target:rw,Z" "-v" "/var/lib/crater-agent-workspace/cargo-home:/opt/rustwide/cargo-home:ro,Z" "-v" "/var/lib/crater-agent-workspace/rustup-home:/opt/rustwide/rustup-home:ro,Z" "-m" "1610612736" "--network" "none" "ghcr.io/rust-lang/crates-build-env/linux@sha256:77db811e55d90add9212f6832c23229e3de5f1c1f9905e8cb07319ea15df73ac" "sleep" "infinity", kill_on_drop: false }`
[INFO] [stdout] 0d9f7ece6db7388e23fb3e299561d6e812b6a3db557c97e5370fd0705533b288
[INFO] running `Command { std: "docker" "start" "0d9f7ece6db7388e23fb3e299561d6e812b6a3db557c97e5370fd0705533b288", kill_on_drop: false }`
[INFO] running `Command { std: "docker" "inspect" "0d9f7ece6db7388e23fb3e299561d6e812b6a3db557c97e5370fd0705533b288", kill_on_drop: false }`
[INFO] running `Command { std: "docker" "exec" "-e" "SOURCE_DIR=/opt/rustwide/workdir" "-e" "CARGO_HOME=/opt/rustwide/cargo-home" "-e" "RUSTUP_HOME=/opt/rustwide/rustup-home" "-e" "CARGO_TARGET_DIR=/opt/rustwide/target" "-w" "/opt/rustwide/workdir" "--user" "0:0" "0d9f7ece6db7388e23fb3e299561d6e812b6a3db557c97e5370fd0705533b288" "/opt/rustwide/cargo-home/bin/cargo" "+3154cc1a3e6424e44f438a95007d043ed5ceaaf6" "metadata" "--no-deps" "--format-version=1", kill_on_drop: false }`
[INFO] running `Command { std: "docker" "inspect" "0d9f7ece6db7388e23fb3e299561d6e812b6a3db557c97e5370fd0705533b288", kill_on_drop: false }`
[INFO] running `Command { std: "docker" "exec" "-e" "SOURCE_DIR=/opt/rustwide/workdir" "-e" "CARGO_HOME=/opt/rustwide/cargo-home" "-e" "RUSTUP_HOME=/opt/rustwide/rustup-home" "-e" "CARGO_TARGET_DIR=/opt/rustwide/target" "-e" "CARGO_INCREMENTAL=0" "-e" "RUST_BACKTRACE=full" "-e" "RUSTFLAGS=--cap-lints=forbid" "-e" "RUSTDOCFLAGS=--cap-lints=forbid" "-w" "/opt/rustwide/workdir" "--user" "0:0" "0d9f7ece6db7388e23fb3e299561d6e812b6a3db557c97e5370fd0705533b288" "/opt/rustwide/cargo-home/bin/cargo" "+3154cc1a3e6424e44f438a95007d043ed5ceaaf6" "check" "--frozen" "--all" "--all-targets" "--message-format=json", kill_on_drop: false }`
[INFO] [stderr]     Checking http-body v1.0.1
[INFO] [stderr]    Compiling serde_json v1.0.151
[INFO] [stderr]    Compiling displaydoc v0.2.5
[INFO] [stderr]     Checking rustls-pki-types v1.14.1
[INFO] [stderr]     Checking tokio v1.52.3
[INFO] [stderr]     Checking futures-util v0.3.32
[INFO] [stderr]     Checking ring v0.17.14
[INFO] [stderr]     Checking bitflags v2.13.0
[INFO] [stderr]    Compiling aws-lc-rs v1.17.0
[INFO] [stderr]     Checking aws-lc-sys v0.41.0
[INFO] [stderr]     Checking http-body-util v0.1.3
[INFO] [stderr]    Compiling prost-derive v0.14.3
[INFO] [stderr]    Compiling pest v2.8.6
[INFO] [stderr]     Checking nom v8.0.0
[INFO] [stderr]    Compiling rustls v0.23.40
[INFO] [stderr]     Checking cookie-factory v0.3.3
[INFO] [stderr]     Checking serde_urlencoded v0.7.1
[INFO] [stderr]     Checking num-integer v0.1.46
[INFO] [stderr]    Compiling ref-cast v1.0.25
[INFO] [stderr]    Compiling darling_core v0.23.0
[INFO] [stderr]     Checking ureq-proto v0.6.0
[INFO] [stderr]    Compiling ref-cast-impl v1.0.25
[INFO] [stderr]    Compiling bollard-buildkit-proto v0.7.0
[INFO] [stderr]    Compiling portable-atomic v1.13.1
[INFO] [stderr]     Checking axum-core v0.5.6
[INFO] [stderr]     Checking rustls-native-certs v0.8.3
[INFO] [stderr]     Checking ucd-trie v0.1.7
[INFO] [stderr]    Compiling amq-protocol v10.6.3
[INFO] [stderr]    Compiling rustix v1.1.4
[INFO] [stderr]     Checking deranged v0.5.8
[INFO] [stderr]    Compiling schemars_derive v1.2.1
[INFO] [stderr]     Checking concurrent-queue v2.5.0
[INFO] [stderr]     Checking tinystr v0.8.3
[INFO] [stderr]     Checking zerotrie v0.2.4
[INFO] [stderr]     Checking icu_locale_core v2.2.0
[INFO] [stderr]     Checking icu_collections v2.2.0
[INFO] [stderr]     Checking rapidhash v4.4.1
[INFO] [stderr]     Checking num-bigint v0.4.8
[INFO] [stderr]    Compiling structmeta-derive v0.3.0
[INFO] [stderr]     Checking fastrand v2.4.1
[INFO] [stderr]    Compiling lapin v4.12.0
[INFO] [stderr]     Checking chacha20 v0.10.0
[INFO] [stderr]     Checking backon v1.6.0
[INFO] [stderr]     Checking chrono v0.4.44
[INFO] [stderr]     Checking prost v0.14.3
[INFO] [stderr]     Checking event-listener v5.4.1
[INFO] [stderr]     Checking icu_provider v2.2.0
[INFO] [stderr]     Checking prost-types v0.14.3
[INFO] [stderr]    Compiling pest_meta v2.8.6
[INFO] [stderr]     Checking metrics v0.24.6
[INFO] [stderr]     Checking icu_normalizer v2.2.0
[INFO] [stderr]     Checking icu_properties v2.2.0
[INFO] [stderr]     Checking schemars v1.2.1
[INFO] [stderr]    Compiling structmeta v0.3.0
[INFO] [stderr]     Checking time v0.3.47
[INFO] [stderr]     Checking rustls-webpki v0.103.13
[INFO] [stderr]     Checking flume v0.12.0
[INFO] [stderr]    Compiling regex v1.12.3
[INFO] [stderr]     Checking num-rational v0.4.2
[INFO] [stderr]     Checking num-iter v0.1.45
[INFO] [stderr]     Checking uuid v1.26.1
[INFO] [stderr]     Checking num-complex v0.4.6
[INFO] [stderr]     Checking envy v0.4.2
[INFO] [stderr]     Checking idna_adapter v1.2.2
[INFO] [stderr]     Checking rand v0.9.4
[INFO] [stderr]     Checking rand v0.10.1
[INFO] [stderr]     Checking idna v1.1.0
[INFO] [stderr]     Checking either v1.15.0
[INFO] [stderr]    Compiling parse-display-derive v0.9.1
[INFO] [stderr]     Checking docker_credential v1.3.3
[INFO] [stderr]     Checking etcetera v0.11.0
[INFO] [stderr]    Compiling pest_generator v2.8.6
[INFO] [stderr]     Checking num v0.4.3
[INFO] [stderr]     Checking itertools v0.14.0
[INFO] [stderr]     Checking url v2.5.8
[INFO] [stderr]     Checking ferroid v2.0.0
[INFO] [stderr]    Compiling darling_macro v0.23.0
[INFO] [stderr]    Compiling pest_derive v2.8.6
[INFO] [stderr]    Compiling darling v0.23.0
[INFO] [stderr]     Checking jsonpath-rust v1.0.4
[INFO] [stderr]    Compiling serde_with_macros v3.20.0
[INFO] [stderr]     Checking futures-executor v0.3.32
[INFO] [stderr]     Checking parse-display v0.9.1
[INFO] [stderr]     Checking futures v0.3.32
[INFO] [stderr]     Checking xattr v1.6.1
[INFO] [stderr]     Checking serde_with v3.20.0
[INFO] [stderr]     Checking tokio-util v0.7.18
[INFO] [stderr]     Checking tokio-stream v0.1.18
[INFO] [stderr]     Checking async-compat v0.2.6
[INFO] [stderr]     Checking amq-protocol-types v10.6.3
[INFO] [stderr]     Checking async-rs v0.8.12
[INFO] [stderr]     Checking astral-tokio-tar v0.6.2
[INFO] [stderr]     Checking amq-protocol-uri v10.6.3
[INFO] [stderr]     Checking h2 v0.4.14
[INFO] [stderr]     Checking tower v0.5.3
[INFO] [stderr]     Checking tcp-stream v0.34.14
[INFO] [stderr]     Checking amq-protocol-tcp v10.6.3
[INFO] [stderr]     Checking tokio-rustls v0.26.4
[INFO] [stderr]     Checking rustls-platform-verifier v0.7.0
[INFO] [stderr]     Checking ureq v3.3.0
[INFO] [stderr]     Checking axum v0.8.9
[INFO] [stderr]     Checking tower-http v0.6.10
[INFO] [stderr]     Checking hyper v1.9.0
[INFO] [stderr]     Checking hyper-util v0.1.20
[INFO] [stderr]     Checking hyper-rustls v0.27.9
[INFO] [stderr]     Checking hyper-timeout v0.5.2
[INFO] [stderr]     Checking hyperlocal v0.9.1
[INFO] [stderr]     Checking reqwest v0.13.3
[INFO] [stderr]     Checking tonic v0.14.6
[INFO] [stderr]     Checking faucet-core v1.13.0
[INFO] [stderr]     Checking tonic-prost v0.14.6
[INFO] [stderr]     Checking bollard-stubs v1.52.1-rc.29.1.3
[INFO] [stderr]     Checking faucet-common-rabbitmq v1.0.0
[INFO] [stderr]     Checking faucet-source-rabbitmq v1.0.0 (/opt/rustwide/workdir)
[INFO] [stderr]     Checking bollard v0.20.2
[INFO] [stderr]     Checking testcontainers v0.27.3
[INFO] [stdout] error[E0432]: unresolved import `faucet_conformance`
[INFO] [stdout]   --> tests/conformance.rs:14:5
[INFO] [stdout]    |
[INFO] [stdout] 14 | use faucet_conformance::{assert_config_schema_valid_value, assert_errors_not_panics};
[INFO] [stdout]    |     ^^^^^^^^^^^^^^^^^^ use of unresolved module or unlinked crate `faucet_conformance`
[INFO] [stdout]    |
[INFO] [stdout]    = help: if you wanted to use a crate named `faucet_conformance`, use `cargo add faucet_conformance` to add it to your `Cargo.toml`
[INFO] [stdout] 
[INFO] [stdout] 
[INFO] [stdout] error[E0433]: cannot find module or crate `faucet_conformance` in this scope
[INFO] [stdout]   --> tests/conformance.rs:30:5
[INFO] [stdout]    |
[INFO] [stdout] 30 |     faucet_conformance::assert_connector_name_nonempty(&source);
[INFO] [stdout]    |     ^^^^^^^^^^^^^^^^^^ use of unresolved module or unlinked crate `faucet_conformance`
[INFO] [stdout]    |
[INFO] [stdout]    = help: if you wanted to use a crate named `faucet_conformance`, use `cargo add faucet_conformance` to add it to your `Cargo.toml`
[INFO] [stdout] 
[INFO] [stdout] 
[INFO] [stdout] error[E0433]: cannot find module or crate `faucet_conformance` in this scope
[INFO] [stdout]   --> tests/conformance.rs:47:5
[INFO] [stdout]    |
[INFO] [stdout] 47 |     faucet_conformance::assert_bounded_memory(&source, 250, N).await;
[INFO] [stdout]    |     ^^^^^^^^^^^^^^^^^^ use of unresolved module or unlinked crate `faucet_conformance`
[INFO] [stdout]    |
[INFO] [stdout]    = help: if you wanted to use a crate named `faucet_conformance`, use `cargo add faucet_conformance` to add it to your `Cargo.toml`
[INFO] [stdout] 
[INFO] [stdout] 
[INFO] [stdout] Some errors have detailed explanations: E0432, E0433.
[INFO] [stdout] 
[INFO] [stdout] For more information about an error, try `rustc --explain E0432`.
[INFO] [stdout] 
[INFO] [stderr] error: could not compile `faucet-source-rabbitmq` (test "conformance") due to 3 previous errors
[INFO] [stderr] warning: build failed, waiting for other jobs to finish...
[INFO] running `Command { std: "docker" "inspect" "0d9f7ece6db7388e23fb3e299561d6e812b6a3db557c97e5370fd0705533b288", kill_on_drop: false }`
[INFO] running `Command { std: "docker" "rm" "-f" "0d9f7ece6db7388e23fb3e299561d6e812b6a3db557c97e5370fd0705533b288", kill_on_drop: false }`
[INFO] [stdout] 0d9f7ece6db7388e23fb3e299561d6e812b6a3db557c97e5370fd0705533b288
