[INFO] fetching crate fandhe-ai 0.10.0...
[INFO] checking fandhe-ai-0.10.0 against 3154cc1a3e6424e44f438a95007d043ed5ceaaf6 for pr-133502-30
[INFO] extracting crate fandhe-ai 0.10.0 into /workspace/builds/worker-4-tc2/source
[INFO] started tweaking crates.io crate fandhe-ai 0.10.0
[INFO] removed 0 missing examples
[INFO] removed 0 missing tests
[INFO] finished tweaking crates.io crate fandhe-ai 0.10.0
[INFO] tweaked toml for crates.io crate fandhe-ai 0.10.0 written to /workspace/builds/worker-4-tc2/source/Cargo.toml
[INFO] validating manifest of crates.io crate fandhe-ai 0.10.0 on toolchain 3154cc1a3e6424e44f438a95007d043ed5ceaaf6
[INFO] running `Command { std: CARGO_HOME="/workspace/cargo-home" RUSTUP_HOME="/workspace/rustup-home" "/workspace/cargo-home/bin/cargo" "+3154cc1a3e6424e44f438a95007d043ed5ceaaf6" "metadata" "--manifest-path" "Cargo.toml" "--no-deps", kill_on_drop: false }`
[INFO] crate crates.io crate fandhe-ai 0.10.0 already has a lockfile, it will not be regenerated
[INFO] running `Command { std: CARGO_HOME="/workspace/cargo-home" RUSTUP_HOME="/workspace/rustup-home" "/workspace/cargo-home/bin/cargo" "+3154cc1a3e6424e44f438a95007d043ed5ceaaf6" "fetch" "--manifest-path" "Cargo.toml", kill_on_drop: false }`
[INFO] running `Command { std: "docker" "create" "-v" "/var/lib/crater-agent-workspace/builds/worker-4-tc2/source:/opt/rustwide/workdir:ro,Z" "-v" "/var/lib/crater-agent-workspace/builds/worker-4-tc2/target:/opt/rustwide/target:rw,Z" "-v" "/var/lib/crater-agent-workspace/cargo-home:/opt/rustwide/cargo-home:ro,Z" "-v" "/var/lib/crater-agent-workspace/rustup-home:/opt/rustwide/rustup-home:ro,Z" "-m" "1610612736" "--network" "none" "ghcr.io/rust-lang/crates-build-env/linux@sha256:77db811e55d90add9212f6832c23229e3de5f1c1f9905e8cb07319ea15df73ac" "sleep" "infinity", kill_on_drop: false }`
[INFO] [stdout] 71321783097be58021e810ef5689b198b851546ca8dfc5ed677deed9af3006c4
[INFO] running `Command { std: "docker" "start" "71321783097be58021e810ef5689b198b851546ca8dfc5ed677deed9af3006c4", kill_on_drop: false }`
[INFO] running `Command { std: "docker" "inspect" "71321783097be58021e810ef5689b198b851546ca8dfc5ed677deed9af3006c4", kill_on_drop: false }`
[INFO] running `Command { std: "docker" "exec" "-e" "SOURCE_DIR=/opt/rustwide/workdir" "-e" "CARGO_HOME=/opt/rustwide/cargo-home" "-e" "RUSTUP_HOME=/opt/rustwide/rustup-home" "-e" "CARGO_TARGET_DIR=/opt/rustwide/target" "-w" "/opt/rustwide/workdir" "--user" "0:0" "71321783097be58021e810ef5689b198b851546ca8dfc5ed677deed9af3006c4" "/opt/rustwide/cargo-home/bin/cargo" "+3154cc1a3e6424e44f438a95007d043ed5ceaaf6" "metadata" "--no-deps" "--format-version=1", kill_on_drop: false }`
[INFO] running `Command { std: "docker" "inspect" "71321783097be58021e810ef5689b198b851546ca8dfc5ed677deed9af3006c4", kill_on_drop: false }`
[INFO] running `Command { std: "docker" "exec" "-e" "SOURCE_DIR=/opt/rustwide/workdir" "-e" "CARGO_HOME=/opt/rustwide/cargo-home" "-e" "RUSTUP_HOME=/opt/rustwide/rustup-home" "-e" "CARGO_TARGET_DIR=/opt/rustwide/target" "-e" "CARGO_INCREMENTAL=0" "-e" "RUST_BACKTRACE=full" "-e" "RUSTFLAGS=--cap-lints=forbid" "-e" "RUSTDOCFLAGS=--cap-lints=forbid" "-w" "/opt/rustwide/workdir" "--user" "0:0" "71321783097be58021e810ef5689b198b851546ca8dfc5ed677deed9af3006c4" "/opt/rustwide/cargo-home/bin/cargo" "+3154cc1a3e6424e44f438a95007d043ed5ceaaf6" "check" "--frozen" "--all" "--all-targets" "--message-format=json", kill_on_drop: false }`
[INFO] [stderr]    Compiling either v1.17.0
[INFO] [stderr]    Compiling num-traits v0.2.19
[INFO] [stderr]    Compiling anyhow v1.0.104
[INFO] [stderr]    Compiling serde_json v1.0.151
[INFO] [stderr]    Compiling cudarc v0.19.8
[INFO] [stderr]    Compiling syn v2.0.119
[INFO] [stderr]    Compiling syn v3.0.3
[INFO] [stderr]     Checking hashbrown v0.16.1
[INFO] [stderr]     Checking bytes v1.12.1
[INFO] [stderr]    Compiling fandhe-ai-backend-cpu v0.10.0
[INFO] [stderr]    Compiling itertools v0.14.0
[INFO] [stderr]     Checking rayon v1.12.0
[INFO] [stderr]    Compiling serde_derive v1.0.229
[INFO] [stderr]    Compiling zerocopy-derive v0.8.56
[INFO] [stderr]    Compiling prost-derive v0.14.4
[INFO] [stderr]     Checking serde v1.0.229
[INFO] [stderr]     Checking safetensors v0.7.0
[INFO] [stderr]     Checking prost v0.14.4
[INFO] [stderr]     Checking zerocopy v0.8.56
[INFO] [stderr]     Checking ppv-lite86 v0.2.21
[INFO] [stderr]     Checking rand_chacha v0.9.0
[INFO] [stderr]     Checking rand v0.9.5
[INFO] [stderr]     Checking rand_distr v0.5.1
[INFO] [stderr]     Checking half v2.7.1
[INFO] [stderr]     Checking fandhe-ai-tensor-core v0.10.0
[INFO] [stderr]     Checking fandhe-ai-autodiff v0.10.0
[INFO] [stderr]     Checking fandhe-ai-backend-cuda v0.10.0
[INFO] [stderr]     Checking fandhe-ai-onnx-interop v0.10.0
[INFO] [stderr]     Checking fandhe-ai v0.10.0 (/opt/rustwide/workdir)
[INFO] [stdout] error[E0433]: cannot find module or crate `bench_harness` in this scope
[INFO] [stdout]   --> tests/sort_topk_backend_parity.rs:19:5
[INFO] [stdout]    |
[INFO] [stdout] 19 | use bench_harness::rng::Xorshift64Star;
[INFO] [stdout]    |     ^^^^^^^^^^^^^ use of unresolved module or unlinked crate `bench_harness`
[INFO] [stdout]    |
[INFO] [stdout]    = help: if you wanted to use a crate named `bench_harness`, use `cargo add bench_harness` to add it to your `Cargo.toml`
[INFO] [stdout] 
[INFO] [stdout] 
[INFO] [stdout] error[E0433]: cannot find module or crate `bench_harness` in this scope
[INFO] [stdout]   --> tests/cuda_graph_step_common/mod.rs:21:5
[INFO] [stdout]    |
[INFO] [stdout] 21 | use bench_harness::rng::Xorshift64Star;
[INFO] [stdout]    |     ^^^^^^^^^^^^^ use of unresolved module or unlinked crate `bench_harness`
[INFO] [stdout]    |
[INFO] [stdout]    = help: if you wanted to use a crate named `bench_harness`, use `cargo add bench_harness` to add it to your `Cargo.toml`
[INFO] [stdout] 
[INFO] [stdout] 
[INFO] [stdout] error[E0433]: cannot find module or crate `bench_harness` in this scope
[INFO] [stdout]   --> tests/optim_amp_low_precision_fit.rs:26:5
[INFO] [stdout]    |
[INFO] [stdout] 26 | use bench_harness::rng::Xorshift64Star;
[INFO] [stdout]    |     ^^^^^^^^^^^^^ use of unresolved module or unlinked crate `bench_harness`
[INFO] [stdout]    |
[INFO] [stdout]    = help: if you wanted to use a crate named `bench_harness`, use `cargo add bench_harness` to add it to your `Cargo.toml`
[INFO] [stdout] 
[INFO] [stdout] 
[INFO] [stdout] error[E0433]: cannot find module or crate `bench_harness` in this scope
[INFO] [stdout]   --> tests/data_sampler_hooks.rs:17:5
[INFO] [stdout]    |
[INFO] [stdout] 17 | use bench_harness::rng::Xorshift64Star;
[INFO] [stdout]    |     ^^^^^^^^^^^^^ use of unresolved module or unlinked crate `bench_harness`
[INFO] [stdout]    |
[INFO] [stdout]    = help: if you wanted to use a crate named `bench_harness`, use `cargo add bench_harness` to add it to your `Cargo.toml`
[INFO] [stdout] 
[INFO] [stdout] 
[INFO] [stdout] error[E0433]: cannot find module or crate `bench_harness` in this scope
[INFO] [stdout]   --> tests/example_models_common/mod.rs:20:5
[INFO] [stdout]    |
[INFO] [stdout] 20 | use bench_harness::rng::Xorshift64Star;
[INFO] [stdout]    |     ^^^^^^^^^^^^^ use of unresolved module or unlinked crate `bench_harness`
[INFO] [stdout]    |
[INFO] [stdout]    = help: if you wanted to use a crate named `bench_harness`, use `cargo add bench_harness` to add it to your `Cargo.toml`
[INFO] [stdout] 
[INFO] [stdout] 
[INFO] [stdout] For more information about this error, try `rustc --explain E0433`.
[INFO] [stdout] 
[INFO] [stdout] For more information about this error, try `rustc --explain E0433`.
[INFO] [stdout] 
[INFO] [stderr] error: could not compile `fandhe-ai` (test "sort_topk_backend_parity") due to 1 previous error
[INFO] [stderr] warning: build failed, waiting for other jobs to finish...
[INFO] [stdout] For more information about this error, try `rustc --explain E0433`.
[INFO] [stdout] 
[INFO] [stderr] error: could not compile `fandhe-ai` (test "optim_amp_low_precision_fit") due to 1 previous error
[INFO] [stderr] error: could not compile `fandhe-ai` (test "cuda_graph_step_bit_identity") due to 1 previous error
[INFO] [stdout] error[E0433]: cannot find module or crate `bench_harness` in this scope
[INFO] [stdout]   --> tests/dropout_backend_parity.rs:23:5
[INFO] [stdout]    |
[INFO] [stdout] 23 | use bench_harness::rng::Xorshift64Star;
[INFO] [stdout]    |     ^^^^^^^^^^^^^ use of unresolved module or unlinked crate `bench_harness`
[INFO] [stdout]    |
[INFO] [stdout]    = help: if you wanted to use a crate named `bench_harness`, use `cargo add bench_harness` to add it to your `Cargo.toml`
[INFO] [stdout] 
[INFO] [stdout] 
[INFO] [stdout] error[E0433]: cannot find module or crate `bench_harness` in this scope
[INFO] [stdout]   --> tests/conv2d_backend_parity.rs:26:5
[INFO] [stdout]    |
[INFO] [stdout] 26 | use bench_harness::rng::Xorshift64Star;
[INFO] [stdout]    |     ^^^^^^^^^^^^^ use of unresolved module or unlinked crate `bench_harness`
[INFO] [stdout]    |
[INFO] [stdout]    = help: if you wanted to use a crate named `bench_harness`, use `cargo add bench_harness` to add it to your `Cargo.toml`
[INFO] [stdout] 
[INFO] [stdout] 
[INFO] [stdout] For more information about this error, try `rustc --explain E0433`.
[INFO] [stdout] 
[INFO] [stdout] For more information about this error, try `rustc --explain E0433`.
[INFO] [stdout] 
[INFO] [stdout] For more information about this error, try `rustc --explain E0433`.
[INFO] [stdout] 
[INFO] [stderr] error: could not compile `fandhe-ai` (test "example_mlp_mnist") due to 1 previous error
[INFO] [stderr] error: could not compile `fandhe-ai` (test "data_sampler_hooks") due to 1 previous error
[INFO] [stderr] error: could not compile `fandhe-ai` (test "dropout_backend_parity") due to 1 previous error
[INFO] [stdout] For more information about this error, try `rustc --explain E0433`.
[INFO] [stdout] 
[INFO] [stderr] error: could not compile `fandhe-ai` (test "conv2d_backend_parity") due to 1 previous error
[INFO] running `Command { std: "docker" "inspect" "71321783097be58021e810ef5689b198b851546ca8dfc5ed677deed9af3006c4", kill_on_drop: false }`
[INFO] running `Command { std: "docker" "rm" "-f" "71321783097be58021e810ef5689b198b851546ca8dfc5ed677deed9af3006c4", kill_on_drop: false }`
[INFO] [stdout] 71321783097be58021e810ef5689b198b851546ca8dfc5ed677deed9af3006c4
