[INFO] fetching crate fandhe-ai-backend-cpu 0.10.0...
[INFO] checking fandhe-ai-backend-cpu-0.10.0 against 3154cc1a3e6424e44f438a95007d043ed5ceaaf6 for pr-133502-30
[INFO] extracting crate fandhe-ai-backend-cpu 0.10.0 into /workspace/builds/worker-4-tc2/source
[INFO] started tweaking crates.io crate fandhe-ai-backend-cpu 0.10.0
[INFO] removed 0 missing examples
[INFO] removed 0 missing tests
[INFO] finished tweaking crates.io crate fandhe-ai-backend-cpu 0.10.0
[INFO] tweaked toml for crates.io crate fandhe-ai-backend-cpu 0.10.0 written to /workspace/builds/worker-4-tc2/source/Cargo.toml
[INFO] validating manifest of crates.io crate fandhe-ai-backend-cpu 0.10.0 on toolchain 3154cc1a3e6424e44f438a95007d043ed5ceaaf6
[INFO] running `Command { std: CARGO_HOME="/workspace/cargo-home" RUSTUP_HOME="/workspace/rustup-home" "/workspace/cargo-home/bin/cargo" "+3154cc1a3e6424e44f438a95007d043ed5ceaaf6" "metadata" "--manifest-path" "Cargo.toml" "--no-deps", kill_on_drop: false }`
[INFO] crate crates.io crate fandhe-ai-backend-cpu 0.10.0 already has a lockfile, it will not be regenerated
[INFO] running `Command { std: CARGO_HOME="/workspace/cargo-home" RUSTUP_HOME="/workspace/rustup-home" "/workspace/cargo-home/bin/cargo" "+3154cc1a3e6424e44f438a95007d043ed5ceaaf6" "fetch" "--manifest-path" "Cargo.toml", kill_on_drop: false }`
[INFO] [stderr]     Blocking waiting for file lock on package cache
[INFO] [stderr]     Blocking waiting for file lock on package cache
[INFO] running `Command { std: "docker" "create" "-v" "/var/lib/crater-agent-workspace/builds/worker-4-tc2/source:/opt/rustwide/workdir:ro,Z" "-v" "/var/lib/crater-agent-workspace/builds/worker-4-tc2/target:/opt/rustwide/target:rw,Z" "-v" "/var/lib/crater-agent-workspace/cargo-home:/opt/rustwide/cargo-home:ro,Z" "-v" "/var/lib/crater-agent-workspace/rustup-home:/opt/rustwide/rustup-home:ro,Z" "-m" "1610612736" "--network" "none" "ghcr.io/rust-lang/crates-build-env/linux@sha256:77db811e55d90add9212f6832c23229e3de5f1c1f9905e8cb07319ea15df73ac" "sleep" "infinity", kill_on_drop: false }`
[INFO] [stdout] 545d17acf53c9f7d6dfa230812afc1ca38a27b2eda64e29f56ea6cea335c0360
[INFO] running `Command { std: "docker" "start" "545d17acf53c9f7d6dfa230812afc1ca38a27b2eda64e29f56ea6cea335c0360", kill_on_drop: false }`
[INFO] running `Command { std: "docker" "inspect" "545d17acf53c9f7d6dfa230812afc1ca38a27b2eda64e29f56ea6cea335c0360", kill_on_drop: false }`
[INFO] running `Command { std: "docker" "exec" "-e" "SOURCE_DIR=/opt/rustwide/workdir" "-e" "CARGO_HOME=/opt/rustwide/cargo-home" "-e" "RUSTUP_HOME=/opt/rustwide/rustup-home" "-e" "CARGO_TARGET_DIR=/opt/rustwide/target" "-w" "/opt/rustwide/workdir" "--user" "0:0" "545d17acf53c9f7d6dfa230812afc1ca38a27b2eda64e29f56ea6cea335c0360" "/opt/rustwide/cargo-home/bin/cargo" "+3154cc1a3e6424e44f438a95007d043ed5ceaaf6" "metadata" "--no-deps" "--format-version=1", kill_on_drop: false }`
[INFO] running `Command { std: "docker" "inspect" "545d17acf53c9f7d6dfa230812afc1ca38a27b2eda64e29f56ea6cea335c0360", kill_on_drop: false }`
[INFO] running `Command { std: "docker" "exec" "-e" "SOURCE_DIR=/opt/rustwide/workdir" "-e" "CARGO_HOME=/opt/rustwide/cargo-home" "-e" "RUSTUP_HOME=/opt/rustwide/rustup-home" "-e" "CARGO_TARGET_DIR=/opt/rustwide/target" "-e" "CARGO_INCREMENTAL=0" "-e" "RUST_BACKTRACE=full" "-e" "RUSTFLAGS=--cap-lints=forbid" "-e" "RUSTDOCFLAGS=--cap-lints=forbid" "-w" "/opt/rustwide/workdir" "--user" "0:0" "545d17acf53c9f7d6dfa230812afc1ca38a27b2eda64e29f56ea6cea335c0360" "/opt/rustwide/cargo-home/bin/cargo" "+3154cc1a3e6424e44f438a95007d043ed5ceaaf6" "check" "--frozen" "--all" "--all-targets" "--message-format=json", kill_on_drop: false }`
[INFO] [stderr]    Compiling proc-macro2 v1.0.107
[INFO] [stderr]    Compiling quote v1.0.47
[INFO] [stderr]    Compiling unicode-ident v1.0.24
[INFO] [stderr]    Compiling crossbeam-utils v0.8.22
[INFO] [stderr]    Compiling crossbeam-epoch v0.9.20
[INFO] [stderr]    Compiling crossbeam-deque v0.8.7
[INFO] [stderr]    Compiling zerocopy v0.8.56
[INFO] [stderr]    Compiling rayon-core v1.13.0
[INFO] [stderr]     Checking cfg-if v1.0.4
[INFO] [stderr]     Checking either v1.17.0
[INFO] [stderr]    Compiling fandhe-ai-backend-cpu v0.10.0 (/opt/rustwide/workdir)
[INFO] [stderr]    Compiling syn v2.0.119
[INFO] [stderr]     Checking rayon v1.12.0
[INFO] [stderr]    Compiling zerocopy-derive v0.8.56
[INFO] [stderr]     Checking half v2.7.1
[INFO] [stderr]     Checking fandhe-ai-tensor-core v0.10.0
[INFO] [stdout] error[E0433]: cannot find module or crate `bench_harness` in this scope
[INFO] [stdout]    --> src/elementwise.rs:258:9
[INFO] [stdout]     |
[INFO] [stdout] 258 |     use bench_harness::rng::Xorshift64Star;
[INFO] [stdout]     |         ^^^^^^^^^^^^^ use of unresolved module or unlinked crate `bench_harness`
[INFO] [stdout]     |
[INFO] [stdout]     = help: if you wanted to use a crate named `bench_harness`, use `cargo add bench_harness` to add it to your `Cargo.toml`
[INFO] [stdout] 
[INFO] [stdout] 
[INFO] [stdout] error[E0433]: cannot find module or crate `bench_harness` in this scope
[INFO] [stdout]    --> src/scalar_elementwise.rs:180:9
[INFO] [stdout]     |
[INFO] [stdout] 180 |     use bench_harness::rng::Xorshift64Star;
[INFO] [stdout]     |         ^^^^^^^^^^^^^ use of unresolved module or unlinked crate `bench_harness`
[INFO] [stdout]     |
[INFO] [stdout]     = help: if you wanted to use a crate named `bench_harness`, use `cargo add bench_harness` to add it to your `Cargo.toml`
[INFO] [stdout] 
[INFO] [stdout] 
[INFO] [stdout] error[E0433]: cannot find module or crate `bench_harness` in this scope
[INFO] [stdout]    --> src/gemm_reuse_phase_diag_tests.rs:100:5
[INFO] [stdout]     |
[INFO] [stdout] 100 | use bench_harness::rng::Xorshift64Star;
[INFO] [stdout]     |     ^^^^^^^^^^^^^ use of unresolved module or unlinked crate `bench_harness`
[INFO] [stdout]     |
[INFO] [stdout]     = help: if you wanted to use a crate named `bench_harness`, use `cargo add bench_harness` to add it to your `Cargo.toml`
[INFO] [stdout] 
[INFO] [stdout] 
[INFO] [stdout] error[E0432]: unresolved import `bench_harness`
[INFO] [stdout]    --> src/elementwise.rs:259:9
[INFO] [stdout]     |
[INFO] [stdout] 259 |     use bench_harness::{MeasurementConfig, run};
[INFO] [stdout]     |         ^^^^^^^^^^^^^ use of unresolved module or unlinked crate `bench_harness`
[INFO] [stdout]     |
[INFO] [stdout]     = help: if you wanted to use a crate named `bench_harness`, use `cargo add bench_harness` to add it to your `Cargo.toml`
[INFO] [stdout] 
[INFO] [stdout] 
[INFO] [stdout] error[E0432]: unresolved import `bench_harness`
[INFO] [stdout]    --> src/gemm_reuse_phase_diag_tests.rs:101:5
[INFO] [stdout]     |
[INFO] [stdout] 101 | use bench_harness::{Quartiles, median_q1_q3};
[INFO] [stdout]     |     ^^^^^^^^^^^^^ use of unresolved module or unlinked crate `bench_harness`
[INFO] [stdout]     |
[INFO] [stdout]     = help: if you wanted to use a crate named `bench_harness`, use `cargo add bench_harness` to add it to your `Cargo.toml`
[INFO] [stdout] 
[INFO] [stdout] 
[INFO] [stdout] error[E0433]: cannot find module or crate `bench_harness` in this scope
[INFO] [stdout]    --> src/small_shape_thread_cap.rs:400:13
[INFO] [stdout]     |
[INFO] [stdout] 400 |         use bench_harness::rng::Xorshift64Star;
[INFO] [stdout]     |             ^^^^^^^^^^^^^ use of unresolved module or unlinked crate `bench_harness`
[INFO] [stdout]     |
[INFO] [stdout]     = help: if you wanted to use a crate named `bench_harness`, use `cargo add bench_harness` to add it to your `Cargo.toml`
[INFO] [stdout] 
[INFO] [stdout] 
[INFO] [stdout] error[E0432]: unresolved import `fandhe_ai_autodiff`
[INFO] [stdout]    --> src/gemm_reuse_phase_diag_tests.rs:102:5
[INFO] [stdout]     |
[INFO] [stdout] 102 | use fandhe_ai_autodiff::Tape;
[INFO] [stdout]     |     ^^^^^^^^^^^^^^^^^^ use of unresolved module or unlinked crate `fandhe_ai_autodiff`
[INFO] [stdout]     |
[INFO] [stdout]     = help: if you wanted to use a crate named `fandhe_ai_autodiff`, use `cargo add fandhe_ai_autodiff` to add it to your `Cargo.toml`
[INFO] [stdout] 
[INFO] [stdout] 
[INFO] [stdout] error[E0432]: unresolved import `fandhe_ai_autodiff`
[INFO] [stdout]   --> tests/min_argext_parity.rs:17:5
[INFO] [stdout]    |
[INFO] [stdout] 17 | use fandhe_ai_autodiff::Tape;
[INFO] [stdout]    |     ^^^^^^^^^^^^^^^^^^ use of unresolved module or unlinked crate `fandhe_ai_autodiff`
[INFO] [stdout]    |
[INFO] [stdout]    = help: if you wanted to use a crate named `fandhe_ai_autodiff`, use `cargo add fandhe_ai_autodiff` to add it to your `Cargo.toml`
[INFO] [stdout] 
[INFO] [stdout] 
[INFO] [stdout] error[E0433]: cannot find module or crate `fandhe_ai_autodiff` in this scope
[INFO] [stdout]   --> tests/lamb_device_parity.rs:13:5
[INFO] [stdout]    |
[INFO] [stdout] 13 | use fandhe_ai_autodiff::nn::optim::{Lamb, LambConfig};
[INFO] [stdout]    |     ^^^^^^^^^^^^^^^^^^ use of unresolved module or unlinked crate `fandhe_ai_autodiff`
[INFO] [stdout]    |
[INFO] [stdout]    = help: if you wanted to use a crate named `fandhe_ai_autodiff`, use `cargo add fandhe_ai_autodiff` to add it to your `Cargo.toml`
[INFO] [stdout] 
[INFO] [stdout] 
[INFO] [stdout] For more information about this error, try `rustc --explain E0432`.
[INFO] [stdout] 
[INFO] [stderr] error: could not compile `fandhe-ai-backend-cpu` (test "min_argext_parity") due to 1 previous error
[INFO] [stdout] error[E0433]: cannot find module or crate `bench_harness` in this scope
[INFO] [stdout]   --> tests/gemm_epilogue_perf.rs:34:5
[INFO] [stdout]    |
[INFO] [stdout] 34 | use bench_harness::rng::Xorshift64Star;
[INFO] [stdout]    |     ^^^^^^^^^^^^^ use of unresolved module or unlinked crate `bench_harness`
[INFO] [stdout]    |
[INFO] [stdout]    = help: if you wanted to use a crate named `bench_harness`, use `cargo add bench_harness` to add it to your `Cargo.toml`
[INFO] [stdout] 
[INFO] [stdout] 
[INFO] [stderr] warning: build failed, waiting for other jobs to finish...
[INFO] [stdout] error[E0432]: unresolved import `bench_harness`
[INFO] [stdout]   --> tests/gemm_epilogue_perf.rs:35:5
[INFO] [stdout]    |
[INFO] [stdout] 35 | use bench_harness::{MeasurementConfig, run};
[INFO] [stdout]    |     ^^^^^^^^^^^^^ use of unresolved module or unlinked crate `bench_harness`
[INFO] [stdout]    |
[INFO] [stdout]    = help: if you wanted to use a crate named `bench_harness`, use `cargo add bench_harness` to add it to your `Cargo.toml`
[INFO] [stdout] 
[INFO] [stdout] 
[INFO] [stdout] error[E0433]: cannot find module or crate `bench_harness` in this scope
[INFO] [stdout]   --> tests/typed_ops_f64_parity.rs:17:5
[INFO] [stdout]    |
[INFO] [stdout] 17 | use bench_harness::rng::Xorshift64Star;
[INFO] [stdout]    |     ^^^^^^^^^^^^^ use of unresolved module or unlinked crate `bench_harness`
[INFO] [stdout]    |
[INFO] [stdout]    = help: if you wanted to use a crate named `bench_harness`, use `cargo add bench_harness` to add it to your `Cargo.toml`
[INFO] [stdout] 
[INFO] [stdout] 
[INFO] [stdout] error[E0433]: cannot find module or crate `fandhe_ai_autodiff` in this scope
[INFO] [stdout]   --> tests/adam_device_parity.rs:13:5
[INFO] [stdout]    |
[INFO] [stdout] 13 | use fandhe_ai_autodiff::nn::optim::{Adam, AdamConfig, AdamW, AdamWConfig};
[INFO] [stdout]    |     ^^^^^^^^^^^^^^^^^^ use of unresolved module or unlinked crate `fandhe_ai_autodiff`
[INFO] [stdout]    |
[INFO] [stdout]    = help: if you wanted to use a crate named `fandhe_ai_autodiff`, use `cargo add fandhe_ai_autodiff` to add it to your `Cargo.toml`
[INFO] [stdout] 
[INFO] [stdout] 
[INFO] [stdout] error[E0432]: unresolved import `fandhe_ai_backend_cuda`
[INFO] [stdout]   --> tests/device_provider_integration.rs:14:5
[INFO] [stdout]    |
[INFO] [stdout] 14 | use fandhe_ai_backend_cuda::CudaDeviceProvider;
[INFO] [stdout]    |     ^^^^^^^^^^^^^^^^^^^^^^ use of unresolved module or unlinked crate `fandhe_ai_backend_cuda`
[INFO] [stdout]    |
[INFO] [stdout] help: there is a crate or module with a similar name
[INFO] [stdout]    |
[INFO] [stdout] 14 - use fandhe_ai_backend_cuda::CudaDeviceProvider;
[INFO] [stdout] 14 + use fandhe_ai_backend_cpu::CudaDeviceProvider;
[INFO] [stdout]    |
[INFO] [stdout] 
[INFO] [stdout] 
[INFO] [stdout] error[E0432]: unresolved import `fandhe_ai_autodiff`
[INFO] [stdout]   --> tests/scan_parity.rs:13:5
[INFO] [stdout]    |
[INFO] [stdout] 13 | use fandhe_ai_autodiff::Tape;
[INFO] [stdout]    |     ^^^^^^^^^^^^^^^^^^ use of unresolved module or unlinked crate `fandhe_ai_autodiff`
[INFO] [stdout]    |
[INFO] [stdout]    = help: if you wanted to use a crate named `fandhe_ai_autodiff`, use `cargo add fandhe_ai_autodiff` to add it to your `Cargo.toml`
[INFO] [stdout] 
[INFO] [stdout] 
[INFO] [stdout] error[E0689]: can't call method `sqrt` on ambiguous numeric type `{float}`
[INFO] [stdout]    --> tests/lamb_device_parity.rs:166:52
[INFO] [stdout]     |
[INFO] [stdout] 166 |         bias_correction2_sqrt: (1.0 - beta2_pow_t).sqrt() as f32,
[INFO] [stdout]     |                                                    ^^^^
[INFO] [stdout] 
[INFO] [stdout] 
[INFO] [stdout] error[E0689]: can't call method `sqrt` on ambiguous numeric type `{float}`
[INFO] [stdout]    --> tests/lamb_device_parity.rs:219:60
[INFO] [stdout]     |
[INFO] [stdout] 219 |         bias_correction2_sqrt: (1.0 - config.beta2 as f64).sqrt() as f32,
[INFO] [stdout]     |                                                            ^^^^
[INFO] [stdout] 
[INFO] [stdout] 
[INFO] [stdout] error[E0433]: cannot find module or crate `bench_harness` in this scope
[INFO] [stdout]   --> tests/linear_forward_device_parity.rs:15:5
[INFO] [stdout]    |
[INFO] [stdout] 15 | use bench_harness::rng::Xorshift64Star;
[INFO] [stdout]    |     ^^^^^^^^^^^^^ use of unresolved module or unlinked crate `bench_harness`
[INFO] [stdout]    |
[INFO] [stdout]    = help: if you wanted to use a crate named `bench_harness`, use `cargo add bench_harness` to add it to your `Cargo.toml`
[INFO] [stdout] 
[INFO] [stdout] 
[INFO] [stdout] Some errors have detailed explanations: E0432, E0433.
[INFO] [stdout] 
[INFO] [stdout] For more information about an error, try `rustc --explain E0432`.
[INFO] [stdout] 
[INFO] [stderr] error: could not compile `fandhe-ai-backend-cpu` (test "gemm_epilogue_perf") due to 2 previous errors
[INFO] [stdout] error[E0432]: unresolved import `fandhe_ai_autodiff`
[INFO] [stdout]   --> tests/interpolate_parity.rs:15:5
[INFO] [stdout]    |
[INFO] [stdout] 15 | use fandhe_ai_autodiff::Tape;
[INFO] [stdout]    |     ^^^^^^^^^^^^^^^^^^ use of unresolved module or unlinked crate `fandhe_ai_autodiff`
[INFO] [stdout]    |
[INFO] [stdout]    = help: if you wanted to use a crate named `fandhe_ai_autodiff`, use `cargo add fandhe_ai_autodiff` to add it to your `Cargo.toml`
[INFO] [stdout] 
[INFO] [stdout] 
[INFO] [stdout] error[E0433]: cannot find module or crate `bench_harness` in this scope
[INFO] [stdout]   --> tests/gemm_blis_perf.rs:18:5
[INFO] [stdout]    |
[INFO] [stdout] 18 | use bench_harness::rng::Xorshift64Star;
[INFO] [stdout]    |     ^^^^^^^^^^^^^ use of unresolved module or unlinked crate `bench_harness`
[INFO] [stdout]    |
[INFO] [stdout]    = help: if you wanted to use a crate named `bench_harness`, use `cargo add bench_harness` to add it to your `Cargo.toml`
[INFO] [stdout] 
[INFO] [stdout] 
[INFO] [stdout] error[E0432]: unresolved import `bench_harness`
[INFO] [stdout]   --> tests/gemm_blis_perf.rs:19:5
[INFO] [stdout]    |
[INFO] [stdout] 19 | use bench_harness::{MeasurementConfig, run};
[INFO] [stdout]    |     ^^^^^^^^^^^^^ use of unresolved module or unlinked crate `bench_harness`
[INFO] [stdout]    |
[INFO] [stdout]    = help: if you wanted to use a crate named `bench_harness`, use `cargo add bench_harness` to add it to your `Cargo.toml`
[INFO] [stdout] 
[INFO] [stdout] 
[INFO] [stdout] For more information about this error, try `rustc --explain E0433`.
[INFO] [stdout] 
[INFO] [stdout] error[E0433]: cannot find module or crate `bench_harness` in this scope
[INFO] [stdout]   --> tests/fusion_effect_perf.rs:48:5
[INFO] [stdout]    |
[INFO] [stdout] 48 | use bench_harness::rng::Xorshift64Star;
[INFO] [stdout]    |     ^^^^^^^^^^^^^ use of unresolved module or unlinked crate `bench_harness`
[INFO] [stdout]    |
[INFO] [stdout]    = help: if you wanted to use a crate named `bench_harness`, use `cargo add bench_harness` to add it to your `Cargo.toml`
[INFO] [stdout] 
[INFO] [stdout] 
[INFO] [stdout] error[E0432]: unresolved import `bench_harness`
[INFO] [stdout]   --> tests/fusion_effect_perf.rs:49:5
[INFO] [stdout]    |
[INFO] [stdout] 49 | use bench_harness::{MeasurementConfig, run};
[INFO] [stdout]    |     ^^^^^^^^^^^^^ use of unresolved module or unlinked crate `bench_harness`
[INFO] [stdout]    |
[INFO] [stdout]    = help: if you wanted to use a crate named `bench_harness`, use `cargo add bench_harness` to add it to your `Cargo.toml`
[INFO] [stdout] 
[INFO] [stdout] 
[INFO] [stdout] error[E0432]: unresolved import `fandhe_ai_autodiff`
[INFO] [stdout]   --> tests/fusion_effect_perf.rs:50:5
[INFO] [stdout]    |
[INFO] [stdout] 50 | use fandhe_ai_autodiff::{Tape, Var};
[INFO] [stdout]    |     ^^^^^^^^^^^^^^^^^^ use of unresolved module or unlinked crate `fandhe_ai_autodiff`
[INFO] [stdout]    |
[INFO] [stdout]    = help: if you wanted to use a crate named `fandhe_ai_autodiff`, use `cargo add fandhe_ai_autodiff` to add it to your `Cargo.toml`
[INFO] [stdout] 
[INFO] [stdout] 
[INFO] [stdout] For more information about this error, try `rustc --explain E0433`.
[INFO] [stdout] 
[INFO] [stderr] error: could not compile `fandhe-ai-backend-cpu` (test "linear_forward_device_parity") due to 1 previous error
[INFO] [stdout] error[E0433]: cannot find module or crate `bench_harness` in this scope
[INFO] [stdout]   --> tests/gemm_parity.rs:35:5
[INFO] [stdout]    |
[INFO] [stdout] 35 | use bench_harness::rng::Xorshift64Star;
[INFO] [stdout]    |     ^^^^^^^^^^^^^ use of unresolved module or unlinked crate `bench_harness`
[INFO] [stdout]    |
[INFO] [stdout]    = help: if you wanted to use a crate named `bench_harness`, use `cargo add bench_harness` to add it to your `Cargo.toml`
[INFO] [stdout] 
[INFO] [stdout] 
[INFO] [stdout] error[E0433]: cannot find module or crate `bench_harness` in this scope
[INFO] [stdout]   --> tests/backend_ops_integration.rs:22:5
[INFO] [stdout]    |
[INFO] [stdout] 22 | use bench_harness::rng::Xorshift64Star;
[INFO] [stdout]    |     ^^^^^^^^^^^^^ use of unresolved module or unlinked crate `bench_harness`
[INFO] [stdout]    |
[INFO] [stdout]    = help: if you wanted to use a crate named `bench_harness`, use `cargo add bench_harness` to add it to your `Cargo.toml`
[INFO] [stdout] 
[INFO] [stdout] 
[INFO] [stdout] error[E0432]: unresolved import `fandhe_ai_backend_cuda`
[INFO] [stdout]   --> tests/backend_ops_integration.rs:25:5
[INFO] [stdout]    |
[INFO] [stdout] 25 | use fandhe_ai_backend_cuda::CudaBackendOps;
[INFO] [stdout]    |     ^^^^^^^^^^^^^^^^^^^^^^ use of unresolved module or unlinked crate `fandhe_ai_backend_cuda`
[INFO] [stdout]    |
[INFO] [stdout] help: there is a crate or module with a similar name
[INFO] [stdout]    |
[INFO] [stdout] 25 - use fandhe_ai_backend_cuda::CudaBackendOps;
[INFO] [stdout] 25 + use fandhe_ai_backend_cpu::CudaBackendOps;
[INFO] [stdout]    |
[INFO] [stdout] 
[INFO] [stdout] 
[INFO] [stdout] For more information about this error, try `rustc --explain E0432`.
[INFO] [stdout] 
[INFO] [stderr] error: could not compile `fandhe-ai-backend-cpu` (test "scan_parity") due to 1 previous error
[INFO] [stderr] error: could not compile `fandhe-ai-backend-cpu` (test "adam_device_parity") due to 1 previous error
[INFO] [stdout] Some errors have detailed explanations: E0433, E0689.
[INFO] [stdout] 
[INFO] [stdout] For more information about an error, try `rustc --explain E0433`.
[INFO] [stdout] 
[INFO] [stdout] error[E0433]: cannot find module or crate `fandhe_ai_autodiff` in this scope
[INFO] [stdout]   --> tests/adagrad_device_parity.rs:11:5
[INFO] [stdout]    |
[INFO] [stdout] 11 | use fandhe_ai_autodiff::nn::optim::{Adagrad, AdagradConfig};
[INFO] [stdout]    |     ^^^^^^^^^^^^^^^^^^ use of unresolved module or unlinked crate `fandhe_ai_autodiff`
[INFO] [stdout]    |
[INFO] [stdout]    = help: if you wanted to use a crate named `fandhe_ai_autodiff`, use `cargo add fandhe_ai_autodiff` to add it to your `Cargo.toml`
[INFO] [stdout] 
[INFO] [stdout] 
[INFO] [stdout] For more information about this error, try `rustc --explain E0432`.
[INFO] [stdout] 
[INFO] [stderr] error: could not compile `fandhe-ai-backend-cpu` (test "device_provider_integration") due to 1 previous error
[INFO] [stdout] For more information about this error, try `rustc --explain E0432`.
[INFO] [stdout] 
[INFO] [stderr] error: could not compile `fandhe-ai-backend-cpu` (test "lamb_device_parity") due to 3 previous errors
[INFO] [stderr] error: could not compile `fandhe-ai-backend-cpu` (test "interpolate_parity") due to 1 previous error
[INFO] [stdout] Some errors have detailed explanations: E0432, E0433.
[INFO] [stdout] 
[INFO] [stdout] For more information about an error, try `rustc --explain E0432`.
[INFO] [stdout] 
[INFO] [stderr] error: could not compile `fandhe-ai-backend-cpu` (test "gemm_blis_perf") due to 2 previous errors
[INFO] [stdout] For more information about this error, try `rustc --explain E0433`.
[INFO] [stdout] 
[INFO] [stderr] error: could not compile `fandhe-ai-backend-cpu` (test "adagrad_device_parity") due to 1 previous error
[INFO] [stdout] For more information about this error, try `rustc --explain E0433`.
[INFO] [stdout] 
[INFO] [stderr] error: could not compile `fandhe-ai-backend-cpu` (test "gemm_parity") due to 1 previous error
[INFO] [stdout] For more information about this error, try `rustc --explain E0433`.
[INFO] [stdout] 
[INFO] [stderr] error: could not compile `fandhe-ai-backend-cpu` (test "typed_ops_f64_parity") due to 1 previous error
[INFO] [stderr] error: could not compile `fandhe-ai-backend-cpu` (test "backend_ops_integration") due to 2 previous errors
[INFO] [stdout] Some errors have detailed explanations: E0432, E0433.
[INFO] [stdout] 
[INFO] [stdout] For more information about an error, try `rustc --explain E0432`.
[INFO] [stdout] 
[INFO] [stdout] error[E0433]: cannot find module or crate `bench_harness` in this scope
[INFO] [stdout]    --> tests/fusion_effect_perf.rs:168:65
[INFO] [stdout]     |
[INFO] [stdout] 168 | fn measure_pattern<F: FnMut() -> Tensor<f32>>(mut out_of: F) -> bench_harness::Measurement {
[INFO] [stdout]     |                                                                 ^^^^^^^^^^^^^ use of unresolved module or unlinked crate `bench_harness`
[INFO] [stdout]     |
[INFO] [stdout]     = help: if you wanted to use a crate named `bench_harness`, use `cargo add bench_harness` to add it to your `Cargo.toml`
[INFO] [stdout] 
[INFO] [stdout] 
[INFO] [stdout] Some errors have detailed explanations: E0432, E0433.
[INFO] [stdout] 
[INFO] [stdout] For more information about an error, try `rustc --explain E0432`.
[INFO] [stdout] 
[INFO] [stderr] error: could not compile `fandhe-ai-backend-cpu` (test "fusion_effect_perf") due to 4 previous errors
[INFO] [stdout] error[E0433]: cannot find module or crate `fandhe_ai_autodiff` in this scope
[INFO] [stdout]    --> src/gemm_reuse_phase_diag_tests.rs:166:13
[INFO] [stdout]     |
[INFO] [stdout] 166 |     a_var: &fandhe_ai_autodiff::Var<'_>,
[INFO] [stdout]     |             ^^^^^^^^^^^^^^^^^^ use of unresolved module or unlinked crate `fandhe_ai_autodiff`
[INFO] [stdout]     |
[INFO] [stdout]     = help: if you wanted to use a crate named `fandhe_ai_autodiff`, use `cargo add fandhe_ai_autodiff` to add it to your `Cargo.toml`
[INFO] [stdout] 
[INFO] [stdout] 
[INFO] [stdout] error[E0433]: cannot find module or crate `fandhe_ai_autodiff` in this scope
[INFO] [stdout]    --> src/gemm_reuse_phase_diag_tests.rs:167:13
[INFO] [stdout]     |
[INFO] [stdout] 167 |     b_var: &fandhe_ai_autodiff::Var<'_>,
[INFO] [stdout]     |             ^^^^^^^^^^^^^^^^^^ use of unresolved module or unlinked crate `fandhe_ai_autodiff`
[INFO] [stdout]     |
[INFO] [stdout]     = help: if you wanted to use a crate named `fandhe_ai_autodiff`, use `cargo add fandhe_ai_autodiff` to add it to your `Cargo.toml`
[INFO] [stdout] 
[INFO] [stdout] 
[INFO] [stdout] Some errors have detailed explanations: E0432, E0433.
[INFO] [stdout] 
[INFO] [stdout] For more information about an error, try `rustc --explain E0432`.
[INFO] [stdout] 
[INFO] [stderr] error: could not compile `fandhe-ai-backend-cpu` (lib test) due to 9 previous errors
[INFO] running `Command { std: "docker" "inspect" "545d17acf53c9f7d6dfa230812afc1ca38a27b2eda64e29f56ea6cea335c0360", kill_on_drop: false }`
[INFO] running `Command { std: "docker" "rm" "-f" "545d17acf53c9f7d6dfa230812afc1ca38a27b2eda64e29f56ea6cea335c0360", kill_on_drop: false }`
[INFO] [stdout] 545d17acf53c9f7d6dfa230812afc1ca38a27b2eda64e29f56ea6cea335c0360
