[INFO] fetching crate fandhe-ai-autodiff 0.10.0...
[INFO] checking fandhe-ai-autodiff-0.10.0 against 3154cc1a3e6424e44f438a95007d043ed5ceaaf6+rustflags=-Znext-solver=coherence for pr-133502-30
[INFO] extracting crate fandhe-ai-autodiff 0.10.0 into /workspace/builds/worker-0-tc1/source
[INFO] started tweaking crates.io crate fandhe-ai-autodiff 0.10.0
[INFO] removed 0 missing tests
[INFO] finished tweaking crates.io crate fandhe-ai-autodiff 0.10.0
[INFO] tweaked toml for crates.io crate fandhe-ai-autodiff 0.10.0 written to /workspace/builds/worker-0-tc1/source/Cargo.toml
[INFO] validating manifest of crates.io crate fandhe-ai-autodiff 0.10.0 on toolchain 3154cc1a3e6424e44f438a95007d043ed5ceaaf6
[INFO] running `Command { std: CARGO_HOME="/workspace/cargo-home" RUSTUP_HOME="/workspace/rustup-home" "/workspace/cargo-home/bin/cargo" "+3154cc1a3e6424e44f438a95007d043ed5ceaaf6" "metadata" "--manifest-path" "Cargo.toml" "--no-deps", kill_on_drop: false }`
[INFO] crate crates.io crate fandhe-ai-autodiff 0.10.0 already has a lockfile, it will not be regenerated
[INFO] running `Command { std: CARGO_HOME="/workspace/cargo-home" RUSTUP_HOME="/workspace/rustup-home" "/workspace/cargo-home/bin/cargo" "+3154cc1a3e6424e44f438a95007d043ed5ceaaf6" "fetch" "--manifest-path" "Cargo.toml", kill_on_drop: false }`
[INFO] [stderr]     Updating crates.io index
[INFO] [stderr]  Downloading crates ...
[INFO] [stderr]   Downloaded fandhe-ai-tensor-core v0.10.0
[INFO] running `Command { std: "docker" "create" "-v" "/var/lib/crater-agent-workspace/builds/worker-0-tc1/source:/opt/rustwide/workdir:ro,Z" "-v" "/var/lib/crater-agent-workspace/builds/worker-0-tc1/target:/opt/rustwide/target:rw,Z" "-v" "/var/lib/crater-agent-workspace/cargo-home:/opt/rustwide/cargo-home:ro,Z" "-v" "/var/lib/crater-agent-workspace/rustup-home:/opt/rustwide/rustup-home:ro,Z" "-m" "1610612736" "--network" "none" "ghcr.io/rust-lang/crates-build-env/linux@sha256:77db811e55d90add9212f6832c23229e3de5f1c1f9905e8cb07319ea15df73ac" "sleep" "infinity", kill_on_drop: false }`
[INFO] [stdout] 361a1a8253212c39f45cfc57098a4ad151edebad2cab45a9d750a43f9150db71
[INFO] running `Command { std: "docker" "start" "361a1a8253212c39f45cfc57098a4ad151edebad2cab45a9d750a43f9150db71", kill_on_drop: false }`
[INFO] running `Command { std: "docker" "inspect" "361a1a8253212c39f45cfc57098a4ad151edebad2cab45a9d750a43f9150db71", kill_on_drop: false }`
[INFO] running `Command { std: "docker" "exec" "-e" "SOURCE_DIR=/opt/rustwide/workdir" "-e" "CARGO_HOME=/opt/rustwide/cargo-home" "-e" "RUSTUP_HOME=/opt/rustwide/rustup-home" "-e" "CARGO_TARGET_DIR=/opt/rustwide/target" "-w" "/opt/rustwide/workdir" "--user" "0:0" "361a1a8253212c39f45cfc57098a4ad151edebad2cab45a9d750a43f9150db71" "/opt/rustwide/cargo-home/bin/cargo" "+3154cc1a3e6424e44f438a95007d043ed5ceaaf6" "metadata" "--no-deps" "--format-version=1", kill_on_drop: false }`
[INFO] running `Command { std: "docker" "inspect" "361a1a8253212c39f45cfc57098a4ad151edebad2cab45a9d750a43f9150db71", kill_on_drop: false }`
[INFO] running `Command { std: "docker" "exec" "-e" "SOURCE_DIR=/opt/rustwide/workdir" "-e" "CARGO_HOME=/opt/rustwide/cargo-home" "-e" "RUSTUP_HOME=/opt/rustwide/rustup-home" "-e" "CARGO_TARGET_DIR=/opt/rustwide/target" "-e" "CARGO_INCREMENTAL=0" "-e" "RUST_BACKTRACE=full" "-e" "RUSTFLAGS=--cap-lints=forbid -Znext-solver=coherence" "-e" "RUSTDOCFLAGS=--cap-lints=forbid" "-w" "/opt/rustwide/workdir" "--user" "0:0" "361a1a8253212c39f45cfc57098a4ad151edebad2cab45a9d750a43f9150db71" "/opt/rustwide/cargo-home/bin/cargo" "+3154cc1a3e6424e44f438a95007d043ed5ceaaf6" "check" "--frozen" "--all" "--all-targets" "--message-format=json", kill_on_drop: false }`
[INFO] [stderr]    Compiling syn v3.0.3
[INFO] [stderr]    Compiling zerocopy-derive v0.8.56
[INFO] [stderr]     Checking zerocopy v0.8.56
[INFO] [stderr]    Compiling serde_derive v1.0.229
[INFO] [stderr]     Checking serde v1.0.229
[INFO] [stderr]     Checking half v2.7.1
[INFO] [stderr]     Checking fandhe-ai-tensor-core v0.10.0
[INFO] [stderr]     Checking fandhe-ai-autodiff v0.10.0 (/opt/rustwide/workdir)
[INFO] [stdout] error[E0433]: cannot find module or crate `bench_harness` in this scope
[INFO] [stdout]   --> tests/nn_optim_adadelta.rs:24:5
[INFO] [stdout]    |
[INFO] [stdout] 24 | use bench_harness::rng::Xorshift64Star;
[INFO] [stdout]    |     ^^^^^^^^^^^^^ use of unresolved module or unlinked crate `bench_harness`
[INFO] [stdout]    |
[INFO] [stdout]    = help: if you wanted to use a crate named `bench_harness`, use `cargo add bench_harness` to add it to your `Cargo.toml`
[INFO] [stdout] 
[INFO] [stdout] 
[INFO] [stdout] error[E0433]: cannot find module or crate `bench_harness` in this scope
[INFO] [stdout]   --> tests/nn_optim_amp.rs:27:5
[INFO] [stdout]    |
[INFO] [stdout] 27 | use bench_harness::rng::Xorshift64Star;
[INFO] [stdout]    |     ^^^^^^^^^^^^^ use of unresolved module or unlinked crate `bench_harness`
[INFO] [stdout]    |
[INFO] [stdout]    = help: if you wanted to use a crate named `bench_harness`, use `cargo add bench_harness` to add it to your `Cargo.toml`
[INFO] [stdout] 
[INFO] [stdout] 
[INFO] [stdout] error[E0433]: cannot find module or crate `bench_harness` in this scope
[INFO] [stdout]   --> tests/nn_optim_adam.rs:37:5
[INFO] [stdout]    |
[INFO] [stdout] 37 | use bench_harness::rng::Xorshift64Star;
[INFO] [stdout]    |     ^^^^^^^^^^^^^ use of unresolved module or unlinked crate `bench_harness`
[INFO] [stdout]    |
[INFO] [stdout]    = help: if you wanted to use a crate named `bench_harness`, use `cargo add bench_harness` to add it to your `Cargo.toml`
[INFO] [stdout] 
[INFO] [stdout] 
[INFO] [stdout] error[E0433]: cannot find module or crate `bench_harness` in this scope
[INFO] [stdout]   --> tests/nn_optim_adamw.rs:24:5
[INFO] [stdout]    |
[INFO] [stdout] 24 | use bench_harness::rng::Xorshift64Star;
[INFO] [stdout]    |     ^^^^^^^^^^^^^ use of unresolved module or unlinked crate `bench_harness`
[INFO] [stdout]    |
[INFO] [stdout]    = help: if you wanted to use a crate named `bench_harness`, use `cargo add bench_harness` to add it to your `Cargo.toml`
[INFO] [stdout] 
[INFO] [stdout] 
[INFO] [stdout] error[E0433]: cannot find module or crate `bench_harness` in this scope
[INFO] [stdout]   --> tests/nn_optim_adamax.rs:22:5
[INFO] [stdout]    |
[INFO] [stdout] 22 | use bench_harness::rng::Xorshift64Star;
[INFO] [stdout]    |     ^^^^^^^^^^^^^ use of unresolved module or unlinked crate `bench_harness`
[INFO] [stdout]    |
[INFO] [stdout]    = help: if you wanted to use a crate named `bench_harness`, use `cargo add bench_harness` to add it to your `Cargo.toml`
[INFO] [stdout] 
[INFO] [stdout] 
[INFO] [stdout] error[E0433]: cannot find module or crate `bench_harness` in this scope
[INFO] [stdout]   --> tests/nn_optim_lamb.rs:33:5
[INFO] [stdout]    |
[INFO] [stdout] 33 | use bench_harness::rng::Xorshift64Star;
[INFO] [stdout]    |     ^^^^^^^^^^^^^ use of unresolved module or unlinked crate `bench_harness`
[INFO] [stdout]    |
[INFO] [stdout]    = help: if you wanted to use a crate named `bench_harness`, use `cargo add bench_harness` to add it to your `Cargo.toml`
[INFO] [stdout] 
[INFO] [stdout] 
[INFO] [stdout] error[E0433]: cannot find module or crate `bench_harness` in this scope
[INFO] [stdout]   --> tests/nn_optim_clip.rs:15:5
[INFO] [stdout]    |
[INFO] [stdout] 15 | use bench_harness::rng::Xorshift64Star;
[INFO] [stdout]    |     ^^^^^^^^^^^^^ use of unresolved module or unlinked crate `bench_harness`
[INFO] [stdout]    |
[INFO] [stdout]    = help: if you wanted to use a crate named `bench_harness`, use `cargo add bench_harness` to add it to your `Cargo.toml`
[INFO] [stdout] 
[INFO] [stdout] 
[INFO] [stdout] For more information about this error, try `rustc --explain E0433`.
[INFO] [stdout] 
[INFO] [stdout] error[E0433]: cannot find module or crate `bench_harness` in this scope
[INFO] [stdout]   --> tests/nn_optim_adagrad.rs:26:5
[INFO] [stdout]    |
[INFO] [stdout] 26 | use bench_harness::rng::Xorshift64Star;
[INFO] [stdout]    |     ^^^^^^^^^^^^^ use of unresolved module or unlinked crate `bench_harness`
[INFO] [stdout]    |
[INFO] [stdout]    = help: if you wanted to use a crate named `bench_harness`, use `cargo add bench_harness` to add it to your `Cargo.toml`
[INFO] [stdout] 
[INFO] [stdout] 
[INFO] [stderr] error: could not compile `fandhe-ai-autodiff` (test "nn_optim_amp") due to 1 previous error
[INFO] [stderr] warning: build failed, waiting for other jobs to finish...
[INFO] [stdout] For more information about this error, try `rustc --explain E0433`.
[INFO] [stdout] 
[INFO] [stderr] error: could not compile `fandhe-ai-autodiff` (test "nn_optim_lamb") due to 1 previous error
[INFO] [stdout] For more information about this error, try `rustc --explain E0433`.
[INFO] [stdout] 
[INFO] [stderr] error: could not compile `fandhe-ai-autodiff` (test "nn_optim_adadelta") due to 1 previous error
[INFO] [stdout] For more information about this error, try `rustc --explain E0433`.
[INFO] [stdout] 
[INFO] [stderr] error: could not compile `fandhe-ai-autodiff` (test "nn_optim_clip") due to 1 previous error
[INFO] [stdout] For more information about this error, try `rustc --explain E0433`.
[INFO] [stdout] 
[INFO] [stderr] error: could not compile `fandhe-ai-autodiff` (test "nn_optim_adagrad") due to 1 previous error
[INFO] [stdout] For more information about this error, try `rustc --explain E0433`.
[INFO] [stdout] 
[INFO] [stderr] error: could not compile `fandhe-ai-autodiff` (test "nn_optim_adamw") due to 1 previous error
[INFO] [stdout] For more information about this error, try `rustc --explain E0433`.
[INFO] [stdout] 
[INFO] [stdout] For more information about this error, try `rustc --explain E0433`.
[INFO] [stdout] 
[INFO] [stderr] error: could not compile `fandhe-ai-autodiff` (test "nn_optim_adamax") due to 1 previous error
[INFO] [stderr] error: could not compile `fandhe-ai-autodiff` (test "nn_optim_adam") due to 1 previous error
[INFO] running `Command { std: "docker" "inspect" "361a1a8253212c39f45cfc57098a4ad151edebad2cab45a9d750a43f9150db71", kill_on_drop: false }`
[INFO] running `Command { std: "docker" "rm" "-f" "361a1a8253212c39f45cfc57098a4ad151edebad2cab45a9d750a43f9150db71", kill_on_drop: false }`
[INFO] [stdout] 361a1a8253212c39f45cfc57098a4ad151edebad2cab45a9d750a43f9150db71
