[INFO] fetching crate extrapaytr 0.1.1...
[INFO] checking extrapaytr-0.1.1 against 3154cc1a3e6424e44f438a95007d043ed5ceaaf6+rustflags=-Znext-solver=coherence for pr-133502-30
[INFO] extracting crate extrapaytr 0.1.1 into /workspace/builds/worker-5-tc1/source
[INFO] started tweaking crates.io crate extrapaytr 0.1.1
[INFO] removed 0 missing examples
[INFO] finished tweaking crates.io crate extrapaytr 0.1.1
[INFO] tweaked toml for crates.io crate extrapaytr 0.1.1 written to /workspace/builds/worker-5-tc1/source/Cargo.toml
[INFO] validating manifest of crates.io crate extrapaytr 0.1.1 on toolchain 3154cc1a3e6424e44f438a95007d043ed5ceaaf6
[INFO] running `Command { std: CARGO_HOME="/workspace/cargo-home" RUSTUP_HOME="/workspace/rustup-home" "/workspace/cargo-home/bin/cargo" "+3154cc1a3e6424e44f438a95007d043ed5ceaaf6" "metadata" "--manifest-path" "Cargo.toml" "--no-deps", kill_on_drop: false }`
[INFO] crate crates.io crate extrapaytr 0.1.1 already has a lockfile, it will not be regenerated
[INFO] running `Command { std: CARGO_HOME="/workspace/cargo-home" RUSTUP_HOME="/workspace/rustup-home" "/workspace/cargo-home/bin/cargo" "+3154cc1a3e6424e44f438a95007d043ed5ceaaf6" "fetch" "--manifest-path" "Cargo.toml", kill_on_drop: false }`
[INFO] [stderr]     Updating crates.io index
[INFO] [stderr]  Downloading crates ...
[INFO] [stderr]   Downloaded extrapaytr-http v0.1.1
[INFO] [stderr]   Downloaded extrapaytr-crypto v0.1.1
[INFO] [stderr]   Downloaded extrapaytr-gateways v0.1.1
[INFO] [stderr]   Downloaded extrapaytr-core v0.1.1
[INFO] [stderr]   Downloaded aes-gcm v0.11.0
[INFO] running `Command { std: "docker" "create" "-v" "/var/lib/crater-agent-workspace/builds/worker-5-tc1/source:/opt/rustwide/workdir:ro,Z" "-v" "/var/lib/crater-agent-workspace/builds/worker-5-tc1/target:/opt/rustwide/target:rw,Z" "-v" "/var/lib/crater-agent-workspace/cargo-home:/opt/rustwide/cargo-home:ro,Z" "-v" "/var/lib/crater-agent-workspace/rustup-home:/opt/rustwide/rustup-home:ro,Z" "-m" "1610612736" "--network" "none" "ghcr.io/rust-lang/crates-build-env/linux@sha256:77db811e55d90add9212f6832c23229e3de5f1c1f9905e8cb07319ea15df73ac" "sleep" "infinity", kill_on_drop: false }`
[INFO] [stdout] 0165855a60b57ed3282a3343997acb21c97956197b5fc9f4c4df787087790285
[INFO] running `Command { std: "docker" "start" "0165855a60b57ed3282a3343997acb21c97956197b5fc9f4c4df787087790285", kill_on_drop: false }`
[INFO] running `Command { std: "docker" "inspect" "0165855a60b57ed3282a3343997acb21c97956197b5fc9f4c4df787087790285", kill_on_drop: false }`
[INFO] running `Command { std: "docker" "exec" "-e" "SOURCE_DIR=/opt/rustwide/workdir" "-e" "CARGO_HOME=/opt/rustwide/cargo-home" "-e" "RUSTUP_HOME=/opt/rustwide/rustup-home" "-e" "CARGO_TARGET_DIR=/opt/rustwide/target" "-w" "/opt/rustwide/workdir" "--user" "0:0" "0165855a60b57ed3282a3343997acb21c97956197b5fc9f4c4df787087790285" "/opt/rustwide/cargo-home/bin/cargo" "+3154cc1a3e6424e44f438a95007d043ed5ceaaf6" "metadata" "--no-deps" "--format-version=1", kill_on_drop: false }`
[INFO] running `Command { std: "docker" "inspect" "0165855a60b57ed3282a3343997acb21c97956197b5fc9f4c4df787087790285", kill_on_drop: false }`
[INFO] running `Command { std: "docker" "exec" "-e" "SOURCE_DIR=/opt/rustwide/workdir" "-e" "CARGO_HOME=/opt/rustwide/cargo-home" "-e" "RUSTUP_HOME=/opt/rustwide/rustup-home" "-e" "CARGO_TARGET_DIR=/opt/rustwide/target" "-e" "CARGO_INCREMENTAL=0" "-e" "RUST_BACKTRACE=full" "-e" "RUSTFLAGS=--cap-lints=forbid -Znext-solver=coherence" "-e" "RUSTDOCFLAGS=--cap-lints=forbid" "-w" "/opt/rustwide/workdir" "--user" "0:0" "0165855a60b57ed3282a3343997acb21c97956197b5fc9f4c4df787087790285" "/opt/rustwide/cargo-home/bin/cargo" "+3154cc1a3e6424e44f438a95007d043ed5ceaaf6" "check" "--frozen" "--all" "--all-targets" "--message-format=json", kill_on_drop: false }`
[INFO] [stderr]    Compiling find-msvc-tools v0.1.10
[INFO] [stderr]     Checking subtle v2.6.1
[INFO] [stderr]     Checking rustls-pki-types v1.15.1
[INFO] [stderr]    Compiling syn v3.0.3
[INFO] [stderr]     Checking futures-util v0.3.34
[INFO] [stderr]    Compiling zerovec-derive v0.11.3
[INFO] [stderr]     Checking futures-channel v0.3.34
[INFO] [stderr]     Checking crypto-common v0.1.7
[INFO] [stderr]     Checking tracing v0.1.44
[INFO] [stderr]    Compiling thiserror-impl v1.0.69
[INFO] [stderr]    Compiling serde_json v1.0.151
[INFO] [stderr]     Checking bitflags v2.13.1
[INFO] [stderr]     Checking deranged v0.5.8
[INFO] [stderr]     Checking http-body-util v0.1.4
[INFO] [stderr]     Checking log v0.4.33
[INFO] [stderr]     Checking secrecy v0.8.0
[INFO] [stderr]    Compiling cc v1.4.2
[INFO] [stderr]     Checking uuid v1.24.0
[INFO] [stderr]     Checking digest v0.10.7
[INFO] [stderr]     Checking quick-xml v0.41.0
[INFO] [stderr]     Checking webpki-roots v1.0.9
[INFO] [stderr]     Checking sha1 v0.10.7
[INFO] [stderr]     Checking hmac v0.12.1
[INFO] [stderr]     Checking sha2 v0.10.9
[INFO] [stderr]     Checking zerovec v0.11.6
[INFO] [stderr]     Checking thiserror v1.0.69
[INFO] [stderr]     Checking extrapaytr-crypto v0.1.1
[INFO] [stderr]     Checking time v0.3.55
[INFO] [stderr]    Compiling ring v0.17.14
[INFO] [stderr]     Checking potential_utf v0.1.5
[INFO] [stderr]    Compiling displaydoc v0.2.7
[INFO] [stderr]    Compiling tokio-macros v2.7.2
[INFO] [stderr]    Compiling serde_derive v1.0.229
[INFO] [stderr]    Compiling async-trait v0.1.92
[INFO] [stderr]     Checking tokio v1.53.1
[INFO] [stderr]     Checking tinystr v0.8.3
[INFO] [stderr]     Checking zerotrie v0.2.4
[INFO] [stderr]     Checking icu_collections v2.2.0
[INFO] [stderr]     Checking icu_locale_core v2.2.0
[INFO] [stderr]    Compiling rustls v0.23.43
[INFO] [stderr]     Checking icu_provider v2.2.0
[INFO] [stderr]     Checking icu_properties v2.2.0
[INFO] [stderr]     Checking icu_normalizer v2.2.0
[INFO] [stderr]     Checking rustls-webpki v0.103.14
[INFO] [stderr]     Checking serde v1.0.229
[INFO] [stderr]     Checking idna_adapter v1.2.2
[INFO] [stderr]     Checking idna v1.1.0
[INFO] [stderr]     Checking url v2.5.8
[INFO] [stderr]     Checking serde_urlencoded v0.7.1
[INFO] [stderr]     Checking extrapaytr-core v0.1.1
[INFO] [stderr]     Checking hyper v1.11.0
[INFO] [stderr]     Checking tower v0.5.3
[INFO] [stderr]     Checking tokio-util v0.7.19
[INFO] [stderr]     Checking tower-http v0.6.11
[INFO] [stderr]     Checking hyper-util v0.1.20
[INFO] [stderr]     Checking tokio-rustls v0.26.4
[INFO] [stderr]     Checking hyper-rustls v0.27.9
[INFO] [stderr]     Checking reqwest v0.12.28
[INFO] [stderr]     Checking extrapaytr-http v0.1.1
[INFO] [stderr]     Checking extrapaytr-gateways v0.1.1
[INFO] [stderr]     Checking extrapaytr v0.1.1 (/opt/rustwide/workdir)
[INFO] [stdout] error[E0432]: unresolved import `extrapaytr::gateways::iyzico`
[INFO] [stdout]   --> examples/sandbox_iyzico_explore.rs:27:27
[INFO] [stdout]    |
[INFO] [stdout] 27 | use extrapaytr::gateways::iyzico::{Environment, IyzicoConfig, IyzicoGateway};
[INFO] [stdout]    |                           ^^^^^^ could not find `iyzico` in `gateways`
[INFO] [stdout]    |
[INFO] [stdout] note: found an item that was configured out
[INFO] [stdout]   --> /opt/rustwide/cargo-home/registry/src/index.crates.io-1949cf8c6b5b557f/extrapaytr-gateways-0.1.1/src/lib.rs:14:9
[INFO] [stdout]    |
[INFO] [stdout] 13 | #[cfg(feature = "gateway-iyzico")]
[INFO] [stdout]    |       -------------------------- the item is gated behind the `gateway-iyzico` feature
[INFO] [stdout] 14 | pub mod iyzico;
[INFO] [stdout]    |         ^^^^^^
[INFO] [stdout] 
[INFO] [stdout] 
[INFO] [stdout] error[E0432]: unresolved import `extrapaytr::gateways::iyzico`
[INFO] [stdout]   --> examples/sandbox_iyzico_3ds_init.rs:23:27
[INFO] [stdout]    |
[INFO] [stdout] 23 | use extrapaytr::gateways::iyzico::{Environment, IyzicoConfig, IyzicoGateway};
[INFO] [stdout]    |                           ^^^^^^ could not find `iyzico` in `gateways`
[INFO] [stdout]    |
[INFO] [stdout] note: found an item that was configured out
[INFO] [stdout]   --> /opt/rustwide/cargo-home/registry/src/index.crates.io-1949cf8c6b5b557f/extrapaytr-gateways-0.1.1/src/lib.rs:14:9
[INFO] [stdout]    |
[INFO] [stdout] 13 | #[cfg(feature = "gateway-iyzico")]
[INFO] [stdout]    |       -------------------------- the item is gated behind the `gateway-iyzico` feature
[INFO] [stdout] 14 | pub mod iyzico;
[INFO] [stdout]    |         ^^^^^^
[INFO] [stdout] 
[INFO] [stdout] 
[INFO] [stdout] For more information about this error, try `rustc --explain E0432`.
[INFO] [stdout] 
[INFO] [stdout] For more information about this error, try `rustc --explain E0432`.
[INFO] [stdout] 
[INFO] [stderr] error: could not compile `extrapaytr` (example "sandbox_iyzico_explore") due to 1 previous error
[INFO] [stderr] warning: build failed, waiting for other jobs to finish...
[INFO] [stderr] error: could not compile `extrapaytr` (example "sandbox_iyzico_3ds_init") due to 1 previous error
[INFO] [stdout] error[E0432]: unresolved import `extrapaytr::gateways::iyzico`
[INFO] [stdout]   --> examples/sandbox_iyzico_3ds_complete.rs:15:27
[INFO] [stdout]    |
[INFO] [stdout] 15 | use extrapaytr::gateways::iyzico::{Environment, IyzicoConfig, IyzicoGateway};
[INFO] [stdout]    |                           ^^^^^^ could not find `iyzico` in `gateways`
[INFO] [stdout]    |
[INFO] [stdout] note: found an item that was configured out
[INFO] [stdout]   --> /opt/rustwide/cargo-home/registry/src/index.crates.io-1949cf8c6b5b557f/extrapaytr-gateways-0.1.1/src/lib.rs:14:9
[INFO] [stdout]    |
[INFO] [stdout] 13 | #[cfg(feature = "gateway-iyzico")]
[INFO] [stdout]    |       -------------------------- the item is gated behind the `gateway-iyzico` feature
[INFO] [stdout] 14 | pub mod iyzico;
[INFO] [stdout]    |         ^^^^^^
[INFO] [stdout] 
[INFO] [stdout] 
[INFO] [stdout] error[E0432]: unresolved import `extrapaytr::gateways::iyzico`
[INFO] [stdout]   --> examples/sandbox_iyzico_charge.rs:23:27
[INFO] [stdout]    |
[INFO] [stdout] 23 | use extrapaytr::gateways::iyzico::{Environment, IyzicoConfig, IyzicoGateway};
[INFO] [stdout]    |                           ^^^^^^ could not find `iyzico` in `gateways`
[INFO] [stdout]    |
[INFO] [stdout] note: found an item that was configured out
[INFO] [stdout]   --> /opt/rustwide/cargo-home/registry/src/index.crates.io-1949cf8c6b5b557f/extrapaytr-gateways-0.1.1/src/lib.rs:14:9
[INFO] [stdout]    |
[INFO] [stdout] 13 | #[cfg(feature = "gateway-iyzico")]
[INFO] [stdout]    |       -------------------------- the item is gated behind the `gateway-iyzico` feature
[INFO] [stdout] 14 | pub mod iyzico;
[INFO] [stdout]    |         ^^^^^^
[INFO] [stdout] 
[INFO] [stdout] 
[INFO] [stdout] error[E0432]: unresolved import `extrapaytr::gateways::iyzico`
[INFO] [stdout]   --> examples/sandbox_iyzico_verify_callback.rs:17:27
[INFO] [stdout]    |
[INFO] [stdout] 17 | use extrapaytr::gateways::iyzico::{Environment, IyzicoConfig, IyzicoGateway};
[INFO] [stdout]    |                           ^^^^^^ could not find `iyzico` in `gateways`
[INFO] [stdout]    |
[INFO] [stdout] note: found an item that was configured out
[INFO] [stdout]   --> /opt/rustwide/cargo-home/registry/src/index.crates.io-1949cf8c6b5b557f/extrapaytr-gateways-0.1.1/src/lib.rs:14:9
[INFO] [stdout]    |
[INFO] [stdout] 13 | #[cfg(feature = "gateway-iyzico")]
[INFO] [stdout]    |       -------------------------- the item is gated behind the `gateway-iyzico` feature
[INFO] [stdout] 14 | pub mod iyzico;
[INFO] [stdout]    |         ^^^^^^
[INFO] [stdout] 
[INFO] [stdout] 
[INFO] [stdout] For more information about this error, try `rustc --explain E0432`.
[INFO] [stdout] 
[INFO] [stdout] For more information about this error, try `rustc --explain E0432`.
[INFO] [stdout] 
[INFO] [stdout] For more information about this error, try `rustc --explain E0432`.
[INFO] [stdout] 
[INFO] [stderr] error: could not compile `extrapaytr` (example "sandbox_iyzico_verify_callback") due to 1 previous error
[INFO] [stderr] error: could not compile `extrapaytr` (example "sandbox_iyzico_3ds_complete") due to 1 previous error
[INFO] [stderr] error: could not compile `extrapaytr` (example "sandbox_iyzico_charge") due to 1 previous error
[INFO] running `Command { std: "docker" "inspect" "0165855a60b57ed3282a3343997acb21c97956197b5fc9f4c4df787087790285", kill_on_drop: false }`
[INFO] running `Command { std: "docker" "rm" "-f" "0165855a60b57ed3282a3343997acb21c97956197b5fc9f4c4df787087790285", kill_on_drop: false }`
[INFO] [stdout] 0165855a60b57ed3282a3343997acb21c97956197b5fc9f4c4df787087790285
