[INFO] fetching crate exocortex-server 0.5.0...
[INFO] checking exocortex-server-0.5.0 against 3154cc1a3e6424e44f438a95007d043ed5ceaaf6+rustflags=-Znext-solver=coherence for pr-133502-30
[INFO] extracting crate exocortex-server 0.5.0 into /workspace/builds/worker-2-tc1/source
[INFO] started tweaking crates.io crate exocortex-server 0.5.0
[INFO] removed 0 missing tests
[INFO] finished tweaking crates.io crate exocortex-server 0.5.0
[INFO] tweaked toml for crates.io crate exocortex-server 0.5.0 written to /workspace/builds/worker-2-tc1/source/Cargo.toml
[INFO] validating manifest of crates.io crate exocortex-server 0.5.0 on toolchain 3154cc1a3e6424e44f438a95007d043ed5ceaaf6
[INFO] running `Command { std: CARGO_HOME="/workspace/cargo-home" RUSTUP_HOME="/workspace/rustup-home" "/workspace/cargo-home/bin/cargo" "+3154cc1a3e6424e44f438a95007d043ed5ceaaf6" "metadata" "--manifest-path" "Cargo.toml" "--no-deps", kill_on_drop: false }`
[INFO] crate crates.io crate exocortex-server 0.5.0 already has a lockfile, it will not be regenerated
[INFO] running `Command { std: CARGO_HOME="/workspace/cargo-home" RUSTUP_HOME="/workspace/rustup-home" "/workspace/cargo-home/bin/cargo" "+3154cc1a3e6424e44f438a95007d043ed5ceaaf6" "fetch" "--manifest-path" "Cargo.toml", kill_on_drop: false }`
[INFO] [stderr]     Updating crates.io index
[INFO] [stderr]     Blocking waiting for file lock on package cache
[INFO] [stderr]  Downloading crates ...
[INFO] [stderr]   Downloaded tonic-prost v0.14.5
[INFO] [stderr]   Downloaded rmcp-macros v0.1.5
[INFO] [stderr]   Downloaded rmcp v0.1.5
[INFO] [stderr]   Downloaded metrics-exporter-opentelemetry v0.2.1
[INFO] [stderr]   Downloaded left-right v0.11.8
[INFO] [stderr]   Downloaded exocortex-wire v0.5.0
[INFO] [stderr]   Downloaded tonic v0.14.5
[INFO] [stderr]   Downloaded steel-derive v0.6.0
[INFO] [stderr]   Downloaded steel-gen v0.3.0
[INFO] [stderr]   Downloaded smol_str v0.3.2
[INFO] [stderr]   Downloaded crepe v0.1.8
[INFO] [stderr]   Downloaded weak-table v0.3.2
[INFO] [stderr]   Downloaded quickscope v0.2.0
[INFO] [stderr]   Downloaded codegen v0.2.0
[INFO] [stderr]   Downloaded exocortex-reasoning v0.5.0
[INFO] [stderr]   Downloaded steel-parser v0.7.0
[INFO] [stderr]   Downloaded exocortex-kernel v0.5.0
[INFO] [stderr]   Downloaded lasso v0.7.3
[INFO] [stderr]   Downloaded exocortex-pack-study-v1 v0.5.0
[INFO] [stderr]   Downloaded exocortex-pack-dev-v1 v0.5.0
[INFO] [stderr]   Downloaded exocortex-pack-mortgage-v1 v0.5.0
[INFO] [stderr]   Downloaded exocortex-cache v0.5.0
[INFO] [stderr]   Downloaded exocortex-storage v0.5.0
[INFO] [stderr]   Downloaded exocortex-ops v0.5.0
[INFO] [stderr]   Downloaded im-lists v0.9.1
[INFO] [stderr]   Downloaded falkordb v0.3.0
[INFO] [stderr]   Downloaded roaring v0.10.12
[INFO] [stderr]   Downloaded exocortex-ingest v0.5.0
[INFO] [stderr]   Downloaded im-rc v15.1.0
[INFO] [stderr]   Downloaded image v0.25.5
[INFO] [stderr]   Downloaded redis v1.2.2
[INFO] [stderr]   Downloaded steel-core v0.7.0
[INFO] [stderr]   Downloaded fastembed v5.2.0
[INFO] [stderr]   Downloaded tokio-io-timeout v1.2.1
[INFO] [stderr]   Downloaded ort v2.0.0-rc.10
[INFO] [stderr]   Downloaded smallvec v2.0.0-alpha.10
[INFO] [stderr]   Downloaded ort-sys v2.0.0-rc.10
[INFO] [stderr]   Downloaded exocortex-cluster v0.5.0
[INFO] [stderr]   Downloaded exocortex-dreams v0.5.0
[INFO] [stderr]   Downloaded eventsource-client v0.13.0
[INFO] [stderr]   Downloaded chitchat v0.9.0
[INFO] running `Command { std: "docker" "create" "-v" "/var/lib/crater-agent-workspace/builds/worker-2-tc1/source:/opt/rustwide/workdir:ro,Z" "-v" "/var/lib/crater-agent-workspace/builds/worker-2-tc1/target:/opt/rustwide/target:rw,Z" "-v" "/var/lib/crater-agent-workspace/cargo-home:/opt/rustwide/cargo-home:ro,Z" "-v" "/var/lib/crater-agent-workspace/rustup-home:/opt/rustwide/rustup-home:ro,Z" "-m" "1610612736" "--network" "none" "ghcr.io/rust-lang/crates-build-env/linux@sha256:77db811e55d90add9212f6832c23229e3de5f1c1f9905e8cb07319ea15df73ac" "sleep" "infinity", kill_on_drop: false }`
[INFO] [stdout] 54cc8e5063bad5dc68395dffde331ffe5a7872c3cb6462a7a5b3b8efa8ba6fdf
[INFO] running `Command { std: "docker" "start" "54cc8e5063bad5dc68395dffde331ffe5a7872c3cb6462a7a5b3b8efa8ba6fdf", kill_on_drop: false }`
[INFO] running `Command { std: "docker" "inspect" "54cc8e5063bad5dc68395dffde331ffe5a7872c3cb6462a7a5b3b8efa8ba6fdf", kill_on_drop: false }`
[INFO] running `Command { std: "docker" "exec" "-e" "SOURCE_DIR=/opt/rustwide/workdir" "-e" "CARGO_HOME=/opt/rustwide/cargo-home" "-e" "RUSTUP_HOME=/opt/rustwide/rustup-home" "-e" "CARGO_TARGET_DIR=/opt/rustwide/target" "-w" "/opt/rustwide/workdir" "--user" "0:0" "54cc8e5063bad5dc68395dffde331ffe5a7872c3cb6462a7a5b3b8efa8ba6fdf" "/opt/rustwide/cargo-home/bin/cargo" "+3154cc1a3e6424e44f438a95007d043ed5ceaaf6" "metadata" "--no-deps" "--format-version=1", kill_on_drop: false }`
[INFO] running `Command { std: "docker" "inspect" "54cc8e5063bad5dc68395dffde331ffe5a7872c3cb6462a7a5b3b8efa8ba6fdf", kill_on_drop: false }`
[INFO] running `Command { std: "docker" "exec" "-e" "SOURCE_DIR=/opt/rustwide/workdir" "-e" "CARGO_HOME=/opt/rustwide/cargo-home" "-e" "RUSTUP_HOME=/opt/rustwide/rustup-home" "-e" "CARGO_TARGET_DIR=/opt/rustwide/target" "-e" "CARGO_INCREMENTAL=0" "-e" "RUST_BACKTRACE=full" "-e" "RUSTFLAGS=--cap-lints=forbid -Znext-solver=coherence" "-e" "RUSTDOCFLAGS=--cap-lints=forbid" "-w" "/opt/rustwide/workdir" "--user" "0:0" "54cc8e5063bad5dc68395dffde331ffe5a7872c3cb6462a7a5b3b8efa8ba6fdf" "/opt/rustwide/cargo-home/bin/cargo" "+3154cc1a3e6424e44f438a95007d043ed5ceaaf6" "check" "--frozen" "--all" "--all-targets" "--message-format=json", kill_on_drop: false }`
[INFO] [stderr]    Compiling syn v3.0.4
[INFO] [stderr]    Compiling cc v1.4.4
[INFO] [stderr]    Compiling tracing-attributes v0.1.31
[INFO] [stderr]     Checking futures-task v0.3.34
[INFO] [stderr]    Compiling indexmap v1.9.3
[INFO] [stderr]     Checking serde_json v1.0.151
[INFO] [stderr]    Compiling ahash v0.8.12
[INFO] [stderr]    Compiling aws-lc-rs v1.18.0
[INFO] [stderr]    Compiling prost-derive v0.13.5
[INFO] [stderr]     Checking digest v0.10.7
[INFO] [stderr]    Compiling rustls v0.23.45
[INFO] [stderr]     Checking hashbrown v0.12.3
[INFO] [stderr]    Compiling getrandom v0.3.4
[INFO] [stderr]    Compiling rustix v1.1.4
[INFO] [stderr]    Compiling serde_derive_internals v0.29.1
[INFO] [stderr]     Checking socket2 v0.5.10
[INFO] [stderr]    Compiling linux-raw-sys v0.12.1
[INFO] [stderr]    Compiling regex-syntax v0.8.11
[INFO] [stderr]    Compiling cmake v0.1.58
[INFO] [stderr]     Checking tracing v0.1.44
[INFO] [stderr]    Compiling bytes v1.12.1
[INFO] [stderr]    Compiling schemars v0.8.22
[INFO] [stderr]    Compiling schemars_derive v0.8.22
[INFO] [stderr]    Compiling ring v0.17.14
[INFO] [stderr]    Compiling aws-lc-sys v0.44.0
[INFO] [stderr]    Compiling blake3 v1.8.7
[INFO] [stderr]    Compiling prost v0.13.5
[INFO] [stderr]    Compiling proc-macro-error-attr v1.0.4
[INFO] [stderr]    Compiling regex-automata v0.4.18
[INFO] [stderr]    Compiling syn v1.0.109
[INFO] [stderr]     Checking dyn-clone v1.0.20
[INFO] [stderr]     Checking either v1.18.0
[INFO] [stderr]    Compiling fixedbitset v0.5.7
[INFO] [stderr]    Compiling proc-macro-error v1.0.4
[INFO] [stderr]    Compiling petgraph v0.7.1
[INFO] [stderr]    Compiling petgraph v0.6.5
[INFO] [stderr]    Compiling tempfile v3.27.0
[INFO] [stderr]     Checking sha2 v0.10.9
[INFO] [stderr]     Checking rand v0.8.7
[INFO] [stderr]    Compiling regex v1.13.1
[INFO] [stderr]    Compiling prost-types v0.13.5
[INFO] [stderr]    Compiling prettyplease v0.2.37
[INFO] [stderr]     Checking unicode-normalization v0.1.25
[INFO] [stderr]    Compiling pin-project-internal v1.1.13
[INFO] [stderr]    Compiling multimap v0.10.1
[INFO] [stderr]     Checking unicode-bidi v0.3.18
[INFO] [stderr]    Compiling crepe v0.1.8
[INFO] [stderr]    Compiling serde_derive v1.0.229
[INFO] [stderr]    Compiling tokio-macros v2.7.2
[INFO] [stderr]    Compiling futures-macro v0.3.34
[INFO] [stderr]    Compiling async-trait v0.1.92
[INFO] [stderr]     Checking pin-project v1.1.13
[INFO] [stderr]    Compiling prost-build v0.13.5
[INFO] [stderr]     Checking idna v0.5.0
[INFO] [stderr]    Compiling thiserror-impl v2.0.20
[INFO] [stderr]     Checking futures-util v0.3.34
[INFO] [stderr]     Checking uuid v1.25.0
[INFO] [stderr]     Checking miniz_oxide v0.8.9
[INFO] [stderr]    Compiling tonic-build v0.12.3
[INFO] [stderr]     Checking url v2.5.2
[INFO] [stderr]     Checking thiserror v2.0.20
[INFO] [stderr]     Checking rustls-pemfile v2.2.0
[INFO] [stderr]    Compiling axum-macros v0.4.2
[INFO] [stderr]    Compiling async-stream-impl v0.3.6
[INFO] [stderr]     Checking serde_path_to_error v0.1.20
[INFO] [stderr]     Checking flate2 v1.1.9
[INFO] [stderr]     Checking rapidhash v4.5.1
[INFO] [stderr]     Checking async-stream v0.3.6
[INFO] [stderr]     Checking arcstr v1.2.0
[INFO] [stderr]     Checking xxhash-rust v0.8.18
[INFO] [stderr]     Checking metrics v0.24.6
[INFO] [stderr]     Checking strum v0.28.0
[INFO] [stderr]     Checking backon v1.6.0
[INFO] [stderr]    Compiling exocortex-wire v0.5.0
[INFO] [stderr]     Checking itertools v0.13.0
[INFO] [stderr]     Checking hmac v0.12.1
[INFO] [stderr]    Compiling codegen v0.2.0
[INFO] [stderr]    Compiling zstd-sys v2.0.16+zstd.1.5.7
[INFO] [stderr]     Checking serde v1.0.229
[INFO] [stderr]     Checking http v0.2.12
[INFO] [stderr]     Checking futures-executor v0.3.34
[INFO] [stderr]     Checking smallvec v1.15.2
[INFO] [stderr]     Checking hashbrown v0.14.5
[INFO] [stderr]     Checking parking_lot_core v0.9.12
[INFO] [stderr]     Checking chrono v0.4.45
[INFO] [stderr]     Checking parking_lot v0.12.5
[INFO] [stderr]     Checking tokio v1.53.1
[INFO] [stderr]     Checking num-bigint v0.4.8
[INFO] [stderr]     Checking dashmap v6.2.1
[INFO] [stderr]     Checking lasso v0.7.3
[INFO] [stderr]     Checking bincode v1.3.3
[INFO] [stderr]     Checking smol_str v0.3.2
[INFO] [stderr]     Checking futures v0.3.34
[INFO] [stderr]     Checking serde_urlencoded v0.7.1
[INFO] [stderr]     Checking axum-core v0.4.5
[INFO] [stderr]     Checking exocortex-kernel v0.5.0
[INFO] [stderr]    Compiling steel-gen v0.3.0
[INFO] [stderr]     Checking bitmaps v2.1.0
[INFO] [stderr]    Compiling im-rc v15.1.0
[INFO] [stderr]    Compiling rustls v0.21.12
[INFO] [stderr]     Checking arrayvec v0.5.2
[INFO] [stderr]     Checking typed-arena v2.0.2
[INFO] [stderr]     Checking pretty v0.12.5
[INFO] [stderr]     Checking compact_str v0.8.2
[INFO] [stderr]     Checking sized-chunks v0.6.5
[INFO] [stderr]    Compiling steel-core v0.7.0
[INFO] [stderr]     Checking num-rational v0.4.2
[INFO] [stderr]     Checking http-body v0.4.6
[INFO] [stderr]     Checking rustls-webpki v0.101.7
[INFO] [stderr]     Checking sct v0.7.1
[INFO] [stderr]     Checking rand_xoshiro v0.6.0
[INFO] [stderr]     Checking env_home v0.1.0
[INFO] [stderr]     Checking codespan-reporting v0.11.1
[INFO] [stderr]     Checking exocortex-pack-dev-v1 v0.5.0
[INFO] [stderr]     Checking which v7.0.3
[INFO] [stderr]     Checking steel-parser v0.7.0
[INFO] [stderr]     Checking bigdecimal v0.4.10
[INFO] [stderr]     Checking polling v3.11.0
[INFO] [stderr]     Checking im-lists v0.9.1
[INFO] [stderr]     Checking quickscope v0.2.0
[INFO] [stderr]     Checking rustls-pemfile v1.0.4
[INFO] [stderr]     Checking md-5 v0.10.6
[INFO] [stderr]    Compiling steel-derive v0.6.0
[INFO] [stderr]     Checking weak-table v0.3.2
[INFO] [stderr]     Checking bytemuck v1.25.2
[INFO] [stderr]     Checking xdg v3.0.0
[INFO] [stderr]     Checking rustls-native-certs v0.6.3
[INFO] [stderr]     Checking roaring v0.10.12
[INFO] [stderr]     Checking raw-cpuid v11.6.0
[INFO] [stderr]     Checking tokio-util v0.7.19
[INFO] [stderr]     Checking tower v0.5.3
[INFO] [stderr]     Checking tokio-rustls v0.24.1
[INFO] [stderr]     Checking tokio-io-timeout v1.2.1
[INFO] [stderr]     Checking h2 v0.4.18
[INFO] [stderr]     Checking combine v4.6.7
[INFO] [stderr]     Checking tokio-stream v0.1.19
[INFO] [stderr]     Checking tower v0.4.13
[INFO] [stderr]     Checking h2 v0.3.27
[INFO] [stderr]    Compiling fs-err v3.3.1
[INFO] [stderr]     Checking hashbrown v0.16.1
[INFO] [stderr]     Checking quanta v0.12.6
[INFO] [stderr]     Checking itertools v0.12.1
[INFO] [stderr]     Checking rand_xoshiro v0.7.0
[INFO] [stderr]     Checking left-right v0.11.8
[INFO] [stderr]    Compiling rmcp-macros v0.1.5
[INFO] [stderr]     Checking hashbag v0.1.13
[INFO] [stderr]    Compiling metrics-exporter-prometheus v0.18.3
[INFO] [stderr]     Checking sketches-ddsketch v0.3.1
[INFO] [stderr]     Checking metrics-util v0.20.4
[INFO] [stderr]     Checking hyper v1.11.0
[INFO] [stderr]     Checking evmap v11.0.0
[INFO] [stderr]     Checking rmcp v0.1.5
[INFO] [stderr]     Checking tracing-serde v0.2.0
[INFO] [stderr]     Checking redis v1.2.2
[INFO] [stderr]     Checking redis v0.27.6
[INFO] [stderr]     Checking hyper-util v0.1.20
[INFO] [stderr]     Checking hyper v0.14.32
[INFO] [stderr]     Checking hyper-timeout v0.5.2
[INFO] [stderr]     Checking axum v0.7.9
[INFO] [stderr]    Compiling clap_derive v4.6.4
[INFO] [stderr]     Checking ipnet v2.12.1
[INFO] [stderr]     Checking tracing-subscriber v0.3.23
[INFO] [stderr]     Checking clap v4.6.6
[INFO] [stderr]     Checking exocortex-pack-mortgage-v1 v0.5.0
[INFO] [stderr]     Checking falkordb v0.3.0
[INFO] [stderr]     Checking hyper-rustls v0.24.2
[INFO] [stderr]     Checking hyper-timeout v0.4.1
[INFO] [stderr]     Checking exocortex-pack-study-v1 v0.5.0
[INFO] [stderr]     Checking eventsource-client v0.13.0
[INFO] [stderr]    Compiling zstd-safe v7.2.4
[INFO] [stderr]     Checking zstd v0.13.3
[INFO] [stderr]     Checking chitchat v0.9.0
[INFO] [stderr]     Checking rustls-webpki v0.103.15
[INFO] [stderr]     Checking tokio-rustls v0.26.4
[INFO] [stderr]     Checking tonic v0.12.3
[INFO] [stderr]     Checking hyper-rustls v0.27.9
[INFO] [stderr]     Checking axum-server v0.7.3
[INFO] [stderr]     Checking exocortex-storage v0.5.0
[INFO] [stderr]     Checking exocortex-cache v0.5.0
[INFO] [stderr]     Checking exocortex-reasoning v0.5.0
[INFO] [stderr]     Checking exocortex-dreams v0.5.0
[INFO] [stderr]     Checking exocortex-cluster v0.5.0
[INFO] [stderr]     Checking exocortex-ops v0.5.0
[INFO] [stderr]     Checking exocortex-ingest v0.5.0
[INFO] [stderr]     Checking exocortex-server v0.5.0 (/opt/rustwide/workdir)
[INFO] [stdout] error[E0599]: no method named `fail_next_stream_after` found for struct `std::sync::Arc<InMemoryStorage>` in the current scope
[INFO] [stdout]     --> src/backend.rs:1225:33
[INFO] [stdout]      |
[INFO] [stdout] 1225 |                         storage.fail_next_stream_after(Some(0), None);
[INFO] [stdout]      |                                 ^^^^^^^^^^^^^^^^^^^^^^ method not found in `std::sync::Arc<InMemoryStorage>`
[INFO] [stdout] 
[INFO] [stdout] 
[INFO] [stdout] error[E0433]: cannot find module or crate `exocortex_client` in this scope
[INFO] [stdout]    --> tests/e2e_chain.rs:115:5
[INFO] [stdout]     |
[INFO] [stdout] 115 | use exocortex_client::sync::{run_sse_sync, SseSyncConfig};
[INFO] [stdout]     |     ^^^^^^^^^^^^^^^^ use of unresolved module or unlinked crate `exocortex_client`
[INFO] [stdout]     |
[INFO] [stdout] help: there is a crate or module with a similar name
[INFO] [stdout]     |
[INFO] [stdout] 115 - use exocortex_client::sync::{run_sse_sync, SseSyncConfig};
[INFO] [stdout] 115 + use exocortex_ingest::sync::{run_sse_sync, SseSyncConfig};
[INFO] [stdout]     |
[INFO] [stdout] 
[INFO] [stdout] 
[INFO] [stdout] error[E0433]: cannot find module or crate `exocortex_client` in this scope
[INFO] [stdout]    --> tests/e2e_chain.rs:475:24
[INFO] [stdout]     |
[INFO] [stdout] 475 |     let wal = Arc::new(exocortex_client::wal::Wal::open(&data.path().join("wal")).unwrap());
[INFO] [stdout]     |                        ^^^^^^^^^^^^^^^^ use of unresolved module or unlinked crate `exocortex_client`
[INFO] [stdout]     |
[INFO] [stdout] help: there is a crate or module with a similar name
[INFO] [stdout]     |
[INFO] [stdout] 475 -     let wal = Arc::new(exocortex_client::wal::Wal::open(&data.path().join("wal")).unwrap());
[INFO] [stdout] 475 +     let wal = Arc::new(exocortex_ingest::wal::Wal::open(&data.path().join("wal")).unwrap());
[INFO] [stdout]     |
[INFO] [stdout] 
[INFO] [stdout] 
[INFO] [stdout] error[E0433]: cannot find module or crate `exocortex_client` in this scope
[INFO] [stdout]    --> tests/e2e_chain.rs:486:18
[INFO] [stdout]     |
[INFO] [stdout] 486 |     let report = exocortex_client::drain::drain_once(
[INFO] [stdout]     |                  ^^^^^^^^^^^^^^^^ use of unresolved module or unlinked crate `exocortex_client`
[INFO] [stdout]     |
[INFO] [stdout] help: there is a crate or module with a similar name
[INFO] [stdout]     |
[INFO] [stdout] 486 -     let report = exocortex_client::drain::drain_once(
[INFO] [stdout] 486 +     let report = exocortex_ingest::drain::drain_once(
[INFO] [stdout]     |
[INFO] [stdout] 
[INFO] [stdout] 
[INFO] [stdout] error[E0599]: no method named `pause_next_invalidation_subscription` found for struct `Arc<InMemoryStorage>` in the current scope
[INFO] [stdout]     --> tests/backend_node.rs:1303:17
[INFO] [stdout]      |
[INFO] [stdout] 1303 |         storage.pause_next_invalidation_subscription();
[INFO] [stdout]      |                 ^^^^^^^^^^^^^^^^^^^^^^^^^^^^^^^^^^^^ method not found in `Arc<InMemoryStorage>`
[INFO] [stdout] 
[INFO] [stdout] 
[INFO] [stdout] error[E0599]: no method named `pause_next_memory_stream_after_snapshot` found for struct `Arc<InMemoryStorage>` in the current scope
[INFO] [stdout]     --> tests/backend_node.rs:1304:57
[INFO] [stdout]      |
[INFO] [stdout] 1304 |     let (snapshot_captured, release_snapshot) = storage.pause_next_memory_stream_after_snapshot();
[INFO] [stdout]      |                                                         ^^^^^^^^^^^^^^^^^^^^^^^^^^^^^^^^^^^^^^^ method not found in `Arc<InMemoryStorage>`
[INFO] [stdout] 
[INFO] [stdout] 
[INFO] [stdout] For more information about this error, try `rustc --explain E0599`.
[INFO] [stdout] 
[INFO] [stderr] error: could not compile `exocortex-server` (lib test) due to 1 previous error
[INFO] [stderr] warning: build failed, waiting for other jobs to finish...
[INFO] [stdout] error[E0433]: cannot find module or crate `exocortex_client` in this scope
[INFO] [stdout]    --> tests/sse_replay.rs:132:23
[INFO] [stdout]     |
[INFO] [stdout] 132 |             let raw = exocortex_client::sync::b64_decode(payload.trim()).unwrap();
[INFO] [stdout]     |                       ^^^^^^^^^^^^^^^^ use of unresolved module or unlinked crate `exocortex_client`
[INFO] [stdout]     |
[INFO] [stdout] help: there is a crate or module with a similar name
[INFO] [stdout]     |
[INFO] [stdout] 132 -             let raw = exocortex_client::sync::b64_decode(payload.trim()).unwrap();
[INFO] [stdout] 132 +             let raw = exocortex_ingest::sync::b64_decode(payload.trim()).unwrap();
[INFO] [stdout]     |
[INFO] [stdout] 
[INFO] [stdout] 
[INFO] [stdout] For more information about this error, try `rustc --explain E0433`.
[INFO] [stdout] 
[INFO] [stderr] error: could not compile `exocortex-server` (test "e2e_chain") due to 3 previous errors
[INFO] [stdout] For more information about this error, try `rustc --explain E0433`.
[INFO] [stdout] 
[INFO] [stdout] For more information about this error, try `rustc --explain E0599`.
[INFO] [stdout] 
[INFO] [stderr] error: could not compile `exocortex-server` (test "backend_node") due to 2 previous errors
[INFO] [stderr] error: could not compile `exocortex-server` (test "sse_replay") due to 1 previous error
[INFO] running `Command { std: "docker" "inspect" "54cc8e5063bad5dc68395dffde331ffe5a7872c3cb6462a7a5b3b8efa8ba6fdf", kill_on_drop: false }`
[INFO] running `Command { std: "docker" "rm" "-f" "54cc8e5063bad5dc68395dffde331ffe5a7872c3cb6462a7a5b3b8efa8ba6fdf", kill_on_drop: false }`
[INFO] [stdout] 54cc8e5063bad5dc68395dffde331ffe5a7872c3cb6462a7a5b3b8efa8ba6fdf
