[INFO] fetching crate exocortex-dreams 0.5.0...
[INFO] checking exocortex-dreams-0.5.0 against 3154cc1a3e6424e44f438a95007d043ed5ceaaf6+rustflags=-Znext-solver=coherence for pr-133502-30
[INFO] extracting crate exocortex-dreams 0.5.0 into /workspace/builds/worker-0-tc1/source
[INFO] started tweaking crates.io crate exocortex-dreams 0.5.0
[INFO] removed 0 missing tests
[INFO] finished tweaking crates.io crate exocortex-dreams 0.5.0
[INFO] tweaked toml for crates.io crate exocortex-dreams 0.5.0 written to /workspace/builds/worker-0-tc1/source/Cargo.toml
[INFO] validating manifest of crates.io crate exocortex-dreams 0.5.0 on toolchain 3154cc1a3e6424e44f438a95007d043ed5ceaaf6
[INFO] running `Command { std: CARGO_HOME="/workspace/cargo-home" RUSTUP_HOME="/workspace/rustup-home" "/workspace/cargo-home/bin/cargo" "+3154cc1a3e6424e44f438a95007d043ed5ceaaf6" "metadata" "--manifest-path" "Cargo.toml" "--no-deps", kill_on_drop: false }`
[INFO] crate crates.io crate exocortex-dreams 0.5.0 already has a lockfile, it will not be regenerated
[INFO] running `Command { std: CARGO_HOME="/workspace/cargo-home" RUSTUP_HOME="/workspace/rustup-home" "/workspace/cargo-home/bin/cargo" "+3154cc1a3e6424e44f438a95007d043ed5ceaaf6" "fetch" "--manifest-path" "Cargo.toml", kill_on_drop: false }`
[INFO] [stderr]     Updating crates.io index
[INFO] [stderr]  Downloading crates ...
[INFO] [stderr]   Downloaded exocortex-wire v0.5.0
[INFO] [stderr]   Downloaded redis v0.27.6
[INFO] [stderr]   Downloaded xxhash-rust v0.8.18
[INFO] [stderr]   Downloaded crepe v0.1.8
[INFO] [stderr]   Downloaded exocortex-kernel v0.5.0
[INFO] [stderr]   Downloaded lasso v0.7.3
[INFO] [stderr]   Downloaded exocortex-pack-dev-v1 v0.5.0
[INFO] [stderr]   Downloaded exocortex-storage v0.5.0
[INFO] [stderr]   Downloaded falkordb v0.3.0
[INFO] [stderr]   Downloaded redis v1.2.2
[INFO] running `Command { std: "docker" "create" "-v" "/var/lib/crater-agent-workspace/builds/worker-0-tc1/source:/opt/rustwide/workdir:ro,Z" "-v" "/var/lib/crater-agent-workspace/builds/worker-0-tc1/target:/opt/rustwide/target:rw,Z" "-v" "/var/lib/crater-agent-workspace/cargo-home:/opt/rustwide/cargo-home:ro,Z" "-v" "/var/lib/crater-agent-workspace/rustup-home:/opt/rustwide/rustup-home:ro,Z" "-m" "1610612736" "--network" "none" "ghcr.io/rust-lang/crates-build-env/linux@sha256:77db811e55d90add9212f6832c23229e3de5f1c1f9905e8cb07319ea15df73ac" "sleep" "infinity", kill_on_drop: false }`
[INFO] [stdout] e8d0b9d1e0745c19bb24e2fd61371d4ea97ee6afc992b2c714de01a8cd62d34b
[INFO] running `Command { std: "docker" "start" "e8d0b9d1e0745c19bb24e2fd61371d4ea97ee6afc992b2c714de01a8cd62d34b", kill_on_drop: false }`
[INFO] running `Command { std: "docker" "inspect" "e8d0b9d1e0745c19bb24e2fd61371d4ea97ee6afc992b2c714de01a8cd62d34b", kill_on_drop: false }`
[INFO] running `Command { std: "docker" "exec" "-e" "SOURCE_DIR=/opt/rustwide/workdir" "-e" "CARGO_HOME=/opt/rustwide/cargo-home" "-e" "RUSTUP_HOME=/opt/rustwide/rustup-home" "-e" "CARGO_TARGET_DIR=/opt/rustwide/target" "-w" "/opt/rustwide/workdir" "--user" "0:0" "e8d0b9d1e0745c19bb24e2fd61371d4ea97ee6afc992b2c714de01a8cd62d34b" "/opt/rustwide/cargo-home/bin/cargo" "+3154cc1a3e6424e44f438a95007d043ed5ceaaf6" "metadata" "--no-deps" "--format-version=1", kill_on_drop: false }`
[INFO] running `Command { std: "docker" "inspect" "e8d0b9d1e0745c19bb24e2fd61371d4ea97ee6afc992b2c714de01a8cd62d34b", kill_on_drop: false }`
[INFO] running `Command { std: "docker" "exec" "-e" "SOURCE_DIR=/opt/rustwide/workdir" "-e" "CARGO_HOME=/opt/rustwide/cargo-home" "-e" "RUSTUP_HOME=/opt/rustwide/rustup-home" "-e" "CARGO_TARGET_DIR=/opt/rustwide/target" "-e" "CARGO_INCREMENTAL=0" "-e" "RUST_BACKTRACE=full" "-e" "RUSTFLAGS=--cap-lints=forbid -Znext-solver=coherence" "-e" "RUSTDOCFLAGS=--cap-lints=forbid" "-w" "/opt/rustwide/workdir" "--user" "0:0" "e8d0b9d1e0745c19bb24e2fd61371d4ea97ee6afc992b2c714de01a8cd62d34b" "/opt/rustwide/cargo-home/bin/cargo" "+3154cc1a3e6424e44f438a95007d043ed5ceaaf6" "check" "--frozen" "--all" "--all-targets" "--message-format=json", kill_on_drop: false }`
[INFO] [stderr]     Checking futures-io v0.3.34
[INFO] [stderr]    Compiling libc v0.2.189
[INFO] [stderr]    Compiling syn v3.0.4
[INFO] [stderr]    Compiling syn v2.0.119
[INFO] [stderr]    Compiling ring v0.17.14
[INFO] [stderr]    Compiling num-traits v0.2.19
[INFO] [stderr]    Compiling rustix v1.1.4
[INFO] [stderr]    Compiling getrandom v0.3.4
[INFO] [stderr]    Compiling proc-macro-error-attr v1.0.4
[INFO] [stderr]    Compiling syn v1.0.109
[INFO] [stderr]    Compiling petgraph v0.7.1
[INFO] [stderr]     Checking digest v0.10.7
[INFO] [stderr]     Checking unicode-normalization v0.1.25
[INFO] [stderr]    Compiling blake3 v1.8.7
[INFO] [stderr]    Compiling indexmap v1.9.3
[INFO] [stderr]    Compiling proc-macro-error v1.0.4
[INFO] [stderr]     Checking unicode-bidi v0.3.18
[INFO] [stderr]    Compiling rustls v0.23.45
[INFO] [stderr]     Checking hashbrown v0.14.5
[INFO] [stderr]     Checking event-listener v5.4.2
[INFO] [stderr]    Compiling getrandom v0.4.3
[INFO] [stderr]     Checking hashbrown v0.12.3
[INFO] [stderr]    Compiling fixedbitset v0.4.2
[INFO] [stderr]     Checking sha2 v0.10.9
[INFO] [stderr]    Compiling petgraph v0.6.5
[INFO] [stderr]     Checking event-listener-strategy v0.5.4
[INFO] [stderr]     Checking rand_chacha v0.9.0
[INFO] [stderr]     Checking rand v0.8.7
[INFO] [stderr]     Checking idna v0.5.0
[INFO] [stderr]     Checking socket2 v0.5.10
[INFO] [stderr]     Checking regex-syntax v0.8.11
[INFO] [stderr]     Checking num-integer v0.1.47
[INFO] [stderr]     Checking uuid v1.25.0
[INFO] [stderr]     Checking url v2.5.2
[INFO] [stderr]     Checking flate2 v1.1.9
[INFO] [stderr]     Checking rand v0.9.5
[INFO] [stderr]     Checking async-lock v3.4.2
[INFO] [stderr]     Checking rustls-pemfile v2.2.0
[INFO] [stderr]     Checking arcstr v1.2.0
[INFO] [stderr]     Checking fastrand v2.5.0
[INFO] [stderr]     Checking xxhash-rust v0.8.18
[INFO] [stderr]     Checking itertools v0.13.0
[INFO] [stderr]     Checking num-bigint v0.4.8
[INFO] [stderr]     Checking backon v1.6.0
[INFO] [stderr]     Checking hmac v0.12.1
[INFO] [stderr]     Checking sha1_smol v1.0.1
[INFO] [stderr]     Checking rapidhash v4.5.1
[INFO] [stderr]     Checking metrics v0.24.6
[INFO] [stderr]     Checking regex-automata v0.4.18
[INFO] [stderr]    Compiling tempfile v3.27.0
[INFO] [stderr]    Compiling serde_derive v1.0.229
[INFO] [stderr]    Compiling tokio-macros v2.7.2
[INFO] [stderr]    Compiling futures-macro v0.3.34
[INFO] [stderr]    Compiling async-trait v0.1.92
[INFO] [stderr]    Compiling thiserror-impl v2.0.20
[INFO] [stderr]    Compiling prettyplease v0.2.37
[INFO] [stderr]    Compiling serde_derive_internals v0.29.1
[INFO] [stderr]     Checking regex v1.13.1
[INFO] [stderr]     Checking futures-util v0.3.34
[INFO] [stderr]    Compiling tracing-attributes v0.1.31
[INFO] [stderr]    Compiling prost-derive v0.13.5
[INFO] [stderr]    Compiling pin-project-internal v1.1.13
[INFO] [stderr]    Compiling async-stream-impl v0.3.6
[INFO] [stderr]    Compiling thiserror-impl v1.0.69
[INFO] [stderr]    Compiling strum_macros v0.28.0
[INFO] [stderr]    Compiling crepe v0.1.8
[INFO] [stderr]    Compiling schemars_derive v0.8.22
[INFO] [stderr]     Checking rustls-webpki v0.103.15
[INFO] [stderr]     Checking async-stream v0.3.6
[INFO] [stderr]     Checking thiserror v2.0.20
[INFO] [stderr]     Checking tracing v0.1.44
[INFO] [stderr]     Checking pin-project v1.1.13
[INFO] [stderr]     Checking thiserror v1.0.69
[INFO] [stderr]    Compiling prost v0.13.5
[INFO] [stderr]    Compiling prost-types v0.13.5
[INFO] [stderr]     Checking strum v0.28.0
[INFO] [stderr]     Checking serde v1.0.229
[INFO] [stderr]     Checking smallvec v1.15.2
[INFO] [stderr]     Checking schemars v0.8.22
[INFO] [stderr]     Checking chrono v0.4.45
[INFO] [stderr]     Checking bincode v1.3.3
[INFO] [stderr]     Checking smol_str v0.3.2
[INFO] [stderr]    Compiling prost-build v0.13.5
[INFO] [stderr]     Checking parking_lot_core v0.9.12
[INFO] [stderr]     Checking parking_lot v0.12.5
[INFO] [stderr]     Checking dashmap v6.2.1
[INFO] [stderr]     Checking tower v0.5.3
[INFO] [stderr]     Checking axum-core v0.4.5
[INFO] [stderr]     Checking futures-executor v0.3.34
[INFO] [stderr]     Checking tokio v1.53.1
[INFO] [stderr]     Checking futures v0.3.34
[INFO] [stderr]     Checking lasso v0.7.3
[INFO] [stderr]    Compiling tonic-build v0.12.3
[INFO] [stderr]     Checking exocortex-kernel v0.5.0
[INFO] [stderr]    Compiling exocortex-wire v0.5.0
[INFO] [stderr]     Checking axum v0.7.9
[INFO] [stderr]     Checking exocortex-pack-dev-v1 v0.5.0
[INFO] [stderr]     Checking tokio-util v0.7.19
[INFO] [stderr]     Checking tokio-rustls v0.26.4
[INFO] [stderr]     Checking h2 v0.4.18
[INFO] [stderr]     Checking combine v4.6.7
[INFO] [stderr]     Checking tower v0.4.13
[INFO] [stderr]     Checking tokio-stream v0.1.19
[INFO] [stderr]     Checking hyper v1.11.0
[INFO] [stderr]     Checking hyper-util v0.1.20
[INFO] [stderr]     Checking redis v1.2.2
[INFO] [stderr]     Checking redis v0.27.6
[INFO] [stderr]     Checking hyper-timeout v0.5.2
[INFO] [stderr]     Checking tonic v0.12.3
[INFO] [stderr]     Checking falkordb v0.3.0
[INFO] [stderr]     Checking exocortex-storage v0.5.0
[INFO] [stderr]     Checking exocortex-dreams v0.5.0 (/opt/rustwide/workdir)
[INFO] [stdout] error[E0433]: cannot find module or crate `exocortex_cache` in this scope
[INFO] [stdout]    --> tests/abstraction_read_surface.rs:145:28
[INFO] [stdout]     |
[INFO] [stdout] 145 |     let (cache, _writer) = exocortex_cache::LocalCache::new(16 * 1024 * 1024);
[INFO] [stdout]     |                            ^^^^^^^^^^^^^^^ use of unresolved module or unlinked crate `exocortex_cache`
[INFO] [stdout]     |
[INFO] [stdout] help: there is a crate or module with a similar name
[INFO] [stdout]     |
[INFO] [stdout] 145 -     let (cache, _writer) = exocortex_cache::LocalCache::new(16 * 1024 * 1024);
[INFO] [stdout] 145 +     let (cache, _writer) = exocortex_wire::LocalCache::new(16 * 1024 * 1024);
[INFO] [stdout]     |
[INFO] [stdout] 
[INFO] [stdout] 
[INFO] [stdout] error[E0433]: cannot find module or crate `exocortex_ops` in this scope
[INFO] [stdout]    --> tests/abstraction_read_surface.rs:155:25
[INFO] [stdout]     |
[INFO] [stdout] 155 |         visibility_ctx: exocortex_ops::operations::ops_vc("o", "reader", Visibility::Org),
[INFO] [stdout]     |                         ^^^^^^^^^^^^^ use of unresolved module or unlinked crate `exocortex_ops`
[INFO] [stdout]     |
[INFO] [stdout] help: there is a crate or module with a similar name
[INFO] [stdout]     |
[INFO] [stdout] 155 -         visibility_ctx: exocortex_ops::operations::ops_vc("o", "reader", Visibility::Org),
[INFO] [stdout] 155 +         visibility_ctx: exocortex_wire::operations::ops_vc("o", "reader", Visibility::Org),
[INFO] [stdout]     |
[INFO] [stdout] 
[INFO] [stdout] 
[INFO] [stdout] error[E0433]: cannot find module or crate `exocortex_ops` in this scope
[INFO] [stdout]    --> tests/abstraction_read_surface.rs:174:30
[INFO] [stdout]     |
[INFO] [stdout] 174 |         serde_json::to_value(exocortex_ops::operations::SearchInput {
[INFO] [stdout]     |                              ^^^^^^^^^^^^^ use of unresolved module or unlinked crate `exocortex_ops`
[INFO] [stdout]     |
[INFO] [stdout] help: there is a crate or module with a similar name
[INFO] [stdout]     |
[INFO] [stdout] 174 -         serde_json::to_value(exocortex_ops::operations::SearchInput {
[INFO] [stdout] 174 +         serde_json::to_value(exocortex_wire::operations::SearchInput {
[INFO] [stdout]     |
[INFO] [stdout] 
[INFO] [stdout] 
[INFO] [stdout] error[E0433]: cannot find module or crate `exocortex_ops` in this scope
[INFO] [stdout]    --> tests/abstraction_read_surface.rs:225:30
[INFO] [stdout]     |
[INFO] [stdout] 225 |         serde_json::to_value(exocortex_ops::operations::FindRelatedInput {
[INFO] [stdout]     |                              ^^^^^^^^^^^^^ use of unresolved module or unlinked crate `exocortex_ops`
[INFO] [stdout]     |
[INFO] [stdout] help: there is a crate or module with a similar name
[INFO] [stdout]     |
[INFO] [stdout] 225 -         serde_json::to_value(exocortex_ops::operations::FindRelatedInput {
[INFO] [stdout] 225 +         serde_json::to_value(exocortex_wire::operations::FindRelatedInput {
[INFO] [stdout]     |
[INFO] [stdout] 
[INFO] [stdout] 
[INFO] [stdout] error[E0433]: cannot find module or crate `exocortex_cache` in this scope
[INFO] [stdout]    --> tests/abstraction_read_surface.rs:146:20
[INFO] [stdout]     |
[INFO] [stdout] 146 |     let mut snap = exocortex_cache::GraphSnapshot::empty();
[INFO] [stdout]     |                    ^^^^^^^^^^^^^^^ use of unresolved module or unlinked crate `exocortex_cache`
[INFO] [stdout]     |
[INFO] [stdout] help: there is a crate or module with a similar name
[INFO] [stdout]     |
[INFO] [stdout] 146 -     let mut snap = exocortex_cache::GraphSnapshot::empty();
[INFO] [stdout] 146 +     let mut snap = exocortex_wire::GraphSnapshot::empty();
[INFO] [stdout]     |
[INFO] [stdout] help: consider importing this struct
[INFO] [stdout]     |
[INFO] [stdout]  10 + use exocortex_storage::GraphSnapshot;
[INFO] [stdout]     |
[INFO] [stdout] help: if you import `GraphSnapshot`, refer to it directly
[INFO] [stdout]     |
[INFO] [stdout] 146 -     let mut snap = exocortex_cache::GraphSnapshot::empty();
[INFO] [stdout] 146 +     let mut snap = GraphSnapshot::empty();
[INFO] [stdout]     |
[INFO] [stdout] 
[INFO] [stdout] 
[INFO] [stdout] error[E0433]: cannot find module or crate `exocortex_ops` in this scope
[INFO] [stdout]    --> tests/abstraction_read_surface.rs:167:17
[INFO] [stdout]     |
[INFO] [stdout] 167 |     let entry = exocortex_ops::entries()
[INFO] [stdout]     |                 ^^^^^^^^^^^^^ use of unresolved module or unlinked crate `exocortex_ops`
[INFO] [stdout]     |
[INFO] [stdout] help: there is a crate or module with a similar name
[INFO] [stdout]     |
[INFO] [stdout] 167 -     let entry = exocortex_ops::entries()
[INFO] [stdout] 167 +     let entry = exocortex_wire::entries()
[INFO] [stdout]     |
[INFO] [stdout] 
[INFO] [stdout] 
[INFO] [stdout] error[E0433]: cannot find module or crate `exocortex_ops` in this scope
[INFO] [stdout]    --> tests/abstraction_read_surface.rs:218:17
[INFO] [stdout]     |
[INFO] [stdout] 218 |     let entry = exocortex_ops::entries()
[INFO] [stdout]     |                 ^^^^^^^^^^^^^ use of unresolved module or unlinked crate `exocortex_ops`
[INFO] [stdout]     |
[INFO] [stdout] help: there is a crate or module with a similar name
[INFO] [stdout]     |
[INFO] [stdout] 218 -     let entry = exocortex_ops::entries()
[INFO] [stdout] 218 +     let entry = exocortex_wire::entries()
[INFO] [stdout]     |
[INFO] [stdout] 
[INFO] [stdout] 
[INFO] [stdout] error[E0433]: cannot find module or crate `exocortex_ops` in this scope
[INFO] [stdout]    --> tests/abstraction_read_surface.rs:154:15
[INFO] [stdout]     |
[INFO] [stdout] 154 |     let ctx = exocortex_ops::OpContext {
[INFO] [stdout]     |               ^^^^^^^^^^^^^ use of unresolved module or unlinked crate `exocortex_ops`
[INFO] [stdout]     |
[INFO] [stdout] help: there is a crate or module with a similar name
[INFO] [stdout]     |
[INFO] [stdout] 154 -     let ctx = exocortex_ops::OpContext {
[INFO] [stdout] 154 +     let ctx = exocortex_wire::OpContext {
[INFO] [stdout]     |
[INFO] [stdout] 
[INFO] [stdout] 
[INFO] [stdout] For more information about this error, try `rustc --explain E0433`.
[INFO] [stdout] 
[INFO] [stderr] error: could not compile `exocortex-dreams` (test "abstraction_read_surface") due to 8 previous errors
[INFO] [stderr] warning: build failed, waiting for other jobs to finish...
[INFO] [stdout] error[E0599]: no method named `region_query_counts` found for struct `InMemoryStorage` in the current scope
[INFO] [stdout]    --> tests/dreams.rs:261:17
[INFO] [stdout]     |
[INFO] [stdout] 261 |         storage.region_query_counts(),
[INFO] [stdout]     |                 ^^^^^^^^^^^^^^^^^^^
[INFO] [stdout]     |
[INFO] [stdout] help: there is a method `reasoning_query_counts` with a similar name
[INFO] [stdout]     |
[INFO] [stdout] 261 -         storage.region_query_counts(),
[INFO] [stdout] 261 +         storage.reasoning_query_counts(),
[INFO] [stdout]     |
[INFO] [stdout] 
[INFO] [stdout] 
[INFO] [stdout] error[E0599]: no method named `with_cycle_fault_after` found for struct `DreamsEngine<S>` in the current scope
[INFO] [stdout]    --> tests/dreams.rs:362:6
[INFO] [stdout]     |
[INFO] [stdout] 354 |     let engine = DreamsEngine::new(
[INFO] [stdout] 355 |         Arc::new(storage.clone_dyn()),
[INFO] [stdout] 356 |         DreamsTrigger::default(),
[INFO] [stdout] 357 |         0.01,
[INFO] [stdout] 358 |         0.05,
[INFO] [stdout] 359 |         true,
[INFO] [stdout] 360 |         "faulted".into(),
[INFO] [stdout] 361 |     )
[INFO] [stdout] 362 |     .with_cycle_fault_after(1)
[INFO] [stdout]     |      ^^^^^^^^^^^^^^^^^^^^^^ method not found in `DreamsEngine<InMemoryStorage>`
[INFO] [stdout] 
[INFO] [stdout] 
[INFO] [stdout] error[E0599]: no method named `with_lease_ttl` found for struct `DreamsEngine<S>` in the current scope
[INFO] [stdout]    --> tests/dreams.rs:420:6
[INFO] [stdout]     |
[INFO] [stdout] 412 |     let renewal_engine = DreamsEngine::new(
[INFO] [stdout] 413 |         Arc::new(storage.clone_dyn()),
[INFO] [stdout] 414 |         DreamsTrigger::default(),
[INFO] [stdout] 415 |         0.01,
[INFO] [stdout] 416 |         0.05,
[INFO] [stdout] 417 |         true,
[INFO] [stdout] 418 |         "renewal-failure".into(),
[INFO] [stdout] 419 |     )
[INFO] [stdout] 420 |     .with_lease_ttl(std::time::Duration::from_millis(60))
[INFO] [stdout]     |      ^^^^^^^^^^^^^^
[INFO] [stdout]     |
[INFO] [stdout] help: there is a method `with_leader_gate` with a similar name
[INFO] [stdout]     |
[INFO] [stdout] 420 -     .with_lease_ttl(std::time::Duration::from_millis(60))
[INFO] [stdout] 420 +     .with_leader_gate(std::time::Duration::from_millis(60))
[INFO] [stdout]     |
[INFO] [stdout] 
[INFO] [stdout] 
[INFO] [stdout] error[E0599]: no method named `fail_next_stream_after` found for struct `InMemoryStorage` in the current scope
[INFO] [stdout]    --> tests/dreams.rs:537:17
[INFO] [stdout]     |
[INFO] [stdout] 537 |         storage.fail_next_stream_after(memory_fault, relationship_fault);
[INFO] [stdout]     |                 ^^^^^^^^^^^^^^^^^^^^^^ method not found in `InMemoryStorage`
[INFO] [stdout] 
[INFO] [stdout] 
[INFO] [stdout] error[E0599]: no method named `try_consolidate_once_for_testing` found for struct `DreamsEngine<S>` in the current scope
[INFO] [stdout]     --> tests/dreams.rs:1197:10
[INFO] [stdout]      |
[INFO] [stdout] 1196 |     assert!(engine
[INFO] [stdout] 1197 |         .try_consolidate_once_for_testing(&region, "success-before-ack")
[INFO] [stdout]      |          ^^^^^^^^^^^^^^^^^^^^^^^^^^^^^^^^ method not found in `DreamsEngine<InMemoryStorage>`
[INFO] [stdout] 
[INFO] [stdout] 
[INFO] [stdout] error[E0599]: no method named `try_consolidate_once_for_testing` found for struct `DreamsEngine<S>` in the current scope
[INFO] [stdout]     --> tests/dreams.rs:1212:10
[INFO] [stdout]      |
[INFO] [stdout] 1211 |     assert!(engine
[INFO] [stdout] 1212 |         .try_consolidate_once_for_testing(&region, "newer-success")
[INFO] [stdout]      |          ^^^^^^^^^^^^^^^^^^^^^^^^^^^^^^^^ method not found in `DreamsEngine<InMemoryStorage>`
[INFO] [stdout] 
[INFO] [stdout] 
[INFO] [stdout] error[E0599]: no method named `try_consolidate_once_for_testing` found for struct `DreamsEngine<S>` in the current scope
[INFO] [stdout]     --> tests/dreams.rs:1226:10
[INFO] [stdout]      |
[INFO] [stdout] 1225 |     assert!(engine
[INFO] [stdout] 1226 |         .try_consolidate_once_for_testing(&region, "success-before-ack")
[INFO] [stdout]      |          ^^^^^^^^^^^^^^^^^^^^^^^^^^^^^^^^ method not found in `DreamsEngine<InMemoryStorage>`
[INFO] [stdout] 
[INFO] [stdout] 
[INFO] [stdout] error[E0599]: no method named `with_cycle_fault_after` found for struct `DreamsEngine<S>` in the current scope
[INFO] [stdout]     --> tests/dreams.rs:1333:6
[INFO] [stdout]      |
[INFO] [stdout] 1325 |     let engine = DreamsEngine::new(
[INFO] [stdout] 1326 |         Arc::new(storage.clone_dyn()),
[INFO] [stdout] 1327 |         DreamsTrigger::default(),
[INFO] [stdout] 1328 |         0.01,
[INFO] [stdout] 1329 |         0.05,
[INFO] [stdout] 1330 |         true,
[INFO] [stdout] 1331 |         "conditional-rollback".into(),
[INFO] [stdout] 1332 |     )
[INFO] [stdout] 1333 |     .with_cycle_fault_after(1)
[INFO] [stdout]      |      ^^^^^^^^^^^^^^^^^^^^^^ method not found in `DreamsEngine<InMemoryStorage>`
[INFO] [stdout] 
[INFO] [stdout] 
[INFO] [stdout] error[E0599]: no method named `with_cycle_crash_after` found for struct `DreamsEngine<S>` in the current scope
[INFO] [stdout]     --> tests/dreams.rs:1391:6
[INFO] [stdout]      |
[INFO] [stdout] 1383 |     let crashed = DreamsEngine::new(
[INFO] [stdout] 1384 |         Arc::new(storage.clone_dyn()),
[INFO] [stdout] 1385 |         DreamsTrigger::default(),
[INFO] [stdout] 1386 |         0.01,
[INFO] [stdout] 1387 |         0.05,
[INFO] [stdout] 1388 |         true,
[INFO] [stdout] 1389 |         "crashed-owner".into(),
[INFO] [stdout] 1390 |     )
[INFO] [stdout] 1391 |     .with_cycle_crash_after(1);
[INFO] [stdout]      |      ^^^^^^^^^^^^^^^^^^^^^^ method not found in `DreamsEngine<InMemoryStorage>`
[INFO] [stdout] 
[INFO] [stdout] 
[INFO] [stdout] error[E0599]: no method named `recover_active_cycle_for_test` found for struct `DreamsEngine<S>` in the current scope
[INFO] [stdout]     --> tests/dreams.rs:1423:10
[INFO] [stdout]      |
[INFO] [stdout] 1422 |     successor
[INFO] [stdout] 1423 |         .recover_active_cycle_for_test(&region)
[INFO] [stdout]      |          ^^^^^^^^^^^^^^^^^^^^^^^^^^^^^ method not found in `DreamsEngine<InMemoryStorage>`
[INFO] [stdout] 
[INFO] [stdout] 
[INFO] [stdout] For more information about this error, try `rustc --explain E0599`.
[INFO] [stdout] 
[INFO] [stderr] error: could not compile `exocortex-dreams` (test "dreams") due to 10 previous errors
[INFO] running `Command { std: "docker" "inspect" "e8d0b9d1e0745c19bb24e2fd61371d4ea97ee6afc992b2c714de01a8cd62d34b", kill_on_drop: false }`
[INFO] running `Command { std: "docker" "rm" "-f" "e8d0b9d1e0745c19bb24e2fd61371d4ea97ee6afc992b2c714de01a8cd62d34b", kill_on_drop: false }`
[INFO] [stdout] e8d0b9d1e0745c19bb24e2fd61371d4ea97ee6afc992b2c714de01a8cd62d34b
