[INFO] fetching crate exocortex-cluster 0.5.0...
[INFO] checking exocortex-cluster-0.5.0 against 3154cc1a3e6424e44f438a95007d043ed5ceaaf6+rustflags=-Znext-solver=coherence for pr-133502-30
[INFO] extracting crate exocortex-cluster 0.5.0 into /workspace/builds/worker-4-tc1/source
[INFO] started tweaking crates.io crate exocortex-cluster 0.5.0
[INFO] removed 0 missing tests
[INFO] finished tweaking crates.io crate exocortex-cluster 0.5.0
[INFO] tweaked toml for crates.io crate exocortex-cluster 0.5.0 written to /workspace/builds/worker-4-tc1/source/Cargo.toml
[INFO] validating manifest of crates.io crate exocortex-cluster 0.5.0 on toolchain 3154cc1a3e6424e44f438a95007d043ed5ceaaf6
[INFO] running `Command { std: CARGO_HOME="/workspace/cargo-home" RUSTUP_HOME="/workspace/rustup-home" "/workspace/cargo-home/bin/cargo" "+3154cc1a3e6424e44f438a95007d043ed5ceaaf6" "metadata" "--manifest-path" "Cargo.toml" "--no-deps", kill_on_drop: false }`
[INFO] crate crates.io crate exocortex-cluster 0.5.0 already has a lockfile, it will not be regenerated
[INFO] running `Command { std: CARGO_HOME="/workspace/cargo-home" RUSTUP_HOME="/workspace/rustup-home" "/workspace/cargo-home/bin/cargo" "+3154cc1a3e6424e44f438a95007d043ed5ceaaf6" "fetch" "--manifest-path" "Cargo.toml", kill_on_drop: false }`
[INFO] [stderr]     Updating crates.io index
[INFO] [stderr]     Blocking waiting for file lock on package cache
[INFO] [stderr]  Downloading crates ...
[INFO] [stderr]   Downloaded prost-derive v0.13.5
[INFO] [stderr]   Downloaded tonic v0.12.3
[INFO] [stderr]   Downloaded prost v0.13.5
[INFO] [stderr]   Downloaded axum-macros v0.4.2
[INFO] [stderr]   Downloaded multimap v0.10.1
[INFO] [stderr]   Downloaded h2 v0.4.18
[INFO] [stderr]   Downloaded tonic-build v0.12.3
[INFO] [stderr]   Downloaded prost-build v0.13.5
[INFO] [stderr]   Downloaded exocortex-wire v0.5.0
[INFO] [stderr]   Downloaded prost-types v0.13.5
[INFO] [stderr]   Downloaded hyper-timeout v0.4.1
[INFO] [stderr]   Downloaded tokio-io-timeout v1.2.1
[INFO] [stderr]   Downloaded redis v0.27.6
[INFO] [stderr]   Downloaded xxhash-rust v0.8.18
[INFO] [stderr]   Downloaded arcstr v1.2.0
[INFO] [stderr]   Downloaded crepe v0.1.8
[INFO] [stderr]   Downloaded exocortex-storage v0.5.0
[INFO] [stderr]   Downloaded falkordb v0.3.0
[INFO] [stderr]   Downloaded exocortex-kernel v0.5.0
[INFO] [stderr]   Downloaded lasso v0.7.3
[INFO] [stderr]   Downloaded chitchat v0.9.0
[INFO] [stderr]   Downloaded eventsource-client v0.13.0
[INFO] [stderr]   Downloaded redis v1.2.2
[INFO] [stderr]   Downloaded petgraph v0.7.1
[INFO] running `Command { std: "docker" "create" "-v" "/var/lib/crater-agent-workspace/builds/worker-4-tc1/source:/opt/rustwide/workdir:ro,Z" "-v" "/var/lib/crater-agent-workspace/builds/worker-4-tc1/target:/opt/rustwide/target:rw,Z" "-v" "/var/lib/crater-agent-workspace/cargo-home:/opt/rustwide/cargo-home:ro,Z" "-v" "/var/lib/crater-agent-workspace/rustup-home:/opt/rustwide/rustup-home:ro,Z" "-m" "1610612736" "--network" "none" "ghcr.io/rust-lang/crates-build-env/linux@sha256:77db811e55d90add9212f6832c23229e3de5f1c1f9905e8cb07319ea15df73ac" "sleep" "infinity", kill_on_drop: false }`
[INFO] [stdout] 74c78bb34e71a7f270cc2ede7a72989e61909157b3239d909335cfbfebb0adc2
[INFO] running `Command { std: "docker" "start" "74c78bb34e71a7f270cc2ede7a72989e61909157b3239d909335cfbfebb0adc2", kill_on_drop: false }`
[INFO] running `Command { std: "docker" "inspect" "74c78bb34e71a7f270cc2ede7a72989e61909157b3239d909335cfbfebb0adc2", kill_on_drop: false }`
[INFO] running `Command { std: "docker" "exec" "-e" "SOURCE_DIR=/opt/rustwide/workdir" "-e" "CARGO_HOME=/opt/rustwide/cargo-home" "-e" "RUSTUP_HOME=/opt/rustwide/rustup-home" "-e" "CARGO_TARGET_DIR=/opt/rustwide/target" "-w" "/opt/rustwide/workdir" "--user" "0:0" "74c78bb34e71a7f270cc2ede7a72989e61909157b3239d909335cfbfebb0adc2" "/opt/rustwide/cargo-home/bin/cargo" "+3154cc1a3e6424e44f438a95007d043ed5ceaaf6" "metadata" "--no-deps" "--format-version=1", kill_on_drop: false }`
[INFO] running `Command { std: "docker" "inspect" "74c78bb34e71a7f270cc2ede7a72989e61909157b3239d909335cfbfebb0adc2", kill_on_drop: false }`
[INFO] running `Command { std: "docker" "exec" "-e" "SOURCE_DIR=/opt/rustwide/workdir" "-e" "CARGO_HOME=/opt/rustwide/cargo-home" "-e" "RUSTUP_HOME=/opt/rustwide/rustup-home" "-e" "CARGO_TARGET_DIR=/opt/rustwide/target" "-e" "CARGO_INCREMENTAL=0" "-e" "RUST_BACKTRACE=full" "-e" "RUSTFLAGS=--cap-lints=forbid -Znext-solver=coherence" "-e" "RUSTDOCFLAGS=--cap-lints=forbid" "-w" "/opt/rustwide/workdir" "--user" "0:0" "74c78bb34e71a7f270cc2ede7a72989e61909157b3239d909335cfbfebb0adc2" "/opt/rustwide/cargo-home/bin/cargo" "+3154cc1a3e6424e44f438a95007d043ed5ceaaf6" "check" "--frozen" "--all" "--all-targets" "--message-format=json", kill_on_drop: false }`
[INFO] [stderr]     Checking log v0.4.34
[INFO] [stderr]    Compiling syn v3.0.4
[INFO] [stderr]    Compiling ring v0.17.14
[INFO] [stderr]    Compiling prost-derive v0.13.5
[INFO] [stderr]    Compiling num-traits v0.2.19
[INFO] [stderr]    Compiling rustix v1.1.4
[INFO] [stderr]     Checking socket2 v0.5.10
[INFO] [stderr]    Compiling bytes v1.12.1
[INFO] [stderr]    Compiling prettyplease v0.2.37
[INFO] [stderr]    Compiling linux-raw-sys v0.12.1
[INFO] [stderr]    Compiling regex-syntax v0.8.11
[INFO] [stderr]    Compiling bitflags v2.13.1
[INFO] [stderr]    Compiling getrandom v0.3.4
[INFO] [stderr]    Compiling fastrand v2.5.0
[INFO] [stderr]    Compiling fixedbitset v0.5.7
[INFO] [stderr]    Compiling zstd-sys v2.0.16+zstd.1.5.7
[INFO] [stderr]     Checking tracing v0.1.44
[INFO] [stderr]    Compiling petgraph v0.7.1
[INFO] [stderr]     Checking rand v0.8.7
[INFO] [stderr]     Checking serde_json v1.0.151
[INFO] [stderr]     Checking unicode-normalization v0.1.25
[INFO] [stderr]    Compiling pin-project-internal v1.1.13
[INFO] [stderr]    Compiling indexmap v1.9.3
[INFO] [stderr]     Checking http v0.2.12
[INFO] [stderr]    Compiling multimap v0.10.1
[INFO] [stderr]    Compiling rustls v0.23.45
[INFO] [stderr]     Checking unicode-bidi v0.3.18
[INFO] [stderr]     Checking event-listener v5.4.2
[INFO] [stderr]     Checking digest v0.10.7
[INFO] [stderr]     Checking idna v0.5.0
[INFO] [stderr]    Compiling blake3 v1.8.7
[INFO] [stderr]    Compiling rustls v0.21.12
[INFO] [stderr]     Checking http-body v0.4.6
[INFO] [stderr]     Checking hashbrown v0.14.5
[INFO] [stderr]     Checking event-listener-strategy v0.5.4
[INFO] [stderr]     Checking url v2.5.2
[INFO] [stderr]    Compiling proc-macro-error-attr v1.0.4
[INFO] [stderr]    Compiling syn v1.0.109
[INFO] [stderr]    Compiling async-stream-impl v0.3.6
[INFO] [stderr]    Compiling axum-macros v0.4.2
[INFO] [stderr]    Compiling regex-automata v0.4.18
[INFO] [stderr]     Checking serde_path_to_error v0.1.20
[INFO] [stderr]    Compiling fixedbitset v0.4.2
[INFO] [stderr]     Checking sha2 v0.10.9
[INFO] [stderr]     Checking pin-project v1.1.13
[INFO] [stderr]     Checking async-stream v0.3.6
[INFO] [stderr]    Compiling petgraph v0.6.5
[INFO] [stderr]    Compiling proc-macro-error v1.0.4
[INFO] [stderr]     Checking rustls-native-certs v0.8.4
[INFO] [stderr]     Checking flate2 v1.1.9
[INFO] [stderr]     Checking async-lock v3.4.2
[INFO] [stderr]     Checking num-integer v0.1.47
[INFO] [stderr]     Checking rustls-pemfile v2.2.0
[INFO] [stderr]    Compiling prost v0.13.5
[INFO] [stderr]    Compiling strum_macros v0.28.0
[INFO] [stderr]     Checking arcstr v1.2.0
[INFO] [stderr]     Checking openssl-probe v0.1.6
[INFO] [stderr]     Checking xxhash-rust v0.8.18
[INFO] [stderr]     Checking rustls-native-certs v0.6.3
[INFO] [stderr]     Checking prost-types v0.13.5
[INFO] [stderr]    Compiling tempfile v3.27.0
[INFO] [stderr]     Checking backon v1.6.0
[INFO] [stderr]     Checking num-bigint v0.4.8
[INFO] [stderr]     Checking uuid v1.25.0
[INFO] [stderr]     Checking itertools v0.13.0
[INFO] [stderr]     Checking hmac v0.12.1
[INFO] [stderr]     Checking itertools v0.12.1
[INFO] [stderr]     Checking rapidhash v4.5.1
[INFO] [stderr]    Compiling regex v1.13.1
[INFO] [stderr]     Checking metrics v0.24.6
[INFO] [stderr]    Compiling prost-build v0.13.5
[INFO] [stderr]    Compiling crepe v0.1.8
[INFO] [stderr]     Checking strum v0.28.0
[INFO] [stderr]    Compiling serde_derive v1.0.229
[INFO] [stderr]    Compiling tokio-macros v2.7.2
[INFO] [stderr]    Compiling futures-macro v0.3.34
[INFO] [stderr]    Compiling async-trait v0.1.92
[INFO] [stderr]    Compiling thiserror-impl v2.0.20
[INFO] [stderr]    Compiling tonic-build v0.12.3
[INFO] [stderr]     Checking futures-util v0.3.34
[INFO] [stderr]     Checking thiserror v2.0.20
[INFO] [stderr]    Compiling exocortex-wire v0.5.0
[INFO] [stderr]     Checking serde v1.0.229
[INFO] [stderr]     Checking rustls-webpki v0.103.15
[INFO] [stderr]     Checking sct v0.7.1
[INFO] [stderr]     Checking rustls-webpki v0.101.7
[INFO] [stderr]    Compiling zstd-safe v7.2.4
[INFO] [stderr]     Checking zstd v0.13.3
[INFO] [stderr]     Checking smallvec v1.15.2
[INFO] [stderr]     Checking serde_urlencoded v0.7.1
[INFO] [stderr]     Checking chrono v0.4.45
[INFO] [stderr]     Checking smol_str v0.3.2
[INFO] [stderr]     Checking bincode v1.3.3
[INFO] [stderr]     Checking schemars v0.8.22
[INFO] [stderr]     Checking parking_lot_core v0.9.12
[INFO] [stderr]     Checking parking_lot v0.12.5
[INFO] [stderr]     Checking dashmap v6.2.1
[INFO] [stderr]     Checking tokio v1.53.1
[INFO] [stderr]     Checking lasso v0.7.3
[INFO] [stderr]     Checking futures-executor v0.3.34
[INFO] [stderr]     Checking axum-core v0.4.5
[INFO] [stderr]     Checking exocortex-kernel v0.5.0
[INFO] [stderr]     Checking futures v0.3.34
[INFO] [stderr]     Checking tokio-util v0.7.19
[INFO] [stderr]     Checking tower v0.5.3
[INFO] [stderr]     Checking tokio-rustls v0.26.4
[INFO] [stderr]     Checking tokio-rustls v0.24.1
[INFO] [stderr]     Checking tokio-io-timeout v1.2.1
[INFO] [stderr]     Checking h2 v0.4.18
[INFO] [stderr]     Checking tokio-stream v0.1.19
[INFO] [stderr]     Checking h2 v0.3.27
[INFO] [stderr]     Checking combine v4.6.7
[INFO] [stderr]     Checking tower v0.4.13
[INFO] [stderr]     Checking chitchat v0.9.0
[INFO] [stderr]     Checking hyper v1.11.0
[INFO] [stderr]     Checking hyper v0.14.32
[INFO] [stderr]     Checking redis v1.2.2
[INFO] [stderr]     Checking redis v0.27.6
[INFO] [stderr]     Checking hyper-util v0.1.20
[INFO] [stderr]     Checking axum v0.7.9
[INFO] [stderr]     Checking hyper-timeout v0.5.2
[INFO] [stderr]     Checking hyper-rustls v0.24.2
[INFO] [stderr]     Checking hyper-timeout v0.4.1
[INFO] [stderr]     Checking eventsource-client v0.13.0
[INFO] [stderr]     Checking falkordb v0.3.0
[INFO] [stderr]     Checking tonic v0.12.3
[INFO] [stderr]     Checking exocortex-storage v0.5.0
[INFO] [stderr]     Checking exocortex-cluster v0.5.0 (/opt/rustwide/workdir)
[INFO] [stdout] error[E0432]: unresolved import `exocortex_pack_dev_v1`
[INFO] [stdout]    --> src/node.rs:272:9
[INFO] [stdout]     |
[INFO] [stdout] 272 |     use exocortex_pack_dev_v1::pack_def;
[INFO] [stdout]     |         ^^^^^^^^^^^^^^^^^^^^^ use of unresolved module or unlinked crate `exocortex_pack_dev_v1`
[INFO] [stdout]     |
[INFO] [stdout]     = help: if you wanted to use a crate named `exocortex_pack_dev_v1`, use `cargo add exocortex_pack_dev_v1` to add it to your `Cargo.toml`
[INFO] [stdout] 
[INFO] [stdout] 
[INFO] [stdout] error[E0599]: no method named `fail_next_invalidation_epoch` found for struct `std::sync::Arc<InMemoryStorage>` in the current scope
[INFO] [stdout]    --> src/node.rs:370:17
[INFO] [stdout]     |
[INFO] [stdout] 370 |         storage.fail_next_invalidation_epoch();
[INFO] [stdout]     |                 ^^^^^^^^^^^^^^^^^^^^^^^^^^^^ method not found in `std::sync::Arc<InMemoryStorage>`
[INFO] [stdout] 
[INFO] [stdout] 
[INFO] [stdout] error[E0432]: unresolved import `exocortex_pack_dev_v1`
[INFO] [stdout]   --> tests/cluster.rs:10:5
[INFO] [stdout]    |
[INFO] [stdout] 10 | use exocortex_pack_dev_v1::pack_def;
[INFO] [stdout]    |     ^^^^^^^^^^^^^^^^^^^^^ use of unresolved module or unlinked crate `exocortex_pack_dev_v1`
[INFO] [stdout]    |
[INFO] [stdout]    = help: if you wanted to use a crate named `exocortex_pack_dev_v1`, use `cargo add exocortex_pack_dev_v1` to add it to your `Cargo.toml`
[INFO] [stdout] 
[INFO] [stdout] 
[INFO] [stdout] error[E0432]: unresolved import `exocortex_pack_dev_v1`
[INFO] [stdout]   --> tests/wire_fanout.rs:13:5
[INFO] [stdout]    |
[INFO] [stdout] 13 | use exocortex_pack_dev_v1::pack_def;
[INFO] [stdout]    |     ^^^^^^^^^^^^^^^^^^^^^ use of unresolved module or unlinked crate `exocortex_pack_dev_v1`
[INFO] [stdout]    |
[INFO] [stdout]    = help: if you wanted to use a crate named `exocortex_pack_dev_v1`, use `cargo add exocortex_pack_dev_v1` to add it to your `Cargo.toml`
[INFO] [stdout] 
[INFO] [stdout] 
[INFO] [stdout] error[E0599]: no method named `end_next_invalidation_epoch` found for struct `std::sync::Arc<InMemoryStorage>` in the current scope
[INFO] [stdout]    --> src/node.rs:371:17
[INFO] [stdout]     |
[INFO] [stdout] 371 |         storage.end_next_invalidation_epoch();
[INFO] [stdout]     |                 ^^^^^^^^^^^^^^^^^^^^^^^^^^^ method not found in `std::sync::Arc<InMemoryStorage>`
[INFO] [stdout] 
[INFO] [stdout] 
[INFO] [stdout] error[E0432]: unresolved import `exocortex_ingest`
[INFO] [stdout]   --> tests/rolling_upgrade.rs:11:5
[INFO] [stdout]    |
[INFO] [stdout] 11 | use exocortex_ingest::IngestServer;
[INFO] [stdout]    |     ^^^^^^^^^^^^^^^^ use of unresolved module or unlinked crate `exocortex_ingest`
[INFO] [stdout]    |
[INFO] [stdout] help: there is a crate or module with a similar name
[INFO] [stdout]    |
[INFO] [stdout] 11 - use exocortex_ingest::IngestServer;
[INFO] [stdout] 11 + use exocortex_wire::IngestServer;
[INFO] [stdout]    |
[INFO] [stdout] 
[INFO] [stdout] 
[INFO] [stdout] error[E0432]: unresolved import `exocortex_pack_dev_v1`
[INFO] [stdout]   --> tests/rolling_upgrade.rs:13:5
[INFO] [stdout]    |
[INFO] [stdout] 13 | use exocortex_pack_dev_v1::pack_def;
[INFO] [stdout]    |     ^^^^^^^^^^^^^^^^^^^^^ use of unresolved module or unlinked crate `exocortex_pack_dev_v1`
[INFO] [stdout]    |
[INFO] [stdout]    = help: if you wanted to use a crate named `exocortex_pack_dev_v1`, use `cargo add exocortex_pack_dev_v1` to add it to your `Cargo.toml`
[INFO] [stdout] 
[INFO] [stdout] 
[INFO] [stdout] For more information about this error, try `rustc --explain E0432`.
[INFO] [stdout] 
[INFO] [stderr] error: could not compile `exocortex-cluster` (test "wire_fanout") due to 1 previous error
[INFO] [stderr] warning: build failed, waiting for other jobs to finish...
[INFO] [stdout] error[E0433]: cannot find module or crate `exocortex_pack_dev_v1` in this scope
[INFO] [stdout]    --> tests/cluster.rs:204:53
[INFO] [stdout]     |
[INFO] [stdout] 204 |         exocortex_kernel::Ontology::from_packs(vec![exocortex_pack_dev_v1::pack_def()]).unwrap(),
[INFO] [stdout]     |                                                     ^^^^^^^^^^^^^^^^^^^^^ use of unresolved module or unlinked crate `exocortex_pack_dev_v1`
[INFO] [stdout]     |
[INFO] [stdout]     = help: if you wanted to use a crate named `exocortex_pack_dev_v1`, use `cargo add exocortex_pack_dev_v1` to add it to your `Cargo.toml`
[INFO] [stdout] 
[INFO] [stdout] 
[INFO] [stdout] Some errors have detailed explanations: E0432, E0599.
[INFO] [stdout] 
[INFO] [stdout] For more information about an error, try `rustc --explain E0432`.
[INFO] [stdout] 
[INFO] [stdout] Some errors have detailed explanations: E0432, E0433.
[INFO] [stdout] 
[INFO] [stdout] For more information about this error, try `rustc --explain E0432`.
[INFO] [stdout] 
[INFO] [stdout] For more information about an error, try `rustc --explain E0432`.
[INFO] [stdout] 
[INFO] [stderr] error: could not compile `exocortex-cluster` (lib test) due to 3 previous errors
[INFO] [stderr] error: could not compile `exocortex-cluster` (test "cluster") due to 2 previous errors
[INFO] [stderr] error: could not compile `exocortex-cluster` (test "rolling_upgrade") due to 2 previous errors
[INFO] [stderr] warning: unused dependency `chitchat`
[INFO] [stderr]  --> Cargo.toml:8:15
[INFO] [stderr]   |
[INFO] [stderr] 8 | [dependencies.chitchat]
[INFO] [stderr]   |               ^^^^^^^^^
[INFO] [stderr]   |
[INFO] [stderr]   = note: `cargo::unused_dependencies` is set to `warn` by default
[INFO] [stderr] help: consider removing the dependency on `chitchat`
[INFO] [stderr] warning: unused dependency `eventsource-client`
[INFO] [stderr]   --> Cargo.toml:11:15
[INFO] [stderr]    |
[INFO] [stderr] 11 | [dependencies.eventsource-client]
[INFO] [stderr]    |               ^^^^^^^^^^^^^^^^^^^
[INFO] [stderr]    |
[INFO] [stderr] help: consider removing the dependency on `eventsource-client`
[INFO] [stderr] warning: `exocortex-cluster` (manifest) generated 2 warnings
[INFO] running `Command { std: "docker" "inspect" "74c78bb34e71a7f270cc2ede7a72989e61909157b3239d909335cfbfebb0adc2", kill_on_drop: false }`
[INFO] running `Command { std: "docker" "rm" "-f" "74c78bb34e71a7f270cc2ede7a72989e61909157b3239d909335cfbfebb0adc2", kill_on_drop: false }`
[INFO] [stdout] 74c78bb34e71a7f270cc2ede7a72989e61909157b3239d909335cfbfebb0adc2
