[INFO] fetching crate execution-trace 0.2.0...
[INFO] checking execution-trace-0.2.0 against 3154cc1a3e6424e44f438a95007d043ed5ceaaf6+rustflags=-Znext-solver=coherence for pr-133502-30
[INFO] extracting crate execution-trace 0.2.0 into /workspace/builds/worker-5-tc1/source
[INFO] started tweaking crates.io crate execution-trace 0.2.0
[INFO] removed 0 missing examples
[INFO] finished tweaking crates.io crate execution-trace 0.2.0
[INFO] tweaked toml for crates.io crate execution-trace 0.2.0 written to /workspace/builds/worker-5-tc1/source/Cargo.toml
[INFO] validating manifest of crates.io crate execution-trace 0.2.0 on toolchain 3154cc1a3e6424e44f438a95007d043ed5ceaaf6
[INFO] running `Command { std: CARGO_HOME="/workspace/cargo-home" RUSTUP_HOME="/workspace/rustup-home" "/workspace/cargo-home/bin/cargo" "+3154cc1a3e6424e44f438a95007d043ed5ceaaf6" "metadata" "--manifest-path" "Cargo.toml" "--no-deps", kill_on_drop: false }`
[INFO] crate crates.io crate execution-trace 0.2.0 already has a lockfile, it will not be regenerated
[INFO] running `Command { std: CARGO_HOME="/workspace/cargo-home" RUSTUP_HOME="/workspace/rustup-home" "/workspace/cargo-home/bin/cargo" "+3154cc1a3e6424e44f438a95007d043ed5ceaaf6" "fetch" "--manifest-path" "Cargo.toml", kill_on_drop: false }`
[INFO] [stderr]     Updating crates.io index
[INFO] [stderr]  Downloading crates ...
[INFO] [stderr]   Downloaded micropb-gen v0.6.0
[INFO] [stderr]   Downloaded micropb v0.6.0
[INFO] running `Command { std: "docker" "create" "-v" "/var/lib/crater-agent-workspace/builds/worker-5-tc1/source:/opt/rustwide/workdir:ro,Z" "-v" "/var/lib/crater-agent-workspace/builds/worker-5-tc1/target:/opt/rustwide/target:rw,Z" "-v" "/var/lib/crater-agent-workspace/cargo-home:/opt/rustwide/cargo-home:ro,Z" "-v" "/var/lib/crater-agent-workspace/rustup-home:/opt/rustwide/rustup-home:ro,Z" "-m" "1610612736" "--network" "none" "ghcr.io/rust-lang/crates-build-env/linux@sha256:77db811e55d90add9212f6832c23229e3de5f1c1f9905e8cb07319ea15df73ac" "sleep" "infinity", kill_on_drop: false }`
[INFO] [stdout] fd567ab3edf5453dc82b1c88c773f253d8ee62f5803aca83381ca3f873f6c33b
[INFO] running `Command { std: "docker" "start" "fd567ab3edf5453dc82b1c88c773f253d8ee62f5803aca83381ca3f873f6c33b", kill_on_drop: false }`
[INFO] running `Command { std: "docker" "inspect" "fd567ab3edf5453dc82b1c88c773f253d8ee62f5803aca83381ca3f873f6c33b", kill_on_drop: false }`
[INFO] running `Command { std: "docker" "exec" "-e" "SOURCE_DIR=/opt/rustwide/workdir" "-e" "CARGO_HOME=/opt/rustwide/cargo-home" "-e" "RUSTUP_HOME=/opt/rustwide/rustup-home" "-e" "CARGO_TARGET_DIR=/opt/rustwide/target" "-w" "/opt/rustwide/workdir" "--user" "0:0" "fd567ab3edf5453dc82b1c88c773f253d8ee62f5803aca83381ca3f873f6c33b" "/opt/rustwide/cargo-home/bin/cargo" "+3154cc1a3e6424e44f438a95007d043ed5ceaaf6" "metadata" "--no-deps" "--format-version=1", kill_on_drop: false }`
[INFO] running `Command { std: "docker" "inspect" "fd567ab3edf5453dc82b1c88c773f253d8ee62f5803aca83381ca3f873f6c33b", kill_on_drop: false }`
[INFO] running `Command { std: "docker" "exec" "-e" "SOURCE_DIR=/opt/rustwide/workdir" "-e" "CARGO_HOME=/opt/rustwide/cargo-home" "-e" "RUSTUP_HOME=/opt/rustwide/rustup-home" "-e" "CARGO_TARGET_DIR=/opt/rustwide/target" "-e" "CARGO_INCREMENTAL=0" "-e" "RUST_BACKTRACE=full" "-e" "RUSTFLAGS=--cap-lints=forbid -Znext-solver=coherence" "-e" "RUSTDOCFLAGS=--cap-lints=forbid" "-w" "/opt/rustwide/workdir" "--user" "0:0" "fd567ab3edf5453dc82b1c88c773f253d8ee62f5803aca83381ca3f873f6c33b" "/opt/rustwide/cargo-home/bin/cargo" "+3154cc1a3e6424e44f438a95007d043ed5ceaaf6" "check" "--frozen" "--all" "--all-targets" "--message-format=json", kill_on_drop: false }`
[INFO] [stderr]    Compiling rustix v1.1.5
[INFO] [stderr]    Compiling libc v0.2.189
[INFO] [stderr]    Compiling num-traits v0.2.19
[INFO] [stderr]    Compiling aho-corasick v1.1.5
[INFO] [stderr]    Compiling syn v3.0.6
[INFO] [stderr]    Compiling winnow v1.0.4
[INFO] [stderr]    Compiling bitflags v2.13.2
[INFO] [stderr]    Compiling serde v1.0.229
[INFO] [stderr]    Compiling toml_datetime v0.7.5+spec-1.1.0
[INFO] [stderr]    Compiling serde_spanned v1.1.1
[INFO] [stderr]    Compiling toml_parser v1.1.3+spec-1.1.0
[INFO] [stderr]    Compiling syn v2.0.119
[INFO] [stderr]    Compiling once_cell v1.21.4
[INFO] [stderr]    Compiling fastrand v2.5.0
[INFO] [stderr]    Compiling toml v0.9.12+spec-1.1.0
[INFO] [stderr]    Compiling heapless v0.9.3
[INFO] [stderr]    Compiling regex-automata v0.4.18
[INFO] [stderr]    Compiling micropb v0.6.0
[INFO] [stderr]    Compiling getrandom v0.4.3
[INFO] [stderr]     Checking byteorder v1.5.0
[INFO] [stderr]     Checking hash32 v0.3.1
[INFO] [stderr]     Checking console v0.16.6
[INFO] [stderr]    Compiling tempfile v3.27.0
[INFO] [stderr]     Checking similar v2.7.0
[INFO] [stderr]    Compiling serde_derive v1.0.229
[INFO] [stderr]    Compiling prettyplease v0.2.37
[INFO] [stderr]    Compiling regex v1.13.1
[INFO] [stderr]     Checking insta v1.48.0
[INFO] [stderr]    Compiling micropb-gen v0.6.0
[INFO] [stderr]    Compiling execution-trace v0.2.0 (/opt/rustwide/workdir)
[INFO] [stdout] error[E0433]: cannot find module or crate `std` in this scope
[INFO] [stdout]   --> src/lib.rs:49:5
[INFO] [stdout]    |
[INFO] [stdout] 49 |     std::thread_local! {
[INFO] [stdout]    |     ^^^ use of unresolved module or unlinked crate `std`
[INFO] [stdout] 
[INFO] [stdout] 
[INFO] [stdout] error[E0425]: cannot find value `SEQUENCE` in this scope
[INFO] [stdout]   --> src/lib.rs:55:9
[INFO] [stdout]    |
[INFO] [stdout] 55 |         SEQUENCE.with(|c| {
[INFO] [stdout]    |         ^^^^^^^^ not found in this scope
[INFO] [stdout] 
[INFO] [stdout] 
[INFO] [stdout] error[E0425]: cannot find value `SEQUENCE` in this scope
[INFO] [stdout]   --> src/lib.rs:65:9
[INFO] [stdout]    |
[INFO] [stdout] 65 |         SEQUENCE.with(|c| c.set(0));
[INFO] [stdout]    |         ^^^^^^^^ not found in this scope
[INFO] [stdout] 
[INFO] [stdout] 
[INFO] [stdout] warning: unused import: `sequence::reset_sequence`
[INFO] [stdout]   --> src/lib.rs:95:16
[INFO] [stdout]    |
[INFO] [stdout] 95 | pub(crate) use sequence::reset_sequence;
[INFO] [stdout]    |                ^^^^^^^^^^^^^^^^^^^^^^^^
[INFO] [stdout]    |
[INFO] [stdout]    = note: `#[warn(unused_imports)]` (part of `#[warn(unused)]`) on by default
[INFO] [stdout] 
[INFO] [stdout] 
[INFO] [stdout] Some errors have detailed explanations: E0425, E0433.
[INFO] [stdout] 
[INFO] [stdout] For more information about an error, try `rustc --explain E0425`.
[INFO] [stdout] 
[INFO] [stderr] error: could not compile `execution-trace` (lib test) due to 3 previous errors; 1 warning emitted
[INFO] [stderr] warning: build failed, waiting for other jobs to finish...
[INFO] running `Command { std: "docker" "inspect" "fd567ab3edf5453dc82b1c88c773f253d8ee62f5803aca83381ca3f873f6c33b", kill_on_drop: false }`
[INFO] running `Command { std: "docker" "rm" "-f" "fd567ab3edf5453dc82b1c88c773f253d8ee62f5803aca83381ca3f873f6c33b", kill_on_drop: false }`
[INFO] [stdout] fd567ab3edf5453dc82b1c88c773f253d8ee62f5803aca83381ca3f873f6c33b
