[INFO] fetching crate evlog-rs 0.1.1...
[INFO] checking evlog-rs-0.1.1 against 3154cc1a3e6424e44f438a95007d043ed5ceaaf6+rustflags=-Znext-solver=coherence for pr-133502-30
[INFO] extracting crate evlog-rs 0.1.1 into /workspace/builds/worker-7-tc1/source
[INFO] started tweaking crates.io crate evlog-rs 0.1.1
[INFO] removed 0 missing examples
[INFO] removed 0 missing tests
[INFO] finished tweaking crates.io crate evlog-rs 0.1.1
[INFO] tweaked toml for crates.io crate evlog-rs 0.1.1 written to /workspace/builds/worker-7-tc1/source/Cargo.toml
[INFO] validating manifest of crates.io crate evlog-rs 0.1.1 on toolchain 3154cc1a3e6424e44f438a95007d043ed5ceaaf6
[INFO] running `Command { std: CARGO_HOME="/workspace/cargo-home" RUSTUP_HOME="/workspace/rustup-home" "/workspace/cargo-home/bin/cargo" "+3154cc1a3e6424e44f438a95007d043ed5ceaaf6" "metadata" "--manifest-path" "Cargo.toml" "--no-deps", kill_on_drop: false }`
[INFO] crate crates.io crate evlog-rs 0.1.1 already has a lockfile, it will not be regenerated
[INFO] running `Command { std: CARGO_HOME="/workspace/cargo-home" RUSTUP_HOME="/workspace/rustup-home" "/workspace/cargo-home/bin/cargo" "+3154cc1a3e6424e44f438a95007d043ed5ceaaf6" "fetch" "--manifest-path" "Cargo.toml", kill_on_drop: false }`
[INFO] [stderr]     Blocking waiting for file lock on package cache
[INFO] [stderr]  Downloading crates ...
[INFO] [stderr]   Downloaded actix-utils v3.0.2
[INFO] [stderr]   Downloaded actix-rt v2.15.0
[INFO] [stderr]   Downloaded actix-server v2.9.5
[INFO] [stderr]   Downloaded impl-more v0.3.8
[INFO] [stderr]   Downloaded actix-codec v0.5.4
[INFO] [stderr]   Downloaded actix-http v3.13.6
[INFO] running `Command { std: "docker" "create" "-v" "/var/lib/crater-agent-workspace/builds/worker-7-tc1/source:/opt/rustwide/workdir:ro,Z" "-v" "/var/lib/crater-agent-workspace/builds/worker-7-tc1/target:/opt/rustwide/target:rw,Z" "-v" "/var/lib/crater-agent-workspace/cargo-home:/opt/rustwide/cargo-home:ro,Z" "-v" "/var/lib/crater-agent-workspace/rustup-home:/opt/rustwide/rustup-home:ro,Z" "-m" "1610612736" "--network" "none" "ghcr.io/rust-lang/crates-build-env/linux@sha256:77db811e55d90add9212f6832c23229e3de5f1c1f9905e8cb07319ea15df73ac" "sleep" "infinity", kill_on_drop: false }`
[INFO] [stdout] a9d51c77618fd7dfaac9617695be5126881a099e1d1ef0916ec7c31f83eb3099
[INFO] running `Command { std: "docker" "start" "a9d51c77618fd7dfaac9617695be5126881a099e1d1ef0916ec7c31f83eb3099", kill_on_drop: false }`
[INFO] running `Command { std: "docker" "inspect" "a9d51c77618fd7dfaac9617695be5126881a099e1d1ef0916ec7c31f83eb3099", kill_on_drop: false }`
[INFO] running `Command { std: "docker" "exec" "-e" "SOURCE_DIR=/opt/rustwide/workdir" "-e" "CARGO_HOME=/opt/rustwide/cargo-home" "-e" "RUSTUP_HOME=/opt/rustwide/rustup-home" "-e" "CARGO_TARGET_DIR=/opt/rustwide/target" "-w" "/opt/rustwide/workdir" "--user" "0:0" "a9d51c77618fd7dfaac9617695be5126881a099e1d1ef0916ec7c31f83eb3099" "/opt/rustwide/cargo-home/bin/cargo" "+3154cc1a3e6424e44f438a95007d043ed5ceaaf6" "metadata" "--no-deps" "--format-version=1", kill_on_drop: false }`
[INFO] running `Command { std: "docker" "inspect" "a9d51c77618fd7dfaac9617695be5126881a099e1d1ef0916ec7c31f83eb3099", kill_on_drop: false }`
[INFO] running `Command { std: "docker" "exec" "-e" "SOURCE_DIR=/opt/rustwide/workdir" "-e" "CARGO_HOME=/opt/rustwide/cargo-home" "-e" "RUSTUP_HOME=/opt/rustwide/rustup-home" "-e" "CARGO_TARGET_DIR=/opt/rustwide/target" "-e" "CARGO_INCREMENTAL=0" "-e" "RUST_BACKTRACE=full" "-e" "RUSTFLAGS=--cap-lints=forbid -Znext-solver=coherence" "-e" "RUSTDOCFLAGS=--cap-lints=forbid" "-w" "/opt/rustwide/workdir" "--user" "0:0" "a9d51c77618fd7dfaac9617695be5126881a099e1d1ef0916ec7c31f83eb3099" "/opt/rustwide/cargo-home/bin/cargo" "+3154cc1a3e6424e44f438a95007d043ed5ceaaf6" "check" "--frozen" "--all" "--all-targets" "--message-format=json", kill_on_drop: false }`
[INFO] [stderr]     Checking aho-corasick v1.1.5
[INFO] [stderr]    Compiling syn v3.0.5
[INFO] [stderr]     Checking smallvec v1.16.1
[INFO] [stderr]    Compiling syn v2.0.119
[INFO] [stderr]     Checking getrandom v0.4.3
[INFO] [stderr]     Checking bstr v1.13.1
[INFO] [stderr]     Checking log v0.4.34
[INFO] [stderr]     Checking serde_json v1.0.151
[INFO] [stderr]     Checking uuid v1.26.1
[INFO] [stderr]     Checking mio v1.2.3
[INFO] [stderr]     Checking parking_lot_core v0.9.12
[INFO] [stderr]     Checking parking_lot v0.12.5
[INFO] [stderr]     Checking regex-automata v0.4.18
[INFO] [stderr]     Checking globset v0.4.20
[INFO] [stderr]    Compiling serde_derive v1.0.229
[INFO] [stderr]    Compiling tokio-macros v2.7.2
[INFO] [stderr]     Checking tokio v1.53.1
[INFO] [stderr]    Compiling tracing-attributes v0.1.31
[INFO] [stderr]     Checking tracing v0.1.44
[INFO] [stderr]     Checking serde v1.0.229
[INFO] [stderr]     Checking chrono v0.4.45
[INFO] [stderr]     Checking evlog-rs v0.1.1 (/opt/rustwide/workdir)
[INFO] [stdout] error[E0432]: unresolved import `evlog`
[INFO] [stdout]  --> examples/wide_event.rs:1:5
[INFO] [stdout]   |
[INFO] [stdout] 1 | use evlog::{EventLogger, init_logger, Config, json};
[INFO] [stdout]   |     ^^^^^ use of unresolved module or unlinked crate `evlog`
[INFO] [stdout]   |
[INFO] [stdout]   = help: if you wanted to use a crate named `evlog`, use `cargo add evlog` to add it to your `Cargo.toml`
[INFO] [stdout] 
[INFO] [stdout] 
[INFO] [stdout] For more information about this error, try `rustc --explain E0432`.
[INFO] [stdout] 
[INFO] [stderr] error: could not compile `evlog-rs` (example "wide_event") due to 1 previous error
[INFO] [stdout] error[E0433]: cannot find module or crate `evlog` in this scope
[INFO] [stdout]  --> tests/event.rs:4:5
[INFO] [stdout]   |
[INFO] [stdout] 4 | use evlog::error::EvlogError;
[INFO] [stdout]   |     ^^^^^ use of unresolved module or unlinked crate `evlog`
[INFO] [stdout]   |
[INFO] [stdout]   = help: if you wanted to use a crate named `evlog`, use `cargo add evlog` to add it to your `Cargo.toml`
[INFO] [stdout] 
[INFO] [stdout] 
[INFO] [stderr] warning: build failed, waiting for other jobs to finish...
[INFO] [stdout] error[E0433]: cannot find module or crate `evlog` in this scope
[INFO] [stdout]  --> tests/event.rs:5:5
[INFO] [stdout]   |
[INFO] [stdout] 5 | use evlog::event::Event;
[INFO] [stdout]   |     ^^^^^ use of unresolved module or unlinked crate `evlog`
[INFO] [stdout]   |
[INFO] [stdout]   = help: if you wanted to use a crate named `evlog`, use `cargo add evlog` to add it to your `Cargo.toml`
[INFO] [stdout] 
[INFO] [stdout] 
[INFO] [stdout] error[E0433]: cannot find module or crate `evlog` in this scope
[INFO] [stdout]  --> tests/event.rs:6:5
[INFO] [stdout]   |
[INFO] [stdout] 6 | use evlog::redact::RedactConfig;
[INFO] [stdout]   |     ^^^^^ use of unresolved module or unlinked crate `evlog`
[INFO] [stdout]   |
[INFO] [stdout]   = help: if you wanted to use a crate named `evlog`, use `cargo add evlog` to add it to your `Cargo.toml`
[INFO] [stdout] 
[INFO] [stdout] 
[INFO] [stdout] error[E0433]: cannot find module or crate `evlog` in this scope
[INFO] [stdout]  --> tests/event.rs:7:5
[INFO] [stdout]   |
[INFO] [stdout] 7 | use evlog::sampling::SamplingConfig;
[INFO] [stdout]   |     ^^^^^ use of unresolved module or unlinked crate `evlog`
[INFO] [stdout]   |
[INFO] [stdout]   = help: if you wanted to use a crate named `evlog`, use `cargo add evlog` to add it to your `Cargo.toml`
[INFO] [stdout] 
[INFO] [stdout] 
[INFO] [stdout] error[E0432]: unresolved import `evlog`
[INFO] [stdout]  --> tests/event.rs:3:5
[INFO] [stdout]   |
[INFO] [stdout] 3 | use evlog::*;
[INFO] [stdout]   |     ^^^^^ use of unresolved module or unlinked crate `evlog`
[INFO] [stdout]   |
[INFO] [stdout]   = help: if you wanted to use a crate named `evlog`, use `cargo add evlog` to add it to your `Cargo.toml`
[INFO] [stdout] 
[INFO] [stdout] 
[INFO] [stdout] Some errors have detailed explanations: E0432, E0433.
[INFO] [stdout] 
[INFO] [stdout] For more information about an error, try `rustc --explain E0432`.
[INFO] [stdout] 
[INFO] [stdout] error[E0433]: cannot find module or crate `evlog` in this scope
[INFO] [stdout]  --> tests/level.rs:4:5
[INFO] [stdout]   |
[INFO] [stdout] 4 | use evlog::error::EvlogError;
[INFO] [stdout]   |     ^^^^^ use of unresolved module or unlinked crate `evlog`
[INFO] [stdout]   |
[INFO] [stdout]   = help: if you wanted to use a crate named `evlog`, use `cargo add evlog` to add it to your `Cargo.toml`
[INFO] [stdout] 
[INFO] [stdout] 
[INFO] [stdout] error[E0433]: cannot find module or crate `evlog` in this scope
[INFO] [stdout]  --> tests/level.rs:5:5
[INFO] [stdout]   |
[INFO] [stdout] 5 | use evlog::event::Event;
[INFO] [stdout]   |     ^^^^^ use of unresolved module or unlinked crate `evlog`
[INFO] [stdout]   |
[INFO] [stdout]   = help: if you wanted to use a crate named `evlog`, use `cargo add evlog` to add it to your `Cargo.toml`
[INFO] [stdout] 
[INFO] [stdout] 
[INFO] [stdout] error[E0433]: cannot find module or crate `evlog` in this scope
[INFO] [stdout]  --> tests/level.rs:6:5
[INFO] [stdout]   |
[INFO] [stdout] 6 | use evlog::redact::RedactConfig;
[INFO] [stdout]   |     ^^^^^ use of unresolved module or unlinked crate `evlog`
[INFO] [stdout]   |
[INFO] [stdout]   = help: if you wanted to use a crate named `evlog`, use `cargo add evlog` to add it to your `Cargo.toml`
[INFO] [stdout] 
[INFO] [stdout] 
[INFO] [stdout] error[E0433]: cannot find module or crate `evlog` in this scope
[INFO] [stdout]  --> tests/level.rs:7:5
[INFO] [stdout]   |
[INFO] [stdout] 7 | use evlog::sampling::SamplingConfig;
[INFO] [stdout]   |     ^^^^^ use of unresolved module or unlinked crate `evlog`
[INFO] [stdout]   |
[INFO] [stdout]   = help: if you wanted to use a crate named `evlog`, use `cargo add evlog` to add it to your `Cargo.toml`
[INFO] [stdout] 
[INFO] [stdout] 
[INFO] [stdout] error[E0432]: unresolved import `evlog`
[INFO] [stdout]  --> tests/level.rs:3:5
[INFO] [stdout]   |
[INFO] [stdout] 3 | use evlog::*;
[INFO] [stdout]   |     ^^^^^ use of unresolved module or unlinked crate `evlog`
[INFO] [stdout]   |
[INFO] [stdout]   = help: if you wanted to use a crate named `evlog`, use `cargo add evlog` to add it to your `Cargo.toml`
[INFO] [stdout] 
[INFO] [stdout] 
[INFO] [stdout] error[E0433]: cannot find module or crate `evlog` in this scope
[INFO] [stdout]  --> tests/error.rs:4:5
[INFO] [stdout]   |
[INFO] [stdout] 4 | use evlog::error::EvlogError;
[INFO] [stdout]   |     ^^^^^ use of unresolved module or unlinked crate `evlog`
[INFO] [stdout]   |
[INFO] [stdout]   = help: if you wanted to use a crate named `evlog`, use `cargo add evlog` to add it to your `Cargo.toml`
[INFO] [stdout] 
[INFO] [stdout] 
[INFO] [stderr] error: could not compile `evlog-rs` (test "event") due to 5 previous errors
[INFO] [stdout] error[E0433]: cannot find module or crate `evlog` in this scope
[INFO] [stdout]  --> tests/logger.rs:4:5
[INFO] [stdout]   |
[INFO] [stdout] 4 | use evlog::error::EvlogError;
[INFO] [stdout]   |     ^^^^^ use of unresolved module or unlinked crate `evlog`
[INFO] [stdout]   |
[INFO] [stdout]   = help: if you wanted to use a crate named `evlog`, use `cargo add evlog` to add it to your `Cargo.toml`
[INFO] [stdout] 
[INFO] [stdout] 
[INFO] [stdout] error[E0433]: cannot find module or crate `evlog` in this scope
[INFO] [stdout]  --> tests/logger.rs:5:5
[INFO] [stdout]   |
[INFO] [stdout] 5 | use evlog::event::Event;
[INFO] [stdout]   |     ^^^^^ use of unresolved module or unlinked crate `evlog`
[INFO] [stdout]   |
[INFO] [stdout]   = help: if you wanted to use a crate named `evlog`, use `cargo add evlog` to add it to your `Cargo.toml`
[INFO] [stdout] 
[INFO] [stdout] 
[INFO] [stdout] error[E0433]: cannot find module or crate `evlog` in this scope
[INFO] [stdout]  --> tests/logger.rs:6:5
[INFO] [stdout]   |
[INFO] [stdout] 6 | use evlog::redact::RedactConfig;
[INFO] [stdout]   |     ^^^^^ use of unresolved module or unlinked crate `evlog`
[INFO] [stdout]   |
[INFO] [stdout]   = help: if you wanted to use a crate named `evlog`, use `cargo add evlog` to add it to your `Cargo.toml`
[INFO] [stdout] 
[INFO] [stdout] 
[INFO] [stdout] error[E0433]: cannot find module or crate `evlog` in this scope
[INFO] [stdout]  --> tests/logger.rs:7:5
[INFO] [stdout]   |
[INFO] [stdout] 7 | use evlog::sampling::SamplingConfig;
[INFO] [stdout]   |     ^^^^^ use of unresolved module or unlinked crate `evlog`
[INFO] [stdout]   |
[INFO] [stdout]   = help: if you wanted to use a crate named `evlog`, use `cargo add evlog` to add it to your `Cargo.toml`
[INFO] [stdout] 
[INFO] [stdout] 
[INFO] [stdout] error[E0432]: unresolved import `evlog`
[INFO] [stdout]  --> tests/logger.rs:3:5
[INFO] [stdout]   |
[INFO] [stdout] 3 | use evlog::*;
[INFO] [stdout]   |     ^^^^^ use of unresolved module or unlinked crate `evlog`
[INFO] [stdout]   |
[INFO] [stdout]   = help: if you wanted to use a crate named `evlog`, use `cargo add evlog` to add it to your `Cargo.toml`
[INFO] [stdout] 
[INFO] [stdout] 
[INFO] [stdout] error[E0433]: cannot find module or crate `evlog` in this scope
[INFO] [stdout]  --> tests/error.rs:5:5
[INFO] [stdout]   |
[INFO] [stdout] 5 | use evlog::event::Event;
[INFO] [stdout]   |     ^^^^^ use of unresolved module or unlinked crate `evlog`
[INFO] [stdout]   |
[INFO] [stdout]   = help: if you wanted to use a crate named `evlog`, use `cargo add evlog` to add it to your `Cargo.toml`
[INFO] [stdout] 
[INFO] [stdout] 
[INFO] [stdout] error[E0433]: cannot find module or crate `evlog` in this scope
[INFO] [stdout]  --> tests/error.rs:6:5
[INFO] [stdout]   |
[INFO] [stdout] 6 | use evlog::redact::RedactConfig;
[INFO] [stdout]   |     ^^^^^ use of unresolved module or unlinked crate `evlog`
[INFO] [stdout]   |
[INFO] [stdout]   = help: if you wanted to use a crate named `evlog`, use `cargo add evlog` to add it to your `Cargo.toml`
[INFO] [stdout] 
[INFO] [stdout] 
[INFO] [stdout] error[E0433]: cannot find module or crate `evlog` in this scope
[INFO] [stdout]  --> tests/error.rs:7:5
[INFO] [stdout]   |
[INFO] [stdout] 7 | use evlog::sampling::SamplingConfig;
[INFO] [stdout]   |     ^^^^^ use of unresolved module or unlinked crate `evlog`
[INFO] [stdout]   |
[INFO] [stdout]   = help: if you wanted to use a crate named `evlog`, use `cargo add evlog` to add it to your `Cargo.toml`
[INFO] [stdout] 
[INFO] [stdout] 
[INFO] [stdout] error[E0432]: unresolved import `evlog`
[INFO] [stdout]  --> tests/error.rs:3:5
[INFO] [stdout]   |
[INFO] [stdout] 3 | use evlog::*;
[INFO] [stdout]   |     ^^^^^ use of unresolved module or unlinked crate `evlog`
[INFO] [stdout]   |
[INFO] [stdout]   = help: if you wanted to use a crate named `evlog`, use `cargo add evlog` to add it to your `Cargo.toml`
[INFO] [stdout] 
[INFO] [stdout] 
[INFO] [stdout] error[E0433]: cannot find module or crate `evlog` in this scope
[INFO] [stdout]  --> tests/pretty_printer.rs:4:5
[INFO] [stdout]   |
[INFO] [stdout] 4 | use evlog::error::EvlogError;
[INFO] [stdout]   |     ^^^^^ use of unresolved module or unlinked crate `evlog`
[INFO] [stdout]   |
[INFO] [stdout]   = help: if you wanted to use a crate named `evlog`, use `cargo add evlog` to add it to your `Cargo.toml`
[INFO] [stdout] 
[INFO] [stdout] 
[INFO] [stdout] error[E0433]: cannot find module or crate `evlog` in this scope
[INFO] [stdout]  --> tests/pretty_printer.rs:5:5
[INFO] [stdout]   |
[INFO] [stdout] 5 | use evlog::event::Event;
[INFO] [stdout]   |     ^^^^^ use of unresolved module or unlinked crate `evlog`
[INFO] [stdout]   |
[INFO] [stdout]   = help: if you wanted to use a crate named `evlog`, use `cargo add evlog` to add it to your `Cargo.toml`
[INFO] [stdout] 
[INFO] [stdout] 
[INFO] [stdout] error[E0433]: cannot find module or crate `evlog` in this scope
[INFO] [stdout]  --> tests/pretty_printer.rs:6:5
[INFO] [stdout]   |
[INFO] [stdout] 6 | use evlog::redact::RedactConfig;
[INFO] [stdout]   |     ^^^^^ use of unresolved module or unlinked crate `evlog`
[INFO] [stdout]   |
[INFO] [stdout]   = help: if you wanted to use a crate named `evlog`, use `cargo add evlog` to add it to your `Cargo.toml`
[INFO] [stdout] 
[INFO] [stdout] 
[INFO] [stdout] error[E0433]: cannot find module or crate `evlog` in this scope
[INFO] [stdout]  --> tests/pretty_printer.rs:7:5
[INFO] [stdout]   |
[INFO] [stdout] 7 | use evlog::sampling::SamplingConfig;
[INFO] [stdout]   |     ^^^^^ use of unresolved module or unlinked crate `evlog`
[INFO] [stdout]   |
[INFO] [stdout]   = help: if you wanted to use a crate named `evlog`, use `cargo add evlog` to add it to your `Cargo.toml`
[INFO] [stdout] 
[INFO] [stdout] 
[INFO] [stdout] error[E0433]: cannot find module or crate `evlog` in this scope
[INFO] [stdout]   --> tests/pretty_printer.rs:32:9
[INFO] [stdout]    |
[INFO] [stdout] 32 |     use evlog::pretty::format_value_inline;
[INFO] [stdout]    |         ^^^^^ use of unresolved module or unlinked crate `evlog`
[INFO] [stdout]    |
[INFO] [stdout]    = help: if you wanted to use a crate named `evlog`, use `cargo add evlog` to add it to your `Cargo.toml`
[INFO] [stdout] 
[INFO] [stdout] 
[INFO] [stdout] error[E0432]: unresolved import `evlog`
[INFO] [stdout]  --> tests/pretty_printer.rs:3:5
[INFO] [stdout]   |
[INFO] [stdout] 3 | use evlog::*;
[INFO] [stdout]   |     ^^^^^ use of unresolved module or unlinked crate `evlog`
[INFO] [stdout]   |
[INFO] [stdout]   = help: if you wanted to use a crate named `evlog`, use `cargo add evlog` to add it to your `Cargo.toml`
[INFO] [stdout] 
[INFO] [stdout] 
[INFO] [stdout] error[E0433]: cannot find module or crate `evlog` in this scope
[INFO] [stdout]  --> tests/redaction.rs:4:5
[INFO] [stdout]   |
[INFO] [stdout] 4 | use evlog::error::EvlogError;
[INFO] [stdout]   |     ^^^^^ use of unresolved module or unlinked crate `evlog`
[INFO] [stdout]   |
[INFO] [stdout]   = help: if you wanted to use a crate named `evlog`, use `cargo add evlog` to add it to your `Cargo.toml`
[INFO] [stdout] 
[INFO] [stdout] 
[INFO] [stdout] error[E0433]: cannot find module or crate `evlog` in this scope
[INFO] [stdout]  --> tests/redaction.rs:5:5
[INFO] [stdout]   |
[INFO] [stdout] 5 | use evlog::event::Event;
[INFO] [stdout]   |     ^^^^^ use of unresolved module or unlinked crate `evlog`
[INFO] [stdout]   |
[INFO] [stdout]   = help: if you wanted to use a crate named `evlog`, use `cargo add evlog` to add it to your `Cargo.toml`
[INFO] [stdout] 
[INFO] [stdout] 
[INFO] [stdout] error[E0433]: cannot find module or crate `evlog` in this scope
[INFO] [stdout]  --> tests/redaction.rs:6:5
[INFO] [stdout]   |
[INFO] [stdout] 6 | use evlog::redact::RedactConfig;
[INFO] [stdout]   |     ^^^^^ use of unresolved module or unlinked crate `evlog`
[INFO] [stdout]   |
[INFO] [stdout]   = help: if you wanted to use a crate named `evlog`, use `cargo add evlog` to add it to your `Cargo.toml`
[INFO] [stdout] 
[INFO] [stdout] 
[INFO] [stdout] error[E0433]: cannot find module or crate `evlog` in this scope
[INFO] [stdout]  --> tests/redaction.rs:7:5
[INFO] [stdout]   |
[INFO] [stdout] 7 | use evlog::sampling::SamplingConfig;
[INFO] [stdout]   |     ^^^^^ use of unresolved module or unlinked crate `evlog`
[INFO] [stdout]   |
[INFO] [stdout]   = help: if you wanted to use a crate named `evlog`, use `cargo add evlog` to add it to your `Cargo.toml`
[INFO] [stdout] 
[INFO] [stdout] 
[INFO] [stdout] error[E0432]: unresolved import `evlog`
[INFO] [stdout]  --> tests/redaction.rs:3:5
[INFO] [stdout]   |
[INFO] [stdout] 3 | use evlog::*;
[INFO] [stdout]   |     ^^^^^ use of unresolved module or unlinked crate `evlog`
[INFO] [stdout]   |
[INFO] [stdout]   = help: if you wanted to use a crate named `evlog`, use `cargo add evlog` to add it to your `Cargo.toml`
[INFO] [stdout] 
[INFO] [stdout] 
[INFO] [stdout] error: cannot find macro `define_error_catalog` in this scope
[INFO] [stdout]   --> tests/error.rs:51:5
[INFO] [stdout]    |
[INFO] [stdout] 51 |     define_error_catalog! {
[INFO] [stdout]    |     ^^^^^^^^^^^^^^^^^^^^
[INFO] [stdout]    |
[INFO] [stdout] help: consider importing this macro
[INFO] [stdout]    |
[INFO] [stdout]  3 + use evlog_rs::define_error_catalog;
[INFO] [stdout]    |
[INFO] [stdout] 
[INFO] [stdout] 
[INFO] [stdout] error[E0433]: cannot find module or crate `evlog` in this scope
[INFO] [stdout]  --> examples/structured_errors.rs:2:5
[INFO] [stdout]   |
[INFO] [stdout] 2 | use evlog::error::EvlogError;
[INFO] [stdout]   |     ^^^^^ use of unresolved module or unlinked crate `evlog`
[INFO] [stdout]   |
[INFO] [stdout]   = help: if you wanted to use a crate named `evlog`, use `cargo add evlog` to add it to your `Cargo.toml`
[INFO] [stdout] 
[INFO] [stdout] 
[INFO] [stdout] error[E0432]: unresolved import `evlog`
[INFO] [stdout]  --> examples/structured_errors.rs:1:5
[INFO] [stdout]   |
[INFO] [stdout] 1 | use evlog::{EventLogger, init_logger, Config, json};
[INFO] [stdout]   |     ^^^^^ use of unresolved module or unlinked crate `evlog`
[INFO] [stdout]   |
[INFO] [stdout]   = help: if you wanted to use a crate named `evlog`, use `cargo add evlog` to add it to your `Cargo.toml`
[INFO] [stdout] 
[INFO] [stdout] 
[INFO] [stdout] error: cannot find macro `define_error_catalog` in this scope
[INFO] [stdout]   --> tests/error.rs:75:5
[INFO] [stdout]    |
[INFO] [stdout] 75 |     define_error_catalog! {
[INFO] [stdout]    |     ^^^^^^^^^^^^^^^^^^^^
[INFO] [stdout]    |
[INFO] [stdout] help: consider importing this macro
[INFO] [stdout]    |
[INFO] [stdout]  3 + use evlog_rs::define_error_catalog;
[INFO] [stdout]    |
[INFO] [stdout] 
[INFO] [stdout] 
[INFO] [stdout] Some errors have detailed explanations: E0432, E0433.
[INFO] [stdout] 
[INFO] [stdout] For more information about an error, try `rustc --explain E0432`.
[INFO] [stdout] 
[INFO] [stderr] error: could not compile `evlog-rs` (example "structured_errors") due to 2 previous errors
[INFO] [stdout] Some errors have detailed explanations: E0432, E0433.
[INFO] [stdout] 
[INFO] [stdout] For more information about an error, try `rustc --explain E0432`.
[INFO] [stdout] 
[INFO] [stderr] error: could not compile `evlog-rs` (test "pretty_printer") due to 6 previous errors
[INFO] [stdout] Some errors have detailed explanations: E0432, E0433.
[INFO] [stdout] 
[INFO] [stdout] For more information about an error, try `rustc --explain E0432`.
[INFO] [stdout] 
[INFO] [stdout] Some errors have detailed explanations: E0432, E0433.
[INFO] [stdout] 
[INFO] [stdout] For more information about an error, try `rustc --explain E0432`.
[INFO] [stdout] 
[INFO] [stderr] error: could not compile `evlog-rs` (test "error") due to 7 previous errors
[INFO] [stdout] Some errors have detailed explanations: E0432, E0433.
[INFO] [stdout] 
[INFO] [stdout] For more information about an error, try `rustc --explain E0432`.
[INFO] [stdout] 
[INFO] [stderr] error: could not compile `evlog-rs` (test "level") due to 5 previous errors
[INFO] [stderr] error: could not compile `evlog-rs` (test "redaction") due to 5 previous errors
[INFO] [stdout] Some errors have detailed explanations: E0432, E0433.
[INFO] [stdout] 
[INFO] [stdout] For more information about an error, try `rustc --explain E0432`.
[INFO] [stdout] 
[INFO] [stderr] error: could not compile `evlog-rs` (test "logger") due to 5 previous errors
[INFO] running `Command { std: "docker" "inspect" "a9d51c77618fd7dfaac9617695be5126881a099e1d1ef0916ec7c31f83eb3099", kill_on_drop: false }`
[INFO] running `Command { std: "docker" "rm" "-f" "a9d51c77618fd7dfaac9617695be5126881a099e1d1ef0916ec7c31f83eb3099", kill_on_drop: false }`
[INFO] [stdout] a9d51c77618fd7dfaac9617695be5126881a099e1d1ef0916ec7c31f83eb3099
