[INFO] fetching crate evering 0.1.0...
[INFO] checking evering-0.1.0 against 3154cc1a3e6424e44f438a95007d043ed5ceaaf6+rustflags=-Znext-solver=coherence for pr-133502-30
[INFO] extracting crate evering 0.1.0 into /workspace/builds/worker-7-tc1/source
[INFO] removed /workspace/builds/worker-7-tc1/source/rust-toolchain.toml
[INFO] started tweaking crates.io crate evering 0.1.0
[INFO] removed 0 missing examples
[INFO] removed 0 missing tests
[INFO] finished tweaking crates.io crate evering 0.1.0
[INFO] tweaked toml for crates.io crate evering 0.1.0 written to /workspace/builds/worker-7-tc1/source/Cargo.toml
[INFO] validating manifest of crates.io crate evering 0.1.0 on toolchain 3154cc1a3e6424e44f438a95007d043ed5ceaaf6
[INFO] running `Command { std: CARGO_HOME="/workspace/cargo-home" RUSTUP_HOME="/workspace/rustup-home" "/workspace/cargo-home/bin/cargo" "+3154cc1a3e6424e44f438a95007d043ed5ceaaf6" "metadata" "--manifest-path" "Cargo.toml" "--no-deps", kill_on_drop: false }`
[INFO] crate crates.io crate evering 0.1.0 already has a lockfile, it will not be regenerated
[INFO] running `Command { std: CARGO_HOME="/workspace/cargo-home" RUSTUP_HOME="/workspace/rustup-home" "/workspace/cargo-home/bin/cargo" "+3154cc1a3e6424e44f438a95007d043ed5ceaaf6" "fetch" "--manifest-path" "Cargo.toml", kill_on_drop: false }`
[INFO] [stderr]  Downloading crates ...
[INFO] [stderr]   Downloaded simd-adler32 v0.3.8
[INFO] [stderr]   Downloaded proc-macro2 v1.0.103
[INFO] [stderr]   Downloaded flate2 v1.1.5
[INFO] [stderr]   Downloaded tracing-subscriber v0.3.22
[INFO] [stderr]   Downloaded blake3 v1.8.5
[INFO] [stderr]   Downloaded hdrhistogram v7.5.4
[INFO] [stderr]   Downloaded syn v2.0.111
[INFO] running `Command { std: "docker" "create" "-v" "/var/lib/crater-agent-workspace/builds/worker-7-tc1/source:/opt/rustwide/workdir:ro,Z" "-v" "/var/lib/crater-agent-workspace/builds/worker-7-tc1/target:/opt/rustwide/target:rw,Z" "-v" "/var/lib/crater-agent-workspace/cargo-home:/opt/rustwide/cargo-home:ro,Z" "-v" "/var/lib/crater-agent-workspace/rustup-home:/opt/rustwide/rustup-home:ro,Z" "-m" "1610612736" "--network" "none" "ghcr.io/rust-lang/crates-build-env/linux@sha256:77db811e55d90add9212f6832c23229e3de5f1c1f9905e8cb07319ea15df73ac" "sleep" "infinity", kill_on_drop: false }`
[INFO] [stdout] 9d359640700f75a3b1bc947c9c0c71650d08eb1ec188cd450768c3a15cf19839
[INFO] running `Command { std: "docker" "start" "9d359640700f75a3b1bc947c9c0c71650d08eb1ec188cd450768c3a15cf19839", kill_on_drop: false }`
[INFO] running `Command { std: "docker" "inspect" "9d359640700f75a3b1bc947c9c0c71650d08eb1ec188cd450768c3a15cf19839", kill_on_drop: false }`
[INFO] running `Command { std: "docker" "exec" "-e" "SOURCE_DIR=/opt/rustwide/workdir" "-e" "CARGO_HOME=/opt/rustwide/cargo-home" "-e" "RUSTUP_HOME=/opt/rustwide/rustup-home" "-e" "CARGO_TARGET_DIR=/opt/rustwide/target" "-w" "/opt/rustwide/workdir" "--user" "0:0" "9d359640700f75a3b1bc947c9c0c71650d08eb1ec188cd450768c3a15cf19839" "/opt/rustwide/cargo-home/bin/cargo" "+3154cc1a3e6424e44f438a95007d043ed5ceaaf6" "metadata" "--no-deps" "--format-version=1", kill_on_drop: false }`
[INFO] running `Command { std: "docker" "inspect" "9d359640700f75a3b1bc947c9c0c71650d08eb1ec188cd450768c3a15cf19839", kill_on_drop: false }`
[INFO] running `Command { std: "docker" "exec" "-e" "SOURCE_DIR=/opt/rustwide/workdir" "-e" "CARGO_HOME=/opt/rustwide/cargo-home" "-e" "RUSTUP_HOME=/opt/rustwide/rustup-home" "-e" "CARGO_TARGET_DIR=/opt/rustwide/target" "-e" "CARGO_INCREMENTAL=0" "-e" "RUST_BACKTRACE=full" "-e" "RUSTFLAGS=--cap-lints=forbid -Znext-solver=coherence" "-e" "RUSTDOCFLAGS=--cap-lints=forbid" "-w" "/opt/rustwide/workdir" "--user" "0:0" "9d359640700f75a3b1bc947c9c0c71650d08eb1ec188cd450768c3a15cf19839" "/opt/rustwide/cargo-home/bin/cargo" "+3154cc1a3e6424e44f438a95007d043ed5ceaaf6" "check" "--frozen" "--all" "--all-targets" "--message-format=json", kill_on_drop: false }`
[INFO] [stderr]    Compiling proc-macro2 v1.0.103
[INFO] [stderr]    Compiling crossbeam-utils v0.8.21
[INFO] [stderr]    Compiling crc32fast v1.5.0
[INFO] [stderr]     Checking once_cell v1.21.3
[INFO] [stderr]    Compiling num-traits v0.2.19
[INFO] [stderr]     Checking simd-adler32 v0.3.8
[INFO] [stderr]     Checking pin-project-lite v0.2.16
[INFO] [stderr]     Checking regex-syntax v0.8.8
[INFO] [stderr]     Checking log v0.4.29
[INFO] [stderr]     Checking nom v7.1.3
[INFO] [stderr]     Checking thread_local v1.1.9
[INFO] [stderr]     Checking miniz_oxide v0.8.9
[INFO] [stderr]     Checking tracing-core v0.1.36
[INFO] [stderr]     Checking smallvec v1.15.1
[INFO] [stderr]     Checking tracing-log v0.2.0
[INFO] [stderr]     Checking flate2 v1.1.5
[INFO] [stderr]     Checking socket2 v0.6.1
[INFO] [stderr]     Checking fastrand v2.3.0
[INFO] [stderr]     Checking crossbeam-channel v0.5.15
[INFO] [stderr]     Checking evering v0.1.0 (/opt/rustwide/workdir)
[INFO] [stdout] error: expected a trait, found type
[INFO] [stdout]    --> src/header.rs:315:17
[INFO] [stdout]     |
[INFO] [stdout] 315 | impl<T: Layout> const Deref for RcHeader<T> {
[INFO] [stdout]     |                 ^^^^^^^^^^^
[INFO] [stdout] 
[INFO] [stdout] 
[INFO] [stdout] error: expected a trait, found type
[INFO] [stdout]    --> src/mem.rs:621:22
[INFO] [stdout]     |
[INFO] [stdout] 621 | impl<T: AdmitLayout> const Deref for Mapped<T> {
[INFO] [stdout]     |                      ^^^^^^^^^^^
[INFO] [stdout] 
[INFO] [stdout] 
[INFO] [stdout] error: expected a trait, found type
[INFO] [stdout]    --> src/lib.rs:101:18
[INFO] [stdout]     |
[INFO] [stdout]  99 |     macro_rules! align {
[INFO] [stdout] 100 |         ($ty:ty) => {
[INFO] [stdout] 101 |             impl const Alignable for $ty {
[INFO] [stdout]     |                  ^^^^^^^^^^^^^^^
[INFO] [stdout] ...
[INFO] [stdout] 127 |     align!(usize);
[INFO] [stdout]     |     ------------- in this macro invocation
[INFO] [stdout] 
[INFO] [stdout] 
[INFO] [stderr]    Compiling quote v1.0.42
[INFO] [stdout] warning: the feature `layout_for_ptr` has been stable since 1.99.0 and no longer requires an attribute to enable
[INFO] [stdout]  --> src/lib.rs:4:12
[INFO] [stdout]   |
[INFO] [stdout] 4 | #![feature(layout_for_ptr, slice_ptr_get, unsafe_cell_access)]
[INFO] [stdout]   |            ^^^^^^^^^^^^^^
[INFO] [stdout]   |
[INFO] [stdout]   = note: `#[warn(stable_features)]` on by default
[INFO] [stdout] 
[INFO] [stdout] 
[INFO] [stdout] warning: the feature `unsafe_cell_access` has been stable since 1.100.0 and no longer requires an attribute to enable
[INFO] [stdout]  --> src/lib.rs:4:43
[INFO] [stdout]   |
[INFO] [stdout] 4 | #![feature(layout_for_ptr, slice_ptr_get, unsafe_cell_access)]
[INFO] [stdout]   |                                           ^^^^^^^^^^^^^^^^^^
[INFO] [stdout] 
[INFO] [stdout] 
[INFO] [stdout] error[E0220]: associated type `Config` not found for `L`
[INFO] [stdout]    --> src/dir.rs:227:18
[INFO] [stdout]     |
[INFO] [stdout] 227 |         conf: L::Config,
[INFO] [stdout]     |                  ^^^^^^ associated type `Config` not found
[INFO] [stdout] 
[INFO] [stdout] 
[INFO] [stdout] error[E0220]: associated type `Config` not found for `L`
[INFO] [stdout]    --> src/dir.rs:278:18
[INFO] [stdout]     |
[INFO] [stdout] 278 |         conf: L::Config,
[INFO] [stdout]     |                  ^^^^^^ associated type `Config` not found
[INFO] [stdout] 
[INFO] [stdout] 
[INFO] [stdout] error[E0220]: associated type `Error` not found for `S`
[INFO] [stdout]    --> src/session.rs:240:39
[INFO] [stdout]     |
[INFO] [stdout] 240 |     ) -> Result<Self, SessionError<S::Error>> {
[INFO] [stdout]     |                                       ^^^^^ associated type `Error` not found
[INFO] [stdout] 
[INFO] [stdout] 
[INFO] [stdout] error[E0220]: associated type `Error` not found for `S`
[INFO] [stdout]    --> src/session.rs:249:39
[INFO] [stdout]     |
[INFO] [stdout] 249 |     ) -> Result<Self, SessionError<S::Error>> {
[INFO] [stdout]     |                                       ^^^^^ associated type `Error` not found
[INFO] [stdout] 
[INFO] [stdout] 
[INFO] [stdout] error[E0220]: associated type `Error` not found for `S`
[INFO] [stdout]    --> src/session.rs:262:39
[INFO] [stdout]     |
[INFO] [stdout] 262 |     ) -> Result<Self, SessionError<S::Error>> {
[INFO] [stdout]     |                                       ^^^^^ associated type `Error` not found
[INFO] [stdout] 
[INFO] [stdout] 
[INFO] [stdout] error[E0220]: associated type `Error` not found for `S`
[INFO] [stdout]    --> src/session.rs:276:39
[INFO] [stdout]     |
[INFO] [stdout] 276 |     ) -> Result<Self, SessionError<S::Error>> {
[INFO] [stdout]     |                                       ^^^^^ associated type `Error` not found
[INFO] [stdout] 
[INFO] [stdout] 
[INFO] [stdout] For more information about this error, try `rustc --explain E0220`.
[INFO] [stdout] 
[INFO] [stderr] error: could not compile `evering` (lib) due to 9 previous errors; 2 warnings emitted
[INFO] [stderr] warning: build failed, waiting for other jobs to finish...
[INFO] running `Command { std: "docker" "inspect" "9d359640700f75a3b1bc947c9c0c71650d08eb1ec188cd450768c3a15cf19839", kill_on_drop: false }`
[INFO] running `Command { std: "docker" "rm" "-f" "9d359640700f75a3b1bc947c9c0c71650d08eb1ec188cd450768c3a15cf19839", kill_on_drop: false }`
[INFO] [stdout] 9d359640700f75a3b1bc947c9c0c71650d08eb1ec188cd450768c3a15cf19839
