[INFO] fetching crate eventsauce-macros 0.1.0...
[INFO] checking eventsauce-macros-0.1.0 against 3154cc1a3e6424e44f438a95007d043ed5ceaaf6 for pr-133502-30
[INFO] extracting crate eventsauce-macros 0.1.0 into /workspace/builds/worker-0-tc2/source
[INFO] started tweaking crates.io crate eventsauce-macros 0.1.0
[INFO] removed 0 missing tests
[INFO] finished tweaking crates.io crate eventsauce-macros 0.1.0
[INFO] tweaked toml for crates.io crate eventsauce-macros 0.1.0 written to /workspace/builds/worker-0-tc2/source/Cargo.toml
[INFO] validating manifest of crates.io crate eventsauce-macros 0.1.0 on toolchain 3154cc1a3e6424e44f438a95007d043ed5ceaaf6
[INFO] running `Command { std: CARGO_HOME="/workspace/cargo-home" RUSTUP_HOME="/workspace/rustup-home" "/workspace/cargo-home/bin/cargo" "+3154cc1a3e6424e44f438a95007d043ed5ceaaf6" "metadata" "--manifest-path" "Cargo.toml" "--no-deps", kill_on_drop: false }`
[INFO] crate crates.io crate eventsauce-macros 0.1.0 already has a lockfile, it will not be regenerated
[INFO] running `Command { std: CARGO_HOME="/workspace/cargo-home" RUSTUP_HOME="/workspace/rustup-home" "/workspace/cargo-home/bin/cargo" "+3154cc1a3e6424e44f438a95007d043ed5ceaaf6" "fetch" "--manifest-path" "Cargo.toml", kill_on_drop: false }`
[INFO] running `Command { std: "docker" "create" "-v" "/var/lib/crater-agent-workspace/builds/worker-0-tc2/source:/opt/rustwide/workdir:ro,Z" "-v" "/var/lib/crater-agent-workspace/builds/worker-0-tc2/target:/opt/rustwide/target:rw,Z" "-v" "/var/lib/crater-agent-workspace/cargo-home:/opt/rustwide/cargo-home:ro,Z" "-v" "/var/lib/crater-agent-workspace/rustup-home:/opt/rustwide/rustup-home:ro,Z" "-m" "1610612736" "--network" "none" "ghcr.io/rust-lang/crates-build-env/linux@sha256:77db811e55d90add9212f6832c23229e3de5f1c1f9905e8cb07319ea15df73ac" "sleep" "infinity", kill_on_drop: false }`
[INFO] [stdout] 68033e899e16be25039cf7bc8f1148612c13f38882ed7d923c9d6182141734c2
[INFO] running `Command { std: "docker" "start" "68033e899e16be25039cf7bc8f1148612c13f38882ed7d923c9d6182141734c2", kill_on_drop: false }`
[INFO] running `Command { std: "docker" "inspect" "68033e899e16be25039cf7bc8f1148612c13f38882ed7d923c9d6182141734c2", kill_on_drop: false }`
[INFO] running `Command { std: "docker" "exec" "-e" "SOURCE_DIR=/opt/rustwide/workdir" "-e" "CARGO_HOME=/opt/rustwide/cargo-home" "-e" "RUSTUP_HOME=/opt/rustwide/rustup-home" "-e" "CARGO_TARGET_DIR=/opt/rustwide/target" "-w" "/opt/rustwide/workdir" "--user" "0:0" "68033e899e16be25039cf7bc8f1148612c13f38882ed7d923c9d6182141734c2" "/opt/rustwide/cargo-home/bin/cargo" "+3154cc1a3e6424e44f438a95007d043ed5ceaaf6" "metadata" "--no-deps" "--format-version=1", kill_on_drop: false }`
[INFO] running `Command { std: "docker" "inspect" "68033e899e16be25039cf7bc8f1148612c13f38882ed7d923c9d6182141734c2", kill_on_drop: false }`
[INFO] running `Command { std: "docker" "exec" "-e" "SOURCE_DIR=/opt/rustwide/workdir" "-e" "CARGO_HOME=/opt/rustwide/cargo-home" "-e" "RUSTUP_HOME=/opt/rustwide/rustup-home" "-e" "CARGO_TARGET_DIR=/opt/rustwide/target" "-e" "CARGO_INCREMENTAL=0" "-e" "RUST_BACKTRACE=full" "-e" "RUSTFLAGS=--cap-lints=forbid" "-e" "RUSTDOCFLAGS=--cap-lints=forbid" "-w" "/opt/rustwide/workdir" "--user" "0:0" "68033e899e16be25039cf7bc8f1148612c13f38882ed7d923c9d6182141734c2" "/opt/rustwide/cargo-home/bin/cargo" "+3154cc1a3e6424e44f438a95007d043ed5ceaaf6" "check" "--frozen" "--all" "--all-targets" "--message-format=json", kill_on_drop: false }`
[INFO] [stderr]    Compiling syn v3.0.4
[INFO] [stderr]     Checking deranged v0.5.8
[INFO] [stderr]     Checking getrandom v0.4.3
[INFO] [stderr]    Compiling syn v2.0.119
[INFO] [stderr]     Checking eventsauce-macros v0.1.0 (/opt/rustwide/workdir)
[INFO] [stderr]     Checking uuid v1.26.0
[INFO] [stderr]     Checking time v0.3.55
[INFO] [stderr]    Compiling serde_derive v1.0.229
[INFO] [stderr]     Checking serde v1.0.229
[INFO] [stdout] error[E0432]: unresolved import `eventsauce`
[INFO] [stdout]  --> tests/event_macro_enum_tests.rs:3:5
[INFO] [stdout]   |
[INFO] [stdout] 3 | use eventsauce::{Event, StateError};
[INFO] [stdout]   |     ^^^^^^^^^^ use of unresolved module or unlinked crate `eventsauce`
[INFO] [stdout]   |
[INFO] [stdout]   = help: if you wanted to use a crate named `eventsauce`, use `cargo add eventsauce` to add it to your `Cargo.toml`
[INFO] [stdout] 
[INFO] [stdout] 
[INFO] [stdout] error[E0433]: cannot find `eventsauce` in the list of imported crates
[INFO] [stdout]  --> tests/event_macro_enum_tests.rs:8:1
[INFO] [stdout]   |
[INFO] [stdout] 8 | #[event(user_id)]
[INFO] [stdout]   | ^^^^^^^^^^^^^^^^^ could not find `eventsauce` in the list of imported crates
[INFO] [stdout]   |
[INFO] [stdout]   = note: this error originates in the attribute macro `event` (in Nightly builds, run with -Z macro-backtrace for more info)
[INFO] [stdout] 
[INFO] [stdout] 
[INFO] [stdout] error[E0432]: unresolved import `eventsauce`
[INFO] [stdout]  --> tests/event_macro_struct_tests.rs:1:5
[INFO] [stdout]   |
[INFO] [stdout] 1 | use eventsauce::Event;
[INFO] [stdout]   |     ^^^^^^^^^^ use of unresolved module or unlinked crate `eventsauce`
[INFO] [stdout]   |
[INFO] [stdout]   = help: if you wanted to use a crate named `eventsauce`, use `cargo add eventsauce` to add it to your `Cargo.toml`
[INFO] [stdout] 
[INFO] [stdout] 
[INFO] [stdout] error[E0433]: cannot find `eventsauce` in the list of imported crates
[INFO] [stdout]   --> tests/event_macro_enum_tests.rs:14:1
[INFO] [stdout]    |
[INFO] [stdout] 14 | #[event(user_id)]
[INFO] [stdout]    | ^^^^^^^^^^^^^^^^^ could not find `eventsauce` in the list of imported crates
[INFO] [stdout]    |
[INFO] [stdout]    = note: this error originates in the attribute macro `event` (in Nightly builds, run with -Z macro-backtrace for more info)
[INFO] [stdout] 
[INFO] [stdout] 
[INFO] [stdout] error[E0433]: cannot find `eventsauce` in the list of imported crates
[INFO] [stdout]   --> tests/event_macro_enum_tests.rs:20:1
[INFO] [stdout]    |
[INFO] [stdout] 20 | #[event]
[INFO] [stdout]    | ^^^^^^^^ could not find `eventsauce` in the list of imported crates
[INFO] [stdout]    |
[INFO] [stdout]    = note: this error originates in the attribute macro `event` (in Nightly builds, run with -Z macro-backtrace for more info)
[INFO] [stdout] 
[INFO] [stdout] 
[INFO] [stdout] error[E0433]: cannot find `eventsauce` in the list of imported crates
[INFO] [stdout]  --> tests/event_macro_struct_tests.rs:5:1
[INFO] [stdout]   |
[INFO] [stdout] 5 | #[event(user_id)]
[INFO] [stdout]   | ^^^^^^^^^^^^^^^^^ could not find `eventsauce` in the list of imported crates
[INFO] [stdout]   |
[INFO] [stdout]   = note: this error originates in the attribute macro `event` (in Nightly builds, run with -Z macro-backtrace for more info)
[INFO] [stdout] 
[INFO] [stdout] 
[INFO] [stdout] Some errors have detailed explanations: E0432, E0433.
[INFO] [stdout] 
[INFO] [stdout] For more information about an error, try `rustc --explain E0432`.
[INFO] [stdout] 
[INFO] [stderr] error: could not compile `eventsauce-macros` (test "event_macro_struct_tests") due to 2 previous errors
[INFO] [stderr] warning: build failed, waiting for other jobs to finish...
[INFO] [stdout] Some errors have detailed explanations: E0432, E0433.
[INFO] [stdout] 
[INFO] [stdout] For more information about an error, try `rustc --explain E0432`.
[INFO] [stdout] 
[INFO] [stderr] error: could not compile `eventsauce-macros` (test "event_macro_enum_tests") due to 4 previous errors
[INFO] running `Command { std: "docker" "inspect" "68033e899e16be25039cf7bc8f1148612c13f38882ed7d923c9d6182141734c2", kill_on_drop: false }`
[INFO] running `Command { std: "docker" "rm" "-f" "68033e899e16be25039cf7bc8f1148612c13f38882ed7d923c9d6182141734c2", kill_on_drop: false }`
[INFO] [stdout] 68033e899e16be25039cf7bc8f1148612c13f38882ed7d923c9d6182141734c2
