[INFO] fetching crate evento-remote 2.0.0-alpha.30...
[INFO] checking evento-remote-2.0.0-alpha.30 against 3154cc1a3e6424e44f438a95007d043ed5ceaaf6 for pr-133502-30
[INFO] extracting crate evento-remote 2.0.0-alpha.30 into /workspace/builds/worker-7-tc2/source
[INFO] started tweaking crates.io crate evento-remote 2.0.0-alpha.30
[INFO] removed 0 missing tests
[INFO] finished tweaking crates.io crate evento-remote 2.0.0-alpha.30
[INFO] tweaked toml for crates.io crate evento-remote 2.0.0-alpha.30 written to /workspace/builds/worker-7-tc2/source/Cargo.toml
[INFO] validating manifest of crates.io crate evento-remote 2.0.0-alpha.30 on toolchain 3154cc1a3e6424e44f438a95007d043ed5ceaaf6
[INFO] running `Command { std: CARGO_HOME="/workspace/cargo-home" RUSTUP_HOME="/workspace/rustup-home" "/workspace/cargo-home/bin/cargo" "+3154cc1a3e6424e44f438a95007d043ed5ceaaf6" "metadata" "--manifest-path" "Cargo.toml" "--no-deps", kill_on_drop: false }`
[INFO] crate crates.io crate evento-remote 2.0.0-alpha.30 already has a lockfile, it will not be regenerated
[INFO] running `Command { std: CARGO_HOME="/workspace/cargo-home" RUSTUP_HOME="/workspace/rustup-home" "/workspace/cargo-home/bin/cargo" "+3154cc1a3e6424e44f438a95007d043ed5ceaaf6" "fetch" "--manifest-path" "Cargo.toml", kill_on_drop: false }`
[INFO] [stderr]     Blocking waiting for file lock on package cache
[INFO] running `Command { std: "docker" "create" "-v" "/var/lib/crater-agent-workspace/builds/worker-7-tc2/source:/opt/rustwide/workdir:ro,Z" "-v" "/var/lib/crater-agent-workspace/builds/worker-7-tc2/target:/opt/rustwide/target:rw,Z" "-v" "/var/lib/crater-agent-workspace/cargo-home:/opt/rustwide/cargo-home:ro,Z" "-v" "/var/lib/crater-agent-workspace/rustup-home:/opt/rustwide/rustup-home:ro,Z" "-m" "1610612736" "--network" "none" "ghcr.io/rust-lang/crates-build-env/linux@sha256:77db811e55d90add9212f6832c23229e3de5f1c1f9905e8cb07319ea15df73ac" "sleep" "infinity", kill_on_drop: false }`
[INFO] [stdout] 3a4e021a70ba45525cb94e8184b88797da1fddb335cbbacf8651d8d08123a24c
[INFO] running `Command { std: "docker" "start" "3a4e021a70ba45525cb94e8184b88797da1fddb335cbbacf8651d8d08123a24c", kill_on_drop: false }`
[INFO] running `Command { std: "docker" "inspect" "3a4e021a70ba45525cb94e8184b88797da1fddb335cbbacf8651d8d08123a24c", kill_on_drop: false }`
[INFO] running `Command { std: "docker" "exec" "-e" "SOURCE_DIR=/opt/rustwide/workdir" "-e" "CARGO_HOME=/opt/rustwide/cargo-home" "-e" "RUSTUP_HOME=/opt/rustwide/rustup-home" "-e" "CARGO_TARGET_DIR=/opt/rustwide/target" "-w" "/opt/rustwide/workdir" "--user" "0:0" "3a4e021a70ba45525cb94e8184b88797da1fddb335cbbacf8651d8d08123a24c" "/opt/rustwide/cargo-home/bin/cargo" "+3154cc1a3e6424e44f438a95007d043ed5ceaaf6" "metadata" "--no-deps" "--format-version=1", kill_on_drop: false }`
[INFO] running `Command { std: "docker" "inspect" "3a4e021a70ba45525cb94e8184b88797da1fddb335cbbacf8651d8d08123a24c", kill_on_drop: false }`
[INFO] running `Command { std: "docker" "exec" "-e" "SOURCE_DIR=/opt/rustwide/workdir" "-e" "CARGO_HOME=/opt/rustwide/cargo-home" "-e" "RUSTUP_HOME=/opt/rustwide/rustup-home" "-e" "CARGO_TARGET_DIR=/opt/rustwide/target" "-e" "CARGO_INCREMENTAL=0" "-e" "RUST_BACKTRACE=full" "-e" "RUSTFLAGS=--cap-lints=forbid" "-e" "RUSTDOCFLAGS=--cap-lints=forbid" "-w" "/opt/rustwide/workdir" "--user" "0:0" "3a4e021a70ba45525cb94e8184b88797da1fddb335cbbacf8651d8d08123a24c" "/opt/rustwide/cargo-home/bin/cargo" "+3154cc1a3e6424e44f438a95007d043ed5ceaaf6" "check" "--frozen" "--all" "--all-targets" "--message-format=json", kill_on_drop: false }`
[INFO] [stderr]    Compiling unicode-ident v1.0.26
[INFO] [stderr]    Compiling libc v0.2.190
[INFO] [stderr]     Checking cfg-if v1.0.5
[INFO] [stderr]     Checking smallvec v1.16.2
[INFO] [stderr]    Compiling serde v1.0.229
[INFO] [stderr]     Checking cpufeatures v0.3.1
[INFO] [stderr]     Checking hybrid-array v0.4.15
[INFO] [stderr]    Compiling thiserror v2.0.21
[INFO] [stderr]     Checking sponge-cursor v0.1.0
[INFO] [stderr]    Compiling convert_case v0.12.0
[INFO] [stderr]     Checking fastrand v2.5.0
[INFO] [stderr]     Checking bytemuck v1.25.2
[INFO] [stderr]     Checking base64 v0.23.1
[INFO] [stderr]     Checking keccak v0.2.2
[INFO] [stderr]     Checking chacha20 v0.10.2
[INFO] [stderr]    Compiling proc-macro2 v1.0.107
[INFO] [stderr]    Compiling quote v1.0.47
[INFO] [stderr]     Checking crypto-common v0.2.2
[INFO] [stderr]    Compiling syn v3.0.6
[INFO] [stderr]    Compiling syn v2.0.119
[INFO] [stderr]     Checking digest v0.11.3
[INFO] [stderr]     Checking sha3 v0.12.0
[INFO] [stderr]     Checking errno v0.3.14
[INFO] [stderr]     Checking parking_lot_core v0.9.12
[INFO] [stderr]     Checking mio v1.2.4
[INFO] [stderr]     Checking socket2 v0.6.5
[INFO] [stderr]     Checking getrandom v0.4.3
[INFO] [stderr]     Checking signal-hook-registry v1.4.8
[INFO] [stderr]     Checking rand v0.10.3
[INFO] [stderr]     Checking parking_lot v0.12.5
[INFO] [stderr]    Compiling bitcode_derive v0.6.9
[INFO] [stderr]    Compiling tracing-attributes v0.1.31
[INFO] [stderr]    Compiling serde_derive v1.0.229
[INFO] [stderr]    Compiling tokio-macros v2.7.2
[INFO] [stderr]    Compiling thiserror-impl v2.0.21
[INFO] [stderr]    Compiling evento-macro v2.0.0-alpha.30
[INFO] [stderr]    Compiling futures-macro v0.3.34
[INFO] [stderr]    Compiling async-trait v0.1.92
[INFO] [stderr]     Checking tracing v0.1.44
[INFO] [stderr]     Checking tokio v1.53.2
[INFO] [stderr]     Checking futures-util v0.3.34
[INFO] [stderr]     Checking ulid v3.0.0
[INFO] [stderr]     Checking bitcode v0.6.9
[INFO] [stderr]     Checking backon v1.6.0
[INFO] [stderr]     Checking tokio-util v0.7.19
[INFO] [stderr]     Checking evento-core v2.0.0-alpha.30
[INFO] [stderr]     Checking evento-remote v2.0.0-alpha.30 (/opt/rustwide/workdir)
[INFO] [stdout] error[E0433]: cannot find module or crate `evento_fjall` in this scope
[INFO] [stdout]   --> tests/remote.rs:12:17
[INFO] [stdout]    |
[INFO] [stdout] 12 |     let fjall = evento_fjall::Fjall::temporary()?;
[INFO] [stdout]    |                 ^^^^^^^^^^^^ use of unresolved module or unlinked crate `evento_fjall`
[INFO] [stdout]    |
[INFO] [stdout]    = help: if you wanted to use a crate named `evento_fjall`, use `cargo add evento_fjall` to add it to your `Cargo.toml`
[INFO] [stdout] 
[INFO] [stdout] 
[INFO] [stdout] error[E0433]: cannot find module or crate `evento_fjall` in this scope
[INFO] [stdout]    --> tests/remote.rs:287:17
[INFO] [stdout]     |
[INFO] [stdout] 287 |     let fjall = evento_fjall::Fjall::temporary()?;
[INFO] [stdout]     |                 ^^^^^^^^^^^^ use of unresolved module or unlinked crate `evento_fjall`
[INFO] [stdout]     |
[INFO] [stdout]     = help: if you wanted to use a crate named `evento_fjall`, use `cargo add evento_fjall` to add it to your `Cargo.toml`
[INFO] [stdout] 
[INFO] [stdout] 
[INFO] [stdout] error[E0433]: cannot find module or crate `evento_fjall` in this scope
[INFO] [stdout]    --> tests/remote.rs:319:17
[INFO] [stdout]     |
[INFO] [stdout] 319 |     let fjall = evento_fjall::Fjall::temporary()?;
[INFO] [stdout]     |                 ^^^^^^^^^^^^ use of unresolved module or unlinked crate `evento_fjall`
[INFO] [stdout]     |
[INFO] [stdout]     = help: if you wanted to use a crate named `evento_fjall`, use `cargo add evento_fjall` to add it to your `Cargo.toml`
[INFO] [stdout] 
[INFO] [stdout] 
[INFO] [stdout] error[E0433]: cannot find module or crate `evento_fjall` in this scope
[INFO] [stdout]    --> tests/remote.rs:406:17
[INFO] [stdout]     |
[INFO] [stdout] 406 |     let fjall = evento_fjall::Fjall::temporary()?;
[INFO] [stdout]     |                 ^^^^^^^^^^^^ use of unresolved module or unlinked crate `evento_fjall`
[INFO] [stdout]     |
[INFO] [stdout]     = help: if you wanted to use a crate named `evento_fjall`, use `cargo add evento_fjall` to add it to your `Cargo.toml`
[INFO] [stdout] 
[INFO] [stdout] 
[INFO] [stdout] error[E0433]: cannot find module or crate `evento_test` in this scope
[INFO] [stdout]   --> tests/remote.rs:26:5
[INFO] [stdout]    |
[INFO] [stdout] 26 |     evento_test::routing_key(&server.client).await
[INFO] [stdout]    |     ^^^^^^^^^^^ use of unresolved module or unlinked crate `evento_test`
[INFO] [stdout]    |
[INFO] [stdout]    = help: if you wanted to use a crate named `evento_test`, use `cargo add evento_test` to add it to your `Cargo.toml`
[INFO] [stdout] 
[INFO] [stdout] 
[INFO] [stdout] error[E0433]: cannot find module or crate `evento_test` in this scope
[INFO] [stdout]   --> tests/remote.rs:32:5
[INFO] [stdout]    |
[INFO] [stdout] 32 |     evento_test::load(&server.client).await
[INFO] [stdout]    |     ^^^^^^^^^^^ use of unresolved module or unlinked crate `evento_test`
[INFO] [stdout]    |
[INFO] [stdout]    = help: if you wanted to use a crate named `evento_test`, use `cargo add evento_test` to add it to your `Cargo.toml`
[INFO] [stdout] 
[INFO] [stdout] 
[INFO] [stdout] error[E0433]: cannot find module or crate `evento_test` in this scope
[INFO] [stdout]   --> tests/remote.rs:38:5
[INFO] [stdout]    |
[INFO] [stdout] 38 |     evento_test::load_multiple_aggregator(&server.client).await
[INFO] [stdout]    |     ^^^^^^^^^^^ use of unresolved module or unlinked crate `evento_test`
[INFO] [stdout]    |
[INFO] [stdout]    = help: if you wanted to use a crate named `evento_test`, use `cargo add evento_test` to add it to your `Cargo.toml`
[INFO] [stdout] 
[INFO] [stdout] 
[INFO] [stdout] error[E0433]: cannot find module or crate `evento_test` in this scope
[INFO] [stdout]   --> tests/remote.rs:44:5
[INFO] [stdout]    |
[INFO] [stdout] 44 |     evento_test::load_with_snapshot(&server.client).await
[INFO] [stdout]    |     ^^^^^^^^^^^ use of unresolved module or unlinked crate `evento_test`
[INFO] [stdout]    |
[INFO] [stdout]    = help: if you wanted to use a crate named `evento_test`, use `cargo add evento_test` to add it to your `Cargo.toml`
[INFO] [stdout] 
[INFO] [stdout] 
[INFO] [stdout] error[E0433]: cannot find module or crate `evento_test` in this scope
[INFO] [stdout]   --> tests/remote.rs:50:5
[INFO] [stdout]    |
[INFO] [stdout] 50 |     evento_test::invalid_original_version(&server.client).await
[INFO] [stdout]    |     ^^^^^^^^^^^ use of unresolved module or unlinked crate `evento_test`
[INFO] [stdout]    |
[INFO] [stdout]    = help: if you wanted to use a crate named `evento_test`, use `cargo add evento_test` to add it to your `Cargo.toml`
[INFO] [stdout] 
[INFO] [stdout] 
[INFO] [stdout] error[E0433]: cannot find module or crate `evento_test` in this scope
[INFO] [stdout]   --> tests/remote.rs:56:5
[INFO] [stdout]    |
[INFO] [stdout] 56 |     evento_test::subscriber_running(&server.client).await
[INFO] [stdout]    |     ^^^^^^^^^^^ use of unresolved module or unlinked crate `evento_test`
[INFO] [stdout]    |
[INFO] [stdout]    = help: if you wanted to use a crate named `evento_test`, use `cargo add evento_test` to add it to your `Cargo.toml`
[INFO] [stdout] 
[INFO] [stdout] 
[INFO] [stdout] error[E0433]: cannot find module or crate `evento_test` in this scope
[INFO] [stdout]   --> tests/remote.rs:62:5
[INFO] [stdout]    |
[INFO] [stdout] 62 |     evento_test::subscribe(&server.client).await
[INFO] [stdout]    |     ^^^^^^^^^^^ use of unresolved module or unlinked crate `evento_test`
[INFO] [stdout]    |
[INFO] [stdout]    = help: if you wanted to use a crate named `evento_test`, use `cargo add evento_test` to add it to your `Cargo.toml`
[INFO] [stdout] 
[INFO] [stdout] 
[INFO] [stdout] error[E0433]: cannot find module or crate `evento_test` in this scope
[INFO] [stdout]   --> tests/remote.rs:68:5
[INFO] [stdout]    |
[INFO] [stdout] 68 |     evento_test::subscribe_low_latency(&server.client).await
[INFO] [stdout]    |     ^^^^^^^^^^^ use of unresolved module or unlinked crate `evento_test`
[INFO] [stdout]    |
[INFO] [stdout]    = help: if you wanted to use a crate named `evento_test`, use `cargo add evento_test` to add it to your `Cargo.toml`
[INFO] [stdout] 
[INFO] [stdout] 
[INFO] [stdout] error[E0433]: cannot find module or crate `evento_test` in this scope
[INFO] [stdout]   --> tests/remote.rs:74:5
[INFO] [stdout]    |
[INFO] [stdout] 74 |     evento_test::subscribe_routing_key(&server.client).await
[INFO] [stdout]    |     ^^^^^^^^^^^ use of unresolved module or unlinked crate `evento_test`
[INFO] [stdout]    |
[INFO] [stdout]    = help: if you wanted to use a crate named `evento_test`, use `cargo add evento_test` to add it to your `Cargo.toml`
[INFO] [stdout] 
[INFO] [stdout] 
[INFO] [stdout] error[E0433]: cannot find module or crate `evento_test` in this scope
[INFO] [stdout]   --> tests/remote.rs:80:5
[INFO] [stdout]    |
[INFO] [stdout] 80 |     evento_test::subscribe_default(&server.client).await
[INFO] [stdout]    |     ^^^^^^^^^^^ use of unresolved module or unlinked crate `evento_test`
[INFO] [stdout]    |
[INFO] [stdout]    = help: if you wanted to use a crate named `evento_test`, use `cargo add evento_test` to add it to your `Cargo.toml`
[INFO] [stdout] 
[INFO] [stdout] 
[INFO] [stdout] error[E0433]: cannot find module or crate `evento_test` in this scope
[INFO] [stdout]   --> tests/remote.rs:86:5
[INFO] [stdout]    |
[INFO] [stdout] 86 |     evento_test::subscribe_multiple_aggregator(&server.client).await
[INFO] [stdout]    |     ^^^^^^^^^^^ use of unresolved module or unlinked crate `evento_test`
[INFO] [stdout]    |
[INFO] [stdout]    = help: if you wanted to use a crate named `evento_test`, use `cargo add evento_test` to add it to your `Cargo.toml`
[INFO] [stdout] 
[INFO] [stdout] 
[INFO] [stdout] error[E0433]: cannot find module or crate `evento_test` in this scope
[INFO] [stdout]   --> tests/remote.rs:92:5
[INFO] [stdout]    |
[INFO] [stdout] 92 |     evento_test::subscribe_co_keyed_aggregator(&server.client).await
[INFO] [stdout]    |     ^^^^^^^^^^^ use of unresolved module or unlinked crate `evento_test`
[INFO] [stdout]    |
[INFO] [stdout]    = help: if you wanted to use a crate named `evento_test`, use `cargo add evento_test` to add it to your `Cargo.toml`
[INFO] [stdout] 
[INFO] [stdout] 
[INFO] [stdout] error[E0433]: cannot find module or crate `evento_test` in this scope
[INFO] [stdout]   --> tests/remote.rs:98:5
[INFO] [stdout]    |
[INFO] [stdout] 98 |     evento_test::load_co_keyed_aggregator(&server.client).await
[INFO] [stdout]    |     ^^^^^^^^^^^ use of unresolved module or unlinked crate `evento_test`
[INFO] [stdout]    |
[INFO] [stdout]    = help: if you wanted to use a crate named `evento_test`, use `cargo add evento_test` to add it to your `Cargo.toml`
[INFO] [stdout] 
[INFO] [stdout] 
[INFO] [stdout] error[E0433]: cannot find module or crate `evento_test` in this scope
[INFO] [stdout]    --> tests/remote.rs:104:5
[INFO] [stdout]     |
[INFO] [stdout] 104 |     evento_test::subscribe_routing_key_multiple_aggregator(&server.client).await
[INFO] [stdout]     |     ^^^^^^^^^^^ use of unresolved module or unlinked crate `evento_test`
[INFO] [stdout]     |
[INFO] [stdout]     = help: if you wanted to use a crate named `evento_test`, use `cargo add evento_test` to add it to your `Cargo.toml`
[INFO] [stdout] 
[INFO] [stdout] 
[INFO] [stdout] error[E0433]: cannot find module or crate `evento_test` in this scope
[INFO] [stdout]    --> tests/remote.rs:110:5
[INFO] [stdout]     |
[INFO] [stdout] 110 |     evento_test::subscribe_default_multiple_aggregator(&server.client).await
[INFO] [stdout]     |     ^^^^^^^^^^^ use of unresolved module or unlinked crate `evento_test`
[INFO] [stdout]     |
[INFO] [stdout]     = help: if you wanted to use a crate named `evento_test`, use `cargo add evento_test` to add it to your `Cargo.toml`
[INFO] [stdout] 
[INFO] [stdout] 
[INFO] [stdout] error[E0433]: cannot find module or crate `evento_test` in this scope
[INFO] [stdout]    --> tests/remote.rs:116:5
[INFO] [stdout]     |
[INFO] [stdout] 116 |     evento_test::subscribe_default_routing_key(&server.client).await
[INFO] [stdout]     |     ^^^^^^^^^^^ use of unresolved module or unlinked crate `evento_test`
[INFO] [stdout]     |
[INFO] [stdout]     = help: if you wanted to use a crate named `evento_test`, use `cargo add evento_test` to add it to your `Cargo.toml`
[INFO] [stdout] 
[INFO] [stdout] 
[INFO] [stdout] error[E0433]: cannot find module or crate `evento_test` in this scope
[INFO] [stdout]    --> tests/remote.rs:122:5
[INFO] [stdout]     |
[INFO] [stdout] 122 |     evento_test::subscribe_default_routing_key_all_isolation(&server.client).await
[INFO] [stdout]     |     ^^^^^^^^^^^ use of unresolved module or unlinked crate `evento_test`
[INFO] [stdout]     |
[INFO] [stdout]     = help: if you wanted to use a crate named `evento_test`, use `cargo add evento_test` to add it to your `Cargo.toml`
[INFO] [stdout] 
[INFO] [stdout] 
[INFO] [stdout] error[E0433]: cannot find module or crate `evento_test` in this scope
[INFO] [stdout]    --> tests/remote.rs:128:5
[INFO] [stdout]     |
[INFO] [stdout] 128 |     evento_test::all_commands(&server.client).await
[INFO] [stdout]     |     ^^^^^^^^^^^ use of unresolved module or unlinked crate `evento_test`
[INFO] [stdout]     |
[INFO] [stdout]     = help: if you wanted to use a crate named `evento_test`, use `cargo add evento_test` to add it to your `Cargo.toml`
[INFO] [stdout] 
[INFO] [stdout] 
[INFO] [stdout] error[E0433]: cannot find module or crate `evento_test` in this scope
[INFO] [stdout]    --> tests/remote.rs:134:5
[INFO] [stdout]     |
[INFO] [stdout] 134 |     evento_test::read_order_timestamp(&server.client).await
[INFO] [stdout]     |     ^^^^^^^^^^^ use of unresolved module or unlinked crate `evento_test`
[INFO] [stdout]     |
[INFO] [stdout]     = help: if you wanted to use a crate named `evento_test`, use `cargo add evento_test` to add it to your `Cargo.toml`
[INFO] [stdout] 
[INFO] [stdout] 
[INFO] [stdout] error[E0433]: cannot find module or crate `evento_test` in this scope
[INFO] [stdout]    --> tests/remote.rs:140:5
[INFO] [stdout]     |
[INFO] [stdout] 140 |     evento_test::exact_filter(&server.client).await
[INFO] [stdout]     |     ^^^^^^^^^^^ use of unresolved module or unlinked crate `evento_test`
[INFO] [stdout]     |
[INFO] [stdout]     = help: if you wanted to use a crate named `evento_test`, use `cargo add evento_test` to add it to your `Cargo.toml`
[INFO] [stdout] 
[INFO] [stdout] 
[INFO] [stdout] error[E0433]: cannot find module or crate `evento_test` in this scope
[INFO] [stdout]    --> tests/remote.rs:146:5
[INFO] [stdout]     |
[INFO] [stdout] 146 |     evento_test::concurrent_append(&server.client).await
[INFO] [stdout]     |     ^^^^^^^^^^^ use of unresolved module or unlinked crate `evento_test`
[INFO] [stdout]     |
[INFO] [stdout]     = help: if you wanted to use a crate named `evento_test`, use `cargo add evento_test` to add it to your `Cargo.toml`
[INFO] [stdout] 
[INFO] [stdout] 
[INFO] [stdout] error[E0433]: cannot find module or crate `evento_test` in this scope
[INFO] [stdout]    --> tests/remote.rs:152:5
[INFO] [stdout]     |
[INFO] [stdout] 152 |     evento_test::strict_unhandled(&server.client).await
[INFO] [stdout]     |     ^^^^^^^^^^^ use of unresolved module or unlinked crate `evento_test`
[INFO] [stdout]     |
[INFO] [stdout]     = help: if you wanted to use a crate named `evento_test`, use `cargo add evento_test` to add it to your `Cargo.toml`
[INFO] [stdout] 
[INFO] [stdout] 
[INFO] [stdout] error[E0433]: cannot find module or crate `evento_test` in this scope
[INFO] [stdout]    --> tests/remote.rs:158:5
[INFO] [stdout]     |
[INFO] [stdout] 158 |     evento_test::tombstone(&server.client).await
[INFO] [stdout]     |     ^^^^^^^^^^^ use of unresolved module or unlinked crate `evento_test`
[INFO] [stdout]     |
[INFO] [stdout]     = help: if you wanted to use a crate named `evento_test`, use `cargo add evento_test` to add it to your `Cargo.toml`
[INFO] [stdout] 
[INFO] [stdout] 
[INFO] [stdout] error[E0433]: cannot find module or crate `evento_test` in this scope
[INFO] [stdout]    --> tests/remote.rs:164:5
[INFO] [stdout]     |
[INFO] [stdout] 164 |     evento_test::subscription_data(&server.client).await
[INFO] [stdout]     |     ^^^^^^^^^^^ use of unresolved module or unlinked crate `evento_test`
[INFO] [stdout]     |
[INFO] [stdout]     = help: if you wanted to use a crate named `evento_test`, use `cargo add evento_test` to add it to your `Cargo.toml`
[INFO] [stdout] 
[INFO] [stdout] 
[INFO] [stdout] error[E0433]: cannot find module or crate `evento_test` in this scope
[INFO] [stdout]    --> tests/remote.rs:170:5
[INFO] [stdout]     |
[INFO] [stdout] 170 |     evento_test::subscription_stop_reason(&server.client).await
[INFO] [stdout]     |     ^^^^^^^^^^^ use of unresolved module or unlinked crate `evento_test`
[INFO] [stdout]     |
[INFO] [stdout]     = help: if you wanted to use a crate named `evento_test`, use `cargo add evento_test` to add it to your `Cargo.toml`
[INFO] [stdout] 
[INFO] [stdout] 
[INFO] [stdout] error[E0433]: cannot find module or crate `evento_test` in this scope
[INFO] [stdout]    --> tests/remote.rs:176:5
[INFO] [stdout]     |
[INFO] [stdout] 176 |     evento_test::subscription_all_counts(&server.client).await
[INFO] [stdout]     |     ^^^^^^^^^^^ use of unresolved module or unlinked crate `evento_test`
[INFO] [stdout]     |
[INFO] [stdout]     = help: if you wanted to use a crate named `evento_test`, use `cargo add evento_test` to add it to your `Cargo.toml`
[INFO] [stdout] 
[INFO] [stdout] 
[INFO] [stdout] error[E0433]: cannot find module or crate `evento_test` in this scope
[INFO] [stdout]    --> tests/remote.rs:182:5
[INFO] [stdout]     |
[INFO] [stdout] 182 |     evento_test::snapshot_revision_scope(&server.client).await
[INFO] [stdout]     |     ^^^^^^^^^^^ use of unresolved module or unlinked crate `evento_test`
[INFO] [stdout]     |
[INFO] [stdout]     = help: if you wanted to use a crate named `evento_test`, use `cargo add evento_test` to add it to your `Cargo.toml`
[INFO] [stdout] 
[INFO] [stdout] 
[INFO] [stdout] error[E0433]: cannot find module or crate `evento_test` in this scope
[INFO] [stdout]    --> tests/remote.rs:188:5
[INFO] [stdout]     |
[INFO] [stdout] 188 |     evento_test::snapshot_projection_scope(&server.client).await
[INFO] [stdout]     |     ^^^^^^^^^^^ use of unresolved module or unlinked crate `evento_test`
[INFO] [stdout]     |
[INFO] [stdout]     = help: if you wanted to use a crate named `evento_test`, use `cargo add evento_test` to add it to your `Cargo.toml`
[INFO] [stdout] 
[INFO] [stdout] 
[INFO] [stdout] error[E0433]: cannot find module or crate `evento_test` in this scope
[INFO] [stdout]    --> tests/remote.rs:194:5
[INFO] [stdout]     |
[INFO] [stdout] 194 |     evento_test::upcast_load(&server.client).await
[INFO] [stdout]     |     ^^^^^^^^^^^ use of unresolved module or unlinked crate `evento_test`
[INFO] [stdout]     |
[INFO] [stdout]     = help: if you wanted to use a crate named `evento_test`, use `cargo add evento_test` to add it to your `Cargo.toml`
[INFO] [stdout] 
[INFO] [stdout] 
[INFO] [stdout] error[E0433]: cannot find module or crate `evento_test` in this scope
[INFO] [stdout]    --> tests/remote.rs:200:5
[INFO] [stdout]     |
[INFO] [stdout] 200 |     evento_test::upcast_nearest_target(&server.client).await
[INFO] [stdout]     |     ^^^^^^^^^^^ use of unresolved module or unlinked crate `evento_test`
[INFO] [stdout]     |
[INFO] [stdout]     = help: if you wanted to use a crate named `evento_test`, use `cargo add evento_test` to add it to your `Cargo.toml`
[INFO] [stdout] 
[INFO] [stdout] 
[INFO] [stdout] error[E0433]: cannot find module or crate `evento_test` in this scope
[INFO] [stdout]    --> tests/remote.rs:206:5
[INFO] [stdout]     |
[INFO] [stdout] 206 |     evento_test::upcast_explicit_wins(&server.client).await
[INFO] [stdout]     |     ^^^^^^^^^^^ use of unresolved module or unlinked crate `evento_test`
[INFO] [stdout]     |
[INFO] [stdout]     = help: if you wanted to use a crate named `evento_test`, use `cargo add evento_test` to add it to your `Cargo.toml`
[INFO] [stdout] 
[INFO] [stdout] 
[INFO] [stdout] error[E0433]: cannot find module or crate `evento_test` in this scope
[INFO] [stdout]    --> tests/remote.rs:212:5
[INFO] [stdout]     |
[INFO] [stdout] 212 |     evento_test::upcast_skip(&server.client).await
[INFO] [stdout]     |     ^^^^^^^^^^^ use of unresolved module or unlinked crate `evento_test`
[INFO] [stdout]     |
[INFO] [stdout]     = help: if you wanted to use a crate named `evento_test`, use `cargo add evento_test` to add it to your `Cargo.toml`
[INFO] [stdout] 
[INFO] [stdout] 
[INFO] [stdout] error[E0433]: cannot find module or crate `evento_test` in this scope
[INFO] [stdout]    --> tests/remote.rs:218:5
[INFO] [stdout]     |
[INFO] [stdout] 218 |     evento_test::upcast_strict_unhandled_target(&server.client).await
[INFO] [stdout]     |     ^^^^^^^^^^^ use of unresolved module or unlinked crate `evento_test`
[INFO] [stdout]     |
[INFO] [stdout]     = help: if you wanted to use a crate named `evento_test`, use `cargo add evento_test` to add it to your `Cargo.toml`
[INFO] [stdout] 
[INFO] [stdout] 
[INFO] [stdout] error[E0433]: cannot find module or crate `evento_test` in this scope
[INFO] [stdout]    --> tests/remote.rs:224:5
[INFO] [stdout]     |
[INFO] [stdout] 224 |     evento_test::upcast_subscription(&server.client).await
[INFO] [stdout]     |     ^^^^^^^^^^^ use of unresolved module or unlinked crate `evento_test`
[INFO] [stdout]     |
[INFO] [stdout]     = help: if you wanted to use a crate named `evento_test`, use `cargo add evento_test` to add it to your `Cargo.toml`
[INFO] [stdout] 
[INFO] [stdout] 
[INFO] [stdout] error[E0433]: cannot find module or crate `evento_test` in this scope
[INFO] [stdout]    --> tests/remote.rs:230:5
[INFO] [stdout]     |
[INFO] [stdout] 230 |     evento_test::upcast_projection_subscription(&server.client).await
[INFO] [stdout]     |     ^^^^^^^^^^^ use of unresolved module or unlinked crate `evento_test`
[INFO] [stdout]     |
[INFO] [stdout]     = help: if you wanted to use a crate named `evento_test`, use `cargo add evento_test` to add it to your `Cargo.toml`
[INFO] [stdout] 
[INFO] [stdout] 
[INFO] [stdout] error[E0433]: cannot find module or crate `evento_test` in this scope
[INFO] [stdout]    --> tests/remote.rs:236:5
[INFO] [stdout]     |
[INFO] [stdout] 236 |     evento_test::upcast_tombstone(&server.client).await
[INFO] [stdout]     |     ^^^^^^^^^^^ use of unresolved module or unlinked crate `evento_test`
[INFO] [stdout]     |
[INFO] [stdout]     = help: if you wanted to use a crate named `evento_test`, use `cargo add evento_test` to add it to your `Cargo.toml`
[INFO] [stdout] 
[INFO] [stdout] 
[INFO] [stdout] error[E0433]: cannot find module or crate `evento_test` in this scope
[INFO] [stdout]    --> tests/remote.rs:242:5
[INFO] [stdout]     |
[INFO] [stdout] 242 |     evento_test::upcast_has_event(&server.client).await
[INFO] [stdout]     |     ^^^^^^^^^^^ use of unresolved module or unlinked crate `evento_test`
[INFO] [stdout]     |
[INFO] [stdout]     = help: if you wanted to use a crate named `evento_test`, use `cargo add evento_test` to add it to your `Cargo.toml`
[INFO] [stdout] 
[INFO] [stdout] 
[INFO] [stdout] error[E0433]: cannot find module or crate `evento_test` in this scope
[INFO] [stdout]    --> tests/remote.rs:248:5
[INFO] [stdout]     |
[INFO] [stdout] 248 |     evento_test::read_stream(&server.client).await
[INFO] [stdout]     |     ^^^^^^^^^^^ use of unresolved module or unlinked crate `evento_test`
[INFO] [stdout]     |
[INFO] [stdout]     = help: if you wanted to use a crate named `evento_test`, use `cargo add evento_test` to add it to your `Cargo.toml`
[INFO] [stdout] 
[INFO] [stdout] 
[INFO] [stdout] error[E0433]: cannot find module or crate `evento_test` in this scope
[INFO] [stdout]    --> tests/remote.rs:254:5
[INFO] [stdout]     |
[INFO] [stdout] 254 |     evento_test::read_drains_pages(&server.client).await
[INFO] [stdout]     |     ^^^^^^^^^^^ use of unresolved module or unlinked crate `evento_test`
[INFO] [stdout]     |
[INFO] [stdout]     = help: if you wanted to use a crate named `evento_test`, use `cargo add evento_test` to add it to your `Cargo.toml`
[INFO] [stdout] 
[INFO] [stdout] 
[INFO] [stdout] error[E0433]: cannot find module or crate `evento_test` in this scope
[INFO] [stdout]    --> tests/remote.rs:260:5
[INFO] [stdout]     |
[INFO] [stdout] 260 |     evento_test::read_limit(&server.client).await
[INFO] [stdout]     |     ^^^^^^^^^^^ use of unresolved module or unlinked crate `evento_test`
[INFO] [stdout]     |
[INFO] [stdout]     = help: if you wanted to use a crate named `evento_test`, use `cargo add evento_test` to add it to your `Cargo.toml`
[INFO] [stdout] 
[INFO] [stdout] 
[INFO] [stdout] error[E0433]: cannot find module or crate `evento_test` in this scope
[INFO] [stdout]    --> tests/remote.rs:266:5
[INFO] [stdout]     |
[INFO] [stdout] 266 |     evento_test::read_page_cursor(&server.client).await
[INFO] [stdout]     |     ^^^^^^^^^^^ use of unresolved module or unlinked crate `evento_test`
[INFO] [stdout]     |
[INFO] [stdout]     = help: if you wanted to use a crate named `evento_test`, use `cargo add evento_test` to add it to your `Cargo.toml`
[INFO] [stdout] 
[INFO] [stdout] 
[INFO] [stdout] error[E0433]: cannot find module or crate `evento_test` in this scope
[INFO] [stdout]    --> tests/remote.rs:272:5
[INFO] [stdout]     |
[INFO] [stdout] 272 |     evento_test::read_decode(&server.client).await
[INFO] [stdout]     |     ^^^^^^^^^^^ use of unresolved module or unlinked crate `evento_test`
[INFO] [stdout]     |
[INFO] [stdout]     = help: if you wanted to use a crate named `evento_test`, use `cargo add evento_test` to add it to your `Cargo.toml`
[INFO] [stdout] 
[INFO] [stdout] 
[INFO] [stdout] error[E0433]: cannot find module or crate `evento_test` in this scope
[INFO] [stdout]    --> tests/remote.rs:278:5
[INFO] [stdout]     |
[INFO] [stdout] 278 |     evento_test::read_routing_key(&server.client).await
[INFO] [stdout]     |     ^^^^^^^^^^^ use of unresolved module or unlinked crate `evento_test`
[INFO] [stdout]     |
[INFO] [stdout]     = help: if you wanted to use a crate named `evento_test`, use `cargo add evento_test` to add it to your `Cargo.toml`
[INFO] [stdout] 
[INFO] [stdout] 
[INFO] [stdout] error[E0433]: cannot find module or crate `evento_test` in this scope
[INFO] [stdout]    --> tests/remote.rs:336:5
[INFO] [stdout]     |
[INFO] [stdout] 336 |     evento_test::routing_key(&server.client).await
[INFO] [stdout]     |     ^^^^^^^^^^^ use of unresolved module or unlinked crate `evento_test`
[INFO] [stdout]     |
[INFO] [stdout]     = help: if you wanted to use a crate named `evento_test`, use `cargo add evento_test` to add it to your `Cargo.toml`
[INFO] [stdout] 
[INFO] [stdout] 
[INFO] [stdout] error[E0433]: cannot find module or crate `evento_test` in this scope
[INFO] [stdout]    --> tests/remote.rs:342:5
[INFO] [stdout]     |
[INFO] [stdout] 342 |     evento_test::subscribe(&server.client).await
[INFO] [stdout]     |     ^^^^^^^^^^^ use of unresolved module or unlinked crate `evento_test`
[INFO] [stdout]     |
[INFO] [stdout]     = help: if you wanted to use a crate named `evento_test`, use `cargo add evento_test` to add it to your `Cargo.toml`
[INFO] [stdout] 
[INFO] [stdout] 
[INFO] [stdout] error[E0433]: cannot find module or crate `evento_test` in this scope
[INFO] [stdout]    --> tests/remote.rs:348:5
[INFO] [stdout]     |
[INFO] [stdout] 348 |     evento_test::read_order_timestamp(&server.client).await
[INFO] [stdout]     |     ^^^^^^^^^^^ use of unresolved module or unlinked crate `evento_test`
[INFO] [stdout]     |
[INFO] [stdout]     = help: if you wanted to use a crate named `evento_test`, use `cargo add evento_test` to add it to your `Cargo.toml`
[INFO] [stdout] 
[INFO] [stdout] 
[INFO] [stdout] error[E0433]: cannot find module or crate `evento_test` in this scope
[INFO] [stdout]    --> tests/remote.rs:459:5
[INFO] [stdout]     |
[INFO] [stdout] 459 |     evento_test::subscription_start_from_latest(&server.client).await
[INFO] [stdout]     |     ^^^^^^^^^^^ use of unresolved module or unlinked crate `evento_test`
[INFO] [stdout]     |
[INFO] [stdout]     = help: if you wanted to use a crate named `evento_test`, use `cargo add evento_test` to add it to your `Cargo.toml`
[INFO] [stdout] 
[INFO] [stdout] 
[INFO] [stdout] error[E0433]: cannot find module or crate `evento_test` in this scope
[INFO] [stdout]    --> tests/remote.rs:465:5
[INFO] [stdout]     |
[INFO] [stdout] 465 |     evento_test::subscription_ephemeral(&server.client).await
[INFO] [stdout]     |     ^^^^^^^^^^^ use of unresolved module or unlinked crate `evento_test`
[INFO] [stdout]     |
[INFO] [stdout]     = help: if you wanted to use a crate named `evento_test`, use `cargo add evento_test` to add it to your `Cargo.toml`
[INFO] [stdout] 
[INFO] [stdout] 
[INFO] [stdout] error[E0433]: cannot find module or crate `evento_test` in this scope
[INFO] [stdout]    --> tests/remote.rs:471:5
[INFO] [stdout]     |
[INFO] [stdout] 471 |     evento_test::subscription_ephemeral_start_from_latest(&server.client).await
[INFO] [stdout]     |     ^^^^^^^^^^^ use of unresolved module or unlinked crate `evento_test`
[INFO] [stdout]     |
[INFO] [stdout]     = help: if you wanted to use a crate named `evento_test`, use `cargo add evento_test` to add it to your `Cargo.toml`
[INFO] [stdout] 
[INFO] [stdout] 
[INFO] [stdout] error[E0433]: cannot find module or crate `evento_test` in this scope
[INFO] [stdout]    --> tests/remote.rs:477:5
[INFO] [stdout]     |
[INFO] [stdout] 477 |     evento_test::subscription_ephemeral_concurrent_same_key(&server.client).await
[INFO] [stdout]     |     ^^^^^^^^^^^ use of unresolved module or unlinked crate `evento_test`
[INFO] [stdout]     |
[INFO] [stdout]     = help: if you wanted to use a crate named `evento_test`, use `cargo add evento_test` to add it to your `Cargo.toml`
[INFO] [stdout] 
[INFO] [stdout] 
[INFO] [stdout] error[E0433]: cannot find module or crate `evento_test` in this scope
[INFO] [stdout]    --> tests/remote.rs:483:5
[INFO] [stdout]     |
[INFO] [stdout] 483 |     evento_test::subscription_context_stop(&server.client).await
[INFO] [stdout]     |     ^^^^^^^^^^^ use of unresolved module or unlinked crate `evento_test`
[INFO] [stdout]     |
[INFO] [stdout]     = help: if you wanted to use a crate named `evento_test`, use `cargo add evento_test` to add it to your `Cargo.toml`
[INFO] [stdout] 
[INFO] [stdout] 
[INFO] [stdout] error[E0433]: cannot find module or crate `evento_test` in this scope
[INFO] [stdout]    --> tests/remote.rs:489:5
[INFO] [stdout]     |
[INFO] [stdout] 489 |     evento_test::subscription_live(&server.client).await
[INFO] [stdout]     |     ^^^^^^^^^^^ use of unresolved module or unlinked crate `evento_test`
[INFO] [stdout]     |
[INFO] [stdout]     = help: if you wanted to use a crate named `evento_test`, use `cargo add evento_test` to add it to your `Cargo.toml`
[INFO] [stdout] 
[INFO] [stdout] 
[INFO] [stdout] error[E0433]: cannot find module or crate `evento_test` in this scope
[INFO] [stdout]    --> tests/remote.rs:495:5
[INFO] [stdout]     |
[INFO] [stdout] 495 |     evento_test::subscription_ephemeral_run_once(&server.client).await
[INFO] [stdout]     |     ^^^^^^^^^^^ use of unresolved module or unlinked crate `evento_test`
[INFO] [stdout]     |
[INFO] [stdout]     = help: if you wanted to use a crate named `evento_test`, use `cargo add evento_test` to add it to your `Cargo.toml`
[INFO] [stdout] 
[INFO] [stdout] 
[INFO] [stdout] For more information about this error, try `rustc --explain E0433`.
[INFO] [stdout] 
[INFO] [stderr] error: could not compile `evento-remote` (test "remote") due to 57 previous errors
[INFO] running `Command { std: "docker" "inspect" "3a4e021a70ba45525cb94e8184b88797da1fddb335cbbacf8651d8d08123a24c", kill_on_drop: false }`
[INFO] running `Command { std: "docker" "rm" "-f" "3a4e021a70ba45525cb94e8184b88797da1fddb335cbbacf8651d8d08123a24c", kill_on_drop: false }`
[INFO] [stdout] 3a4e021a70ba45525cb94e8184b88797da1fddb335cbbacf8651d8d08123a24c
