[INFO] fetching crate eredu 0.5.0...
[INFO] checking eredu-0.5.0 against 3154cc1a3e6424e44f438a95007d043ed5ceaaf6+rustflags=-Znext-solver=coherence for pr-133502-30
[INFO] extracting crate eredu 0.5.0 into /workspace/builds/worker-4-tc1/source
[INFO] started tweaking crates.io crate eredu 0.5.0
[INFO] removed 0 missing examples
[INFO] removed 0 missing tests
[INFO] finished tweaking crates.io crate eredu 0.5.0
[INFO] tweaked toml for crates.io crate eredu 0.5.0 written to /workspace/builds/worker-4-tc1/source/Cargo.toml
[INFO] validating manifest of crates.io crate eredu 0.5.0 on toolchain 3154cc1a3e6424e44f438a95007d043ed5ceaaf6
[INFO] running `Command { std: CARGO_HOME="/workspace/cargo-home" RUSTUP_HOME="/workspace/rustup-home" "/workspace/cargo-home/bin/cargo" "+3154cc1a3e6424e44f438a95007d043ed5ceaaf6" "metadata" "--manifest-path" "Cargo.toml" "--no-deps", kill_on_drop: false }`
[INFO] crate crates.io crate eredu 0.5.0 already has a lockfile, it will not be regenerated
[INFO] running `Command { std: CARGO_HOME="/workspace/cargo-home" RUSTUP_HOME="/workspace/rustup-home" "/workspace/cargo-home/bin/cargo" "+3154cc1a3e6424e44f438a95007d043ed5ceaaf6" "fetch" "--manifest-path" "Cargo.toml", kill_on_drop: false }`
[INFO] [stderr]     Blocking waiting for file lock on package cache
[INFO] [stderr]     Blocking waiting for file lock on package cache
[INFO] running `Command { std: "docker" "create" "-v" "/var/lib/crater-agent-workspace/builds/worker-4-tc1/source:/opt/rustwide/workdir:ro,Z" "-v" "/var/lib/crater-agent-workspace/builds/worker-4-tc1/target:/opt/rustwide/target:rw,Z" "-v" "/var/lib/crater-agent-workspace/cargo-home:/opt/rustwide/cargo-home:ro,Z" "-v" "/var/lib/crater-agent-workspace/rustup-home:/opt/rustwide/rustup-home:ro,Z" "-m" "1610612736" "--network" "none" "ghcr.io/rust-lang/crates-build-env/linux@sha256:77db811e55d90add9212f6832c23229e3de5f1c1f9905e8cb07319ea15df73ac" "sleep" "infinity", kill_on_drop: false }`
[INFO] [stdout] 05b71f00c96a05b7ba6abd79db476a27a69da618994f4b0ca364a553bce45cfd
[INFO] running `Command { std: "docker" "start" "05b71f00c96a05b7ba6abd79db476a27a69da618994f4b0ca364a553bce45cfd", kill_on_drop: false }`
[INFO] running `Command { std: "docker" "inspect" "05b71f00c96a05b7ba6abd79db476a27a69da618994f4b0ca364a553bce45cfd", kill_on_drop: false }`
[INFO] running `Command { std: "docker" "exec" "-e" "SOURCE_DIR=/opt/rustwide/workdir" "-e" "CARGO_HOME=/opt/rustwide/cargo-home" "-e" "RUSTUP_HOME=/opt/rustwide/rustup-home" "-e" "CARGO_TARGET_DIR=/opt/rustwide/target" "-w" "/opt/rustwide/workdir" "--user" "0:0" "05b71f00c96a05b7ba6abd79db476a27a69da618994f4b0ca364a553bce45cfd" "/opt/rustwide/cargo-home/bin/cargo" "+3154cc1a3e6424e44f438a95007d043ed5ceaaf6" "metadata" "--no-deps" "--format-version=1", kill_on_drop: false }`
[INFO] running `Command { std: "docker" "inspect" "05b71f00c96a05b7ba6abd79db476a27a69da618994f4b0ca364a553bce45cfd", kill_on_drop: false }`
[INFO] running `Command { std: "docker" "exec" "-e" "SOURCE_DIR=/opt/rustwide/workdir" "-e" "CARGO_HOME=/opt/rustwide/cargo-home" "-e" "RUSTUP_HOME=/opt/rustwide/rustup-home" "-e" "CARGO_TARGET_DIR=/opt/rustwide/target" "-e" "CARGO_INCREMENTAL=0" "-e" "RUST_BACKTRACE=full" "-e" "RUSTFLAGS=--cap-lints=forbid -Znext-solver=coherence" "-e" "RUSTDOCFLAGS=--cap-lints=forbid" "-w" "/opt/rustwide/workdir" "--user" "0:0" "05b71f00c96a05b7ba6abd79db476a27a69da618994f4b0ca364a553bce45cfd" "/opt/rustwide/cargo-home/bin/cargo" "+3154cc1a3e6424e44f438a95007d043ed5ceaaf6" "check" "--frozen" "--all" "--all-targets" "--message-format=json", kill_on_drop: false }`
[INFO] [stderr]    Compiling serde_json v1.0.151
[INFO] [stderr]    Compiling cc v1.4.0
[INFO] [stderr]     Checking hashbrown v0.16.1
[INFO] [stderr]     Checking digest v0.11.3
[INFO] [stderr]     Checking serde v1.0.229
[INFO] [stderr]     Checking half v2.7.1
[INFO] [stderr]     Checking aho-corasick v1.1.4
[INFO] [stderr]    Compiling strum_macros v0.28.0
[INFO] [stderr]     Checking bytemuck v1.25.2
[INFO] [stderr]    Compiling eredu-nn-macros v0.1.0
[INFO] [stderr]     Checking nom v7.1.3
[INFO] [stderr]    Compiling itertools v0.15.0
[INFO] [stderr]     Checking parking_lot_core v0.9.12
[INFO] [stderr]    Compiling num_enum_derive v0.7.6
[INFO] [stderr]    Compiling bytemuck_derive v1.11.0
[INFO] [stderr]     Checking memo-map v0.3.3
[INFO] [stderr]    Compiling safemlx v0.3.1
[INFO] [stderr]     Checking sha2 v0.11.0
[INFO] [stderr]     Checking monostate v0.1.18
[INFO] [stderr]     Checking parking_lot v0.12.5
[INFO] [stderr]     Checking num-complex v0.4.6
[INFO] [stderr]     Checking unicode-normalization-alignments v0.1.12
[INFO] [stderr]    Compiling ref-cast-impl v1.0.27
[INFO] [stderr]    Compiling llguidance v1.7.6
[INFO] [stderr]     Checking eredu-gguf v0.1.0
[INFO] [stderr]     Checking daachorse v1.0.1
[INFO] [stderr]     Checking ahash v0.8.12
[INFO] [stderr]     Checking dary_heap v0.3.9
[INFO] [stderr]     Checking spm_precompiled v0.1.4
[INFO] [stderr]     Checking compact_str v0.9.1
[INFO] [stderr]     Checking chrono v0.4.45
[INFO] [stderr]     Checking ref-cast v1.0.27
[INFO] [stderr]    Compiling eredu-backend-mlx-macros v0.1.0
[INFO] [stderr]     Checking safetensors v0.8.0
[INFO] [stderr]     Checking minijinja v2.24.0
[INFO] [stderr]     Checking num_enum v0.7.6
[INFO] [stderr]     Checking regex-automata v0.4.16
[INFO] [stderr]    Compiling safemlx-internal-macros v0.2.0
[INFO] [stderr]    Compiling cmake v0.1.58
[INFO] [stderr]     Checking toktrie v1.7.6
[INFO] [stderr]    Compiling onig_sys v69.9.3
[INFO] [stderr]    Compiling esaxx-rs v0.1.10
[INFO] [stderr]    Compiling safemlx-sys v0.2.3
[INFO] [stderr]     Checking eredu-checkpoint v0.2.0
[INFO] [stderr]     Checking strum v0.28.0
[INFO] [stderr]     Checking derivre v0.3.12
[INFO] [stderr]     Checking eredu-core v0.5.0
[INFO] [stderr]     Checking eredu-nn v0.2.1
[INFO] [stderr]     Checking minijinja-contrib v2.24.0
[INFO] [stderr]     Checking fancy-regex v0.17.0
[INFO] [stderr]     Checking regex v1.13.1
[INFO] [stderr]     Checking onig v6.5.3
[INFO] [stderr]     Checking tokenizers v0.23.1
[INFO] [stderr] error: could not compile `eredu-core` (lib)
[INFO] [stderr] 
[INFO] [stderr] Caused by:
[INFO] [stderr]   process didn't exit successfully: `/opt/rustwide/rustup-home/toolchains/3154cc1a3e6424e44f438a95007d043ed5ceaaf6/bin/rustc --crate-name eredu_core --edition=2021 /opt/rustwide/cargo-home/registry/src/index.crates.io-1949cf8c6b5b557f/eredu-core-0.5.0/src/lib.rs --error-format=json --json=diagnostic-rendered-ansi,artifacts,future-incompat,unused-externs-silent --crate-type lib --emit=dep-info,metadata -C embed-bitcode=no -C debuginfo=2 --check-cfg 'cfg(docsrs,test)' --check-cfg 'cfg(feature, values())' -C metadata=d920a6151e5716cf -C extra-filename=-0601d7a2af62f203 --out-dir /opt/rustwide/target/debug/build/eredu-core/0601d7a2af62f203/out -L dependency=/opt/rustwide/target/debug/build/allocator-api2/320a7223f6faf4b8/out -L dependency=/opt/rustwide/target/debug/build/bitflags/cac3c35dac4bb677/out -L dependency=/opt/rustwide/target/debug/build/block-buffer/47af093dfe9b86d7/out -L dependency=/opt/rustwide/target/debug/build/cfg-if/455a21b2886a1534/out -L dependency=/opt/rustwide/target/debug/build/const-oid/9eee41587642210e/out -L dependency=/opt/rustwide/target/debug/build/cpufeatures/1dc4fc21797f1e07/out -L dependency=/opt/rustwide/target/debug/build/crypto-common/5d4d53b0beb39e91/out -L dependency=/opt/rustwide/target/debug/build/digest/c3ab4d66a90b9e1b/out -L dependency=/opt/rustwide/target/debug/build/equivalent/53277b141c879f87/out -L dependency=/opt/rustwide/target/debug/build/eredu-gguf/474caa291209db81/out -L dependency=/opt/rustwide/target/debug/build/fastrand/bcc29a0d1db74e44/out -L dependency=/opt/rustwide/target/debug/build/foldhash/d794f8647a7c5183/out -L dependency=/opt/rustwide/target/debug/build/getrandom/7c388bc4271b88d5/out -L dependency=/opt/rustwide/target/debug/build/half/c7f20332fa455e86/out -L dependency=/opt/rustwide/target/debug/build/hashbrown/88ed4e4aff25222b/out -L dependency=/opt/rustwide/target/debug/build/hashbrown/c09cf130e831a178/out -L dependency=/opt/rustwide/target/debug/build/hybrid-array/b549d1ea40d5b773/out -L dependency=/opt/rustwide/target/debug/build/indexmap/8d538040b6b677a4/out -L dependency=/opt/rustwide/target/debug/build/itoa/9757112bd9972718/out -L dependency=/opt/rustwide/target/debug/build/libc/6c469ea5525a8374/out -L dependency=/opt/rustwide/target/debug/build/linux-raw-sys/d7c2b8f3e85e9f02/out -L dependency=/opt/rustwide/target/debug/build/memchr/2ce95d7c69864d39/out -L dependency=/opt/rustwide/target/debug/build/once_cell/c3517054d55a7dff/out -L dependency=/opt/rustwide/target/debug/build/rustix/03916c2fa9a4160c/out -L dependency=/opt/rustwide/target/debug/build/safetensors/9f011e43a9f6395a/out -L dependency=/opt/rustwide/target/debug/build/serde/535daea469ca5a0d/out -L dependency=/opt/rustwide/target/debug/build/serde_core/ae61b85b9f07edfc/out -L dependency=/opt/rustwide/target/debug/build/serde_derive/17bba8048bf40c89/out -L dependency=/opt/rustwide/target/debug/build/serde_json/fa0edd58aa375d2b/out -L dependency=/opt/rustwide/target/debug/build/sha2/38dd343c93db5093/out -L dependency=/opt/rustwide/target/debug/build/tempfile/325097ca37a88dbe/out -L dependency=/opt/rustwide/target/debug/build/thiserror-impl/0b468b015dda32df/out -L dependency=/opt/rustwide/target/debug/build/thiserror/77f3c1bed1afbdcf/out -L dependency=/opt/rustwide/target/debug/build/typenum/b4ecb8bd4c48de35/out -L dependency=/opt/rustwide/target/debug/build/zerocopy-derive/7484cf40b3420848/out -L dependency=/opt/rustwide/target/debug/build/zerocopy/fdeba81f0b3e7acb/out -L dependency=/opt/rustwide/target/debug/build/zmij/7db290db90de1c50/out --extern eredu_checkpoint=/opt/rustwide/target/debug/build/eredu-checkpoint/51122cf57c996f2c/out/liberedu_checkpoint-51122cf57c996f2c.rmeta --extern eredu_gguf=/opt/rustwide/target/debug/build/eredu-gguf/474caa291209db81/out/liberedu_gguf-474caa291209db81.rmeta --extern serde=/opt/rustwide/target/debug/build/serde/535daea469ca5a0d/out/libserde-535daea469ca5a0d.rmeta --extern serde_json=/opt/rustwide/target/debug/build/serde_json/fa0edd58aa375d2b/out/libserde_json-fa0edd58aa375d2b.rmeta --extern sha2=/opt/rustwide/target/debug/build/sha2/38dd343c93db5093/out/libsha2-38dd343c93db5093.rmeta --extern thiserror=/opt/rustwide/target/debug/build/thiserror/77f3c1bed1afbdcf/out/libthiserror-77f3c1bed1afbdcf.rmeta --cap-lints allow --cap-lints=forbid -Znext-solver=coherence --force-warn=unused_crate_dependencies` (signal: 9, SIGKILL: kill)
[INFO] [stderr] warning: build failed, waiting for other jobs to finish...
[INFO] [stderr] error: could not compile `tokenizers` (lib)
[INFO] [stderr] 
[INFO] [stderr] Caused by:
[INFO] [stderr]   process didn't exit successfully: `/opt/rustwide/rustup-home/toolchains/3154cc1a3e6424e44f438a95007d043ed5ceaaf6/bin/rustc --crate-name tokenizers --edition=2018 /opt/rustwide/cargo-home/registry/src/index.crates.io-1949cf8c6b5b557f/tokenizers-0.23.1/src/lib.rs --error-format=json --json=diagnostic-rendered-ansi,artifacts,future-incompat,unused-externs-silent --crate-type lib --emit=dep-info,metadata -C embed-bitcode=no -C debuginfo=2 --cfg 'feature="esaxx_fast"' --cfg 'feature="fancy-regex"' --cfg 'feature="onig"' --check-cfg 'cfg(docsrs,test)' --check-cfg 'cfg(feature, values("default", "esaxx_fast", "fancy-regex", "hf-hub", "http", "indicatif", "onig", "progressbar", "rustls-tls", "unstable_wasm"))' -C metadata=4a7e69b052038233 -C extra-filename=-06858ca131b43b63 --out-dir /opt/rustwide/target/debug/build/tokenizers/06858ca131b43b63/out -L dependency=/opt/rustwide/target/debug/build/aho-corasick/445f092076219fa4/out -L dependency=/opt/rustwide/target/debug/build/base64/903209484930998f/out -L dependency=/opt/rustwide/target/debug/build/bit-set/45bc8a1922bd161f/out -L dependency=/opt/rustwide/target/debug/build/bit-vec/fb971a3339b10ba4/out -L dependency=/opt/rustwide/target/debug/build/bitflags/cac3c35dac4bb677/out -L dependency=/opt/rustwide/target/debug/build/castaway/286eb4eec33bad8a/out -L dependency=/opt/rustwide/target/debug/build/cfg-if/455a21b2886a1534/out -L dependency=/opt/rustwide/target/debug/build/crossbeam-deque/10030ecdaf6ba5af/out -L dependency=/opt/rustwide/target/debug/build/crossbeam-epoch/c2c92f0c3476f76e/out -L dependency=/opt/rustwide/target/debug/build/crossbeam-utils/37dca2c2174e5380/out -L dependency=/opt/rustwide/target/debug/build/derive_builder_macro/8e188b18f0d42a95/out -L dependency=/opt/rustwide/target/debug/build/either/40ac410d495b0848/out -L dependency=/opt/rustwide/target/debug/build/equivalent/53277b141c879f87/out -L dependency=/opt/rustwide/target/debug/build/getrandom/6126cedb6e9f09ea/out -L dependency=/opt/rustwide/target/debug/build/hashbrown/88ed4e4aff25222b/out -L dependency=/opt/rustwide/target/debug/build/indexmap/8d538040b6b677a4/out -L dependency=/opt/rustwide/target/debug/build/itertools/1add6dd0b4619e94/out -L dependency=/opt/rustwide/target/debug/build/itoa/9757112bd9972718/out -L dependency=/opt/rustwide/target/debug/build/libc/6c469ea5525a8374/out -L dependency=/opt/rustwide/target/debug/build/macro_rules_attribute-proc_macro/a2271e80718689d0/out -L dependency=/opt/rustwide/target/debug/build/memchr/2ce95d7c69864d39/out -L dependency=/opt/rustwide/target/debug/build/minimal-lexical/a8b06c322f46c594/out -L dependency=/opt/rustwide/target/debug/build/monostate-impl/27e3cdf345171df1/out -L dependency=/opt/rustwide/target/debug/build/nom/4eb4b74348f36304/out -L dependency=/opt/rustwide/target/debug/build/once_cell/c3517054d55a7dff/out -L dependency=/opt/rustwide/target/debug/build/onig_sys/fea09fc2088ecc34/out -L dependency=/opt/rustwide/target/debug/build/paste/ed0d01cb7994f7d7/out -L dependency=/opt/rustwide/target/debug/build/ppv-lite86/6dfcc7fa10edfe6e/out -L dependency=/opt/rustwide/target/debug/build/rand_chacha/05bd6a9a0b591f86/out -L dependency=/opt/rustwide/target/debug/build/rand_core/8951c0c4903cadf5/out -L dependency=/opt/rustwide/target/debug/build/rayon-core/031c899edfaeedde/out -L dependency=/opt/rustwide/target/debug/build/rayon/818ac70123aaada7/out -L dependency=/opt/rustwide/target/debug/build/regex-automata/7daf210bcdb7e6c5/out -L dependency=/opt/rustwide/target/debug/build/regex-syntax/8191e3a61fa341b7/out -L dependency=/opt/rustwide/target/debug/build/rustversion/6a05414b448f1068/out -L dependency=/opt/rustwide/target/debug/build/ryu/659b25542bb7dde0/out -L dependency=/opt/rustwide/target/debug/build/serde/535daea469ca5a0d/out -L dependency=/opt/rustwide/target/debug/build/serde_core/ae61b85b9f07edfc/out -L dependency=/opt/rustwide/target/debug/build/serde_derive/17bba8048bf40c89/out -L dependency=/opt/rustwide/target/debug/build/smallvec/2642dccadf3d8629/out -L dependency=/opt/rustwide/target/debug/build/static_assertions/ccbe326b41a234c7/out -L dependency=/opt/rustwide/target/debug/build/thiserror-impl/0b468b015dda32df/out -L dependency=/opt/rustwide/target/debug/build/unicode-segmentation/0dcd97b7d4f408c1/out -L dependency=/opt/rustwide/target/debug/build/zerocopy-derive/7484cf40b3420848/out -L dependency=/opt/rustwide/target/debug/build/zerocopy/fdeba81f0b3e7acb/out -L dependency=/opt/rustwide/target/debug/build/zmij/7db290db90de1c50/out --extern ahash=/opt/rustwide/target/debug/build/ahash/22f4ef216dea593f/out/libahash-22f4ef216dea593f.rmeta --extern compact_str=/opt/rustwide/target/debug/build/compact_str/b72ba605738df453/out/libcompact_str-b72ba605738df453.rmeta --extern daachorse=/opt/rustwide/target/debug/build/daachorse/a6b9788f0a9b226c/out/libdaachorse-a6b9788f0a9b226c.rmeta --extern dary_heap=/opt/rustwide/target/debug/build/dary_heap/1771e55d76e6e435/out/libdary_heap-1771e55d76e6e435.rmeta --extern derive_builder=/opt/rustwide/target/debug/build/derive_builder/bfea2e4cc5e88953/out/libderive_builder-bfea2e4cc5e88953.rmeta --extern esaxx_rs=/opt/rustwide/target/debug/build/esaxx-rs/5aef6069dd48d1c4/out/libesaxx_rs-5aef6069dd48d1c4.rmeta --extern fancy_regex=/opt/rustwide/target/debug/build/fancy-regex/4fb07dbc9297b977/out/libfancy_regex-4fb07dbc9297b977.rmeta --extern getrandom=/opt/rustwide/target/debug/build/getrandom/6126cedb6e9f09ea/out/libgetrandom-6126cedb6e9f09ea.rmeta --extern itertools=/opt/rustwide/target/debug/build/itertools/1add6dd0b4619e94/out/libitertools-1add6dd0b4619e94.rmeta --extern log=/opt/rustwide/target/debug/build/log/a82153776ac6715c/out/liblog-a82153776ac6715c.rmeta --extern macro_rules_attribute=/opt/rustwide/target/debug/build/macro_rules_attribute/9f983ce6b1d55047/out/libmacro_rules_attribute-9f983ce6b1d55047.rmeta --extern monostate=/opt/rustwide/target/debug/build/monostate/19471c622adb2783/out/libmonostate-19471c622adb2783.rmeta --extern onig=/opt/rustwide/target/debug/build/onig/f63a7b13b652817b/out/libonig-f63a7b13b652817b.rmeta --extern paste=/opt/rustwide/target/debug/build/paste/ed0d01cb7994f7d7/out/libpaste-ed0d01cb7994f7d7.so --extern rand=/opt/rustwide/target/debug/build/rand/f33d505b66c9fd2d/out/librand-f33d505b66c9fd2d.rmeta --extern rayon=/opt/rustwide/target/debug/build/rayon/818ac70123aaada7/out/librayon-818ac70123aaada7.rmeta --extern rayon_cond=/opt/rustwide/target/debug/build/rayon-cond/6ac083878729ecf8/out/librayon_cond-6ac083878729ecf8.rmeta --extern regex=/opt/rustwide/target/debug/build/regex/04d934abb15abae5/out/libregex-04d934abb15abae5.rmeta --extern regex_syntax=/opt/rustwide/target/debug/build/regex-syntax/8191e3a61fa341b7/out/libregex_syntax-8191e3a61fa341b7.rmeta --extern serde=/opt/rustwide/target/debug/build/serde/535daea469ca5a0d/out/libserde-535daea469ca5a0d.rmeta --extern serde_json=/opt/rustwide/target/debug/build/serde_json/fa0edd58aa375d2b/out/libserde_json-fa0edd58aa375d2b.rmeta --extern spm_precompiled=/opt/rustwide/target/debug/build/spm_precompiled/dda978bff9cd603a/out/libspm_precompiled-dda978bff9cd603a.rmeta --extern thiserror=/opt/rustwide/target/debug/build/thiserror/77f3c1bed1afbdcf/out/libthiserror-77f3c1bed1afbdcf.rmeta --extern unicode_normalization_alignments=/opt/rustwide/target/debug/build/unicode-normalization-alignments/0481a2ca073e4987/out/libunicode_normalization_alignments-0481a2ca073e4987.rmeta --extern unicode_segmentation=/opt/rustwide/target/debug/build/unicode-segmentation/0dcd97b7d4f408c1/out/libunicode_segmentation-0dcd97b7d4f408c1.rmeta --extern unicode_categories=/opt/rustwide/target/debug/build/unicode_categories/14a092ec7bb6316c/out/libunicode_categories-14a092ec7bb6316c.rmeta --cap-lints allow --cap-lints=forbid -Znext-solver=coherence --force-warn=unused_crate_dependencies -L native=/opt/rustwide/target/debug/build/esaxx-rs/cfe6a0b5e512e556/out -L native=/opt/rustwide/target/debug/build/onig_sys/4ce8c5c433cfb3f9/out` (signal: 9, SIGKILL: kill)
[INFO] [stderr] error: failed to run custom build command for `safemlx-sys v0.2.3`
[INFO] [stderr] note: To improve backtraces for build dependencies, set the CARGO_PROFILE_DEV_BUILD_OVERRIDE_DEBUG=true environment variable to enable debug information generation.
[INFO] [stderr] 
[INFO] [stderr] Caused by:
[INFO] [stderr]   process didn't exit successfully: `/opt/rustwide/target/debug/build/safemlx-sys/9450710381fb5596/out/build_script_build` (exit status: 101)
[INFO] [stderr]   --- stdout
[INFO] [stderr]   cargo:rerun-if-env-changed=DOCS_RS
[INFO] [stderr]   cargo:rerun-if-env-changed=SAFEMLX_SYS_GENERATE_BINDINGS
[INFO] [stderr]   cargo:rerun-if-env-changed=SAFEMLX_METALLIB_OUTPUT_DIR
[INFO] [stderr]   cargo:rerun-if-env-changed=DEVELOPER_DIR
[INFO] [stderr]   cargo:rerun-if-changed=src/mlx-c
[INFO] [stderr]   cargo:rerun-if-changed=vendor
[INFO] [stderr]   cargo:rerun-if-env-changed=SAFEMLX_NATIVE_BUILD_ROOT
[INFO] [stderr]   CMAKE_TOOLCHAIN_FILE_x86_64-unknown-linux-gnu = None
[INFO] [stderr]   CMAKE_TOOLCHAIN_FILE_x86_64_unknown_linux_gnu = None
[INFO] [stderr]   HOST_CMAKE_TOOLCHAIN_FILE = None
[INFO] [stderr]   CMAKE_TOOLCHAIN_FILE = None
[INFO] [stderr]   CMAKE_GENERATOR_x86_64-unknown-linux-gnu = None
[INFO] [stderr]   CMAKE_GENERATOR_x86_64_unknown_linux_gnu = None
[INFO] [stderr]   HOST_CMAKE_GENERATOR = None
[INFO] [stderr]   CMAKE_GENERATOR = None
[INFO] [stderr]   CMAKE_PREFIX_PATH_x86_64-unknown-linux-gnu = None
[INFO] [stderr]   CMAKE_PREFIX_PATH_x86_64_unknown_linux_gnu = None
[INFO] [stderr]   HOST_CMAKE_PREFIX_PATH = None
[INFO] [stderr]   CMAKE_PREFIX_PATH = None
[INFO] [stderr]   CMAKE_x86_64-unknown-linux-gnu = None
[INFO] [stderr]   CMAKE_x86_64_unknown_linux_gnu = None
[INFO] [stderr]   HOST_CMAKE = None
[INFO] [stderr]   CMAKE = None
[INFO] [stderr]   Running with debug output on.
[INFO] [stderr]   -- The CXX compiler identification is GNU 15.2.0
[INFO] [stderr]      Called from: [3]	/opt/rustwide/cargo-home/registry/src/index.crates.io-1949cf8c6b5b557f/safemlx-sys-0.2.3/src/mlx-c/CMakeLists.txt
[INFO] [stderr]                   [2]	/usr/share/cmake-4.2/Modules/CMakeDetermineCXXCompiler.cmake
[INFO] [stderr]                   [1]	/usr/share/cmake-4.2/Modules/CMakeDetermineCompilerId.cmake
[INFO] [stderr]   -- The C compiler identification is GNU 15.2.0
[INFO] [stderr]      Called from: [3]	/opt/rustwide/cargo-home/registry/src/index.crates.io-1949cf8c6b5b557f/safemlx-sys-0.2.3/src/mlx-c/CMakeLists.txt
[INFO] [stderr]                   [2]	/usr/share/cmake-4.2/Modules/CMakeDetermineCCompiler.cmake
[INFO] [stderr]                   [1]	/usr/share/cmake-4.2/Modules/CMakeDetermineCompilerId.cmake
[INFO] [stderr]   -- Detecting CXX compiler ABI info
[INFO] [stderr]      Called from: [3]	/opt/rustwide/cargo-home/registry/src/index.crates.io-1949cf8c6b5b557f/safemlx-sys-0.2.3/src/mlx-c/CMakeLists.txt
[INFO] [stderr]                   [2]	/usr/share/cmake-4.2/Modules/CMakeTestCXXCompiler.cmake
[INFO] [stderr]                   [1]	/usr/share/cmake-4.2/Modules/CMakeDetermineCompilerABI.cmake
[INFO] [stderr]   -- Detecting CXX compiler ABI info - done
[INFO] [stderr]      Called from: [3]	/opt/rustwide/cargo-home/registry/src/index.crates.io-1949cf8c6b5b557f/safemlx-sys-0.2.3/src/mlx-c/CMakeLists.txt
[INFO] [stderr]                   [2]	/usr/share/cmake-4.2/Modules/CMakeTestCXXCompiler.cmake
[INFO] [stderr]                   [1]	/usr/share/cmake-4.2/Modules/CMakeDetermineCompilerABI.cmake
[INFO] [stderr]   -- Check for working CXX compiler: /usr/bin/c++ - skipped
[INFO] [stderr]      Called from: [2]	/opt/rustwide/cargo-home/registry/src/index.crates.io-1949cf8c6b5b557f/safemlx-sys-0.2.3/src/mlx-c/CMakeLists.txt
[INFO] [stderr]                   [1]	/usr/share/cmake-4.2/Modules/CMakeTestCXXCompiler.cmake
[INFO] [stderr]   -- Detecting CXX compile features
[INFO] [stderr]      Called from: [3]	/opt/rustwide/cargo-home/registry/src/index.crates.io-1949cf8c6b5b557f/safemlx-sys-0.2.3/src/mlx-c/CMakeLists.txt
[INFO] [stderr]                   [2]	/usr/share/cmake-4.2/Modules/CMakeTestCXXCompiler.cmake
[INFO] [stderr]                   [1]	/usr/share/cmake-4.2/Modules/CMakeDetermineCompilerSupport.cmake
[INFO] [stderr]   -- Detecting CXX compile features - done
[INFO] [stderr]      Called from: [3]	/opt/rustwide/cargo-home/registry/src/index.crates.io-1949cf8c6b5b557f/safemlx-sys-0.2.3/src/mlx-c/CMakeLists.txt
[INFO] [stderr]                   [2]	/usr/share/cmake-4.2/Modules/CMakeTestCXXCompiler.cmake
[INFO] [stderr]                   [1]	/usr/share/cmake-4.2/Modules/CMakeDetermineCompilerSupport.cmake
[INFO] [stderr]   -- Detecting C compiler ABI info
[INFO] [stderr]      Called from: [3]	/opt/rustwide/cargo-home/registry/src/index.crates.io-1949cf8c6b5b557f/safemlx-sys-0.2.3/src/mlx-c/CMakeLists.txt
[INFO] [stderr]                   [2]	/usr/share/cmake-4.2/Modules/CMakeTestCCompiler.cmake
[INFO] [stderr]                   [1]	/usr/share/cmake-4.2/Modules/CMakeDetermineCompilerABI.cmake
[INFO] [stderr]   -- Detecting C compiler ABI info - done
[INFO] [stderr]      Called from: [3]	/opt/rustwide/cargo-home/registry/src/index.crates.io-1949cf8c6b5b557f/safemlx-sys-0.2.3/src/mlx-c/CMakeLists.txt
[INFO] [stderr]                   [2]	/usr/share/cmake-4.2/Modules/CMakeTestCCompiler.cmake
[INFO] [stderr]                   [1]	/usr/share/cmake-4.2/Modules/CMakeDetermineCompilerABI.cmake
[INFO] [stderr]   -- Check for working C compiler: /usr/bin/cc - skipped
[INFO] [stderr]      Called from: [2]	/opt/rustwide/cargo-home/registry/src/index.crates.io-1949cf8c6b5b557f/safemlx-sys-0.2.3/src/mlx-c/CMakeLists.txt
[INFO] [stderr]                   [1]	/usr/share/cmake-4.2/Modules/CMakeTestCCompiler.cmake
[INFO] [stderr]   -- Detecting C compile features
[INFO] [stderr]      Called from: [3]	/opt/rustwide/cargo-home/registry/src/index.crates.io-1949cf8c6b5b557f/safemlx-sys-0.2.3/src/mlx-c/CMakeLists.txt
[INFO] [stderr]                   [2]	/usr/share/cmake-4.2/Modules/CMakeTestCCompiler.cmake
[INFO] [stderr]                   [1]	/usr/share/cmake-4.2/Modules/CMakeDetermineCompilerSupport.cmake
[INFO] [stderr]   -- Detecting C compile features - done
[INFO] [stderr]      Called from: [3]	/opt/rustwide/cargo-home/registry/src/index.crates.io-1949cf8c6b5b557f/safemlx-sys-0.2.3/src/mlx-c/CMakeLists.txt
[INFO] [stderr]                   [2]	/usr/share/cmake-4.2/Modules/CMakeTestCCompiler.cmake
[INFO] [stderr]                   [1]	/usr/share/cmake-4.2/Modules/CMakeDetermineCompilerSupport.cmake
[INFO] [stderr]   -- Building MLX for x86_64 processor on Linux
[INFO] [stderr]      Called from: [1]	/opt/rustwide/target/debug/build/safemlx-sys/039429cf28f87b09/out/build/_deps/mlx-427f983b2956844066ee3c996df4dbc8789fa6652bf3fd43945986cc85e69a24-src/CMakeLists.txt
[INFO] [stderr]   -- Accelerate not found, using default backend.
[INFO] [stderr]      Called from: [1]	/opt/rustwide/target/debug/build/safemlx-sys/039429cf28f87b09/out/build/_deps/mlx-427f983b2956844066ee3c996df4dbc8789fa6652bf3fd43945986cc85e69a24-src/CMakeLists.txt
[INFO] [stderr]   -- Looking for sgemm_
[INFO] [stderr]      Called from: [6]	/opt/rustwide/target/debug/build/safemlx-sys/039429cf28f87b09/out/build/_deps/mlx-427f983b2956844066ee3c996df4dbc8789fa6652bf3fd43945986cc85e69a24-src/CMakeLists.txt
[INFO] [stderr]                   [5]	/usr/share/cmake-4.2/Modules/FindLAPACK.cmake
[INFO] [stderr]                   [4]	/usr/share/cmake-4.2/Modules/FindLAPACK.cmake
[INFO] [stderr]                   [3]	/usr/share/cmake-4.2/Modules/FindBLAS.cmake
[INFO] [stderr]                   [2]	/usr/share/cmake-4.2/Modules/FindBLAS.cmake
[INFO] [stderr]                   [1]	/usr/share/cmake-4.2/Modules/CheckFunctionExists.cmake
[INFO] [stderr]   -- Looking for sgemm_ - not found
[INFO] [stderr]      Called from: [6]	/opt/rustwide/target/debug/build/safemlx-sys/039429cf28f87b09/out/build/_deps/mlx-427f983b2956844066ee3c996df4dbc8789fa6652bf3fd43945986cc85e69a24-src/CMakeLists.txt
[INFO] [stderr]                   [5]	/usr/share/cmake-4.2/Modules/FindLAPACK.cmake
[INFO] [stderr]                   [4]	/usr/share/cmake-4.2/Modules/FindLAPACK.cmake
[INFO] [stderr]                   [3]	/usr/share/cmake-4.2/Modules/FindBLAS.cmake
[INFO] [stderr]                   [2]	/usr/share/cmake-4.2/Modules/FindBLAS.cmake
[INFO] [stderr]                   [1]	/usr/share/cmake-4.2/Modules/CheckFunctionExists.cmake
[INFO] [stderr]   -- Performing Test CMAKE_HAVE_LIBC_PTHREAD
[INFO] [stderr]      Called from: [8]	/opt/rustwide/target/debug/build/safemlx-sys/039429cf28f87b09/out/build/_deps/mlx-427f983b2956844066ee3c996df4dbc8789fa6652bf3fd43945986cc85e69a24-src/CMakeLists.txt
[INFO] [stderr]                   [7]	/usr/share/cmake-4.2/Modules/FindLAPACK.cmake
[INFO] [stderr]                   [6]	/usr/share/cmake-4.2/Modules/FindLAPACK.cmake
[INFO] [stderr]                   [5]	/usr/share/cmake-4.2/Modules/FindBLAS.cmake
[INFO] [stderr]                   [4]	/usr/share/cmake-4.2/Modules/FindThreads.cmake
[INFO] [stderr]                   [3]	/usr/share/cmake-4.2/Modules/FindThreads.cmake
[INFO] [stderr]                   [2]	/usr/share/cmake-4.2/Modules/CheckCSourceCompiles.cmake
[INFO] [stderr]                   [1]	/usr/share/cmake-4.2/Modules/Internal/CheckSourceCompiles.cmake
[INFO] [stderr]   -- Performing Test CMAKE_HAVE_LIBC_PTHREAD - Success
[INFO] [stderr]      Called from: [8]	/opt/rustwide/target/debug/build/safemlx-sys/039429cf28f87b09/out/build/_deps/mlx-427f983b2956844066ee3c996df4dbc8789fa6652bf3fd43945986cc85e69a24-src/CMakeLists.txt
[INFO] [stderr]                   [7]	/usr/share/cmake-4.2/Modules/FindLAPACK.cmake
[INFO] [stderr]                   [6]	/usr/share/cmake-4.2/Modules/FindLAPACK.cmake
[INFO] [stderr]                   [5]	/usr/share/cmake-4.2/Modules/FindBLAS.cmake
[INFO] [stderr]                   [4]	/usr/share/cmake-4.2/Modules/FindThreads.cmake
[INFO] [stderr]                   [3]	/usr/share/cmake-4.2/Modules/FindThreads.cmake
[INFO] [stderr]                   [2]	/usr/share/cmake-4.2/Modules/CheckCSourceCompiles.cmake
[INFO] [stderr]                   [1]	/usr/share/cmake-4.2/Modules/Internal/CheckSourceCompiles.cmake
[INFO] [stderr]   -- Found Threads: TRUE
[INFO] [stderr]      Called from: [7]	/opt/rustwide/target/debug/build/safemlx-sys/039429cf28f87b09/out/build/_deps/mlx-427f983b2956844066ee3c996df4dbc8789fa6652bf3fd43945986cc85e69a24-src/CMakeLists.txt
[INFO] [stderr]                   [6]	/usr/share/cmake-4.2/Modules/FindLAPACK.cmake
[INFO] [stderr]                   [5]	/usr/share/cmake-4.2/Modules/FindLAPACK.cmake
[INFO] [stderr]                   [4]	/usr/share/cmake-4.2/Modules/FindBLAS.cmake
[INFO] [stderr]                   [3]	/usr/share/cmake-4.2/Modules/FindThreads.cmake
[INFO] [stderr]                   [2]	/usr/share/cmake-4.2/Modules/FindPackageHandleStandardArgs.cmake
[INFO] [stderr]                   [1]	/usr/share/cmake-4.2/Modules/FindPackageMessage.cmake
[INFO] [stderr]   -- Looking for sgemm_
[INFO] [stderr]      Called from: [6]	/opt/rustwide/target/debug/build/safemlx-sys/039429cf28f87b09/out/build/_deps/mlx-427f983b2956844066ee3c996df4dbc8789fa6652bf3fd43945986cc85e69a24-src/CMakeLists.txt
[INFO] [stderr]                   [5]	/usr/share/cmake-4.2/Modules/FindLAPACK.cmake
[INFO] [stderr]                   [4]	/usr/share/cmake-4.2/Modules/FindLAPACK.cmake
[INFO] [stderr]                   [3]	/usr/share/cmake-4.2/Modules/FindBLAS.cmake
[INFO] [stderr]                   [2]	/usr/share/cmake-4.2/Modules/FindBLAS.cmake
[INFO] [stderr]                   [1]	/usr/share/cmake-4.2/Modules/CheckFunctionExists.cmake
[INFO] [stderr]   -- Looking for sgemm_ - found
[INFO] [stderr]      Called from: [6]	/opt/rustwide/target/debug/build/safemlx-sys/039429cf28f87b09/out/build/_deps/mlx-427f983b2956844066ee3c996df4dbc8789fa6652bf3fd43945986cc85e69a24-src/CMakeLists.txt
[INFO] [stderr]                   [5]	/usr/share/cmake-4.2/Modules/FindLAPACK.cmake
[INFO] [stderr]                   [4]	/usr/share/cmake-4.2/Modules/FindLAPACK.cmake
[INFO] [stderr]                   [3]	/usr/share/cmake-4.2/Modules/FindBLAS.cmake
[INFO] [stderr]                   [2]	/usr/share/cmake-4.2/Modules/FindBLAS.cmake
[INFO] [stderr]                   [1]	/usr/share/cmake-4.2/Modules/CheckFunctionExists.cmake
[INFO] [stderr]   -- Found BLAS: /usr/lib/x86_64-linux-gnu/libopenblas.so
[INFO] [stderr]      Called from: [6]	/opt/rustwide/target/debug/build/safemlx-sys/039429cf28f87b09/out/build/_deps/mlx-427f983b2956844066ee3c996df4dbc8789fa6652bf3fd43945986cc85e69a24-src/CMakeLists.txt
[INFO] [stderr]                   [5]	/usr/share/cmake-4.2/Modules/FindLAPACK.cmake
[INFO] [stderr]                   [4]	/usr/share/cmake-4.2/Modules/FindLAPACK.cmake
[INFO] [stderr]                   [3]	/usr/share/cmake-4.2/Modules/FindBLAS.cmake
[INFO] [stderr]                   [2]	/usr/share/cmake-4.2/Modules/FindPackageHandleStandardArgs.cmake
[INFO] [stderr]                   [1]	/usr/share/cmake-4.2/Modules/FindPackageMessage.cmake
[INFO] [stderr]   -- Looking for cheev_
[INFO] [stderr]      Called from: [4]	/opt/rustwide/target/debug/build/safemlx-sys/039429cf28f87b09/out/build/_deps/mlx-427f983b2956844066ee3c996df4dbc8789fa6652bf3fd43945986cc85e69a24-src/CMakeLists.txt
[INFO] [stderr]                   [3]	/usr/share/cmake-4.2/Modules/FindLAPACK.cmake
[INFO] [stderr]                   [2]	/usr/share/cmake-4.2/Modules/FindLAPACK.cmake
[INFO] [stderr]                   [1]	/usr/share/cmake-4.2/Modules/CheckFunctionExists.cmake
[INFO] [stderr]   -- Looking for cheev_ - found
[INFO] [stderr]      Called from: [4]	/opt/rustwide/target/debug/build/safemlx-sys/039429cf28f87b09/out/build/_deps/mlx-427f983b2956844066ee3c996df4dbc8789fa6652bf3fd43945986cc85e69a24-src/CMakeLists.txt
[INFO] [stderr]                   [3]	/usr/share/cmake-4.2/Modules/FindLAPACK.cmake
[INFO] [stderr]                   [2]	/usr/share/cmake-4.2/Modules/FindLAPACK.cmake
[INFO] [stderr]                   [1]	/usr/share/cmake-4.2/Modules/CheckFunctionExists.cmake
[INFO] [stderr]   -- Found LAPACK: /usr/lib/x86_64-linux-gnu/libopenblas.so;-lm;-ldl
[INFO] [stderr]      Called from: [4]	/opt/rustwide/target/debug/build/safemlx-sys/039429cf28f87b09/out/build/_deps/mlx-427f983b2956844066ee3c996df4dbc8789fa6652bf3fd43945986cc85e69a24-src/CMakeLists.txt
[INFO] [stderr]                   [3]	/usr/share/cmake-4.2/Modules/FindLAPACK.cmake
[INFO] [stderr]                   [2]	/usr/share/cmake-4.2/Modules/FindPackageHandleStandardArgs.cmake
[INFO] [stderr]                   [1]	/usr/share/cmake-4.2/Modules/FindPackageMessage.cmake
[INFO] [stderr]   -- Lapack lib /usr/lib/x86_64-linux-gnu/libopenblas.so-lm-ldl
[INFO] [stderr]      Called from: [1]	/opt/rustwide/target/debug/build/safemlx-sys/039429cf28f87b09/out/build/_deps/mlx-427f983b2956844066ee3c996df4dbc8789fa6652bf3fd43945986cc85e69a24-src/CMakeLists.txt
[INFO] [stderr]   -- Lapack include /usr/include
[INFO] [stderr]      Called from: [1]	/opt/rustwide/target/debug/build/safemlx-sys/039429cf28f87b09/out/build/_deps/mlx-427f983b2956844066ee3c996df4dbc8789fa6652bf3fd43945986cc85e69a24-src/CMakeLists.txt
[INFO] [stderr]   -- Blas lib /usr/lib/x86_64-linux-gnu/libopenblas.so
[INFO] [stderr]      Called from: [1]	/opt/rustwide/target/debug/build/safemlx-sys/039429cf28f87b09/out/build/_deps/mlx-427f983b2956844066ee3c996df4dbc8789fa6652bf3fd43945986cc85e69a24-src/CMakeLists.txt
[INFO] [stderr]   -- Blas include /usr/include/x86_64-linux-gnu
[INFO] [stderr]      Called from: [1]	/opt/rustwide/target/debug/build/safemlx-sys/039429cf28f87b09/out/build/_deps/mlx-427f983b2956844066ee3c996df4dbc8789fa6652bf3fd43945986cc85e69a24-src/CMakeLists.txt
[INFO] [stderr]   -- Downloading json
[INFO] [stderr]      Called from: [1]	/opt/rustwide/target/debug/build/safemlx-sys/039429cf28f87b09/out/build/_deps/mlx-427f983b2956844066ee3c996df4dbc8789fa6652bf3fd43945986cc85e69a24-src/CMakeLists.txt
[INFO] [stderr]   -- Using the multi-header code from /opt/rustwide/target/debug/build/safemlx-sys/039429cf28f87b09/out/build/_deps/json-src/include/
[INFO] [stderr]      Called from: [1]	/opt/rustwide/target/debug/build/safemlx-sys/039429cf28f87b09/out/build/_deps/json-src/CMakeLists.txt
[INFO] [stderr]   -- {fmt} version: 12.1.0
[INFO] [stderr]      Called from: [1]	/opt/rustwide/target/debug/build/safemlx-sys/039429cf28f87b09/out/build/_deps/fmt-src/CMakeLists.txt
[INFO] [stderr]   -- Build type: Debug
[INFO] [stderr]      Called from: [1]	/opt/rustwide/target/debug/build/safemlx-sys/039429cf28f87b09/out/build/_deps/fmt-src/CMakeLists.txt
[INFO] [stderr]   -- Configuring done (10.3s)
[INFO] [stderr]   -- Generating /opt/rustwide/target/debug/build/safemlx-sys/039429cf28f87b09/out/build
[INFO] [stderr]      Called from: [1]	/opt/rustwide/cargo-home/registry/src/index.crates.io-1949cf8c6b5b557f/safemlx-sys-0.2.3/src/mlx-c/CMakeLists.txt
[INFO] [stderr]   -- Generating /opt/rustwide/target/debug/build/safemlx-sys/039429cf28f87b09/out/build/_deps/mlx-build
[INFO] [stderr]      Called from: [1]	/opt/rustwide/target/debug/build/safemlx-sys/039429cf28f87b09/out/build/_deps/mlx-427f983b2956844066ee3c996df4dbc8789fa6652bf3fd43945986cc85e69a24-src/CMakeLists.txt
[INFO] [stderr]   -- Generating /opt/rustwide/target/debug/build/safemlx-sys/039429cf28f87b09/out/build/_deps/json-build
[INFO] [stderr]      Called from: [1]	/opt/rustwide/target/debug/build/safemlx-sys/039429cf28f87b09/out/build/_deps/json-src/CMakeLists.txt
[INFO] [stderr]   -- Generating /opt/rustwide/target/debug/build/safemlx-sys/039429cf28f87b09/out/build/_deps/mlx-build/mlx
[INFO] [stderr]      Called from: [1]	/opt/rustwide/target/debug/build/safemlx-sys/039429cf28f87b09/out/build/_deps/mlx-427f983b2956844066ee3c996df4dbc8789fa6652bf3fd43945986cc85e69a24-src/mlx/CMakeLists.txt
[INFO] [stderr]   -- Generating /opt/rustwide/target/debug/build/safemlx-sys/039429cf28f87b09/out/build/_deps/mlx-build/mlx/backend/common
[INFO] [stderr]      Called from: [1]	/opt/rustwide/target/debug/build/safemlx-sys/039429cf28f87b09/out/build/_deps/mlx-427f983b2956844066ee3c996df4dbc8789fa6652bf3fd43945986cc85e69a24-src/mlx/backend/common/CMakeLists.txt
[INFO] [stderr]   -- Generating /opt/rustwide/target/debug/build/safemlx-sys/039429cf28f87b09/out/build/_deps/mlx-build/mlx/backend/cpu
[INFO] [stderr]      Called from: [1]	/opt/rustwide/target/debug/build/safemlx-sys/039429cf28f87b09/out/build/_deps/mlx-427f983b2956844066ee3c996df4dbc8789fa6652bf3fd43945986cc85e69a24-src/mlx/backend/cpu/CMakeLists.txt
[INFO] [stderr]   -- Generating /opt/rustwide/target/debug/build/safemlx-sys/039429cf28f87b09/out/build/_deps/mlx-build/mlx/distributed
[INFO] [stderr]      Called from: [1]	/opt/rustwide/target/debug/build/safemlx-sys/039429cf28f87b09/out/build/_deps/mlx-427f983b2956844066ee3c996df4dbc8789fa6652bf3fd43945986cc85e69a24-src/mlx/distributed/CMakeLists.txt
[INFO] [stderr]   -- Generating /opt/rustwide/target/debug/build/safemlx-sys/039429cf28f87b09/out/build/_deps/mlx-build/mlx/distributed/mpi
[INFO] [stderr]      Called from: [1]	/opt/rustwide/target/debug/build/safemlx-sys/039429cf28f87b09/out/build/_deps/mlx-427f983b2956844066ee3c996df4dbc8789fa6652bf3fd43945986cc85e69a24-src/mlx/distributed/mpi/CMakeLists.txt
[INFO] [stderr]   -- Generating /opt/rustwide/target/debug/build/safemlx-sys/039429cf28f87b09/out/build/_deps/mlx-build/mlx/distributed/ring
[INFO] [stderr]      Called from: [1]	/opt/rustwide/target/debug/build/safemlx-sys/039429cf28f87b09/out/build/_deps/mlx-427f983b2956844066ee3c996df4dbc8789fa6652bf3fd43945986cc85e69a24-src/mlx/distributed/ring/CMakeLists.txt
[INFO] [stderr]   -- Generating /opt/rustwide/target/debug/build/safemlx-sys/039429cf28f87b09/out/build/_deps/mlx-build/mlx/distributed/nccl
[INFO] [stderr]      Called from: [1]	/opt/rustwide/target/debug/build/safemlx-sys/039429cf28f87b09/out/build/_deps/mlx-427f983b2956844066ee3c996df4dbc8789fa6652bf3fd43945986cc85e69a24-src/mlx/distributed/nccl/CMakeLists.txt
[INFO] [stderr]   -- Generating /opt/rustwide/target/debug/build/safemlx-sys/039429cf28f87b09/out/build/_deps/mlx-build/mlx/distributed/jaccl
[INFO] [stderr]      Called from: [1]	/opt/rustwide/target/debug/build/safemlx-sys/039429cf28f87b09/out/build/_deps/mlx-427f983b2956844066ee3c996df4dbc8789fa6652bf3fd43945986cc85e69a24-src/mlx/distributed/jaccl/CMakeLists.txt
[INFO] [stderr]   -- Generating /opt/rustwide/target/debug/build/safemlx-sys/039429cf28f87b09/out/build/_deps/mlx-build/mlx/io
[INFO] [stderr]      Called from: [1]	/opt/rustwide/target/debug/build/safemlx-sys/039429cf28f87b09/out/build/_deps/mlx-427f983b2956844066ee3c996df4dbc8789fa6652bf3fd43945986cc85e69a24-src/mlx/io/CMakeLists.txt
[INFO] [stderr]   -- Generating /opt/rustwide/target/debug/build/safemlx-sys/039429cf28f87b09/out/build/_deps/mlx-build/mlx/backend/no_gpu
[INFO] [stderr]      Called from: [1]	/opt/rustwide/target/debug/build/safemlx-sys/039429cf28f87b09/out/build/_deps/mlx-427f983b2956844066ee3c996df4dbc8789fa6652bf3fd43945986cc85e69a24-src/mlx/backend/no_gpu/CMakeLists.txt
[INFO] [stderr]   -- Generating /opt/rustwide/target/debug/build/safemlx-sys/039429cf28f87b09/out/build/_deps/fmt-build
[INFO] [stderr]      Called from: [1]	/opt/rustwide/target/debug/build/safemlx-sys/039429cf28f87b09/out/build/_deps/fmt-src/CMakeLists.txt
[INFO] [stderr]   -- Generating done (0.1s)
[INFO] [stderr]   -- Build files have been written to: /opt/rustwide/target/debug/build/safemlx-sys/039429cf28f87b09/out/build
[INFO] [stderr]   Change Dir: '/opt/rustwide/target/debug/build/safemlx-sys/039429cf28f87b09/out/build'
[INFO] [stderr] 
[INFO] [stderr]   Run Build Command(s): /usr/bin/cmake -E env VERBOSE=1 /usr/bin/gmake -f Makefile install
[INFO] [stderr]   /usr/bin/cmake -S/opt/rustwide/cargo-home/registry/src/index.crates.io-1949cf8c6b5b557f/safemlx-sys-0.2.3/src/mlx-c -B/opt/rustwide/target/debug/build/safemlx-sys/039429cf28f87b09/out/build --check-build-system CMakeFiles/Makefile.cmake 0
[INFO] [stderr]   /usr/bin/cmake -E cmake_progress_start /opt/rustwide/target/debug/build/safemlx-sys/039429cf28f87b09/out/build/CMakeFiles /opt/rustwide/target/debug/build/safemlx-sys/039429cf28f87b09/out/build//CMakeFiles/progress.marks
[INFO] [stderr]   /usr/bin/gmake  -f CMakeFiles/Makefile2 all
[INFO] [stderr]   gmake[1]: Entering directory '/opt/rustwide/target/debug/build/safemlx-sys/039429cf28f87b09/out/build'
[INFO] [stderr]   /usr/bin/gmake  -f _deps/mlx-build/mlx/CMakeFiles/mlx_version.dir/build.make _deps/mlx-build/mlx/CMakeFiles/mlx_version.dir/depend
[INFO] [stderr]   gmake[2]: Entering directory '/opt/rustwide/target/debug/build/safemlx-sys/039429cf28f87b09/out/build'
[INFO] [stderr]   cd /opt/rustwide/target/debug/build/safemlx-sys/039429cf28f87b09/out/build && /usr/bin/cmake -E cmake_depends "Unix Makefiles" /opt/rustwide/cargo-home/registry/src/index.crates.io-1949cf8c6b5b557f/safemlx-sys-0.2.3/src/mlx-c /opt/rustwide/target/debug/build/safemlx-sys/039429cf28f87b09/out/build/_deps/mlx-427f983b2956844066ee3c996df4dbc8789fa6652bf3fd43945986cc85e69a24-src/mlx /opt/rustwide/target/debug/build/safemlx-sys/039429cf28f87b09/out/build /opt/rustwide/target/debug/build/safemlx-sys/039429cf28f87b09/out/build/_deps/mlx-build/mlx /opt/rustwide/target/debug/build/safemlx-sys/039429cf28f87b09/out/build/_deps/mlx-build/mlx/CMakeFiles/mlx_version.dir/DependInfo.cmake "--color=" mlx_version
[INFO] [stderr]   /usr/bin/gmake  -f _deps/mlx-build/mlx/backend/cpu/CMakeFiles/cpu_compiled_preamble.dir/build.make _deps/mlx-build/mlx/backend/cpu/CMakeFiles/cpu_compiled_preamble.dir/depend
[INFO] [stderr]   gmake[2]: Entering directory '/opt/rustwide/target/debug/build/safemlx-sys/039429cf28f87b09/out/build'
[INFO] [stderr]   cd /opt/rustwide/target/debug/build/safemlx-sys/039429cf28f87b09/out/build && /usr/bin/cmake -E cmake_depends "Unix Makefiles" /opt/rustwide/cargo-home/registry/src/index.crates.io-1949cf8c6b5b557f/safemlx-sys-0.2.3/src/mlx-c /opt/rustwide/target/debug/build/safemlx-sys/039429cf28f87b09/out/build/_deps/mlx-427f983b2956844066ee3c996df4dbc8789fa6652bf3fd43945986cc85e69a24-src/mlx/backend/cpu /opt/rustwide/target/debug/build/safemlx-sys/039429cf28f87b09/out/build /opt/rustwide/target/debug/build/safemlx-sys/039429cf28f87b09/out/build/_deps/mlx-build/mlx/backend/cpu /opt/rustwide/target/debug/build/safemlx-sys/039429cf28f87b09/out/build/_deps/mlx-build/mlx/backend/cpu/CMakeFiles/cpu_compiled_preamble.dir/DependInfo.cmake "--color=" cpu_compiled_preamble
[INFO] [stderr]   gmake[2]: Leaving directory '/opt/rustwide/target/debug/build/safemlx-sys/039429cf28f87b09/out/build'
[INFO] [stderr]   /usr/bin/gmake  -f _deps/mlx-build/mlx/CMakeFiles/mlx_version.dir/build.make _deps/mlx-build/mlx/CMakeFiles/mlx_version.dir/build
[INFO] [stderr]   gmake[2]: Entering directory '/opt/rustwide/target/debug/build/safemlx-sys/039429cf28f87b09/out/build'
[INFO] [stderr]   gmake[2]: Leaving directory '/opt/rustwide/target/debug/build/safemlx-sys/039429cf28f87b09/out/build'
[INFO] [stderr]   /usr/bin/gmake  -f _deps/mlx-build/mlx/backend/cpu/CMakeFiles/cpu_compiled_preamble.dir/build.make _deps/mlx-build/mlx/backend/cpu/CMakeFiles/cpu_compiled_preamble.dir/build
[INFO] [stderr]   [  1%] Building CXX object _deps/mlx-build/mlx/CMakeFiles/mlx_version.dir/version.cpp.o
[INFO] [stderr]   gmake[2]: Entering directory '/opt/rustwide/target/debug/build/safemlx-sys/039429cf28f87b09/out/build'
[INFO] [stderr]   cd /opt/rustwide/target/debug/build/safemlx-sys/039429cf28f87b09/out/build/_deps/mlx-build/mlx && /usr/bin/c++ -DMLX_STATIC -DMLX_VERSION=\"0.32.0\" -I/opt/rustwide/target/debug/build/safemlx-sys/039429cf28f87b09/out/build/_deps/mlx-427f983b2956844066ee3c996df4dbc8789fa6652bf3fd43945986cc85e69a24-src -ffunction-sections -fdata-sections -fPIC -m64 -w -g -std=gnu++20 -fPIC -fvisibility=hidden -fvisibility-inlines-hidden -MD -MT _deps/mlx-build/mlx/CMakeFiles/mlx_version.dir/version.cpp.o -MF CMakeFiles/mlx_version.dir/version.cpp.o.d -o CMakeFiles/mlx_version.dir/version.cpp.o -c /opt/rustwide/target/debug/build/safemlx-sys/039429cf28f87b09/out/build/_deps/mlx-427f983b2956844066ee3c996df4dbc8789fa6652bf3fd43945986cc85e69a24-src/mlx/version.cpp
[INFO] [stderr]   gmake[2]: Leaving directory '/opt/rustwide/target/debug/build/safemlx-sys/039429cf28f87b09/out/build'
[INFO] [stderr]   [  1%] Generating compiled_preamble.cpp
[INFO] [stderr]   cd /opt/rustwide/target/debug/build/safemlx-sys/039429cf28f87b09/out/build/_deps/mlx-build/mlx/backend/cpu && bash /opt/rustwide/target/debug/build/safemlx-sys/039429cf28f87b09/out/build/_deps/mlx-427f983b2956844066ee3c996df4dbc8789fa6652bf3fd43945986cc85e69a24-src/mlx/backend/cpu/make_compiled_preamble.sh /opt/rustwide/target/debug/build/safemlx-sys/039429cf28f87b09/out/build/_deps/mlx-build/mlx/backend/cpu/compiled_preamble.cpp /usr/bin/c++ /opt/rustwide/target/debug/build/safemlx-sys/039429cf28f87b09/out/build/_deps/mlx-427f983b2956844066ee3c996df4dbc8789fa6652bf3fd43945986cc85e69a24-src FALSE x86_64 
[INFO] [stderr]   [  1%] Built target mlx_version
[INFO] [stderr]   gmake[2]: Leaving directory '/opt/rustwide/target/debug/build/safemlx-sys/039429cf28f87b09/out/build'
[INFO] [stderr]   [  1%] Built target cpu_compiled_preamble
[INFO] [stderr]   /usr/bin/gmake  -f _deps/mlx-build/CMakeFiles/mlx.dir/build.make _deps/mlx-build/CMakeFiles/mlx.dir/depend
[INFO] [stderr]   gmake[2]: Entering directory '/opt/rustwide/target/debug/build/safemlx-sys/039429cf28f87b09/out/build'
[INFO] [stderr]   cd /opt/rustwide/target/debug/build/safemlx-sys/039429cf28f87b09/out/build && /usr/bin/cmake -E cmake_depends "Unix Makefiles" /opt/rustwide/cargo-home/registry/src/index.crates.io-1949cf8c6b5b557f/safemlx-sys-0.2.3/src/mlx-c /opt/rustwide/target/debug/build/safemlx-sys/039429cf28f87b09/out/build/_deps/mlx-427f983b2956844066ee3c996df4dbc8789fa6652bf3fd43945986cc85e69a24-src /opt/rustwide/target/debug/build/safemlx-sys/039429cf28f87b09/out/build /opt/rustwide/target/debug/build/safemlx-sys/039429cf28f87b09/out/build/_deps/mlx-build /opt/rustwide/target/debug/build/safemlx-sys/039429cf28f87b09/out/build/_deps/mlx-build/CMakeFiles/mlx.dir/DependInfo.cmake "--color=" mlx
[INFO] [stderr]   gmake[2]: Leaving directory '/opt/rustwide/target/debug/build/safemlx-sys/039429cf28f87b09/out/build'
[INFO] [stderr]   /usr/bin/gmake  -f _deps/mlx-build/CMakeFiles/mlx.dir/build.make _deps/mlx-build/CMakeFiles/mlx.dir/build
[INFO] [stderr]   gmake[2]: Entering directory '/opt/rustwide/target/debug/build/safemlx-sys/039429cf28f87b09/out/build'
[INFO] [stderr]   [  2%] Building CXX object _deps/mlx-build/CMakeFiles/mlx.dir/mlx/array.cpp.o
[INFO] [stderr]   [  2%] Building CXX object _deps/mlx-build/CMakeFiles/mlx.dir/mlx/compile.cpp.o
[INFO] [stderr]   cd /opt/rustwide/target/debug/build/safemlx-sys/039429cf28f87b09/out/build/_deps/mlx-build && /usr/bin/c++ -DFMT_HEADER_ONLY=1 -DMLX_STATIC -I/opt/rustwide/target/debug/build/safemlx-sys/039429cf28f87b09/out/build/_deps/json-src/single_include/nlohmann -I/opt/rustwide/target/debug/build/safemlx-sys/039429cf28f87b09/out/build/_deps/mlx-427f983b2956844066ee3c996df4dbc8789fa6652bf3fd43945986cc85e69a24-src -I/opt/rustwide/target/debug/build/safemlx-sys/039429cf28f87b09/out/build/_deps/fmt-src/include -ffunction-sections -fdata-sections -fPIC -m64 -w -g -std=gnu++20 -fPIC -fvisibility=hidden -fvisibility-inlines-hidden -Wno-psabi -MD -MT _deps/mlx-build/CMakeFiles/mlx.dir/mlx/array.cpp.o -MF CMakeFiles/mlx.dir/mlx/array.cpp.o.d -o CMakeFiles/mlx.dir/mlx/array.cpp.o -c /opt/rustwide/target/debug/build/safemlx-sys/039429cf28f87b09/out/build/_deps/mlx-427f983b2956844066ee3c996df4dbc8789fa6652bf3fd43945986cc85e69a24-src/mlx/array.cpp
[INFO] [stderr]   cd /opt/rustwide/target/debug/build/safemlx-sys/039429cf28f87b09/out/build/_deps/mlx-build && /usr/bin/c++ -DFMT_HEADER_ONLY=1 -DMLX_STATIC -I/opt/rustwide/target/debug/build/safemlx-sys/039429cf28f87b09/out/build/_deps/json-src/single_include/nlohmann -I/opt/rustwide/target/debug/build/safemlx-sys/039429cf28f87b09/out/build/_deps/mlx-427f983b2956844066ee3c996df4dbc8789fa6652bf3fd43945986cc85e69a24-src -I/opt/rustwide/target/debug/build/safemlx-sys/039429cf28f87b09/out/build/_deps/fmt-src/include -ffunction-sections -fdata-sections -fPIC -m64 -w -g -std=gnu++20 -fPIC -fvisibility=hidden -fvisibility-inlines-hidden -Wno-psabi -MD -MT _deps/mlx-build/CMakeFiles/mlx.dir/mlx/compile.cpp.o -MF CMakeFiles/mlx.dir/mlx/compile.cpp.o.d -o CMakeFiles/mlx.dir/mlx/compile.cpp.o -c /opt/rustwide/target/debug/build/safemlx-sys/039429cf28f87b09/out/build/_deps/mlx-427f983b2956844066ee3c996df4dbc8789fa6652bf3fd43945986cc85e69a24-src/mlx/compile.cpp
[INFO] [stderr]   [  3%] Building CXX object _deps/mlx-build/CMakeFiles/mlx.dir/mlx/dtype_utils.cpp.o
[INFO] [stderr]   [  4%] Building CXX object _deps/mlx-build/CMakeFiles/mlx.dir/mlx/fast.cpp.o
[INFO] [stderr]   cd /opt/rustwide/target/debug/build/safemlx-sys/039429cf28f87b09/out/build/_deps/mlx-build && /usr/bin/c++ -DFMT_HEADER_ONLY=1 -DMLX_STATIC -I/opt/rustwide/target/debug/build/safemlx-sys/039429cf28f87b09/out/build/_deps/json-src/single_include/nlohmann -I/opt/rustwide/target/debug/build/safemlx-sys/039429cf28f87b09/out/build/_deps/mlx-427f983b2956844066ee3c996df4dbc8789fa6652bf3fd43945986cc85e69a24-src -I/opt/rustwide/target/debug/build/safemlx-sys/039429cf28f87b09/out/build/_deps/fmt-src/include -ffunction-sections -fdata-sections -fPIC -m64 -w -g -std=gnu++20 -fPIC -fvisibility=hidden -fvisibility-inlines-hidden -Wno-psabi -MD -MT _deps/mlx-build/CMakeFiles/mlx.dir/mlx/dtype_utils.cpp.o -MF CMakeFiles/mlx.dir/mlx/dtype_utils.cpp.o.d -o CMakeFiles/mlx.dir/mlx/dtype_utils.cpp.o -c /opt/rustwide/target/debug/build/safemlx-sys/039429cf28f87b09/out/build/_deps/mlx-427f983b2956844066ee3c996df4dbc8789fa6652bf3fd43945986cc85e69a24-src/mlx/dtype_utils.cpp
[INFO] [stderr]   [  5%] Building CXX object _deps/mlx-build/CMakeFiles/mlx.dir/mlx/dtype.cpp.o
[INFO] [stderr]   [  6%] Building CXX object _deps/mlx-build/CMakeFiles/mlx.dir/mlx/einsum.cpp.o
[INFO] [stderr]   cd /opt/rustwide/target/debug/build/safemlx-sys/039429cf28f87b09/out/build/_deps/mlx-build && /usr/bin/c++ -DFMT_HEADER_ONLY=1 -DMLX_STATIC -I/opt/rustwide/target/debug/build/safemlx-sys/039429cf28f87b09/out/build/_deps/json-src/single_include/nlohmann -I/opt/rustwide/target/debug/build/safemlx-sys/039429cf28f87b09/out/build/_deps/mlx-427f983b2956844066ee3c996df4dbc8789fa6652bf3fd43945986cc85e69a24-src -I/opt/rustwide/target/debug/build/safemlx-sys/039429cf28f87b09/out/build/_deps/fmt-src/include -ffunction-sections -fdata-sections -fPIC -m64 -w -g -std=gnu++20 -fPIC -fvisibility=hidden -fvisibility-inlines-hidden -Wno-psabi -MD -MT _deps/mlx-build/CMakeFiles/mlx.dir/mlx/fast.cpp.o -MF CMakeFiles/mlx.dir/mlx/fast.cpp.o.d -o CMakeFiles/mlx.dir/mlx/fast.cpp.o -c /opt/rustwide/target/debug/build/safemlx-sys/039429cf28f87b09/out/build/_deps/mlx-427f983b2956844066ee3c996df4dbc8789fa6652bf3fd43945986cc85e69a24-src/mlx/fast.cpp
[INFO] [stderr]   cd /opt/rustwide/target/debug/build/safemlx-sys/039429cf28f87b09/out/build/_deps/mlx-build && /usr/bin/c++ -DFMT_HEADER_ONLY=1 -DMLX_STATIC -I/opt/rustwide/target/debug/build/safemlx-sys/039429cf28f87b09/out/build/_deps/json-src/single_include/nlohmann -I/opt/rustwide/target/debug/build/safemlx-sys/039429cf28f87b09/out/build/_deps/mlx-427f983b2956844066ee3c996df4dbc8789fa6652bf3fd43945986cc85e69a24-src -I/opt/rustwide/target/debug/build/safemlx-sys/039429cf28f87b09/out/build/_deps/fmt-src/include -ffunction-sections -fdata-sections -fPIC -m64 -w -g -std=gnu++20 -fPIC -fvisibility=hidden -fvisibility-inlines-hidden -Wno-psabi -MD -MT _deps/mlx-build/CMakeFiles/mlx.dir/mlx/einsum.cpp.o -MF CMakeFiles/mlx.dir/mlx/einsum.cpp.o.d -o CMakeFiles/mlx.dir/mlx/einsum.cpp.o -c /opt/rustwide/target/debug/build/safemlx-sys/039429cf28f87b09/out/build/_deps/mlx-427f983b2956844066ee3c996df4dbc8789fa6652bf3fd43945986cc85e69a24-src/mlx/einsum.cpp
[INFO] [stderr]   [  4%] Building CXX object _deps/mlx-build/CMakeFiles/mlx.dir/mlx/export.cpp.o
[INFO] [stderr]   cd /opt/rustwide/target/debug/build/safemlx-sys/039429cf28f87b09/out/build/_deps/mlx-build && /usr/bin/c++ -DFMT_HEADER_ONLY=1 -DMLX_STATIC -I/opt/rustwide/target/debug/build/safemlx-sys/039429cf28f87b09/out/build/_deps/json-src/single_include/nlohmann -I/opt/rustwide/target/debug/build/safemlx-sys/039429cf28f87b09/out/build/_deps/mlx-427f983b2956844066ee3c996df4dbc8789fa6652bf3fd43945986cc85e69a24-src -I/opt/rustwide/target/debug/build/safemlx-sys/039429cf28f87b09/out/build/_deps/fmt-src/include -ffunction-sections -fdata-sections -fPIC -m64 -w -g -std=gnu++20 -fPIC -fvisibility=hidden -fvisibility-inlines-hidden -Wno-psabi -MD -MT _deps/mlx-build/CMakeFiles/mlx.dir/mlx/export.cpp.o -MF CMakeFiles/mlx.dir/mlx/export.cpp.o.d -o CMakeFiles/mlx.dir/mlx/export.cpp.o -c /opt/rustwide/target/debug/build/safemlx-sys/039429cf28f87b09/out/build/_deps/mlx-427f983b2956844066ee3c996df4dbc8789fa6652bf3fd43945986cc85e69a24-src/mlx/export.cpp
[INFO] [stderr]   [  7%] Building CXX object _deps/mlx-build/CMakeFiles/mlx.dir/mlx/primitives.cpp.o
[INFO] [stderr]   cd /opt/rustwide/target/debug/build/safemlx-sys/039429cf28f87b09/out/build/_deps/mlx-build && /usr/bin/c++ -DFMT_HEADER_ONLY=1 -DMLX_STATIC -I/opt/rustwide/target/debug/build/safemlx-sys/039429cf28f87b09/out/build/_deps/json-src/single_include/nlohmann -I/opt/rustwide/target/debug/build/safemlx-sys/039429cf28f87b09/out/build/_deps/mlx-427f983b2956844066ee3c996df4dbc8789fa6652bf3fd43945986cc85e69a24-src -I/opt/rustwide/target/debug/build/safemlx-sys/039429cf28f87b09/out/build/_deps/fmt-src/include -ffunction-sections -fdata-sections -fPIC -m64 -w -g -std=gnu++20 -fPIC -fvisibility=hidden -fvisibility-inlines-hidden -Wno-psabi -MD -MT _deps/mlx-build/CMakeFiles/mlx.dir/mlx/dtype.cpp.o -MF CMakeFiles/mlx.dir/mlx/dtype.cpp.o.d -o CMakeFiles/mlx.dir/mlx/dtype.cpp.o -c /opt/rustwide/target/debug/build/safemlx-sys/039429cf28f87b09/out/build/_deps/mlx-427f983b2956844066ee3c996df4dbc8789fa6652bf3fd43945986cc85e69a24-src/mlx/dtype.cpp
[INFO] [stderr]   [  9%] Building CXX object _deps/mlx-build/CMakeFiles/mlx.dir/mlx/ops.cpp.o
[INFO] [stderr]   [ 11%] Building CXX object _deps/mlx-build/CMakeFiles/mlx.dir/mlx/fft.cpp.o
[INFO] [stderr]   [ 11%] Building CXX object _deps/mlx-build/CMakeFiles/mlx.dir/mlx/graph_utils.cpp.o
[INFO] [stderr]   [  8%] Building CXX object _deps/mlx-build/CMakeFiles/mlx.dir/mlx/host_transfer.cpp.o
[INFO] [stderr]   [ 11%] Building CXX object _deps/mlx-build/CMakeFiles/mlx.dir/mlx/random.cpp.o
[INFO] [stderr]   cd /opt/rustwide/target/debug/build/safemlx-sys/039429cf28f87b09/out/build/_deps/mlx-build && /usr/bin/c++ -DFMT_HEADER_ONLY=1 -DMLX_STATIC -I/opt/rustwide/target/debug/build/safemlx-sys/039429cf28f87b09/out/build/_deps/json-src/single_include/nlohmann -I/opt/rustwide/target/debug/build/safemlx-sys/039429cf28f87b09/out/build/_deps/mlx-427f983b2956844066ee3c996df4dbc8789fa6652bf3fd43945986cc85e69a24-src -I/opt/rustwide/target/debug/build/safemlx-sys/039429cf28f87b09/out/build/_deps/fmt-src/include -ffunction-sections -fdata-sections -fPIC -m64 -w -g -std=gnu++20 -fPIC -fvisibility=hidden -fvisibility-inlines-hidden -Wno-psabi -MD -MT _deps/mlx-build/CMakeFiles/mlx.dir/mlx/fft.cpp.o -MF CMakeFiles/mlx.dir/mlx/fft.cpp.o.d -o CMakeFiles/mlx.dir/mlx/fft.cpp.o -c /opt/rustwide/target/debug/build/safemlx-sys/039429cf28f87b09/out/build/_deps/mlx-427f983b2956844066ee3c996df4dbc8789fa6652bf3fd43945986cc85e69a24-src/mlx/fft.cpp
[INFO] [stderr]   cd /opt/rustwide/target/debug/build/safemlx-sys/039429cf28f87b09/out/build/_deps/mlx-build && /usr/bin/c++ -DFMT_HEADER_ONLY=1 -DMLX_STATIC -I/opt/rustwide/target/debug/build/safemlx-sys/039429cf28f87b09/out/build/_deps/json-src/single_include/nlohmann -I/opt/rustwide/target/debug/build/safemlx-sys/039429cf28f87b09/out/build/_deps/mlx-427f983b2956844066ee3c996df4dbc8789fa6652bf3fd43945986cc85e69a24-src -I/opt/rustwide/target/debug/build/safemlx-sys/039429cf28f87b09/out/build/_deps/fmt-src/include -ffunction-sections -fdata-sections -fPIC -m64 -w -g -std=gnu++20 -fPIC -fvisibility=hidden -fvisibility-inlines-hidden -Wno-psabi -MD -MT _deps/mlx-build/CMakeFiles/mlx.dir/mlx/ops.cpp.o -MF CMakeFiles/mlx.dir/mlx/ops.cpp.o.d -o CMakeFiles/mlx.dir/mlx/ops.cpp.o -c /opt/rustwide/target/debug/build/safemlx-sys/039429cf28f87b09/out/build/_deps/mlx-427f983b2956844066ee3c996df4dbc8789fa6652bf3fd43945986cc85e69a24-src/mlx/ops.cpp
[INFO] [stderr]   cd /opt/rustwide/target/debug/build/safemlx-sys/039429cf28f87b09/out/build/_deps/mlx-build && /usr/bin/c++ -DFMT_HEADER_ONLY=1 -DMLX_STATIC -I/opt/rustwide/target/debug/build/safemlx-sys/039429cf28f87b09/out/build/_deps/json-src/single_include/nlohmann -I/opt/rustwide/target/debug/build/safemlx-sys/039429cf28f87b09/out/build/_deps/mlx-427f983b2956844066ee3c996df4dbc8789fa6652bf3fd43945986cc85e69a24-src -I/opt/rustwide/target/debug/build/safemlx-sys/039429cf28f87b09/out/build/_deps/fmt-src/include -ffunction-sections -fdata-sections -fPIC -m64 -w -g -std=gnu++20 -fPIC -fvisibility=hidden -fvisibility-inlines-hidden -Wno-psabi -MD -MT _deps/mlx-build/CMakeFiles/mlx.dir/mlx/graph_utils.cpp.o -MF CMakeFiles/mlx.dir/mlx/graph_utils.cpp.o.d -o CMakeFiles/mlx.dir/mlx/graph_utils.cpp.o -c /opt/rustwide/target/debug/build/safemlx-sys/039429cf28f87b09/out/build/_deps/mlx-427f983b2956844066ee3c996df4dbc8789fa6652bf3fd43945986cc85e69a24-src/mlx/graph_utils.cpp
[INFO] [stderr]   cd /opt/rustwide/target/debug/build/safemlx-sys/039429cf28f87b09/out/build/_deps/mlx-build && /usr/bin/c++ -DFMT_HEADER_ONLY=1 -DMLX_STATIC -I/opt/rustwide/target/debug/build/safemlx-sys/039429cf28f87b09/out/build/_deps/json-src/single_include/nlohmann -I/opt/rustwide/target/debug/build/safemlx-sys/039429cf28f87b09/out/build/_deps/mlx-427f983b2956844066ee3c996df4dbc8789fa6652bf3fd43945986cc85e69a24-src -I/opt/rustwide/target/debug/build/safemlx-sys/039429cf28f87b09/out/build/_deps/fmt-src/include -ffunction-sections -fdata-sections -fPIC -m64 -w -g -std=gnu++20 -fPIC -fvisibility=hidden -fvisibility-inlines-hidden -Wno-psabi -MD -MT _deps/mlx-build/CMakeFiles/mlx.dir/mlx/host_transfer.cpp.o -MF CMakeFiles/mlx.dir/mlx/host_transfer.cpp.o.d -o CMakeFiles/mlx.dir/mlx/host_transfer.cpp.o -c /opt/rustwide/target/debug/build/safemlx-sys/039429cf28f87b09/out/build/_deps/mlx-427f983b2956844066ee3c996df4dbc8789fa6652bf3fd43945986cc85e69a24-src/mlx/host_transfer.cpp
[INFO] [stderr]   cd /opt/rustwide/target/debug/build/safemlx-sys/039429cf28f87b09/out/build/_deps/mlx-build && /usr/bin/c++ -DFMT_HEADER_ONLY=1 -DMLX_STATIC -I/opt/rustwide/target/debug/build/safemlx-sys/039429cf28f87b09/out/build/_deps/json-src/single_include/nlohmann -I/opt/rustwide/target/debug/build/safemlx-sys/039429cf28f87b09/out/build/_deps/mlx-427f983b2956844066ee3c996df4dbc8789fa6652bf3fd43945986cc85e69a24-src -I/opt/rustwide/target/debug/build/safemlx-sys/039429cf28f87b09/out/build/_deps/fmt-src/include -ffunction-sections -fdata-sections -fPIC -m64 -w -g -std=gnu++20 -fPIC -fvisibility=hidden -fvisibility-inlines-hidden -Wno-psabi -MD -MT _deps/mlx-build/CMakeFiles/mlx.dir/mlx/primitives.cpp.o -MF CMakeFiles/mlx.dir/mlx/primitives.cpp.o.d -o CMakeFiles/mlx.dir/mlx/primitives.cpp.o -c /opt/rustwide/target/debug/build/safemlx-sys/039429cf28f87b09/out/build/_deps/mlx-427f983b2956844066ee3c996df4dbc8789fa6652bf3fd43945986cc85e69a24-src/mlx/primitives.cpp
[INFO] [stderr]   cd /opt/rustwide/target/debug/build/safemlx-sys/039429cf28f87b09/out/build/_deps/mlx-build && /usr/bin/c++ -DFMT_HEADER_ONLY=1 -DMLX_STATIC -I/opt/rustwide/target/debug/build/safemlx-sys/039429cf28f87b09/out/build/_deps/json-src/single_include/nlohmann -I/opt/rustwide/target/debug/build/safemlx-sys/039429cf28f87b09/out/build/_deps/mlx-427f983b2956844066ee3c996df4dbc8789fa6652bf3fd43945986cc85e69a24-src -I/opt/rustwide/target/debug/build/safemlx-sys/039429cf28f87b09/out/build/_deps/fmt-src/include -ffunction-sections -fdata-sections -fPIC -m64 -w -g -std=gnu++20 -fPIC -fvisibility=hidden -fvisibility-inlines-hidden -Wno-psabi -MD -MT _deps/mlx-build/CMakeFiles/mlx.dir/mlx/random.cpp.o -MF CMakeFiles/mlx.dir/mlx/random.cpp.o.d -o CMakeFiles/mlx.dir/mlx/random.cpp.o -c /opt/rustwide/target/debug/build/safemlx-sys/039429cf28f87b09/out/build/_deps/mlx-427f983b2956844066ee3c996df4dbc8789fa6652bf3fd43945986cc85e69a24-src/mlx/random.cpp
[INFO] [stderr]   [ 12%] Building CXX object _deps/mlx-build/CMakeFiles/mlx.dir/mlx/device.cpp.o
[INFO] [stderr]   cd /opt/rustwide/target/debug/build/safemlx-sys/039429cf28f87b09/out/build/_deps/mlx-build && /usr/bin/c++ -DFMT_HEADER_ONLY=1 -DMLX_STATIC -I/opt/rustwide/target/debug/build/safemlx-sys/039429cf28f87b09/out/build/_deps/json-src/single_include/nlohmann -I/opt/rustwide/target/debug/build/safemlx-sys/039429cf28f87b09/out/build/_deps/mlx-427f983b2956844066ee3c996df4dbc8789fa6652bf3fd43945986cc85e69a24-src -I/opt/rustwide/target/debug/build/safemlx-sys/039429cf28f87b09/out/build/_deps/fmt-src/include -ffunction-sections -fdata-sections -fPIC -m64 -w -g -std=gnu++20 -fPIC -fvisibility=hidden -fvisibility-inlines-hidden -Wno-psabi -MD -MT _deps/mlx-build/CMakeFiles/mlx.dir/mlx/device.cpp.o -MF CMakeFiles/mlx.dir/mlx/device.cpp.o.d -o CMakeFiles/mlx.dir/mlx/device.cpp.o -c /opt/rustwide/target/debug/build/safemlx-sys/039429cf28f87b09/out/build/_deps/mlx-427f983b2956844066ee3c996df4dbc8789fa6652bf3fd43945986cc85e69a24-src/mlx/device.cpp
[INFO] [stderr]   [ 13%] Building CXX object _deps/mlx-build/CMakeFiles/mlx.dir/mlx/scheduler.cpp.o
[INFO] [stderr]   cd /opt/rustwide/target/debug/build/safemlx-sys/039429cf28f87b09/out/build/_deps/mlx-build && /usr/bin/c++ -DFMT_HEADER_ONLY=1 -DMLX_STATIC -I/opt/rustwide/target/debug/build/safemlx-sys/039429cf28f87b09/out/build/_deps/json-src/single_include/nlohmann -I/opt/rustwide/target/debug/build/safemlx-sys/039429cf28f87b09/out/build/_deps/mlx-427f983b2956844066ee3c996df4dbc8789fa6652bf3fd43945986cc85e69a24-src -I/opt/rustwide/target/debug/build/safemlx-sys/039429cf28f87b09/out/build/_deps/fmt-src/include -ffunction-sections -fdata-sections -fPIC -m64 -w -g -std=gnu++20 -fPIC -fvisibility=hidden -fvisibility-inlines-hidden -Wno-psabi -MD -MT _deps/mlx-build/CMakeFiles/mlx.dir/mlx/scheduler.cpp.o -MF CMakeFiles/mlx.dir/mlx/scheduler.cpp.o.d -o CMakeFiles/mlx.dir/mlx/scheduler.cpp.o -c /opt/rustwide/target/debug/build/safemlx-sys/039429cf28f87b09/out/build/_deps/mlx-427f983b2956844066ee3c996df4dbc8789fa6652bf3fd43945986cc85e69a24-src/mlx/scheduler.cpp
[INFO] [stderr]   [ 14%] Building CXX object _deps/mlx-build/CMakeFiles/mlx.dir/mlx/stream.cpp.o
[INFO] [stderr]   cd /opt/rustwide/target/debug/build/safemlx-sys/039429cf28f87b09/out/build/_deps/mlx-build && /usr/bin/c++ -DFMT_HEADER_ONLY=1 -DMLX_STATIC -I/opt/rustwide/target/debug/build/safemlx-sys/039429cf28f87b09/out/build/_deps/json-src/single_include/nlohmann -I/opt/rustwide/target/debug/build/safemlx-sys/039429cf28f87b09/out/build/_deps/mlx-427f983b2956844066ee3c996df4dbc8789fa6652bf3fd43945986cc85e69a24-src -I/opt/rustwide/target/debug/build/safemlx-sys/039429cf28f87b09/out/build/_deps/fmt-src/include -ffunction-sections -fdata-sections -fPIC -m64 -w -g -std=gnu++20 -fPIC -fvisibility=hidden -fvisibility-inlines-hidden -Wno-psabi -MD -MT _deps/mlx-build/CMakeFiles/mlx.dir/mlx/stream.cpp.o -MF CMakeFiles/mlx.dir/mlx/stream.cpp.o.d -o CMakeFiles/mlx.dir/mlx/stream.cpp.o -c /opt/rustwide/target/debug/build/safemlx-sys/039429cf28f87b09/out/build/_deps/mlx-427f983b2956844066ee3c996df4dbc8789fa6652bf3fd43945986cc85e69a24-src/mlx/stream.cpp
[INFO] [stderr]   [ 15%] Building CXX object _deps/mlx-build/CMakeFiles/mlx.dir/mlx/submission.cpp.o
[INFO] [stderr]   cd /opt/rustwide/target/debug/build/safemlx-sys/039429cf28f87b09/out/build/_deps/mlx-build && /usr/bin/c++ -DFMT_HEADER_ONLY=1 -DMLX_STATIC -I/opt/rustwide/target/debug/build/safemlx-sys/039429cf28f87b09/out/build/_deps/json-src/single_include/nlohmann -I/opt/rustwide/target/debug/build/safemlx-sys/039429cf28f87b09/out/build/_deps/mlx-427f983b2956844066ee3c996df4dbc8789fa6652bf3fd43945986cc85e69a24-src -I/opt/rustwide/target/debug/build/safemlx-sys/039429cf28f87b09/out/build/_deps/fmt-src/include -ffunction-sections -fdata-sections -fPIC -m64 -w -g -std=gnu++20 -fPIC -fvisibility=hidden -fvisibility-inlines-hidden -Wno-psabi -MD -MT _deps/mlx-build/CMakeFiles/mlx.dir/mlx/submission.cpp.o -MF CMakeFiles/mlx.dir/mlx/submission.cpp.o.d -o CMakeFiles/mlx.dir/mlx/submission.cpp.o -c /opt/rustwide/target/debug/build/safemlx-sys/039429cf28f87b09/out/build/_deps/mlx-427f983b2956844066ee3c996df4dbc8789fa6652bf3fd43945986cc85e69a24-src/mlx/submission.cpp
[INFO] [stderr]   gmake[2]: Leaving directory '/opt/rustwide/target/debug/build/safemlx-sys/039429cf28f87b09/out/build'
[INFO] [stderr]   gmake[1]: Leaving directory '/opt/rustwide/target/debug/build/safemlx-sys/039429cf28f87b09/out/build'
[INFO] [stderr] 
[INFO] [stderr] 
[INFO] [stderr]   --- stderr
[INFO] [stderr]   running: cd "/opt/rustwide/target/debug/build/safemlx-sys/039429cf28f87b09/out/build" && CMAKE_PREFIX_PATH="" LC_ALL="C" "cmake" "-Wdev" "--debug-output" "/opt/rustwide/cargo-home/registry/src/index.crates.io-1949cf8c6b5b557f/safemlx-sys-0.2.3/src/mlx-c" "-B" "/opt/rustwide/target/debug/build/safemlx-sys/039429cf28f87b09/out/build" "-DCMAKE_INSTALL_PREFIX=." "-DCMAKE_BUILD_TYPE=Debug" "-DBUILD_SHARED_LIBS=OFF" "-DMLX_C_BUILD_EXAMPLES=OFF" "-DMLX_BUILD_GGUF=OFF" "-DMLX_BUILD_METAL=OFF" "-DMLX_BUILD_ACCELERATE=OFF" "-DMLX_BUILD_CUDA=OFF" "-DCMAKE_C_FLAGS= -ffunction-sections -fdata-sections -fPIC -m64 -w" "-DCMAKE_C_COMPILER=/usr/bin/cc" "-DCMAKE_CXX_FLAGS= -ffunction-sections -fdata-sections -fPIC -m64 -w" "-DCMAKE_CXX_COMPILER=/usr/bin/c++" "-DCMAKE_ASM_FLAGS= -ffunction-sections -fdata-sections -fPIC -m64 -w" "-DCMAKE_ASM_COMPILER=/usr/bin/cc" "-DCMAKE_VERBOSE_MAKEFILE:BOOL=ON"
[INFO] [stderr]   CMake Warning (dev) at /usr/share/cmake-4.2/Modules/CMakeDetermineCompiler.cmake:128 (set):
[INFO] [stderr]     Policy CMP0126 is not set: set(CACHE) does not remove a normal variable of
[INFO] [stderr]     the same name.  Run "cmake --help-policy CMP0126" for policy details.  Use
[INFO] [stderr]     the cmake_policy command to set the policy and suppress this warning.
[INFO] [stderr] 
[INFO] [stderr]     For compatibility with older versions of CMake, normal variable
[INFO] [stderr]     "CMAKE_CXX_COMPILER" will be removed from the current scope.
[INFO] [stderr]   Call Stack (most recent call first):
[INFO] [stderr]     /usr/share/cmake-4.2/Modules/CMakeDetermineCXXCompiler.cmake:71 (_cmake_find_compiler_path)
[INFO] [stderr]     CMakeLists.txt:6 (project)
[INFO] [stderr]   This warning is for project developers.  Use -Wno-dev to suppress it.
[INFO] [stderr] 
[INFO] [stderr]      Called from: [3]	/opt/rustwide/cargo-home/registry/src/index.crates.io-1949cf8c6b5b557f/safemlx-sys-0.2.3/src/mlx-c/CMakeLists.txt
[INFO] [stderr]                   [2]	/usr/share/cmake-4.2/Modules/CMakeDetermineCXXCompiler.cmake
[INFO] [stderr]                   [1]	/usr/share/cmake-4.2/Modules/CMakeDetermineCompiler.cmake
[INFO] [stderr]   CMake Warning (dev) at /usr/share/cmake-4.2/Modules/CMakeDetermineCompiler.cmake:128 (set):
[INFO] [stderr]     Policy CMP0126 is not set: set(CACHE) does not remove a normal variable of
[INFO] [stderr]     the same name.  Run "cmake --help-policy CMP0126" for policy details.  Use
[INFO] [stderr]     the cmake_policy command to set the policy and suppress this warning.
[INFO] [stderr] 
[INFO] [stderr]     For compatibility with older versions of CMake, normal variable
[INFO] [stderr]     "CMAKE_C_COMPILER" will be removed from the current scope.
[INFO] [stderr]   Call Stack (most recent call first):
[INFO] [stderr]     /usr/share/cmake-4.2/Modules/CMakeDetermineCCompiler.cmake:67 (_cmake_find_compiler_path)
[INFO] [stderr]     CMakeLists.txt:6 (project)
[INFO] [stderr]   This warning is for project developers.  Use -Wno-dev to suppress it.
[INFO] [stderr] 
[INFO] [stderr]      Called from: [3]	/opt/rustwide/cargo-home/registry/src/index.crates.io-1949cf8c6b5b557f/safemlx-sys-0.2.3/src/mlx-c/CMakeLists.txt
[INFO] [stderr]                   [2]	/usr/share/cmake-4.2/Modules/CMakeDetermineCCompiler.cmake
[INFO] [stderr]                   [1]	/usr/share/cmake-4.2/Modules/CMakeDetermineCompiler.cmake
[INFO] [stderr]   CMake Warning (dev) at /usr/share/cmake-4.2/Modules/CMakeFindBinUtils.cmake:243 (find_program):
[INFO] [stderr]     Policy CMP0126 is not set: set(CACHE) does not remove a normal variable of
[INFO] [stderr]     the same name.  Run "cmake --help-policy CMP0126" for policy details.  Use
[INFO] [stderr]     the cmake_policy command to set the policy and suppress this warning.
[INFO] [stderr] 
[INFO] [stderr]     For compatibility with older versions of CMake, normal variable
[INFO] [stderr]     "CMAKE_TAPI" will be removed from the current scope.
[INFO] [stderr]   Call Stack (most recent call first):
[INFO] [stderr]     /usr/share/cmake-4.2/Modules/CMakeDetermineCCompiler.cmake:200 (include)
[INFO] [stderr]     CMakeLists.txt:6 (project)
[INFO] [stderr]   This warning is for project developers.  Use -Wno-dev to suppress it.
[INFO] [stderr] 
[INFO] [stderr]      Called from: [3]	/opt/rustwide/cargo-home/registry/src/index.crates.io-1949cf8c6b5b557f/safemlx-sys-0.2.3/src/mlx-c/CMakeLists.txt
[INFO] [stderr]                   [2]	/usr/share/cmake-4.2/Modules/CMakeDetermineCCompiler.cmake
[INFO] [stderr]                   [1]	/usr/share/cmake-4.2/Modules/CMakeFindBinUtils.cmake
[INFO] [stderr]      Entering             /opt/rustwide/target/debug/build/safemlx-sys/039429cf28f87b09/out/build/_deps/mlx-427f983b2956844066ee3c996df4dbc8789fa6652bf3fd43945986cc85e69a24-src
[INFO] [stderr]      Called from: [3]	/opt/rustwide/cargo-home/registry/src/index.crates.io-1949cf8c6b5b557f/safemlx-sys-0.2.3/src/mlx-c/CMakeLists.txt
[INFO] [stderr]                   [2]	/usr/share/cmake-4.2/Modules/FetchContent.cmake
[INFO] [stderr]                   [1]	/usr/share/cmake-4.2/Modules/FetchContent.cmake
[INFO] [stderr]   CMake Warning (dev) at /opt/rustwide/target/debug/build/safemlx-sys/039429cf28f87b09/out/build/_deps/mlx-427f983b2956844066ee3c996df4dbc8789fa6652bf3fd43945986cc85e69a24-src/CMakeLists.txt:4 (file):
[INFO] [stderr]     Policy CMP0159 is not set: file(STRINGS) with REGEX updates
[INFO] [stderr]     CMAKE_MATCH_<n>.  Run "cmake --help-policy CMP0159" for policy details.
[INFO] [stderr]     Use the cmake_policy command to set the policy and suppress this warning.
[INFO] [stderr] 
[INFO] [stderr]     For compatibility, CMake is leaving CMAKE_MATCH_<n> unchanged.
[INFO] [stderr]   This warning is for project developers.  Use -Wno-dev to suppress it.
[INFO] [stderr] 
[INFO] [stderr]      Called from: [1]	/opt/rustwide/target/debug/build/safemlx-sys/039429cf28f87b09/out/build/_deps/mlx-427f983b2956844066ee3c996df4dbc8789fa6652bf3fd43945986cc85e69a24-src/CMakeLists.txt
[INFO] [stderr]      Entering             /opt/rustwide/target/debug/build/safemlx-sys/039429cf28f87b09/out/build/_deps/json-src
[INFO] [stderr]      Called from: [3]	/opt/rustwide/target/debug/build/safemlx-sys/039429cf28f87b09/out/build/_deps/mlx-427f983b2956844066ee3c996df4dbc8789fa6652bf3fd43945986cc85e69a24-src/CMakeLists.txt
[INFO] [stderr]                   [2]	/usr/share/cmake-4.2/Modules/FetchContent.cmake
[INFO] [stderr]                   [1]	/usr/share/cmake-4.2/Modules/FetchContent.cmake
[INFO] [stderr]      Returning to         /opt/rustwide/target/debug/build/safemlx-sys/039429cf28f87b09/out/build/_deps/mlx-427f983b2956844066ee3c996df4dbc8789fa6652bf3fd43945986cc85e69a24-src
[INFO] [stderr]      Called from: [3]	/opt/rustwide/target/debug/build/safemlx-sys/039429cf28f87b09/out/build/_deps/mlx-427f983b2956844066ee3c996df4dbc8789fa6652bf3fd43945986cc85e69a24-src/CMakeLists.txt
[INFO] [stderr]                   [2]	/usr/share/cmake-4.2/Modules/FetchContent.cmake
[INFO] [stderr]                   [1]	/usr/share/cmake-4.2/Modules/FetchContent.cmake
[INFO] [stderr]      Entering             /opt/rustwide/target/debug/build/safemlx-sys/039429cf28f87b09/out/build/_deps/mlx-427f983b2956844066ee3c996df4dbc8789fa6652bf3fd43945986cc85e69a24-src/mlx
[INFO] [stderr]      Called from: [1]	/opt/rustwide/target/debug/build/safemlx-sys/039429cf28f87b09/out/build/_deps/mlx-427f983b2956844066ee3c996df4dbc8789fa6652bf3fd43945986cc85e69a24-src/CMakeLists.txt
[INFO] [stderr]      Entering             /opt/rustwide/target/debug/build/safemlx-sys/039429cf28f87b09/out/build/_deps/mlx-427f983b2956844066ee3c996df4dbc8789fa6652bf3fd43945986cc85e69a24-src/mlx/backend/common
[INFO] [stderr]      Called from: [1]	/opt/rustwide/target/debug/build/safemlx-sys/039429cf28f87b09/out/build/_deps/mlx-427f983b2956844066ee3c996df4dbc8789fa6652bf3fd43945986cc85e69a24-src/mlx/CMakeLists.txt
[INFO] [stderr]      Returning to         /opt/rustwide/target/debug/build/safemlx-sys/039429cf28f87b09/out/build/_deps/mlx-427f983b2956844066ee3c996df4dbc8789fa6652bf3fd43945986cc85e69a24-src/mlx
[INFO] [stderr]      Called from: [1]	/opt/rustwide/target/debug/build/safemlx-sys/039429cf28f87b09/out/build/_deps/mlx-427f983b2956844066ee3c996df4dbc8789fa6652bf3fd43945986cc85e69a24-src/mlx/CMakeLists.txt
[INFO] [stderr]      Entering             /opt/rustwide/target/debug/build/safemlx-sys/039429cf28f87b09/out/build/_deps/mlx-427f983b2956844066ee3c996df4dbc8789fa6652bf3fd43945986cc85e69a24-src/mlx/backend/cpu
[INFO] [stderr]      Called from: [1]	/opt/rustwide/target/debug/build/safemlx-sys/039429cf28f87b09/out/build/_deps/mlx-427f983b2956844066ee3c996df4dbc8789fa6652bf3fd43945986cc85e69a24-src/mlx/CMakeLists.txt
[INFO] [stderr]      Returning to         /opt/rustwide/target/debug/build/safemlx-sys/039429cf28f87b09/out/build/_deps/mlx-427f983b2956844066ee3c996df4dbc8789fa6652bf3fd43945986cc85e69a24-src/mlx
[INFO] [stderr]      Called from: [1]	/opt/rustwide/target/debug/build/safemlx-sys/039429cf28f87b09/out/build/_deps/mlx-427f983b2956844066ee3c996df4dbc8789fa6652bf3fd43945986cc85e69a24-src/mlx/CMakeLists.txt
[INFO] [stderr]      Entering             /opt/rustwide/target/debug/build/safemlx-sys/039429cf28f87b09/out/build/_deps/mlx-427f983b2956844066ee3c996df4dbc8789fa6652bf3fd43945986cc85e69a24-src/mlx/distributed
[INFO] [stderr]      Called from: [1]	/opt/rustwide/target/debug/build/safemlx-sys/039429cf28f87b09/out/build/_deps/mlx-427f983b2956844066ee3c996df4dbc8789fa6652bf3fd43945986cc85e69a24-src/mlx/CMakeLists.txt
[INFO] [stderr]      Entering             /opt/rustwide/target/debug/build/safemlx-sys/039429cf28f87b09/out/build/_deps/mlx-427f983b2956844066ee3c996df4dbc8789fa6652bf3fd43945986cc85e69a24-src/mlx/distributed/mpi
[INFO] [stderr]      Called from: [1]	/opt/rustwide/target/debug/build/safemlx-sys/039429cf28f87b09/out/build/_deps/mlx-427f983b2956844066ee3c996df4dbc8789fa6652bf3fd43945986cc85e69a24-src/mlx/distributed/CMakeLists.txt
[INFO] [stderr]      Returning to         /opt/rustwide/target/debug/build/safemlx-sys/039429cf28f87b09/out/build/_deps/mlx-427f983b2956844066ee3c996df4dbc8789fa6652bf3fd43945986cc85e69a24-src/mlx/distributed
[INFO] [stderr]      Called from: [1]	/opt/rustwide/target/debug/build/safemlx-sys/039429cf28f87b09/out/build/_deps/mlx-427f983b2956844066ee3c996df4dbc8789fa6652bf3fd43945986cc85e69a24-src/mlx/distributed/CMakeLists.txt
[INFO] [stderr]      Entering             /opt/rustwide/target/debug/build/safemlx-sys/039429cf28f87b09/out/build/_deps/mlx-427f983b2956844066ee3c996df4dbc8789fa6652bf3fd43945986cc85e69a24-src/mlx/distributed/ring
[INFO] [stderr]      Called from: [1]	/opt/rustwide/target/debug/build/safemlx-sys/039429cf28f87b09/out/build/_deps/mlx-427f983b2956844066ee3c996df4dbc8789fa6652bf3fd43945986cc85e69a24-src/mlx/distributed/CMakeLists.txt
[INFO] [stderr]      Returning to         /opt/rustwide/target/debug/build/safemlx-sys/039429cf28f87b09/out/build/_deps/mlx-427f983b2956844066ee3c996df4dbc8789fa6652bf3fd43945986cc85e69a24-src/mlx/distributed
[INFO] [stderr]      Called from: [1]	/opt/rustwide/target/debug/build/safemlx-sys/039429cf28f87b09/out/build/_deps/mlx-427f983b2956844066ee3c996df4dbc8789fa6652bf3fd43945986cc85e69a24-src/mlx/distributed/CMakeLists.txt
[INFO] [stderr]      Entering             /opt/rustwide/target/debug/build/safemlx-sys/039429cf28f87b09/out/build/_deps/mlx-427f983b2956844066ee3c996df4dbc8789fa6652bf3fd43945986cc85e69a24-src/mlx/distributed/nccl
[INFO] [stderr]      Called from: [1]	/opt/rustwide/target/debug/build/safemlx-sys/039429cf28f87b09/out/build/_deps/mlx-427f983b2956844066ee3c996df4dbc8789fa6652bf3fd43945986cc85e69a24-src/mlx/distributed/CMakeLists.txt
[INFO] [stderr]      Returning to         /opt/rustwide/target/debug/build/safemlx-sys/039429cf28f87b09/out/build/_deps/mlx-427f983b2956844066ee3c996df4dbc8789fa6652bf3fd43945986cc85e69a24-src/mlx/distributed
[INFO] [stderr]      Called from: [1]	/opt/rustwide/target/debug/build/safemlx-sys/039429cf28f87b09/out/build/_deps/mlx-427f983b2956844066ee3c996df4dbc8789fa6652bf3fd43945986cc85e69a24-src/mlx/distributed/CMakeLists.txt
[INFO] [stderr]      Entering             /opt/rustwide/target/debug/build/safemlx-sys/039429cf28f87b09/out/build/_deps/mlx-427f983b2956844066ee3c996df4dbc8789fa6652bf3fd43945986cc85e69a24-src/mlx/distributed/jaccl
[INFO] [stderr]      Called from: [1]	/opt/rustwide/target/debug/build/safemlx-sys/039429cf28f87b09/out/build/_deps/mlx-427f983b2956844066ee3c996df4dbc8789fa6652bf3fd43945986cc85e69a24-src/mlx/distributed/CMakeLists.txt
[INFO] [stderr]      Returning to         /opt/rustwide/target/debug/build/safemlx-sys/039429cf28f87b09/out/build/_deps/mlx-427f983b2956844066ee3c996df4dbc8789fa6652bf3fd43945986cc85e69a24-src/mlx/distributed
[INFO] [stderr]      Called from: [1]	/opt/rustwide/target/debug/build/safemlx-sys/039429cf28f87b09/out/build/_deps/mlx-427f983b2956844066ee3c996df4dbc8789fa6652bf3fd43945986cc85e69a24-src/mlx/distributed/CMakeLists.txt
[INFO] [stderr]      Returning to         /opt/rustwide/target/debug/build/safemlx-sys/039429cf28f87b09/out/build/_deps/mlx-427f983b2956844066ee3c996df4dbc8789fa6652bf3fd43945986cc85e69a24-src/mlx
[INFO] [stderr]      Called from: [1]	/opt/rustwide/target/debug/build/safemlx-sys/039429cf28f87b09/out/build/_deps/mlx-427f983b2956844066ee3c996df4dbc8789fa6652bf3fd43945986cc85e69a24-src/mlx/CMakeLists.txt
[INFO] [stderr]      Entering             /opt/rustwide/target/debug/build/safemlx-sys/039429cf28f87b09/out/build/_deps/mlx-427f983b2956844066ee3c996df4dbc8789fa6652bf3fd43945986cc85e69a24-src/mlx/io
[INFO] [stderr]      Called from: [1]	/opt/rustwide/target/debug/build/safemlx-sys/039429cf28f87b09/out/build/_deps/mlx-427f983b2956844066ee3c996df4dbc8789fa6652bf3fd43945986cc85e69a24-src/mlx/CMakeLists.txt
[INFO] [stderr]      Returning to         /opt/rustwide/target/debug/build/safemlx-sys/039429cf28f87b09/out/build/_deps/mlx-427f983b2956844066ee3c996df4dbc8789fa6652bf3fd43945986cc85e69a24-src/mlx
[INFO] [stderr]      Called from: [1]	/opt/rustwide/target/debug/build/safemlx-sys/039429cf28f87b09/out/build/_deps/mlx-427f983b2956844066ee3c996df4dbc8789fa6652bf3fd43945986cc85e69a24-src/mlx/CMakeLists.txt
[INFO] [stderr]      Entering             /opt/rustwide/target/debug/build/safemlx-sys/039429cf28f87b09/out/build/_deps/mlx-427f983b2956844066ee3c996df4dbc8789fa6652bf3fd43945986cc85e69a24-src/mlx/backend/no_gpu
[INFO] [stderr]      Called from: [1]	/opt/rustwide/target/debug/build/safemlx-sys/039429cf28f87b09/out/build/_deps/mlx-427f983b2956844066ee3c996df4dbc8789fa6652bf3fd43945986cc85e69a24-src/mlx/CMakeLists.txt
[INFO] [stderr]      Returning to         /opt/rustwide/target/debug/build/safemlx-sys/039429cf28f87b09/out/build/_deps/mlx-427f983b2956844066ee3c996df4dbc8789fa6652bf3fd43945986cc85e69a24-src/mlx
[INFO] [stderr]      Called from: [1]	/opt/rustwide/target/debug/build/safemlx-sys/039429cf28f87b09/out/build/_deps/mlx-427f983b2956844066ee3c996df4dbc8789fa6652bf3fd43945986cc85e69a24-src/mlx/CMakeLists.txt
[INFO] [stderr]      Returning to         /opt/rustwide/target/debug/build/safemlx-sys/039429cf28f87b09/out/build/_deps/mlx-427f983b2956844066ee3c996df4dbc8789fa6652bf3fd43945986cc85e69a24-src
[INFO] [stderr]      Called from: [1]	/opt/rustwide/target/debug/build/safemlx-sys/039429cf28f87b09/out/build/_deps/mlx-427f983b2956844066ee3c996df4dbc8789fa6652bf3fd43945986cc85e69a24-src/CMakeLists.txt
[INFO] [stderr]      Entering             /opt/rustwide/target/debug/build/safemlx-sys/039429cf28f87b09/out/build/_deps/fmt-src
[INFO] [stderr]      Called from: [3]	/opt/rustwide/target/debug/build/safemlx-sys/039429cf28f87b09/out/build/_deps/mlx-427f983b2956844066ee3c996df4dbc8789fa6652bf3fd43945986cc85e69a24-src/CMakeLists.txt
[INFO] [stderr]                   [2]	/usr/share/cmake-4.2/Modules/FetchContent.cmake
[INFO] [stderr]                   [1]	/usr/share/cmake-4.2/Modules/FetchContent.cmake
[INFO] [stderr]      Returning to         /opt/rustwide/target/debug/build/safemlx-sys/039429cf28f87b09/out/build/_deps/mlx-427f983b2956844066ee3c996df4dbc8789fa6652bf3fd43945986cc85e69a24-src
[INFO] [stderr]      Called from: [3]	/opt/rustwide/target/debug/build/safemlx-sys/039429cf28f87b09/out/build/_deps/mlx-427f983b2956844066ee3c996df4dbc8789fa6652bf3fd43945986cc85e69a24-src/CMakeLists.txt
[INFO] [stderr]                   [2]	/usr/share/cmake-4.2/Modules/FetchContent.cmake
[INFO] [stderr]                   [1]	/usr/share/cmake-4.2/Modules/FetchContent.cmake
[INFO] [stderr]      Returning to         /opt/rustwide/cargo-home/registry/src/index.crates.io-1949cf8c6b5b557f/safemlx-sys-0.2.3/src/mlx-c
[INFO] [stderr]      Called from: [3]	/opt/rustwide/cargo-home/registry/src/index.crates.io-1949cf8c6b5b557f/safemlx-sys-0.2.3/src/mlx-c/CMakeLists.txt
[INFO] [stderr]                   [2]	/usr/share/cmake-4.2/Modules/FetchContent.cmake
[INFO] [stderr]                   [1]	/usr/share/cmake-4.2/Modules/FetchContent.cmake
[INFO] [stderr]   CMake Warning (dev) at CMakeLists.txt:180 (add_library):
[INFO] [stderr]     Policy CMP0156 is not set: De-duplicate libraries on link lines based on
[INFO] [stderr]     linker capabilities.  Run "cmake --help-policy CMP0156" for policy details.
[INFO] [stderr]     Use the cmake_policy command to set the policy and suppress this warning.
[INFO] [stderr] 
[INFO] [stderr]     Since the policy is not set, legacy libraries de-duplication strategy will
[INFO] [stderr]     be applied.
[INFO] [stderr]   This warning is for project developers.  Use -Wno-dev to suppress it.
[INFO] [stderr] 
[INFO] [stderr]      Called from: [1]	/opt/rustwide/cargo-home/registry/src/index.crates.io-1949cf8c6b5b557f/safemlx-sys-0.2.3/src/mlx-c/CMakeLists.txt
[INFO] [stderr]   CMake Warning (dev) at /opt/rustwide/target/debug/build/safemlx-sys/039429cf28f87b09/out/build/_deps/mlx-427f983b2956844066ee3c996df4dbc8789fa6652bf3fd43945986cc85e69a24-src/CMakeLists.txt:153 (add_library):
[INFO] [stderr]     Policy CMP0156 is not set: De-duplicate libraries on link lines based on
[INFO] [stderr]     linker capabilities.  Run "cmake --help-policy CMP0156" for policy details.
[INFO] [stderr]     Use the cmake_policy command to set the policy and suppress this warning.
[INFO] [stderr] 
[INFO] [stderr]     Since the policy is not set, legacy libraries de-duplication strategy will
[INFO] [stderr]     be applied.
[INFO] [stderr]   This warning is for project developers.  Use -Wno-dev to suppress it.
[INFO] [stderr] 
[INFO] [stderr]      Called from: [1]	/opt/rustwide/target/debug/build/safemlx-sys/039429cf28f87b09/out/build/_deps/mlx-427f983b2956844066ee3c996df4dbc8789fa6652bf3fd43945986cc85e69a24-src/CMakeLists.txt
[INFO] [stderr]   CMake Warning (dev) at /opt/rustwide/target/debug/build/safemlx-sys/039429cf28f87b09/out/build/_deps/mlx-427f983b2956844066ee3c996df4dbc8789fa6652bf3fd43945986cc85e69a24-src/mlx/CMakeLists.txt:27 (add_library):
[INFO] [stderr]     Policy CMP0156 is not set: De-duplicate libraries on link lines based on
[INFO] [stderr]     linker capabilities.  Run "cmake --help-policy CMP0156" for policy details.
[INFO] [stderr]     Use the cmake_policy command to set the policy and suppress this warning.
[INFO] [stderr] 
[INFO] [stderr]     Since the policy is not set, legacy libraries de-duplication strategy will
[INFO] [stderr]     be applied.
[INFO] [stderr]   This warning is for project developers.  Use -Wno-dev to suppress it.
[INFO] [stderr] 
[INFO] [stderr]      Called from: [1]	/opt/rustwide/target/debug/build/safemlx-sys/039429cf28f87b09/out/build/_deps/mlx-427f983b2956844066ee3c996df4dbc8789fa6652bf3fd43945986cc85e69a24-src/mlx/CMakeLists.txt
[INFO] [stderr]   CMake Warning (dev) at /opt/rustwide/target/debug/build/safemlx-sys/039429cf28f87b09/out/build/_deps/fmt-src/CMakeLists.txt:61 (add_library):
[INFO] [stderr]     Policy CMP0156 is not set: De-duplicate libraries on link lines based on
[INFO] [stderr]     linker capabilities.  Run "cmake --help-policy CMP0156" for policy details.
[INFO] [stderr]     Use the cmake_policy command to set the policy and suppress this warning.
[INFO] [stderr] 
[INFO] [stderr]     Since the policy is not set, legacy libraries de-duplication strategy will
[INFO] [stderr]     be applied.
[INFO] [stderr]   Call Stack (most recent call first):
[INFO] [stderr]     /opt/rustwide/target/debug/build/safemlx-sys/039429cf28f87b09/out/build/_deps/fmt-src/CMakeLists.txt:306 (add_module_library)
[INFO] [stderr]   This warning is for project developers.  Use -Wno-dev to suppress it.
[INFO] [stderr] 
[INFO] [stderr]      Called from: [1]	/opt/rustwide/target/debug/build/safemlx-sys/039429cf28f87b09/out/build/_deps/fmt-src/CMakeLists.txt
[INFO] [stderr]   CMake Warning:
[INFO] [stderr]     Manually-specified variables were not used by the project:
[INFO] [stderr] 
[INFO] [stderr]       CMAKE_ASM_COMPILER
[INFO] [stderr]       CMAKE_ASM_FLAGS
[INFO] [stderr] 
[INFO] [stderr] 
[INFO] [stderr]   running: cd "/opt/rustwide/target/debug/build/safemlx-sys/039429cf28f87b09/out/build" && LC_ALL="C" MAKEFLAGS="-j --jobserver-fds=4,5 --jobserver-auth=4,5" "cmake" "--build" "/opt/rustwide/target/debug/build/safemlx-sys/039429cf28f87b09/out/build" "--target" "install" "--config" "Debug"
[INFO] [stderr]   c++: fatal error: Killed signal terminated program cc1plus
[INFO] [stderr]   compilation terminated.
[INFO] [stderr]   gmake[2]: *** [_deps/mlx-build/CMakeFiles/mlx.dir/build.make:264: _deps/mlx-build/CMakeFiles/mlx.dir/mlx/random.cpp.o] Error 1
[INFO] [stderr]   gmake[2]: *** Waiting for unfinished jobs....
[INFO] [stderr]   c++: fatal error: Killed signal terminated program cc1plus
[INFO] [stderr]   compilation terminated.
[INFO] [stderr]   gmake[2]: *** [_deps/mlx-build/CMakeFiles/mlx.dir/build.make:82: _deps/mlx-build/CMakeFiles/mlx.dir/mlx/array.cpp.o] Error 1
[INFO] [stderr]   c++: fatal error: Killed signal terminated program cc1plus
[INFO] [stderr]   compilation terminated.
[INFO] [stderr]   gmake[2]: *** [_deps/mlx-build/CMakeFiles/mlx.dir/build.make:250: _deps/mlx-build/CMakeFiles/mlx.dir/mlx/primitives.cpp.o] Error 1
[INFO] [stderr]   c++: fatal error: Killed signal terminated program cc1plus
[INFO] [stderr]   compilation terminated.
[INFO] [stderr]   gmake[2]: *** [_deps/mlx-build/CMakeFiles/mlx.dir/build.make:208: _deps/mlx-build/CMakeFiles/mlx.dir/mlx/ops.cpp.o] Error 1
[INFO] [stderr]   c++: fatal error: Killed signal terminated program cc1plus
[INFO] [stderr]   compilation terminated.
[INFO] [stderr]   gmake[2]: *** [_deps/mlx-build/CMakeFiles/mlx.dir/build.make:236: _deps/mlx-build/CMakeFiles/mlx.dir/mlx/host_transfer.cpp.o] Error 1
[INFO] [stderr]   c++: fatal error: Killed signal terminated program cc1plus
[INFO] [stderr]   compilation terminated.
[INFO] [stderr]   gmake[2]: *** [_deps/mlx-build/CMakeFiles/mlx.dir/build.make:166: _deps/mlx-build/CMakeFiles/mlx.dir/mlx/einsum.cpp.o] Error 1
[INFO] [stderr]   c++: fatal error: Killed signal terminated program cc1plus
[INFO] [stderr]   compilation terminated.
[INFO] [stderr]   gmake[2]: *** [_deps/mlx-build/CMakeFiles/mlx.dir/build.make:222: _deps/mlx-build/CMakeFiles/mlx.dir/mlx/graph_utils.cpp.o] Error 1
[INFO] [stderr]   c++: fatal error: Killed signal terminated program cc1plus
[INFO] [stderr]   compilation terminated.
[INFO] [stderr]   gmake[2]: *** [_deps/mlx-build/CMakeFiles/mlx.dir/build.make:180: _deps/mlx-build/CMakeFiles/mlx.dir/mlx/fast.cpp.o] Error 1
[INFO] [stderr]   gmake[1]: *** [CMakeFiles/Makefile2:413: _deps/mlx-build/CMakeFiles/mlx.dir/all] Error 2
[INFO] [stderr]   gmake: *** [Makefile:139: all] Error 2
[INFO] [stderr] 
[INFO] [stderr]   thread 'main' (551) panicked at /opt/rustwide/cargo-home/registry/src/index.crates.io-1949cf8c6b5b557f/cmake-0.1.58/src/lib.rs:1132:5:
[INFO] [stderr] 
[INFO] [stderr]   command did not execute successfully, got: exit status: 2
[INFO] [stderr] 
[INFO] [stderr]   build script failed, must exit now
[INFO] [stderr]   stack backtrace:
[INFO] [stderr]      0:     0x5f334ae7a671 - std[3164a59e47d3bde]::backtrace_rs::backtrace::libunwind::trace
[INFO] [stderr]                                  at /rustc/3154cc1a3e6424e44f438a95007d043ed5ceaaf6/library/std/src/../../backtrace/src/backtrace/libunwind.rs:117:9
[INFO] [stderr]      1:     0x5f334ae7a671 - std[3164a59e47d3bde]::backtrace_rs::backtrace::trace_unsynchronized::<std[3164a59e47d3bde]::sys::backtrace::_print_fmt::{closure#1}>
[INFO] [stderr]                                  at /rustc/3154cc1a3e6424e44f438a95007d043ed5ceaaf6/library/std/src/../../backtrace/src/backtrace/mod.rs:66:14
[INFO] [stderr]      2:     0x5f334ae7a671 - std[3164a59e47d3bde]::sys::backtrace::_print_fmt
[INFO] [stderr]                                  at /rustc/3154cc1a3e6424e44f438a95007d043ed5ceaaf6/library/std/src/sys/backtrace.rs:74:9
[INFO] [stderr]      3:     0x5f334ae7a671 - <<std[3164a59e47d3bde]::sys::backtrace::BacktraceLock>::print::DisplayBacktrace as core[934024a1e6126fb4]::fmt::Display>::fmt
[INFO] [stderr]                                  at /rustc/3154cc1a3e6424e44f438a95007d043ed5ceaaf6/library/std/src/sys/backtrace.rs:44:26
[INFO] [stderr]      4:     0x5f334ae8e8ea - <core[934024a1e6126fb4]::fmt::rt::Argument>::fmt
[INFO] [stderr]                                  at /rustc/3154cc1a3e6424e44f438a95007d043ed5ceaaf6/library/core/src/fmt/rt.rs:152:76
[INFO] [stderr]      5:     0x5f334ae8e8ea - core[934024a1e6126fb4]::fmt::write
[INFO] [stderr]      6:     0x5f334ae8013c - core[934024a1e6126fb4]::io::write::default_write_fmt::<std[3164a59e47d3bde]::sys::stdio::unix::Stderr>
[INFO] [stderr]                                  at /rustc/3154cc1a3e6424e44f438a95007d043ed5ceaaf6/library/core/src/io/write.rs:402:11
[INFO] [stderr]      7:     0x5f334ae8013c - <std[3164a59e47d3bde]::sys::stdio::unix::Stderr as core[934024a1e6126fb4]::io::write::Write>::write_fmt
[INFO] [stderr]                                  at /rustc/3154cc1a3e6424e44f438a95007d043ed5ceaaf6/library/core/src/io/write.rs:335:13
[INFO] [stderr]      8:     0x5f334ae58146 - <std[3164a59e47d3bde]::sys::backtrace::BacktraceLock>::print
[INFO] [stderr]                                  at /rustc/3154cc1a3e6424e44f438a95007d043ed5ceaaf6/library/std/src/sys/backtrace.rs:47:9
[INFO] [stderr]      9:     0x5f334ae58146 - std[3164a59e47d3bde]::panicking::default_hook::{closure#0}
[INFO] [stderr]                                  at /rustc/3154cc1a3e6424e44f438a95007d043ed5ceaaf6/library/std/src/panicking.rs:289:27
[INFO] [stderr]     10:     0x5f334ae741c1 - std[3164a59e47d3bde]::panicking::default_hook
[INFO] [stderr]                                  at /rustc/3154cc1a3e6424e44f438a95007d043ed5ceaaf6/library/std/src/panicking.rs:316:9
[INFO] [stderr]     11:     0x5f334ae7437b - std[3164a59e47d3bde]::panicking::panic_with_hook
[INFO] [stderr]                                  at /rustc/3154cc1a3e6424e44f438a95007d043ed5ceaaf6/library/std/src/panicking.rs:811:13
[INFO] [stderr]     12:     0x5f334ae581f2 - std[3164a59e47d3bde]::panicking::panic_handler::{closure#0}
[INFO] [stderr]                                  at /rustc/3154cc1a3e6424e44f438a95007d043ed5ceaaf6/library/std/src/panicking.rs:685:13
[INFO] [stderr]     13:     0x5f334ae50c69 - std[3164a59e47d3bde]::sys::backtrace::__rust_end_short_backtrace::<std[3164a59e47d3bde]::panicking::panic_handler::{closure#0}, !>
[INFO] [stderr]                                  at /rustc/3154cc1a3e6424e44f438a95007d043ed5ceaaf6/library/std/src/sys/backtrace.rs:182:18
[INFO] [stderr]     14:     0x5f334ae58a7d - __rustc[2e7b49d4226056d3]::rust_begin_unwind
[INFO] [stderr]                                  at /rustc/3154cc1a3e6424e44f438a95007d043ed5ceaaf6/library/std/src/panicking.rs:676:5
[INFO] [stderr]     15:     0x5f334ae8f0dc - core[934024a1e6126fb4]::panicking::panic_fmt
[INFO] [stderr]                                  at /rustc/3154cc1a3e6424e44f438a95007d043ed5ceaaf6/library/core/src/panicking.rs:80:14
[INFO] [stderr]     16:     0x5f334ade0dc7 - cmake[7a4f3f31f393ee58]::fail
[INFO] [stderr]     17:     0x5f334ade0a53 - cmake[7a4f3f31f393ee58]::run
[INFO] [stderr]     18:     0x5f334ade6a45 - <cmake[7a4f3f31f393ee58]::Config>::build
[INFO] [stderr]     19:     0x5f334adcd102 - build_script_build[f51e09915083b00c]::build_and_link_mlx_c
[INFO] [stderr]     20:     0x5f334adcf744 - build_script_build[f51e09915083b00c]::main
[INFO] [stderr]     21:     0x5f334add3483 - <fn() as core[934024a1e6126fb4]::ops::function::FnOnce<()>>::call_once
[INFO] [stderr]     22:     0x5f334adca146 - std[3164a59e47d3bde]::sys::backtrace::__rust_begin_short_backtrace::<fn(), ()>
[INFO] [stderr]     23:     0x5f334adca929 - std[3164a59e47d3bde]::rt::lang_start::<()>::{closure#0}
[INFO] [stderr]     24:     0x5f334ae734c8 - <&dyn core[934024a1e6126fb4]::ops::function::Fn<(), Output = i32> + core[934024a1e6126fb4]::marker::Sync + core[934024a1e6126fb4]::panic::unwind_safe::RefUnwindSafe as core[934024a1e6126fb4]::ops::function::FnOnce<()>>::call_once
[INFO] [stderr]                                  at /rustc/3154cc1a3e6424e44f438a95007d043ed5ceaaf6/library/core/src/ops/function.rs:287:21
[INFO] [stderr]     25:     0x5f334ae734c8 - std[3164a59e47d3bde]::panicking::catch_unwind::do_call::<&dyn core[934024a1e6126fb4]::ops::function::Fn<(), Output = i32> + core[934024a1e6126fb4]::marker::Sync + core[934024a1e6126fb4]::panic::unwind_safe::RefUnwindSafe, i32>
[INFO] [stderr]                                  at /rustc/3154cc1a3e6424e44f438a95007d043ed5ceaaf6/library/std/src/panicking.rs:573:43
[INFO] [stderr]     26:     0x5f334ae734c8 - std[3164a59e47d3bde]::panicking::catch_unwind::<i32, &dyn core[934024a1e6126fb4]::ops::function::Fn<(), Output = i32> + core[934024a1e6126fb4]::marker::Sync + core[934024a1e6126fb4]::panic::unwind_safe::RefUnwindSafe>
[INFO] [stderr]                                  at /rustc/3154cc1a3e6424e44f438a95007d043ed5ceaaf6/library/std/src/panicking.rs:541:19
[INFO] [stderr]     27:     0x5f334ae734c8 - std[3164a59e47d3bde]::panic::catch_unwind::<&dyn core[934024a1e6126fb4]::ops::function::Fn<(), Output = i32> + core[934024a1e6126fb4]::marker::Sync + core[934024a1e6126fb4]::panic::unwind_safe::RefUnwindSafe, i32>
[INFO] [stderr]                                  at /rustc/3154cc1a3e6424e44f438a95007d043ed5ceaaf6/library/std/src/panic.rs:359:14
[INFO] [stderr]     28:     0x5f334ae734c8 - std[3164a59e47d3bde]::rt::lang_start_internal::{closure#0}
[INFO] [stderr]                                  at /rustc/3154cc1a3e6424e44f438a95007d043ed5ceaaf6/library/std/src/rt.rs:175:24
[INFO] [stderr]     29:     0x5f334ae734c8 - std[3164a59e47d3bde]::panicking::catch_unwind::do_call::<std[3164a59e47d3bde]::rt::lang_start_internal::{closure#0}, isize>
[INFO] [stderr]                                  at /rustc/3154cc1a3e6424e44f438a95007d043ed5ceaaf6/library/std/src/panicking.rs:573:43
[INFO] [stderr]     30:     0x5f334ae734c8 - std[3164a59e47d3bde]::panicking::catch_unwind::<isize, std[3164a59e47d3bde]::rt::lang_start_internal::{closure#0}>
[INFO] [stderr]                                  at /rustc/3154cc1a3e6424e44f438a95007d043ed5ceaaf6/library/std/src/panicking.rs:541:19
[INFO] [stderr]     31:     0x5f334ae734c8 - std[3164a59e47d3bde]::panic::catch_unwind::<std[3164a59e47d3bde]::rt::lang_start_internal::{closure#0}, isize>
[INFO] [stderr]                                  at /rustc/3154cc1a3e6424e44f438a95007d043ed5ceaaf6/library/std/src/panic.rs:359:14
[INFO] [stderr]     32:     0x5f334ae734c8 - std[3164a59e47d3bde]::rt::lang_start_internal
[INFO] [stderr]                                  at /rustc/3154cc1a3e6424e44f438a95007d043ed5ceaaf6/library/std/src/rt.rs:171:5
[INFO] [stderr]     33:     0x5f334adca081 - std[3164a59e47d3bde]::rt::lang_start::<()>
[INFO] [stderr]     34:     0x5f334add3615 - main
[INFO] [stderr]     35:     0x742d07c3d601 - <unknown>
[INFO] [stderr]     36:     0x742d07c3d718 - __libc_start_main
[INFO] [stderr]     37:     0x5f334adc6445 - _start
[INFO] [stderr]     38:                0x0 - <unknown>
[INFO] running `Command { std: "docker" "inspect" "05b71f00c96a05b7ba6abd79db476a27a69da618994f4b0ca364a553bce45cfd", kill_on_drop: false }`
[INFO] running `Command { std: "docker" "rm" "-f" "05b71f00c96a05b7ba6abd79db476a27a69da618994f4b0ca364a553bce45cfd", kill_on_drop: false }`
[INFO] [stdout] 05b71f00c96a05b7ba6abd79db476a27a69da618994f4b0ca364a553bce45cfd
