[INFO] fetching crate epics-ca-rs 0.31.0...
[INFO] checking epics-ca-rs-0.31.0 against 3154cc1a3e6424e44f438a95007d043ed5ceaaf6+rustflags=-Znext-solver=coherence for pr-133502-30
[INFO] extracting crate epics-ca-rs 0.31.0 into /workspace/builds/worker-5-tc1/source
[INFO] started tweaking crates.io crate epics-ca-rs 0.31.0
[INFO] removed 0 missing examples
[INFO] removed 0 missing tests
[INFO] finished tweaking crates.io crate epics-ca-rs 0.31.0
[INFO] tweaked toml for crates.io crate epics-ca-rs 0.31.0 written to /workspace/builds/worker-5-tc1/source/Cargo.toml
[INFO] validating manifest of crates.io crate epics-ca-rs 0.31.0 on toolchain 3154cc1a3e6424e44f438a95007d043ed5ceaaf6
[INFO] running `Command { std: CARGO_HOME="/workspace/cargo-home" RUSTUP_HOME="/workspace/rustup-home" "/workspace/cargo-home/bin/cargo" "+3154cc1a3e6424e44f438a95007d043ed5ceaaf6" "metadata" "--manifest-path" "Cargo.toml" "--no-deps", kill_on_drop: false }`
[INFO] crate crates.io crate epics-ca-rs 0.31.0 already has a lockfile, it will not be regenerated
[INFO] running `Command { std: CARGO_HOME="/workspace/cargo-home" RUSTUP_HOME="/workspace/rustup-home" "/workspace/cargo-home/bin/cargo" "+3154cc1a3e6424e44f438a95007d043ed5ceaaf6" "fetch" "--manifest-path" "Cargo.toml", kill_on_drop: false }`
[INFO] [stderr]     Updating crates.io index
[INFO] [stderr]  Downloading crates ...
[INFO] [stderr]   Downloaded asn1-rs-derive v0.5.1
[INFO] [stderr]   Downloaded der-parser v9.0.0
[INFO] [stderr]   Downloaded oid-registry v0.7.1
[INFO] [stderr]   Downloaded asn1-rs v0.6.2
[INFO] [stderr]   Downloaded async-stream v0.3.6
[INFO] [stderr]   Downloaded async-stream-impl v0.3.6
[INFO] [stderr]   Downloaded if-addrs v0.13.4
[INFO] [stderr]   Downloaded lru-cache v0.1.2
[INFO] [stderr]   Downloaded prost v0.13.5
[INFO] [stderr]   Downloaded yasna v0.5.2
[INFO] [stderr]   Downloaded prost-derive v0.13.5
[INFO] [stderr]   Downloaded sketches-ddsketch v0.2.2
[INFO] [stderr]   Downloaded resolv-conf v0.7.6
[INFO] [stderr]   Downloaded opentelemetry-otlp v0.17.0
[INFO] [stderr]   Downloaded metrics-exporter-prometheus v0.15.3
[INFO] [stderr]   Downloaded quanta v0.12.6
[INFO] [stderr]   Downloaded ipconfig v0.3.4
[INFO] [stderr]   Downloaded endian-type v0.1.2
[INFO] [stderr]   Downloaded x509-parser v0.16.0
[INFO] [stderr]   Downloaded enum-as-inner v0.6.1
[INFO] [stderr]   Downloaded nibble_vec v0.1.0
[INFO] [stderr]   Downloaded endian-type v0.2.0
[INFO] [stderr]   Downloaded error-code v3.3.2
[INFO] [stderr]   Downloaded metrics v0.23.1
[INFO] [stderr]   Downloaded bitflags v2.11.0
[INFO] [stderr]   Downloaded epics-macros-rs v0.31.0
[INFO] [stderr]   Downloaded opentelemetry v0.24.0
[INFO] [stderr]   Downloaded rcgen v0.13.2
[INFO] [stderr]   Downloaded metrics-util v0.17.0
[INFO] [stderr]   Downloaded tonic v0.12.3
[INFO] [stderr]   Downloaded hickory-resolver v0.24.4
[INFO] [stderr]   Downloaded widestring v1.2.1
[INFO] [stderr]   Downloaded hickory-client v0.24.4
[INFO] [stderr]   Downloaded rand v0.9.3
[INFO] [stderr]   Downloaded mdns-sd v0.13.11
[INFO] [stderr]   Downloaded epics-rtems-boot v0.31.0
[INFO] [stderr]   Downloaded clap v4.6.0
[INFO] [stderr]   Downloaded clap_derive v4.6.0
[INFO] [stderr]   Downloaded opentelemetry_sdk v0.24.1
[INFO] [stderr]   Downloaded tracing-opentelemetry v0.25.0
[INFO] [stderr]   Downloaded rustyline v18.0.0
[INFO] [stderr]   Downloaded h2 v0.4.13
[INFO] [stderr]   Downloaded opentelemetry-proto v0.7.0
[INFO] [stderr]   Downloaded is-terminal v0.4.17
[INFO] [stderr]   Downloaded proptest v1.11.0
[INFO] [stderr]   Downloaded radix_trie v0.3.0
[INFO] [stderr]   Downloaded radix_trie v0.2.1
[INFO] [stderr]   Downloaded rustls v0.23.39
[INFO] [stderr]   Downloaded hickory-proto v0.24.4
[INFO] [stderr]   Downloaded epics-libcom-rs v0.31.0
[INFO] [stderr]   Downloaded tokio v1.51.1
[INFO] [stderr]   Downloaded epics-base-rs v0.31.0
[INFO] running `Command { std: "docker" "create" "-v" "/var/lib/crater-agent-workspace/builds/worker-5-tc1/source:/opt/rustwide/workdir:ro,Z" "-v" "/var/lib/crater-agent-workspace/builds/worker-5-tc1/target:/opt/rustwide/target:rw,Z" "-v" "/var/lib/crater-agent-workspace/cargo-home:/opt/rustwide/cargo-home:ro,Z" "-v" "/var/lib/crater-agent-workspace/rustup-home:/opt/rustwide/rustup-home:ro,Z" "-m" "1610612736" "--network" "none" "ghcr.io/rust-lang/crates-build-env/linux@sha256:77db811e55d90add9212f6832c23229e3de5f1c1f9905e8cb07319ea15df73ac" "sleep" "infinity", kill_on_drop: false }`
[INFO] [stdout] b285609da119adf88fbbfeb98e3a614ea38135461b3a697ecd6d2918735f18d7
[INFO] running `Command { std: "docker" "start" "b285609da119adf88fbbfeb98e3a614ea38135461b3a697ecd6d2918735f18d7", kill_on_drop: false }`
[INFO] running `Command { std: "docker" "inspect" "b285609da119adf88fbbfeb98e3a614ea38135461b3a697ecd6d2918735f18d7", kill_on_drop: false }`
[INFO] running `Command { std: "docker" "exec" "-e" "SOURCE_DIR=/opt/rustwide/workdir" "-e" "CARGO_HOME=/opt/rustwide/cargo-home" "-e" "RUSTUP_HOME=/opt/rustwide/rustup-home" "-e" "CARGO_TARGET_DIR=/opt/rustwide/target" "-w" "/opt/rustwide/workdir" "--user" "0:0" "b285609da119adf88fbbfeb98e3a614ea38135461b3a697ecd6d2918735f18d7" "/opt/rustwide/cargo-home/bin/cargo" "+3154cc1a3e6424e44f438a95007d043ed5ceaaf6" "metadata" "--no-deps" "--format-version=1", kill_on_drop: false }`
[INFO] running `Command { std: "docker" "inspect" "b285609da119adf88fbbfeb98e3a614ea38135461b3a697ecd6d2918735f18d7", kill_on_drop: false }`
[INFO] running `Command { std: "docker" "exec" "-e" "SOURCE_DIR=/opt/rustwide/workdir" "-e" "CARGO_HOME=/opt/rustwide/cargo-home" "-e" "RUSTUP_HOME=/opt/rustwide/rustup-home" "-e" "CARGO_TARGET_DIR=/opt/rustwide/target" "-e" "CARGO_INCREMENTAL=0" "-e" "RUST_BACKTRACE=full" "-e" "RUSTFLAGS=--cap-lints=forbid -Znext-solver=coherence" "-e" "RUSTDOCFLAGS=--cap-lints=forbid" "-w" "/opt/rustwide/workdir" "--user" "0:0" "b285609da119adf88fbbfeb98e3a614ea38135461b3a697ecd6d2918735f18d7" "/opt/rustwide/cargo-home/bin/cargo" "+3154cc1a3e6424e44f438a95007d043ed5ceaaf6" "check" "--frozen" "--all" "--all-targets" "--message-format=json", kill_on_drop: false }`
[INFO] [stderr]    Compiling libc v0.2.190
[INFO] [stderr]    Compiling cc v1.2.60
[INFO] [stderr]     Checking smallvec v1.15.1
[INFO] [stderr]    Compiling zerocopy v0.8.48
[INFO] [stderr]    Compiling serde_core v1.0.228
[INFO] [stderr]    Compiling syn v2.0.117
[INFO] [stderr]    Compiling num-traits v0.2.19
[INFO] [stderr]     Checking bitflags v2.11.0
[INFO] [stderr]     Checking futures-sink v0.3.32
[INFO] [stderr]     Checking futures-core v0.3.32
[INFO] [stderr]    Compiling cfg_aliases v0.2.1
[INFO] [stderr]     Checking hashbrown v0.17.0
[INFO] [stderr]    Compiling winnow v1.0.1
[INFO] [stderr]    Compiling serde_json v1.0.149
[INFO] [stderr]     Checking indexmap v2.14.0
[INFO] [stderr]    Compiling toml_parser v1.1.2+spec-1.1.0
[INFO] [stderr]    Compiling nix v0.31.3
[INFO] [stderr]    Compiling toml_datetime v1.1.1+spec-1.1.0
[INFO] [stderr]     Checking clap_builder v4.6.0
[INFO] [stderr]    Compiling ahash v0.8.12
[INFO] [stderr]    Compiling toml_edit v0.25.11+spec-1.1.0
[INFO] [stderr]     Checking nibble_vec v0.1.0
[INFO] [stderr]     Checking endian-type v0.2.0
[INFO] [stderr]    Compiling epics-rtems-boot v0.31.0
[INFO] [stderr]     Checking log v0.4.29
[INFO] [stderr]    Compiling epics-libcom-rs v0.31.0
[INFO] [stderr]     Checking chrono v0.4.44
[INFO] [stderr]     Checking radix_trie v0.3.0
[INFO] [stderr]     Checking parking_lot_core v0.9.12
[INFO] [stderr]     Checking errno v0.3.14
[INFO] [stderr]     Checking signal-hook-registry v1.4.8
[INFO] [stderr]     Checking parking_lot v0.12.5
[INFO] [stderr]     Checking mio v1.2.0
[INFO] [stderr]     Checking socket2 v0.6.3
[INFO] [stderr]    Compiling proc-macro-crate v3.5.0
[INFO] [stderr]     Checking if-addrs v0.13.4
[INFO] [stderr]     Checking socket2 v0.5.10
[INFO] [stderr]     Checking hostname v0.4.2
[INFO] [stderr]    Compiling syn v3.0.6
[INFO] [stderr]    Compiling epics-base-rs v0.31.0
[INFO] [stderr]     Checking unicode-width v0.2.2
[INFO] [stderr]     Checking arc-swap v1.9.1
[INFO] [stderr]    Compiling epics-ca-rs v0.31.0 (/opt/rustwide/workdir)
[INFO] [stderr]     Checking hashbrown v0.14.5
[INFO] [stderr]     Checking getrandom v0.3.4
[INFO] [stderr]    Compiling getrandom v0.4.2
[INFO] [stderr]    Compiling serde v1.0.228
[INFO] [stderr]     Checking crossbeam-epoch v0.9.18
[INFO] [stderr]     Checking rand_core v0.9.5
[INFO] [stderr]     Checking either v1.15.0
[INFO] [stderr]    Compiling rayon-core v1.13.0
[INFO] [stderr]     Checking rustix v1.1.4
[INFO] [stderr]     Checking crossbeam-deque v0.8.6
[INFO] [stderr]    Compiling ring v0.17.14
[INFO] [stderr]     Checking dashmap v6.1.0
[INFO] [stderr]     Checking ciborium-io v0.2.2
[INFO] [stderr]     Checking plotters-backend v0.3.7
[INFO] [stderr]     Checking time v0.3.47
[INFO] [stderr]     Checking plotters-svg v0.3.7
[INFO] [stderr]     Checking regex-automata v0.4.14
[INFO] [stderr]     Checking rustyline v18.0.0
[INFO] [stderr]     Checking itertools v0.10.5
[INFO] [stderr]     Checking getrandom v0.2.17
[INFO] [stderr]     Checking wait-timeout v0.2.1
[INFO] [stderr]     Checking futures-channel v0.3.32
[INFO] [stderr]     Checking quick-error v1.2.3
[INFO] [stderr]     Checking bit-vec v0.8.0
[INFO] [stderr]    Compiling zerocopy-derive v0.8.48
[INFO] [stderr]    Compiling futures-macro v0.3.32
[INFO] [stderr]    Compiling tokio-macros v2.7.0
[INFO] [stderr]    Compiling tracing-attributes v0.1.31
[INFO] [stderr]    Compiling clap_derive v4.6.0
[INFO] [stderr]     Checking tokio v1.51.1
[INFO] [stderr]    Compiling thiserror-impl v2.0.18
[INFO] [stderr]     Checking futures-util v0.3.32
[INFO] [stderr]     Checking tracing v0.1.44
[INFO] [stderr]    Compiling thiserror-impl v1.0.69
[INFO] [stderr]     Checking thiserror v2.0.18
[INFO] [stderr]    Compiling epics-macros-rs v0.31.0
[INFO] [stderr]    Compiling async-trait v0.1.92
[INFO] [stderr]    Compiling serde_derive v1.0.228
[INFO] [stderr]     Checking clap v4.6.0
[INFO] [stderr]     Checking tempfile v3.27.0
[INFO] [stderr]     Checking base64 v0.22.1
[INFO] [stderr]     Checking sdd v3.0.10
[INFO] [stderr]     Checking cast v0.3.0
[INFO] [stderr]     Checking futures-io v0.3.32
[INFO] [stderr]     Checking futures-executor v0.3.32
[INFO] [stderr]     Checking thiserror v1.0.69
[INFO] [stderr]     Checking futures v0.3.32
[INFO] [stderr]     Checking criterion-plot v0.5.0
[INFO] [stderr]     Checking scc v2.4.0
[INFO] [stderr]     Checking rustls-pki-types v1.14.0
[INFO] [stderr]     Checking pem v3.0.6
[INFO] [stderr]     Checking rusty-fork v0.3.1
[INFO] [stderr]     Checking regex v1.12.3
[INFO] [stderr]     Checking bit-set v0.8.0
[INFO] [stderr]    Compiling serial_test_derive v3.4.0
[INFO] [stderr]     Checking yasna v0.5.2
[INFO] [stderr]     Checking rayon v1.11.0
[INFO] [stderr]     Checking plotters v0.3.7
[INFO] [stderr]     Checking rand_xorshift v0.4.0
[INFO] [stderr]     Checking rand v0.9.3
[INFO] [stderr]     Checking is-terminal v0.4.17
[INFO] [stderr]     Checking anes v0.1.6
[INFO] [stderr]     Checking oorandom v11.1.5
[INFO] [stderr]     Checking unarray v0.1.4
[INFO] [stderr]     Checking rcgen v0.13.2
[INFO] [stderr]     Checking serial_test v3.4.0
[INFO] [stderr]     Checking tinytemplate v1.2.1
[INFO] [stderr]     Checking half v2.7.1
[INFO] [stderr]     Checking ppv-lite86 v0.2.21
[INFO] [stderr]     Checking metrics v0.23.1
[INFO] [stderr]     Checking rand_chacha v0.9.0
[INFO] [stderr]     Checking ciborium-ll v0.2.2
[INFO] [stderr]     Checking proptest v1.11.0
[INFO] [stderr]     Checking ciborium v0.2.2
[INFO] [stderr]     Checking criterion v0.5.1
[INFO] [stdout] error[E0432]: unresolved import `source_guard`
[INFO] [stdout]     --> src/calink/resolver.rs:1383:9
[INFO] [stdout]      |
[INFO] [stdout] 1383 |     use source_guard::{Comments, production};
[INFO] [stdout]      |         ^^^^^^^^^^^^ use of unresolved module or unlinked crate `source_guard`
[INFO] [stdout]      |
[INFO] [stdout]      = help: if you wanted to use a crate named `source_guard`, use `cargo add source_guard` to add it to your `Cargo.toml`
[INFO] [stdout] 
[INFO] [stdout] 
[INFO] [stdout] error[E0432]: unresolved import `source_guard`
[INFO] [stdout]     --> src/client/transport.rs:6981:9
[INFO] [stdout]      |
[INFO] [stdout] 6981 |     use source_guard::{Comments, production};
[INFO] [stdout]      |         ^^^^^^^^^^^^ use of unresolved module or unlinked crate `source_guard`
[INFO] [stdout]      |
[INFO] [stdout]      = help: if you wanted to use a crate named `source_guard`, use `cargo add source_guard` to add it to your `Cargo.toml`
[INFO] [stdout] 
[INFO] [stdout] 
[INFO] [stdout] error[E0432]: unresolved import `source_guard`
[INFO] [stdout]     --> src/server/blocking.rs:1716:9
[INFO] [stdout]      |
[INFO] [stdout] 1716 |     use source_guard::{Comments, production};
[INFO] [stdout]      |         ^^^^^^^^^^^^ use of unresolved module or unlinked crate `source_guard`
[INFO] [stdout]      |
[INFO] [stdout]      = help: if you wanted to use a crate named `source_guard`, use `cargo add source_guard` to add it to your `Cargo.toml`
[INFO] [stdout] 
[INFO] [stdout] 
[INFO] [stdout] error[E0432]: unresolved import `source_guard`
[INFO] [stdout]    --> src/server/introspection.rs:556:9
[INFO] [stdout]     |
[INFO] [stdout] 556 |     use source_guard::{Comments, production};
[INFO] [stdout]     |         ^^^^^^^^^^^^ use of unresolved module or unlinked crate `source_guard`
[INFO] [stdout]     |
[INFO] [stdout]     = help: if you wanted to use a crate named `source_guard`, use `cargo add source_guard` to add it to your `Cargo.toml`
[INFO] [stdout] 
[INFO] [stdout] 
[INFO] [stdout] error[E0432]: unresolved import `source_guard`
[INFO] [stdout]    --> src/server/mod.rs:318:9
[INFO] [stdout]     |
[INFO] [stdout] 318 |     use source_guard::{Comments, production};
[INFO] [stdout]     |         ^^^^^^^^^^^^ use of unresolved module or unlinked crate `source_guard`
[INFO] [stdout]     |
[INFO] [stdout]     = help: if you wanted to use a crate named `source_guard`, use `cargo add source_guard` to add it to your `Cargo.toml`
[INFO] [stdout] 
[INFO] [stdout] 
[INFO] [stdout] error[E0433]: cannot find module or crate `named_port` in this scope
[INFO] [stdout]    --> tests/common/mod.rs:252:5
[INFO] [stdout]     |
[INFO] [stdout] 252 |     named_port::on_a_named_port(|port| softioc_on(&db_path, port))
[INFO] [stdout]     |     ^^^^^^^^^^ use of unresolved module or unlinked crate `named_port`
[INFO] [stdout]     |
[INFO] [stdout]     = help: if you wanted to use a crate named `named_port`, use `cargo add named_port` to add it to your `Cargo.toml`
[INFO] [stdout] 
[INFO] [stdout] 
[INFO] [stdout] For more information about this error, try `rustc --explain E0433`.
[INFO] [stdout] 
[INFO] [stderr] error: could not compile `epics-ca-rs` (test "cli_monitor_separator") due to 1 previous error
[INFO] [stderr] warning: build failed, waiting for other jobs to finish...
[INFO] [stdout] error[E0433]: cannot find module or crate `named_port` in this scope
[INFO] [stdout]    --> tests/common/mod.rs:252:5
[INFO] [stdout]     |
[INFO] [stdout] 252 |     named_port::on_a_named_port(|port| softioc_on(&db_path, port))
[INFO] [stdout]     |     ^^^^^^^^^^ use of unresolved module or unlinked crate `named_port`
[INFO] [stdout]     |
[INFO] [stdout]     = help: if you wanted to use a crate named `named_port`, use `cargo add named_port` to add it to your `Cargo.toml`
[INFO] [stdout] 
[INFO] [stdout] 
[INFO] [stdout] For more information about this error, try `rustc --explain E0433`.
[INFO] [stdout] 
[INFO] [stderr] error: could not compile `epics-ca-rs` (test "interop_c_client_rust_ioc") due to 1 previous error
[INFO] [stdout] For more information about this error, try `rustc --explain E0432`.
[INFO] [stdout] 
[INFO] [stderr] error: could not compile `epics-ca-rs` (lib test) due to 5 previous errors
[INFO] running `Command { std: "docker" "inspect" "b285609da119adf88fbbfeb98e3a614ea38135461b3a697ecd6d2918735f18d7", kill_on_drop: false }`
[INFO] running `Command { std: "docker" "rm" "-f" "b285609da119adf88fbbfeb98e3a614ea38135461b3a697ecd6d2918735f18d7", kill_on_drop: false }`
[INFO] [stdout] b285609da119adf88fbbfeb98e3a614ea38135461b3a697ecd6d2918735f18d7
