[INFO] fetching crate entity-derive 0.22.8...
[INFO] checking entity-derive-0.22.8 against 3154cc1a3e6424e44f438a95007d043ed5ceaaf6 for pr-133502-30
[INFO] extracting crate entity-derive 0.22.8 into /workspace/builds/worker-2-tc2/source
[INFO] started tweaking crates.io crate entity-derive 0.22.8
[INFO] removed 0 missing tests
[INFO] finished tweaking crates.io crate entity-derive 0.22.8
[INFO] tweaked toml for crates.io crate entity-derive 0.22.8 written to /workspace/builds/worker-2-tc2/source/Cargo.toml
[INFO] validating manifest of crates.io crate entity-derive 0.22.8 on toolchain 3154cc1a3e6424e44f438a95007d043ed5ceaaf6
[INFO] running `Command { std: CARGO_HOME="/workspace/cargo-home" RUSTUP_HOME="/workspace/rustup-home" "/workspace/cargo-home/bin/cargo" "+3154cc1a3e6424e44f438a95007d043ed5ceaaf6" "metadata" "--manifest-path" "Cargo.toml" "--no-deps", kill_on_drop: false }`
[INFO] crate crates.io crate entity-derive 0.22.8 already has a lockfile, it will not be regenerated
[INFO] running `Command { std: CARGO_HOME="/workspace/cargo-home" RUSTUP_HOME="/workspace/rustup-home" "/workspace/cargo-home/bin/cargo" "+3154cc1a3e6424e44f438a95007d043ed5ceaaf6" "fetch" "--manifest-path" "Cargo.toml", kill_on_drop: false }`
[INFO] running `Command { std: "docker" "create" "-v" "/var/lib/crater-agent-workspace/builds/worker-2-tc2/source:/opt/rustwide/workdir:ro,Z" "-v" "/var/lib/crater-agent-workspace/builds/worker-2-tc2/target:/opt/rustwide/target:rw,Z" "-v" "/var/lib/crater-agent-workspace/cargo-home:/opt/rustwide/cargo-home:ro,Z" "-v" "/var/lib/crater-agent-workspace/rustup-home:/opt/rustwide/rustup-home:ro,Z" "-m" "1610612736" "--network" "none" "ghcr.io/rust-lang/crates-build-env/linux@sha256:77db811e55d90add9212f6832c23229e3de5f1c1f9905e8cb07319ea15df73ac" "sleep" "infinity", kill_on_drop: false }`
[INFO] [stdout] 38c0f64e1f63e1054cb37e4ef5268db771e250b0c33e6eb4cd5a486e7bf8e6a4
[INFO] running `Command { std: "docker" "start" "38c0f64e1f63e1054cb37e4ef5268db771e250b0c33e6eb4cd5a486e7bf8e6a4", kill_on_drop: false }`
[INFO] running `Command { std: "docker" "inspect" "38c0f64e1f63e1054cb37e4ef5268db771e250b0c33e6eb4cd5a486e7bf8e6a4", kill_on_drop: false }`
[INFO] running `Command { std: "docker" "exec" "-e" "SOURCE_DIR=/opt/rustwide/workdir" "-e" "CARGO_HOME=/opt/rustwide/cargo-home" "-e" "RUSTUP_HOME=/opt/rustwide/rustup-home" "-e" "CARGO_TARGET_DIR=/opt/rustwide/target" "-w" "/opt/rustwide/workdir" "--user" "0:0" "38c0f64e1f63e1054cb37e4ef5268db771e250b0c33e6eb4cd5a486e7bf8e6a4" "/opt/rustwide/cargo-home/bin/cargo" "+3154cc1a3e6424e44f438a95007d043ed5ceaaf6" "metadata" "--no-deps" "--format-version=1", kill_on_drop: false }`
[INFO] running `Command { std: "docker" "inspect" "38c0f64e1f63e1054cb37e4ef5268db771e250b0c33e6eb4cd5a486e7bf8e6a4", kill_on_drop: false }`
[INFO] running `Command { std: "docker" "exec" "-e" "SOURCE_DIR=/opt/rustwide/workdir" "-e" "CARGO_HOME=/opt/rustwide/cargo-home" "-e" "RUSTUP_HOME=/opt/rustwide/rustup-home" "-e" "CARGO_TARGET_DIR=/opt/rustwide/target" "-e" "CARGO_INCREMENTAL=0" "-e" "RUST_BACKTRACE=full" "-e" "RUSTFLAGS=--cap-lints=forbid" "-e" "RUSTDOCFLAGS=--cap-lints=forbid" "-w" "/opt/rustwide/workdir" "--user" "0:0" "38c0f64e1f63e1054cb37e4ef5268db771e250b0c33e6eb4cd5a486e7bf8e6a4" "/opt/rustwide/cargo-home/bin/cargo" "+3154cc1a3e6424e44f438a95007d043ed5ceaaf6" "check" "--frozen" "--all" "--all-targets" "--message-format=json", kill_on_drop: false }`
[INFO] [stderr]    Compiling quote v1.0.47
[INFO] [stderr]    Compiling icu_normalizer_data v2.2.0
[INFO] [stderr]    Compiling icu_properties_data v2.2.0
[INFO] [stderr]    Compiling typenum v1.20.1
[INFO] [stderr]     Checking futures-core v0.3.33
[INFO] [stderr]    Compiling generic-array v0.14.9
[INFO] [stderr]    Compiling getrandom v0.4.3
[INFO] [stderr]    Compiling writeable v0.6.3
[INFO] [stderr]    Compiling litemap v0.8.2
[INFO] [stderr]     Checking futures-sink v0.3.33
[INFO] [stderr]     Checking hybrid-array v0.4.13
[INFO] [stderr]    Compiling cmov v0.5.4
[INFO] [stderr]    Compiling thiserror v2.0.19
[INFO] [stderr]    Compiling uuid v1.24.0
[INFO] [stderr]     Checking futures-task v0.3.33
[INFO] [stderr]     Checking rand_core v0.10.1
[INFO] [stderr]     Checking futures-io v0.3.33
[INFO] [stderr]     Checking log v0.4.33
[INFO] [stderr]     Checking const-oid v0.10.2
[INFO] [stderr]    Compiling num-traits v0.2.19
[INFO] [stderr]     Checking futures-util v0.3.33
[INFO] [stderr]    Compiling cpufeatures v0.3.0
[INFO] [stderr]    Compiling syn v2.0.119
[INFO] [stderr]    Compiling syn v3.0.3
[INFO] [stderr]    Compiling ctutils v0.4.2
[INFO] [stderr]    Compiling hashbrown v0.16.1
[INFO] [stderr]     Checking futures-channel v0.3.33
[INFO] [stderr]    Compiling concurrent-queue v2.5.0
[INFO] [stderr]     Checking crossbeam-utils v0.8.22
[INFO] [stderr]     Checking http v1.4.2
[INFO] [stderr]    Compiling event-listener v5.4.1
[INFO] [stderr]     Checking indexmap v2.14.0
[INFO] [stderr]     Checking crypto-common v0.1.6
[INFO] [stderr]     Checking block-buffer v0.10.4
[INFO] [stderr]    Compiling chacha20 v0.10.1
[INFO] [stderr]    Compiling tokio-stream v0.1.19
[INFO] [stderr]    Compiling unicode-normalization v0.1.25
[INFO] [stderr]    Compiling crossbeam-queue v0.3.13
[INFO] [stderr]    Compiling strsim v0.11.1
[INFO] [stderr]    Compiling ident_case v1.0.1
[INFO] [stderr]     Checking crypto-common v0.2.2
[INFO] [stderr]     Checking block-buffer v0.12.1
[INFO] [stderr]    Compiling chrono v0.4.45
[INFO] [stderr]    Compiling hashlink v0.11.1
[INFO] [stderr]    Compiling base64 v0.22.1
[INFO] [stderr]    Compiling stringprep v0.1.5
[INFO] [stderr]     Checking http-body v1.1.0
[INFO] [stderr]    Compiling atoi v2.0.0
[INFO] [stderr]    Compiling rand v0.10.2
[INFO] [stderr]     Checking tinyvec v1.12.0
[INFO] [stderr]     Checking digest v0.10.7
[INFO] [stderr]    Compiling byteorder v1.5.0
[INFO] [stderr]    Compiling whoami v2.1.2
[INFO] [stderr]    Compiling dotenvy v0.15.7
[INFO] [stderr]     Checking digest v0.11.3
[INFO] [stderr]     Checking crc-catalog v2.5.0
[INFO] [stderr]    Compiling hex v0.4.3
[INFO] [stderr]     Checking crc v3.4.0
[INFO] [stderr]     Checking hmac v0.13.0
[INFO] [stderr]     Checking sha2 v0.11.0
[INFO] [stderr]     Checking sha2 v0.10.9
[INFO] [stderr]     Checking unicode-properties v0.1.4
[INFO] [stderr]    Compiling winnow v1.0.4
[INFO] [stderr]     Checking tower-service v0.3.3
[INFO] [stderr]     Checking hkdf v0.13.0
[INFO] [stderr]     Checking md-5 v0.11.0
[INFO] [stderr]    Compiling toml_datetime v1.1.1+spec-1.1.0
[INFO] [stderr]    Compiling serde_spanned v1.1.1
[INFO] [stderr]    Compiling multer v3.1.0
[INFO] [stderr]     Checking regex-syntax v0.8.11
[INFO] [stderr]     Checking sync_wrapper v1.0.2
[INFO] [stderr]     Checking tower-layer v0.3.3
[INFO] [stderr]     Checking bitflags v2.13.1
[INFO] [stderr]    Compiling toml_writer v1.1.2+spec-1.1.0
[INFO] [stderr]     Checking http-body-util v0.1.4
[INFO] [stderr]    Compiling proc-macro-error-attr3 v3.0.3
[INFO] [stderr]     Checking encoding_rs v0.8.35
[INFO] [stderr]    Compiling unicode-segmentation v1.13.3
[INFO] [stderr]    Compiling toml_parser v1.1.2+spec-1.1.0
[INFO] [stderr]     Checking spin v0.9.9
[INFO] [stderr]    Compiling target-triple v1.0.1
[INFO] [stderr]     Checking castaway v0.2.4
[INFO] [stderr]     Checking serde_path_to_error v0.1.20
[INFO] [stderr]     Checking matchit v0.8.4
[INFO] [stderr]    Compiling masterror-template v0.4.2
[INFO] [stderr]    Compiling convert_case v0.11.0
[INFO] [stderr]     Checking compact_str v0.9.1
[INFO] [stderr]     Checking regex-automata v0.4.16
[INFO] [stderr]     Checking toml v1.1.3+spec-1.1.0
[INFO] [stderr]     Checking glob v0.3.4
[INFO] [stderr]    Compiling proc-macro-error3 v3.0.3
[INFO] [stderr]    Compiling serde_derive v1.0.229
[INFO] [stderr]    Compiling thiserror-impl v2.0.19
[INFO] [stderr]    Compiling async-trait v0.1.91
[INFO] [stderr]     Checking regex v1.13.1
[INFO] [stderr]    Compiling synstructure v0.13.2
[INFO] [stderr]    Compiling darling_core v0.23.0
[INFO] [stderr]    Compiling zerovec-derive v0.11.3
[INFO] [stderr]    Compiling displaydoc v0.2.6
[INFO] [stderr]    Compiling tracing-attributes v0.1.31
[INFO] [stderr]    Compiling tokio-macros v2.7.1
[INFO] [stderr]    Compiling utoipa-gen v5.5.0
[INFO] [stderr]    Compiling masterror-derive v0.12.0
[INFO] [stderr]    Compiling zerofrom-derive v0.1.7
[INFO] [stderr]    Compiling yoke-derive v0.8.2
[INFO] [stderr]    Compiling garde_derive v0.23.0
[INFO] [stderr]     Checking tokio v1.53.1
[INFO] [stderr]    Compiling zerofrom v0.1.8
[INFO] [stderr]     Checking serde v1.0.229
[INFO] [stderr]     Checking yoke v0.8.3
[INFO] [stderr]    Compiling zerotrie v0.2.4
[INFO] [stderr]    Compiling zerovec v0.11.6
[INFO] [stderr]     Checking tracing v0.1.44
[INFO] [stderr]     Checking axum-core v0.5.6
[INFO] [stderr]     Checking smallvec v1.15.2
[INFO] [stderr]     Checking either v1.17.0
[INFO] [stderr]     Checking serde_urlencoded v0.7.1
[INFO] [stderr]     Checking trybuild v1.0.118
[INFO] [stderr]    Compiling masterror v0.29.0
[INFO] [stderr]    Compiling parking_lot_core v0.9.12
[INFO] [stderr]     Checking tinystr v0.8.3
[INFO] [stderr]     Checking potential_utf v0.1.5
[INFO] [stderr]     Checking icu_collections v2.2.0
[INFO] [stderr]     Checking parking_lot v0.12.5
[INFO] [stderr]     Checking icu_locale_core v2.2.0
[INFO] [stderr]     Checking futures-intrusive v0.5.0
[INFO] [stderr]    Compiling darling_macro v0.23.0
[INFO] [stderr]    Compiling darling v0.23.0
[INFO] [stderr]    Compiling validator_derive v0.20.1
[INFO] [stderr]    Compiling entity-derive-impl v0.20.17
[INFO] [stderr]     Checking icu_provider v2.2.0
[INFO] [stderr]     Checking icu_properties v2.2.0
[INFO] [stderr]     Checking icu_normalizer v2.2.0
[INFO] [stderr]     Checking idna_adapter v1.2.2
[INFO] [stderr]     Checking idna v1.1.0
[INFO] [stderr]     Checking url v2.5.8
[INFO] [stderr]     Checking hyper v1.11.0
[INFO] [stderr]     Checking tower v0.5.3
[INFO] [stderr]     Checking garde v0.23.0
[INFO] [stderr]     Checking validator v0.20.0
[INFO] [stderr]     Checking utoipa v5.5.0
[INFO] [stderr]     Checking hyper-util v0.1.20
[INFO] [stderr]     Checking sqlx-core v0.9.0
[INFO] [stderr]     Checking axum v0.8.9
[INFO] [stderr]     Checking sqlx-postgres v0.9.0
[INFO] [stderr]    Compiling sqlx-macros-core v0.9.0
[INFO] [stderr]    Compiling sqlx-macros v0.9.0
[INFO] [stderr]     Checking sqlx v0.9.0
[INFO] [stderr]     Checking entity-core v0.10.4
[INFO] [stderr]     Checking entity-derive v0.22.8 (/opt/rustwide/workdir)
[INFO] [stdout] error: entity `Invoice` uses an attribute that requires the `outbox` feature of `entity-derive`, but it is currently disabled. Enable it by adding `features = ["outbox"]` to your `entity-derive` dependency, or remove the corresponding `#[entity(...)]` / `#[command(...)]` / `#[projection(...)]` attribute.
[INFO] [stdout]     --> tests/postgres.rs:1412:66
[INFO] [stdout]      |
[INFO] [stdout] 1412 |     #[derive(Debug, Clone, serde::Serialize, serde::Deserialize, Entity)]
[INFO] [stdout]      |                                                                  ^^^^^^
[INFO] [stdout]      |
[INFO] [stdout]      = note: this error originates in the derive macro `Entity` (in Nightly builds, run with -Z macro-backtrace for more info)
[INFO] [stdout] 
[INFO] [stdout] 
[INFO] [stdout] error: entity `Alert` uses an attribute that requires the `streams` feature of `entity-derive`, but it is currently disabled. Enable it by adding `features = ["streams"]` to your `entity-derive` dependency, or remove the corresponding `#[entity(...)]` / `#[command(...)]` / `#[projection(...)]` attribute.
[INFO] [stdout]     --> tests/postgres.rs:1571:66
[INFO] [stdout]      |
[INFO] [stdout] 1571 |     #[derive(Debug, Clone, serde::Serialize, serde::Deserialize, Entity)]
[INFO] [stdout]      |                                                                  ^^^^^^
[INFO] [stdout]      |
[INFO] [stdout]      = note: this error originates in the derive macro `Entity` (in Nightly builds, run with -Z macro-backtrace for more info)
[INFO] [stdout] 
[INFO] [stdout] 
[INFO] [stdout] error[E0433]: cannot find `serde_json` in `entity_derive`
[INFO] [stdout]     --> tests/postgres.rs:1998:28
[INFO] [stdout]      |
[INFO] [stdout] 1998 |     #[derive(Debug, Clone, Entity)]
[INFO] [stdout]      |                            ^^^^^^ could not find `serde_json` in `entity_derive`
[INFO] [stdout]      |
[INFO] [stdout] note: found an item that was configured out
[INFO] [stdout]     --> src/lib.rs:52:9
[INFO] [stdout]      |
[INFO] [stdout]   51 | #[cfg(any(feature = "api", feature = "streams", feature = "outbox"))]
[INFO] [stdout]      |          ---------------------------------------------------------- the item is gated here
[INFO] [stdout]   52 | pub use serde_json;
[INFO] [stdout]      |         ^^^^^^^^^^
[INFO] [stdout]      = note: this error originates in the derive macro `Entity` (in Nightly builds, run with -Z macro-backtrace for more info)
[INFO] [stdout] 
[INFO] [stdout] 
[INFO] [stdout] error[E0433]: cannot find `serde_json` in `entity_derive`
[INFO] [stdout]     --> tests/postgres.rs:2363:28
[INFO] [stdout]      |
[INFO] [stdout] 2363 |     #[derive(Debug, Clone, Entity)]
[INFO] [stdout]      |                            ^^^^^^ could not find `serde_json` in `entity_derive`
[INFO] [stdout]      |
[INFO] [stdout] note: found an item that was configured out
[INFO] [stdout]     --> src/lib.rs:52:9
[INFO] [stdout]      |
[INFO] [stdout]   51 | #[cfg(any(feature = "api", feature = "streams", feature = "outbox"))]
[INFO] [stdout]      |          ---------------------------------------------------------- the item is gated here
[INFO] [stdout]   52 | pub use serde_json;
[INFO] [stdout]      |         ^^^^^^^^^^
[INFO] [stdout]      = note: this error originates in the derive macro `Entity` (in Nightly builds, run with -Z macro-backtrace for more info)
[INFO] [stdout] 
[INFO] [stdout] 
[INFO] [stdout] error[E0433]: cannot find `serde_json` in `entity_derive`
[INFO] [stdout]     --> tests/postgres.rs:2486:28
[INFO] [stdout]      |
[INFO] [stdout] 2486 |     #[derive(Debug, Clone, Entity)]
[INFO] [stdout]      |                            ^^^^^^ could not find `serde_json` in `entity_derive`
[INFO] [stdout]      |
[INFO] [stdout] note: found an item that was configured out
[INFO] [stdout]     --> src/lib.rs:52:9
[INFO] [stdout]      |
[INFO] [stdout]   51 | #[cfg(any(feature = "api", feature = "streams", feature = "outbox"))]
[INFO] [stdout]      |          ---------------------------------------------------------- the item is gated here
[INFO] [stdout]   52 | pub use serde_json;
[INFO] [stdout]      |         ^^^^^^^^^^
[INFO] [stdout]      = note: this error originates in the derive macro `Entity` (in Nightly builds, run with -Z macro-backtrace for more info)
[INFO] [stdout] 
[INFO] [stdout] 
[INFO] [stdout] error[E0433]: cannot find `masterror` in `entity_derive`
[INFO] [stdout]     --> tests/postgres.rs:1998:28
[INFO] [stdout]      |
[INFO] [stdout] 1998 |     #[derive(Debug, Clone, Entity)]
[INFO] [stdout]      |                            ^^^^^^ could not find `masterror` in `entity_derive`
[INFO] [stdout]      |
[INFO] [stdout] note: found an item that was configured out
[INFO] [stdout]     --> src/lib.rs:46:9
[INFO] [stdout]      |
[INFO] [stdout]   45 | #[cfg(feature = "api")]
[INFO] [stdout]      |       --------------- the item is gated behind the `api` feature
[INFO] [stdout]   46 | pub use masterror;
[INFO] [stdout]      |         ^^^^^^^^^
[INFO] [stdout]      = note: this error originates in the derive macro `Entity` (in Nightly builds, run with -Z macro-backtrace for more info)
[INFO] [stdout] 
[INFO] [stdout] 
[INFO] [stdout] error[E0433]: cannot find `masterror` in `entity_derive`
[INFO] [stdout]     --> tests/postgres.rs:2363:28
[INFO] [stdout]      |
[INFO] [stdout] 2363 |     #[derive(Debug, Clone, Entity)]
[INFO] [stdout]      |                            ^^^^^^ could not find `masterror` in `entity_derive`
[INFO] [stdout]      |
[INFO] [stdout] note: found an item that was configured out
[INFO] [stdout]     --> src/lib.rs:46:9
[INFO] [stdout]      |
[INFO] [stdout]   45 | #[cfg(feature = "api")]
[INFO] [stdout]      |       --------------- the item is gated behind the `api` feature
[INFO] [stdout]   46 | pub use masterror;
[INFO] [stdout]      |         ^^^^^^^^^
[INFO] [stdout]      = note: this error originates in the derive macro `Entity` (in Nightly builds, run with -Z macro-backtrace for more info)
[INFO] [stdout] 
[INFO] [stdout] 
[INFO] [stdout] error[E0433]: cannot find `masterror` in `entity_derive`
[INFO] [stdout]     --> tests/postgres.rs:2486:28
[INFO] [stdout]      |
[INFO] [stdout] 2486 |     #[derive(Debug, Clone, Entity)]
[INFO] [stdout]      |                            ^^^^^^ could not find `masterror` in `entity_derive`
[INFO] [stdout]      |
[INFO] [stdout] note: found an item that was configured out
[INFO] [stdout]     --> src/lib.rs:46:9
[INFO] [stdout]      |
[INFO] [stdout]   45 | #[cfg(feature = "api")]
[INFO] [stdout]      |       --------------- the item is gated behind the `api` feature
[INFO] [stdout]   46 | pub use masterror;
[INFO] [stdout]      |         ^^^^^^^^^
[INFO] [stdout]      = note: this error originates in the derive macro `Entity` (in Nightly builds, run with -Z macro-backtrace for more info)
[INFO] [stdout] 
[INFO] [stdout] 
[INFO] [stdout] error[E0433]: cannot find `masterror` in `entity_derive`
[INFO] [stdout]     --> tests/postgres.rs:1998:28
[INFO] [stdout]      |
[INFO] [stdout] 1998 |     #[derive(Debug, Clone, Entity)]
[INFO] [stdout]      |                            ^^^^^^ could not find `masterror` in `entity_derive`
[INFO] [stdout]      |
[INFO] [stdout] note: found an item that was configured out
[INFO] [stdout]     --> src/lib.rs:46:9
[INFO] [stdout]      |
[INFO] [stdout]   45 | #[cfg(feature = "api")]
[INFO] [stdout]      |       --------------- the item is gated behind the `api` feature
[INFO] [stdout]   46 | pub use masterror;
[INFO] [stdout]      |         ^^^^^^^^^
[INFO] [stdout]      = note: this error originates in the derive macro `Entity` (in Nightly builds, run with -Z macro-backtrace for more info)
[INFO] [stdout] help: consider importing this struct
[INFO] [stdout]      |
[INFO] [stdout] 1986 +     use masterror::AppError;
[INFO] [stdout]      |
[INFO] [stdout] 
[INFO] [stdout] 
[INFO] [stdout] error[E0433]: cannot find `masterror` in `entity_derive`
[INFO] [stdout]     --> tests/postgres.rs:2363:28
[INFO] [stdout]      |
[INFO] [stdout] 2363 |     #[derive(Debug, Clone, Entity)]
[INFO] [stdout]      |                            ^^^^^^ could not find `masterror` in `entity_derive`
[INFO] [stdout]      |
[INFO] [stdout] note: found an item that was configured out
[INFO] [stdout]     --> src/lib.rs:46:9
[INFO] [stdout]      |
[INFO] [stdout]   45 | #[cfg(feature = "api")]
[INFO] [stdout]      |       --------------- the item is gated behind the `api` feature
[INFO] [stdout]   46 | pub use masterror;
[INFO] [stdout]      |         ^^^^^^^^^
[INFO] [stdout]      = note: this error originates in the derive macro `Entity` (in Nightly builds, run with -Z macro-backtrace for more info)
[INFO] [stdout] help: consider importing this struct
[INFO] [stdout]      |
[INFO] [stdout] 2326 +     use masterror::AppError;
[INFO] [stdout]      |
[INFO] [stdout] 
[INFO] [stdout] 
[INFO] [stdout] error[E0433]: cannot find `masterror` in `entity_derive`
[INFO] [stdout]     --> tests/postgres.rs:2486:28
[INFO] [stdout]      |
[INFO] [stdout] 2486 |     #[derive(Debug, Clone, Entity)]
[INFO] [stdout]      |                            ^^^^^^ could not find `masterror` in `entity_derive`
[INFO] [stdout]      |
[INFO] [stdout] note: found an item that was configured out
[INFO] [stdout]     --> src/lib.rs:46:9
[INFO] [stdout]      |
[INFO] [stdout]   45 | #[cfg(feature = "api")]
[INFO] [stdout]      |       --------------- the item is gated behind the `api` feature
[INFO] [stdout]   46 | pub use masterror;
[INFO] [stdout]      |         ^^^^^^^^^
[INFO] [stdout]      = note: this error originates in the derive macro `Entity` (in Nightly builds, run with -Z macro-backtrace for more info)
[INFO] [stdout] help: consider importing this struct
[INFO] [stdout]      |
[INFO] [stdout] 2474 +     use masterror::AppError;
[INFO] [stdout]      |
[INFO] [stdout] 
[INFO] [stdout] 
[INFO] [stdout] error[E0223]: ambiguous associated type
[INFO] [stdout]     --> tests/postgres.rs:1463:86
[INFO] [stdout]      |
[INFO] [stdout] 1463 |         async fn handle(&self, row: &entity_derive::outbox::OutboxRow) -> Result<(), Self::Error> {
[INFO] [stdout]      |                                                                                      ^^^^^^^^^^^
[INFO] [stdout]      |
[INFO] [stdout] help: use fully-qualified syntax
[INFO] [stdout]      |
[INFO] [stdout] 1463 -         async fn handle(&self, row: &entity_derive::outbox::OutboxRow) -> Result<(), Self::Error> {
[INFO] [stdout] 1463 +         async fn handle(&self, row: &entity_derive::outbox::OutboxRow) -> Result<(), <outbox::Recorder as MakeConnection>::Error> {
[INFO] [stdout]      |
[INFO] [stdout] 1463 -         async fn handle(&self, row: &entity_derive::outbox::OutboxRow) -> Result<(), Self::Error> {
[INFO] [stdout] 1463 +         async fn handle(&self, row: &entity_derive::outbox::OutboxRow) -> Result<(), <outbox::Recorder as MakeService>::Error> {
[INFO] [stdout]      |
[INFO] [stdout] 1463 -         async fn handle(&self, row: &entity_derive::outbox::OutboxRow) -> Result<(), Self::Error> {
[INFO] [stdout] 1463 +         async fn handle(&self, row: &entity_derive::outbox::OutboxRow) -> Result<(), <outbox::Recorder as TryFrom>::Error> {
[INFO] [stdout]      |
[INFO] [stdout] 1463 -         async fn handle(&self, row: &entity_derive::outbox::OutboxRow) -> Result<(), Self::Error> {
[INFO] [stdout] 1463 +         async fn handle(&self, row: &entity_derive::outbox::OutboxRow) -> Result<(), <outbox::Recorder as TryInto>::Error> {
[INFO] [stdout]      |
[INFO] [stdout]      = and 7 other candidates
[INFO] [stdout] 
[INFO] [stdout] 
[INFO] [stdout] Some errors have detailed explanations: E0223, E0433.
[INFO] [stdout] 
[INFO] [stdout] For more information about an error, try `rustc --explain E0223`.
[INFO] [stdout] 
[INFO] [stderr] error: could not compile `entity-derive` (test "postgres") due to 12 previous errors
[INFO] running `Command { std: "docker" "inspect" "38c0f64e1f63e1054cb37e4ef5268db771e250b0c33e6eb4cd5a486e7bf8e6a4", kill_on_drop: false }`
[INFO] running `Command { std: "docker" "rm" "-f" "38c0f64e1f63e1054cb37e4ef5268db771e250b0c33e6eb4cd5a486e7bf8e6a4", kill_on_drop: false }`
[INFO] [stdout] 38c0f64e1f63e1054cb37e4ef5268db771e250b0c33e6eb4cd5a486e7bf8e6a4
