[INFO] fetching crate engenho-substrate-props 0.53.127...
[INFO] checking engenho-substrate-props-0.53.127 against 3154cc1a3e6424e44f438a95007d043ed5ceaaf6+rustflags=-Znext-solver=coherence for pr-133502-30
[INFO] extracting crate engenho-substrate-props 0.53.127 into /workspace/builds/worker-2-tc1/source
[INFO] started tweaking crates.io crate engenho-substrate-props 0.53.127
[INFO] removed 0 missing tests
[INFO] finished tweaking crates.io crate engenho-substrate-props 0.53.127
[INFO] tweaked toml for crates.io crate engenho-substrate-props 0.53.127 written to /workspace/builds/worker-2-tc1/source/Cargo.toml
[INFO] validating manifest of crates.io crate engenho-substrate-props 0.53.127 on toolchain 3154cc1a3e6424e44f438a95007d043ed5ceaaf6
[INFO] running `Command { std: CARGO_HOME="/workspace/cargo-home" RUSTUP_HOME="/workspace/rustup-home" "/workspace/cargo-home/bin/cargo" "+3154cc1a3e6424e44f438a95007d043ed5ceaaf6" "metadata" "--manifest-path" "Cargo.toml" "--no-deps", kill_on_drop: false }`
[INFO] crate crates.io crate engenho-substrate-props 0.53.127 already has a lockfile, it will not be regenerated
[INFO] running `Command { std: CARGO_HOME="/workspace/cargo-home" RUSTUP_HOME="/workspace/rustup-home" "/workspace/cargo-home/bin/cargo" "+3154cc1a3e6424e44f438a95007d043ed5ceaaf6" "fetch" "--manifest-path" "Cargo.toml", kill_on_drop: false }`
[INFO] [stderr] warning: `package.homepage` is redundant with `package.repository`
[INFO] [stderr]   --> Cargo.toml:36:12
[INFO] [stderr]    |
[INFO] [stderr] 36 | homepage = "https://github.com/pleme-io/engenho"
[INFO] [stderr]    |            ^^^^^^^^^^^^^^^^^^^^^^^^^^^^^^^^^^^^^
[INFO] [stderr] ...
[INFO] [stderr] 41 | repository = "https://github.com/pleme-io/engenho"
[INFO] [stderr]    |              -------------------------------------
[INFO] [stderr]    |
[INFO] [stderr]    = note: `cargo::redundant_homepage` is set to `warn` by default
[INFO] [stderr] help: consider removing `package.homepage`
[INFO] [stderr] warning: `engenho-substrate-props` (manifest) generated 1 warning
[INFO] [stderr]     Blocking waiting for file lock on package cache
[INFO] [stderr]     Blocking waiting for file lock on package cache
[INFO] running `Command { std: "docker" "create" "-v" "/var/lib/crater-agent-workspace/builds/worker-2-tc1/source:/opt/rustwide/workdir:ro,Z" "-v" "/var/lib/crater-agent-workspace/builds/worker-2-tc1/target:/opt/rustwide/target:rw,Z" "-v" "/var/lib/crater-agent-workspace/cargo-home:/opt/rustwide/cargo-home:ro,Z" "-v" "/var/lib/crater-agent-workspace/rustup-home:/opt/rustwide/rustup-home:ro,Z" "-m" "1610612736" "--network" "none" "ghcr.io/rust-lang/crates-build-env/linux@sha256:77db811e55d90add9212f6832c23229e3de5f1c1f9905e8cb07319ea15df73ac" "sleep" "infinity", kill_on_drop: false }`
[INFO] [stdout] 92908d8bec7ae5dced9dc8e1c0e195d1651fe06df9f1467d62c62512778edf4c
[INFO] running `Command { std: "docker" "start" "92908d8bec7ae5dced9dc8e1c0e195d1651fe06df9f1467d62c62512778edf4c", kill_on_drop: false }`
[INFO] running `Command { std: "docker" "inspect" "92908d8bec7ae5dced9dc8e1c0e195d1651fe06df9f1467d62c62512778edf4c", kill_on_drop: false }`
[INFO] running `Command { std: "docker" "exec" "-e" "SOURCE_DIR=/opt/rustwide/workdir" "-e" "CARGO_HOME=/opt/rustwide/cargo-home" "-e" "RUSTUP_HOME=/opt/rustwide/rustup-home" "-e" "CARGO_TARGET_DIR=/opt/rustwide/target" "-w" "/opt/rustwide/workdir" "--user" "0:0" "92908d8bec7ae5dced9dc8e1c0e195d1651fe06df9f1467d62c62512778edf4c" "/opt/rustwide/cargo-home/bin/cargo" "+3154cc1a3e6424e44f438a95007d043ed5ceaaf6" "metadata" "--no-deps" "--format-version=1", kill_on_drop: false }`
[INFO] running `Command { std: "docker" "inspect" "92908d8bec7ae5dced9dc8e1c0e195d1651fe06df9f1467d62c62512778edf4c", kill_on_drop: false }`
[INFO] running `Command { std: "docker" "exec" "-e" "SOURCE_DIR=/opt/rustwide/workdir" "-e" "CARGO_HOME=/opt/rustwide/cargo-home" "-e" "RUSTUP_HOME=/opt/rustwide/rustup-home" "-e" "CARGO_TARGET_DIR=/opt/rustwide/target" "-e" "CARGO_INCREMENTAL=0" "-e" "RUST_BACKTRACE=full" "-e" "RUSTFLAGS=--cap-lints=forbid -Znext-solver=coherence" "-e" "RUSTDOCFLAGS=--cap-lints=forbid" "-w" "/opt/rustwide/workdir" "--user" "0:0" "92908d8bec7ae5dced9dc8e1c0e195d1651fe06df9f1467d62c62512778edf4c" "/opt/rustwide/cargo-home/bin/cargo" "+3154cc1a3e6424e44f438a95007d043ed5ceaaf6" "check" "--frozen" "--all" "--all-targets" "--message-format=json", kill_on_drop: false }`
[INFO] [stderr] warning: `package.homepage` is redundant with `package.repository`
[INFO] [stderr]   --> Cargo.toml:36:12
[INFO] [stderr]    |
[INFO] [stderr] 36 | homepage = "https://github.com/pleme-io/engenho"
[INFO] [stderr]    |            ^^^^^^^^^^^^^^^^^^^^^^^^^^^^^^^^^^^^^
[INFO] [stderr] ...
[INFO] [stderr] 41 | repository = "https://github.com/pleme-io/engenho"
[INFO] [stderr]    |              -------------------------------------
[INFO] [stderr]    |
[INFO] [stderr]    = note: `cargo::redundant_homepage` is set to `warn` by default
[INFO] [stderr] help: consider removing `package.homepage`
[INFO] [stderr] warning: `engenho-substrate-props` (manifest) generated 1 warning
[INFO] [stderr]     Checking memchr v2.8.1
[INFO] [stderr]    Compiling zerocopy v0.8.49
[INFO] [stderr]     Checking futures-sink v0.3.32
[INFO] [stderr]    Compiling cc v1.2.62
[INFO] [stderr]    Compiling syn v2.0.117
[INFO] [stderr]     Checking getrandom v0.3.4
[INFO] [stderr]     Checking parking_lot_core v0.9.12
[INFO] [stderr]     Checking getrandom v0.4.2
[INFO] [stderr]     Checking rustix v1.1.4
[INFO] [stderr]     Checking wait-timeout v0.2.1
[INFO] [stderr]     Checking quick-error v1.2.3
[INFO] [stderr]     Checking bit-vec v0.8.0
[INFO] [stderr]     Checking unarray v0.1.4
[INFO] [stderr]     Checking futures-channel v0.3.32
[INFO] [stderr]     Checking parking_lot v0.12.5
[INFO] [stderr]     Checking rand_core v0.9.5
[INFO] [stderr]     Checking bit-set v0.8.0
[INFO] [stderr]     Checking rand v0.9.4
[INFO] [stderr]     Checking rand_xorshift v0.4.0
[INFO] [stderr]     Checking serde_json v1.0.150
[INFO] [stderr]    Compiling blake3 v1.8.5
[INFO] [stderr]     Checking tempfile v3.27.0
[INFO] [stderr]     Checking rusty-fork v0.3.1
[INFO] [stderr]    Compiling futures-macro v0.3.32
[INFO] [stderr]    Compiling thiserror-impl v2.0.18
[INFO] [stderr]    Compiling serde_derive v1.0.228
[INFO] [stderr]    Compiling tokio-macros v2.7.0
[INFO] [stderr]    Compiling async-trait v0.1.89
[INFO] [stderr]     Checking futures-util v0.3.32
[INFO] [stderr]     Checking tokio v1.52.3
[INFO] [stderr]     Checking thiserror v2.0.18
[INFO] [stderr]     Checking ppv-lite86 v0.2.21
[INFO] [stderr]     Checking rand_chacha v0.9.0
[INFO] [stderr]     Checking proptest v1.11.0
[INFO] [stderr]     Checking serde v1.0.228
[INFO] [stderr]     Checking engenho-substrate-core v0.53.127
[INFO] [stderr]     Checking futures-executor v0.3.32
[INFO] [stderr]     Checking futures v0.3.32
[INFO] [stderr]     Checking engenho-substrate v0.53.127
[INFO] [stderr]     Checking engenho-substrate-props v0.53.127 (/opt/rustwide/workdir)
[INFO] [stdout] error[E0432]: unresolved import `engenho_substrate_incubator`
[INFO] [stdout]  --> tests/linhagem.rs:3:5
[INFO] [stdout]   |
[INFO] [stdout] 3 | use engenho_substrate_incubator::{GeracaoId, Linhagem, SearchId};
[INFO] [stdout]   |     ^^^^^^^^^^^^^^^^^^^^^^^^^^^ use of unresolved module or unlinked crate `engenho_substrate_incubator`
[INFO] [stdout]   |
[INFO] [stdout] help: there is a crate or module with a similar name
[INFO] [stdout]   |
[INFO] [stdout] 3 - use engenho_substrate_incubator::{GeracaoId, Linhagem, SearchId};
[INFO] [stdout] 3 + use engenho_substrate_props::{GeracaoId, Linhagem, SearchId};
[INFO] [stdout]   |
[INFO] [stdout] 
[INFO] [stdout] 
[INFO] [stdout] error[E0432]: unresolved import `engenho_substrate_incubator`
[INFO] [stdout]  --> tests/compose_ir.rs:3:5
[INFO] [stdout]   |
[INFO] [stdout] 3 | use engenho_substrate_incubator::{ComposeIr, ComposeService};
[INFO] [stdout]   |     ^^^^^^^^^^^^^^^^^^^^^^^^^^^ use of unresolved module or unlinked crate `engenho_substrate_incubator`
[INFO] [stdout]   |
[INFO] [stdout] help: there is a crate or module with a similar name
[INFO] [stdout]   |
[INFO] [stdout] 3 - use engenho_substrate_incubator::{ComposeIr, ComposeService};
[INFO] [stdout] 3 + use engenho_substrate_props::{ComposeIr, ComposeService};
[INFO] [stdout]   |
[INFO] [stdout] 
[INFO] [stdout] 
[INFO] [stdout] error[E0432]: unresolved import `engenho_substrate_incubator`
[INFO] [stdout]  --> tests/command_runner.rs:3:5
[INFO] [stdout]   |
[INFO] [stdout] 3 | use engenho_substrate_incubator::{
[INFO] [stdout]   |     ^^^^^^^^^^^^^^^^^^^^^^^^^^^ use of unresolved module or unlinked crate `engenho_substrate_incubator`
[INFO] [stdout]   |
[INFO] [stdout] help: there is a crate or module with a similar name
[INFO] [stdout]   |
[INFO] [stdout] 3 - use engenho_substrate_incubator::{
[INFO] [stdout] 3 + use engenho_substrate_props::{
[INFO] [stdout]   |
[INFO] [stdout] 
[INFO] [stdout] 
[INFO] [stdout] For more information about this error, try `rustc --explain E0432`.
[INFO] [stdout] 
[INFO] [stdout] error[E0432]: unresolved import `engenho_substrate_incubator`
[INFO] [stdout]  --> tests/ensaio_id.rs:4:5
[INFO] [stdout]   |
[INFO] [stdout] 4 | use engenho_substrate_incubator::{EnsaioId, SearchId};
[INFO] [stdout]   |     ^^^^^^^^^^^^^^^^^^^^^^^^^^^ use of unresolved module or unlinked crate `engenho_substrate_incubator`
[INFO] [stdout]   |
[INFO] [stdout] help: there is a crate or module with a similar name
[INFO] [stdout]   |
[INFO] [stdout] 4 - use engenho_substrate_incubator::{EnsaioId, SearchId};
[INFO] [stdout] 4 + use engenho_substrate_props::{EnsaioId, SearchId};
[INFO] [stdout]   |
[INFO] [stdout] 
[INFO] [stdout] 
[INFO] [stderr] error: could not compile `engenho-substrate-props` (test "linhagem") due to 1 previous error
[INFO] [stderr] warning: build failed, waiting for other jobs to finish...
[INFO] [stdout] For more information about this error, try `rustc --explain E0432`.
[INFO] [stdout] 
[INFO] [stdout] For more information about this error, try `rustc --explain E0432`.
[INFO] [stdout] 
[INFO] [stderr] error: could not compile `engenho-substrate-props` (test "compose_ir") due to 1 previous error
[INFO] [stderr] error: could not compile `engenho-substrate-props` (test "command_runner") due to 1 previous error
[INFO] [stdout] For more information about this error, try `rustc --explain E0432`.
[INFO] [stdout] 
[INFO] [stderr] error: could not compile `engenho-substrate-props` (test "ensaio_id") due to 1 previous error
[INFO] running `Command { std: "docker" "inspect" "92908d8bec7ae5dced9dc8e1c0e195d1651fe06df9f1467d62c62512778edf4c", kill_on_drop: false }`
[INFO] running `Command { std: "docker" "rm" "-f" "92908d8bec7ae5dced9dc8e1c0e195d1651fe06df9f1467d62c62512778edf4c", kill_on_drop: false }`
[INFO] [stdout] 92908d8bec7ae5dced9dc8e1c0e195d1651fe06df9f1467d62c62512778edf4c
