[INFO] fetching crate emu198x-mos-6502 0.6.0...
[INFO] checking emu198x-mos-6502-0.6.0 against 3154cc1a3e6424e44f438a95007d043ed5ceaaf6 for pr-133502-30
[INFO] extracting crate emu198x-mos-6502 0.6.0 into /workspace/builds/worker-0-tc2/source
[INFO] started tweaking crates.io crate emu198x-mos-6502 0.6.0
[INFO] removed 0 missing tests
[INFO] finished tweaking crates.io crate emu198x-mos-6502 0.6.0
[INFO] tweaked toml for crates.io crate emu198x-mos-6502 0.6.0 written to /workspace/builds/worker-0-tc2/source/Cargo.toml
[INFO] validating manifest of crates.io crate emu198x-mos-6502 0.6.0 on toolchain 3154cc1a3e6424e44f438a95007d043ed5ceaaf6
[INFO] running `Command { std: CARGO_HOME="/workspace/cargo-home" RUSTUP_HOME="/workspace/rustup-home" "/workspace/cargo-home/bin/cargo" "+3154cc1a3e6424e44f438a95007d043ed5ceaaf6" "metadata" "--manifest-path" "Cargo.toml" "--no-deps", kill_on_drop: false }`
[INFO] crate crates.io crate emu198x-mos-6502 0.6.0 already has a lockfile, it will not be regenerated
[INFO] running `Command { std: CARGO_HOME="/workspace/cargo-home" RUSTUP_HOME="/workspace/rustup-home" "/workspace/cargo-home/bin/cargo" "+3154cc1a3e6424e44f438a95007d043ed5ceaaf6" "fetch" "--manifest-path" "Cargo.toml", kill_on_drop: false }`
[INFO] running `Command { std: "docker" "create" "-v" "/var/lib/crater-agent-workspace/builds/worker-0-tc2/source:/opt/rustwide/workdir:ro,Z" "-v" "/var/lib/crater-agent-workspace/builds/worker-0-tc2/target:/opt/rustwide/target:rw,Z" "-v" "/var/lib/crater-agent-workspace/cargo-home:/opt/rustwide/cargo-home:ro,Z" "-v" "/var/lib/crater-agent-workspace/rustup-home:/opt/rustwide/rustup-home:ro,Z" "-m" "1610612736" "--network" "none" "ghcr.io/rust-lang/crates-build-env/linux@sha256:77db811e55d90add9212f6832c23229e3de5f1c1f9905e8cb07319ea15df73ac" "sleep" "infinity", kill_on_drop: false }`
[INFO] [stdout] 30a55bb56dfafdf3d91b7f1de8eecd884226d8a6841640571c2e87ed0a44dcfe
[INFO] running `Command { std: "docker" "start" "30a55bb56dfafdf3d91b7f1de8eecd884226d8a6841640571c2e87ed0a44dcfe", kill_on_drop: false }`
[INFO] running `Command { std: "docker" "inspect" "30a55bb56dfafdf3d91b7f1de8eecd884226d8a6841640571c2e87ed0a44dcfe", kill_on_drop: false }`
[INFO] running `Command { std: "docker" "exec" "-e" "SOURCE_DIR=/opt/rustwide/workdir" "-e" "CARGO_HOME=/opt/rustwide/cargo-home" "-e" "RUSTUP_HOME=/opt/rustwide/rustup-home" "-e" "CARGO_TARGET_DIR=/opt/rustwide/target" "-w" "/opt/rustwide/workdir" "--user" "0:0" "30a55bb56dfafdf3d91b7f1de8eecd884226d8a6841640571c2e87ed0a44dcfe" "/opt/rustwide/cargo-home/bin/cargo" "+3154cc1a3e6424e44f438a95007d043ed5ceaaf6" "metadata" "--no-deps" "--format-version=1", kill_on_drop: false }`
[INFO] running `Command { std: "docker" "inspect" "30a55bb56dfafdf3d91b7f1de8eecd884226d8a6841640571c2e87ed0a44dcfe", kill_on_drop: false }`
[INFO] running `Command { std: "docker" "exec" "-e" "SOURCE_DIR=/opt/rustwide/workdir" "-e" "CARGO_HOME=/opt/rustwide/cargo-home" "-e" "RUSTUP_HOME=/opt/rustwide/rustup-home" "-e" "CARGO_TARGET_DIR=/opt/rustwide/target" "-e" "CARGO_INCREMENTAL=0" "-e" "RUST_BACKTRACE=full" "-e" "RUSTFLAGS=--cap-lints=forbid" "-e" "RUSTDOCFLAGS=--cap-lints=forbid" "-w" "/opt/rustwide/workdir" "--user" "0:0" "30a55bb56dfafdf3d91b7f1de8eecd884226d8a6841640571c2e87ed0a44dcfe" "/opt/rustwide/cargo-home/bin/cargo" "+3154cc1a3e6424e44f438a95007d043ed5ceaaf6" "check" "--frozen" "--all" "--all-targets" "--message-format=json", kill_on_drop: false }`
[INFO] [stderr]    Compiling proc-macro2 v1.0.106
[INFO] [stderr]    Compiling quote v1.0.45
[INFO] [stderr]     Checking memchr v2.8.0
[INFO] [stderr]     Checking serde_json v1.0.151
[INFO] [stderr]    Compiling syn v3.0.3
[INFO] [stderr]    Compiling serde_derive v1.0.229
[INFO] [stderr]     Checking serde v1.0.229
[INFO] [stderr]     Checking emu198x-mos-6502 v0.6.0 (/opt/rustwide/workdir)
[INFO] [stdout] error[E0433]: cannot find module or crate `emu198x_test_skip` in this scope
[INFO] [stdout]    --> tests/lorenz_tests.rs:620:13
[INFO] [stdout]     |
[INFO] [stdout] 620 |             emu198x_test_skip::skip!("Wolfgang Lorenz suite not found; skipping sweep: {message}");
[INFO] [stdout]     |             ^^^^^^^^^^^^^^^^^ use of unresolved module or unlinked crate `emu198x_test_skip`
[INFO] [stdout] 
[INFO] [stdout] 
[INFO] [stdout] error[E0433]: cannot find module or crate `emu198x_test_skip` in this scope
[INFO] [stdout]    --> tests/lorenz_tests.rs:626:13
[INFO] [stdout]     |
[INFO] [stdout] 626 |             emu198x_test_skip::skip!("C64 KERNAL ROM not found; skipping sweep: {message}");
[INFO] [stdout]     |             ^^^^^^^^^^^^^^^^^ use of unresolved module or unlinked crate `emu198x_test_skip`
[INFO] [stdout] 
[INFO] [stdout] 
[INFO] [stdout] error[E0308]: `match` arms have incompatible types
[INFO] [stdout]    --> tests/lorenz_tests.rs:620:13
[INFO] [stdout]     |
[INFO] [stdout] 617 |       let suite_dir = match find_lorenz_6502_dir() {
[INFO] [stdout]     |  _____________________-
[INFO] [stdout] 618 | |         Ok(d) => d,
[INFO] [stdout]     | |                  - this is found to be of type `PathBuf`
[INFO] [stdout] 619 | |         Err(message) => {
[INFO] [stdout] 620 | |             emu198x_test_skip::skip!("Wolfgang Lorenz suite not found; skipping sweep: {message}");
[INFO] [stdout]     | |             ^^^^^^^^^^^^^^^^^^^^^^^^^^^^^^^^^^^^^^^^^^^^^^^^^^^^^^^^^^^^^^^^^^^^^^^^^^^^^^^^^^^^^^ expected `PathBuf`, found `()`
[INFO] [stdout] 621 | |         }
[INFO] [stdout] 622 | |     };
[INFO] [stdout]     | |_____- `match` arms have incompatible types
[INFO] [stdout] 
[INFO] [stdout] 
[INFO] [stdout] error[E0308]: `match` arms have incompatible types
[INFO] [stdout]    --> tests/lorenz_tests.rs:626:13
[INFO] [stdout]     |
[INFO] [stdout] 623 |       let kernal = match load_kernal_rom() {
[INFO] [stdout]     |  __________________-
[INFO] [stdout] 624 | |         Ok(k) => k,
[INFO] [stdout]     | |                  - this is found to be of type `Vec<u8>`
[INFO] [stdout] 625 | |         Err(message) => {
[INFO] [stdout] 626 | |             emu198x_test_skip::skip!("C64 KERNAL ROM not found; skipping sweep: {message}");
[INFO] [stdout]     | |             ^^^^^^^^^^^^^^^^^^^^^^^^^^^^^^^^^^^^^^^^^^^^^^^^^^^^^^^^^^^^^^^^^^^^^^^^^^^^^^^ expected `Vec<u8>`, found `()`
[INFO] [stdout] 627 | |         }
[INFO] [stdout] 628 | |     };
[INFO] [stdout]     | |_____- `match` arms have incompatible types
[INFO] [stdout]     |
[INFO] [stdout]     = note: expected struct `Vec<u8>`
[INFO] [stdout]             found unit type `()`
[INFO] [stdout] 
[INFO] [stdout] 
[INFO] [stdout] Some errors have detailed explanations: E0308, E0433.
[INFO] [stdout] 
[INFO] [stdout] For more information about an error, try `rustc --explain E0308`.
[INFO] [stdout] 
[INFO] [stderr] error: could not compile `emu198x-mos-6502` (test "lorenz_tests") due to 4 previous errors
[INFO] [stderr] warning: build failed, waiting for other jobs to finish...
[INFO] running `Command { std: "docker" "inspect" "30a55bb56dfafdf3d91b7f1de8eecd884226d8a6841640571c2e87ed0a44dcfe", kill_on_drop: false }`
[INFO] running `Command { std: "docker" "rm" "-f" "30a55bb56dfafdf3d91b7f1de8eecd884226d8a6841640571c2e87ed0a44dcfe", kill_on_drop: false }`
[INFO] [stdout] 30a55bb56dfafdf3d91b7f1de8eecd884226d8a6841640571c2e87ed0a44dcfe
