[INFO] fetching crate embedded-cal-nrf54l15 0.2.0...
[INFO] checking embedded-cal-nrf54l15-0.2.0 against 3154cc1a3e6424e44f438a95007d043ed5ceaaf6+rustflags=-Znext-solver=coherence for pr-133502-30
[INFO] extracting crate embedded-cal-nrf54l15 0.2.0 into /workspace/builds/worker-1-tc1/source
[INFO] removed /workspace/builds/worker-1-tc1/source/.cargo/config.toml
[INFO] started tweaking crates.io crate embedded-cal-nrf54l15 0.2.0
[INFO] removed 0 missing tests
[INFO] finished tweaking crates.io crate embedded-cal-nrf54l15 0.2.0
[INFO] tweaked toml for crates.io crate embedded-cal-nrf54l15 0.2.0 written to /workspace/builds/worker-1-tc1/source/Cargo.toml
[INFO] validating manifest of crates.io crate embedded-cal-nrf54l15 0.2.0 on toolchain 3154cc1a3e6424e44f438a95007d043ed5ceaaf6
[INFO] running `Command { std: CARGO_HOME="/workspace/cargo-home" RUSTUP_HOME="/workspace/rustup-home" "/workspace/cargo-home/bin/cargo" "+3154cc1a3e6424e44f438a95007d043ed5ceaaf6" "metadata" "--manifest-path" "Cargo.toml" "--no-deps", kill_on_drop: false }`
[INFO] crate crates.io crate embedded-cal-nrf54l15 0.2.0 already has a lockfile, it will not be regenerated
[INFO] running `Command { std: CARGO_HOME="/workspace/cargo-home" RUSTUP_HOME="/workspace/rustup-home" "/workspace/cargo-home/bin/cargo" "+3154cc1a3e6424e44f438a95007d043ed5ceaaf6" "fetch" "--manifest-path" "Cargo.toml", kill_on_drop: false }`
[INFO] [stderr]     Blocking waiting for file lock on package cache
[INFO] [stderr]     Updating crates.io index
[INFO] [stderr]     Blocking waiting for file lock on package cache
[INFO] [stderr]  Downloading crates ...
[INFO] [stderr]   Downloaded libcrux-iot-p256 v0.0.1-alpha.1
[INFO] [stderr]   Downloaded libcrux-secrets v0.0.6
[INFO] [stderr]   Downloaded libcrux-traits v0.0.8
[INFO] [stderr]   Downloaded hax-lib-macros-types v0.3.7
[INFO] [stderr]   Downloaded libcrux-macros v0.0.3
[INFO] [stderr]   Downloaded hax-lib-macros-types v0.4.0
[INFO] [stderr]   Downloaded cortex-m-semihosting v0.5.0
[INFO] [stderr]   Downloaded embedded-alloc v0.6.0
[INFO] [stderr]   Downloaded libcrux-sha2 v0.0.8
[INFO] [stderr]   Downloaded hexlit v0.5.5
[INFO] [stderr]   Downloaded defmt-test-macros v0.3.2
[INFO] [stderr]   Downloaded linked_list_allocator v0.10.6
[INFO] [stderr]   Downloaded hax-lib-macros v0.3.7
[INFO] [stderr]   Downloaded embedded-cal-testvectors v0.2.0
[INFO] [stderr]   Downloaded embedded-cal v0.2.0
[INFO] [stderr]   Downloaded hax-lib-macros v0.4.0
[INFO] [stderr]   Downloaded crabgrind v0.2.6
[INFO] [stderr]   Downloaded rlsf v0.2.3
[INFO] [stderr]   Downloaded libcrux-hacl-rs v0.0.5
[INFO] [stderr]   Downloaded hax-lib v0.3.7
[INFO] [stderr]   Downloaded defmt-test v0.4.0
[INFO] [stderr]   Downloaded hax-lib v0.4.0
[INFO] [stderr]   Downloaded nrf-pac v0.2.0
[INFO] running `Command { std: "docker" "create" "-v" "/var/lib/crater-agent-workspace/builds/worker-1-tc1/source:/opt/rustwide/workdir:ro,Z" "-v" "/var/lib/crater-agent-workspace/builds/worker-1-tc1/target:/opt/rustwide/target:rw,Z" "-v" "/var/lib/crater-agent-workspace/cargo-home:/opt/rustwide/cargo-home:ro,Z" "-v" "/var/lib/crater-agent-workspace/rustup-home:/opt/rustwide/rustup-home:ro,Z" "-m" "1610612736" "--network" "none" "ghcr.io/rust-lang/crates-build-env/linux@sha256:77db811e55d90add9212f6832c23229e3de5f1c1f9905e8cb07319ea15df73ac" "sleep" "infinity", kill_on_drop: false }`
[INFO] [stdout] 856e6737e5757fa61b2fbbd9f666f50cac0746929ed8070a274e63b12ce663ee
[INFO] running `Command { std: "docker" "start" "856e6737e5757fa61b2fbbd9f666f50cac0746929ed8070a274e63b12ce663ee", kill_on_drop: false }`
[INFO] running `Command { std: "docker" "inspect" "856e6737e5757fa61b2fbbd9f666f50cac0746929ed8070a274e63b12ce663ee", kill_on_drop: false }`
[INFO] running `Command { std: "docker" "exec" "-e" "SOURCE_DIR=/opt/rustwide/workdir" "-e" "CARGO_HOME=/opt/rustwide/cargo-home" "-e" "RUSTUP_HOME=/opt/rustwide/rustup-home" "-e" "CARGO_TARGET_DIR=/opt/rustwide/target" "-w" "/opt/rustwide/workdir" "--user" "0:0" "856e6737e5757fa61b2fbbd9f666f50cac0746929ed8070a274e63b12ce663ee" "/opt/rustwide/cargo-home/bin/cargo" "+3154cc1a3e6424e44f438a95007d043ed5ceaaf6" "metadata" "--no-deps" "--format-version=1", kill_on_drop: false }`
[INFO] running `Command { std: "docker" "inspect" "856e6737e5757fa61b2fbbd9f666f50cac0746929ed8070a274e63b12ce663ee", kill_on_drop: false }`
[INFO] running `Command { std: "docker" "exec" "-e" "SOURCE_DIR=/opt/rustwide/workdir" "-e" "CARGO_HOME=/opt/rustwide/cargo-home" "-e" "RUSTUP_HOME=/opt/rustwide/rustup-home" "-e" "CARGO_TARGET_DIR=/opt/rustwide/target" "-e" "CARGO_INCREMENTAL=0" "-e" "RUST_BACKTRACE=full" "-e" "RUSTFLAGS=--cap-lints=forbid -Znext-solver=coherence" "-e" "RUSTDOCFLAGS=--cap-lints=forbid" "-w" "/opt/rustwide/workdir" "--user" "0:0" "856e6737e5757fa61b2fbbd9f666f50cac0746929ed8070a274e63b12ce663ee" "/opt/rustwide/cargo-home/bin/cargo" "+3154cc1a3e6424e44f438a95007d043ed5ceaaf6" "check" "--frozen" "--all" "--all-targets" "--message-format=json", kill_on_drop: false }`
[INFO] [stderr]    Compiling semver-parser v0.7.0
[INFO] [stderr]    Compiling cortex-m v0.7.9
[INFO] [stderr]    Compiling cortex-m-macros v0.7.8
[INFO] [stderr]     Checking nb v1.1.0
[INFO] [stderr]     Checking critical-section v1.2.0
[INFO] [stderr]     Checking vcell v0.1.3
[INFO] [stderr]    Compiling defmt v1.1.1
[INFO] [stderr]     Checking embedded-hal v1.0.0
[INFO] [stderr]    Compiling hax-lib v0.4.0
[INFO] [stderr]     Checking bitfield v0.13.2
[INFO] [stderr]    Compiling thiserror v2.0.20
[INFO] [stderr]    Compiling hax-lib v0.3.7
[INFO] [stderr]    Compiling defmt-macros v1.1.1
[INFO] [stderr]    Compiling cortex-m-rt v0.7.6
[INFO] [stderr]    Compiling syn v3.0.6
[INFO] [stderr]    Compiling hax-lib-macros v0.3.7
[INFO] [stderr]    Compiling hax-lib-macros v0.4.0
[INFO] [stderr]     Checking nb v0.1.3
[INFO] [stderr]     Checking volatile-register v0.2.2
[INFO] [stderr]     Checking embedded-hal v0.2.7
[INFO] [stderr]    Compiling cortex-m-rt-macros v0.7.6
[INFO] [stderr]    Compiling libcrux-macros v0.0.3
[INFO] [stderr]     Checking rand v0.10.3
[INFO] [stderr]    Compiling cortex-m-semihosting v0.5.0
[INFO] [stderr]    Compiling nrf-pac v0.2.0
[INFO] [stderr]    Compiling panic-probe v1.0.0
[INFO] [stderr]    Compiling semver v0.9.0
[INFO] [stderr]    Compiling embedded-cal-nrf54l15 v0.2.0 (/opt/rustwide/workdir)
[INFO] [stderr]    Compiling defmt-rtt v1.3.0
[INFO] [stderr]     Checking const-default v1.0.0
[INFO] [stderr]     Checking zeroize v1.9.0
[INFO] [stderr]    Compiling defmt-test-macros v0.3.2
[INFO] [stderr]     Checking linked_list_allocator v0.10.6
[INFO] [stderr]     Checking hexlit v0.5.5
[INFO] [stderr]     Checking rlsf v0.2.3
[INFO] [stderr]    Compiling rustc_version v0.2.3
[INFO] [stderr]     Checking libcrux-hacl-rs v0.0.5
[INFO] [stderr]    Compiling bare-metal v0.2.5
[INFO] [stderr]     Checking libcrux-secrets v0.0.6
[INFO] [stderr]     Checking embedded-cal v0.2.0
[INFO] [stderr]     Checking embedded-alloc v0.6.0
[INFO] [stderr]     Checking libcrux-traits v0.0.8
[INFO] [stderr]     Checking embedded-cal-testvectors v0.2.0
[INFO] [stderr]    Compiling thiserror-impl v2.0.20
[INFO] [stderr]    Compiling defmt-parser v1.0.0
[INFO] [stderr]     Checking defmt-test v0.4.0
[INFO] [stderr]     Checking libcrux-sha2 v0.0.8
[INFO] [stderr]     Checking libcrux-iot-p256 v0.0.1-alpha.1
[INFO] [stdout] error: `#[panic_handler]` function required, but not found
[INFO] [stdout] 
[INFO] [stdout] 
[INFO] [stdout] error: unwinding panics are not supported without std
[INFO] [stdout]   |
[INFO] [stdout]   = help: using nightly cargo, use -Zbuild-std with panic="abort" to avoid unwinding
[INFO] [stdout]   = note: since the core library is usually precompiled with panic="unwind", rebuilding your crate with panic="abort" may not be enough to fix the problem
[INFO] [stdout] 
[INFO] [stdout] 
[INFO] [stdout] error[E0433]: cannot find module or crate `embedded_cal_software_demo` in this scope
[INFO] [stdout]   --> tests/integration.rs:25:19
[INFO] [stdout]    |
[INFO] [stdout] 25 |     let mut cal = embedded_cal_software_demo::Extender::<ImplementSha256Short>::new(
[INFO] [stdout]    |                   ^^^^^^^^^^^^^^^^^^^^^^^^^^ use of unresolved module or unlinked crate `embedded_cal_software_demo`
[INFO] [stdout]    |
[INFO] [stdout]    = help: if you wanted to use a crate named `embedded_cal_software_demo`, use `cargo add embedded_cal_software_demo` to add it to your `Cargo.toml`
[INFO] [stdout] 
[INFO] [stdout] 
[INFO] [stderr] error: could not compile `embedded-cal-nrf54l15` (test "libcrux-p256") due to 2 previous errors
[INFO] [stderr] warning: build failed, waiting for other jobs to finish...
[INFO] [stdout] error: no global memory allocator found but one is required; link to std or add `#[global_allocator]` to a static item that implements the GlobalAlloc trait
[INFO] [stdout] 
[INFO] [stdout] 
[INFO] [stdout] error: `#[panic_handler]` function required, but not found
[INFO] [stdout] 
[INFO] [stdout] 
[INFO] [stdout] error: unwinding panics are not supported without std
[INFO] [stdout]   |
[INFO] [stdout]   = help: using nightly cargo, use -Zbuild-std with panic="abort" to avoid unwinding
[INFO] [stdout]   = note: since the core library is usually precompiled with panic="unwind", rebuilding your crate with panic="abort" may not be enough to fix the problem
[INFO] [stdout] 
[INFO] [stdout] 
[INFO] [stdout] error[E0433]: cannot find module or crate `embedded_cal_software_demo` in this scope
[INFO] [stdout]   --> tests/integration.rs:10:6
[INFO] [stdout]    |
[INFO] [stdout] 10 | impl embedded_cal_software_demo::ExtenderConfig for ImplementSha256Short {
[INFO] [stdout]    |      ^^^^^^^^^^^^^^^^^^^^^^^^^^ use of unresolved module or unlinked crate `embedded_cal_software_demo`
[INFO] [stdout]    |
[INFO] [stdout]    = help: if you wanted to use a crate named `embedded_cal_software_demo`, use `cargo add embedded_cal_software_demo` to add it to your `Cargo.toml`
[INFO] [stdout] 
[INFO] [stdout] 
[INFO] [stdout] error[E0433]: cannot find module or crate `embedded_cal_software_demo` in this scope
[INFO] [stdout]   --> tests/integration.rs:23:26
[INFO] [stdout]    |
[INFO] [stdout] 23 |     cb: impl FnOnce(&mut embedded_cal_software_demo::Extender<ImplementSha256Short>),
[INFO] [stdout]    |                          ^^^^^^^^^^^^^^^^^^^^^^^^^^ use of unresolved module or unlinked crate `embedded_cal_software_demo`
[INFO] [stdout]    |
[INFO] [stdout]    = help: if you wanted to use a crate named `embedded_cal_software_demo`, use `cargo add embedded_cal_software_demo` to add it to your `Cargo.toml`
[INFO] [stdout] 
[INFO] [stdout] 
[INFO] [stdout] error[E0433]: cannot find module or crate `embedded_cal_software_demo` in this scope
[INFO] [stdout]   --> tests/integration.rs:53:14
[INFO] [stdout]    |
[INFO] [stdout] 53 |             <embedded_cal_software_demo::Extender<ImplementSha256Short> as embedded_cal::HashProvider>::Algorithm,
[INFO] [stdout]    |              ^^^^^^^^^^^^^^^^^^^^^^^^^^ use of unresolved module or unlinked crate `embedded_cal_software_demo`
[INFO] [stdout]    |
[INFO] [stdout]    = help: if you wanted to use a crate named `embedded_cal_software_demo`, use `cargo add embedded_cal_software_demo` to add it to your `Cargo.toml`
[INFO] [stdout] 
[INFO] [stdout] 
[INFO] [stdout] error[E0433]: cannot find module or crate `embedded_cal_software_demo` in this scope
[INFO] [stdout]   --> tests/integration.rs:62:14
[INFO] [stdout]    |
[INFO] [stdout] 62 |             <embedded_cal_software_demo::Extender<ImplementSha256Short> as embedded_cal::HmacProvider>::Algorithm,
[INFO] [stdout]    |              ^^^^^^^^^^^^^^^^^^^^^^^^^^ use of unresolved module or unlinked crate `embedded_cal_software_demo`
[INFO] [stdout]    |
[INFO] [stdout]    = help: if you wanted to use a crate named `embedded_cal_software_demo`, use `cargo add embedded_cal_software_demo` to add it to your `Cargo.toml`
[INFO] [stdout] 
[INFO] [stdout] 
[INFO] [stdout] error[E0433]: cannot find module or crate `embedded_cal_examples` in this scope
[INFO] [stdout]    --> tests/integration.rs:132:9
[INFO] [stdout]     |
[INFO] [stdout] 132 |         embedded_cal_examples::show_examples(state.cal.as_mut().unwrap());
[INFO] [stdout]     |         ^^^^^^^^^^^^^^^^^^^^^ use of unresolved module or unlinked crate `embedded_cal_examples`
[INFO] [stdout]     |
[INFO] [stdout] help: there is a crate or module with a similar name
[INFO] [stdout]     |
[INFO] [stdout] 132 -         embedded_cal_examples::show_examples(state.cal.as_mut().unwrap());
[INFO] [stdout] 132 +         embedded_cal_nrf54l15::show_examples(state.cal.as_mut().unwrap());
[INFO] [stdout]     |
[INFO] [stdout] 
[INFO] [stdout] 
[INFO] [stdout] For more information about this error, try `rustc --explain E0433`.
[INFO] [stdout] 
[INFO] [stderr] error: could not compile `embedded-cal-nrf54l15` (test "integration") due to 9 previous errors
[INFO] running `Command { std: "docker" "inspect" "856e6737e5757fa61b2fbbd9f666f50cac0746929ed8070a274e63b12ce663ee", kill_on_drop: false }`
[INFO] running `Command { std: "docker" "rm" "-f" "856e6737e5757fa61b2fbbd9f666f50cac0746929ed8070a274e63b12ce663ee", kill_on_drop: false }`
[INFO] [stdout] 856e6737e5757fa61b2fbbd9f666f50cac0746929ed8070a274e63b12ce663ee
