[INFO] fetching crate embedded-cal-libcrux 0.2.0...
[INFO] checking embedded-cal-libcrux-0.2.0 against 3154cc1a3e6424e44f438a95007d043ed5ceaaf6 for pr-133502-30
[INFO] extracting crate embedded-cal-libcrux 0.2.0 into /workspace/builds/worker-6-tc2/source
[INFO] started tweaking crates.io crate embedded-cal-libcrux 0.2.0
[INFO] finished tweaking crates.io crate embedded-cal-libcrux 0.2.0
[INFO] tweaked toml for crates.io crate embedded-cal-libcrux 0.2.0 written to /workspace/builds/worker-6-tc2/source/Cargo.toml
[INFO] validating manifest of crates.io crate embedded-cal-libcrux 0.2.0 on toolchain 3154cc1a3e6424e44f438a95007d043ed5ceaaf6
[INFO] running `Command { std: CARGO_HOME="/workspace/cargo-home" RUSTUP_HOME="/workspace/rustup-home" "/workspace/cargo-home/bin/cargo" "+3154cc1a3e6424e44f438a95007d043ed5ceaaf6" "metadata" "--manifest-path" "Cargo.toml" "--no-deps", kill_on_drop: false }`
[INFO] crate crates.io crate embedded-cal-libcrux 0.2.0 already has a lockfile, it will not be regenerated
[INFO] running `Command { std: CARGO_HOME="/workspace/cargo-home" RUSTUP_HOME="/workspace/rustup-home" "/workspace/cargo-home/bin/cargo" "+3154cc1a3e6424e44f438a95007d043ed5ceaaf6" "fetch" "--manifest-path" "Cargo.toml", kill_on_drop: false }`
[INFO] running `Command { std: "docker" "create" "-v" "/var/lib/crater-agent-workspace/builds/worker-6-tc2/source:/opt/rustwide/workdir:ro,Z" "-v" "/var/lib/crater-agent-workspace/builds/worker-6-tc2/target:/opt/rustwide/target:rw,Z" "-v" "/var/lib/crater-agent-workspace/cargo-home:/opt/rustwide/cargo-home:ro,Z" "-v" "/var/lib/crater-agent-workspace/rustup-home:/opt/rustwide/rustup-home:ro,Z" "-m" "1610612736" "--network" "none" "ghcr.io/rust-lang/crates-build-env/linux@sha256:77db811e55d90add9212f6832c23229e3de5f1c1f9905e8cb07319ea15df73ac" "sleep" "infinity", kill_on_drop: false }`
[INFO] [stdout] 4ffe2e80625ce354b6654633379071ee30213b2575f2416a7c26938759763e7f
[INFO] running `Command { std: "docker" "start" "4ffe2e80625ce354b6654633379071ee30213b2575f2416a7c26938759763e7f", kill_on_drop: false }`
[INFO] running `Command { std: "docker" "inspect" "4ffe2e80625ce354b6654633379071ee30213b2575f2416a7c26938759763e7f", kill_on_drop: false }`
[INFO] running `Command { std: "docker" "exec" "-e" "SOURCE_DIR=/opt/rustwide/workdir" "-e" "CARGO_HOME=/opt/rustwide/cargo-home" "-e" "RUSTUP_HOME=/opt/rustwide/rustup-home" "-e" "CARGO_TARGET_DIR=/opt/rustwide/target" "-w" "/opt/rustwide/workdir" "--user" "0:0" "4ffe2e80625ce354b6654633379071ee30213b2575f2416a7c26938759763e7f" "/opt/rustwide/cargo-home/bin/cargo" "+3154cc1a3e6424e44f438a95007d043ed5ceaaf6" "metadata" "--no-deps" "--format-version=1", kill_on_drop: false }`
[INFO] running `Command { std: "docker" "inspect" "4ffe2e80625ce354b6654633379071ee30213b2575f2416a7c26938759763e7f", kill_on_drop: false }`
[INFO] running `Command { std: "docker" "exec" "-e" "SOURCE_DIR=/opt/rustwide/workdir" "-e" "CARGO_HOME=/opt/rustwide/cargo-home" "-e" "RUSTUP_HOME=/opt/rustwide/rustup-home" "-e" "CARGO_TARGET_DIR=/opt/rustwide/target" "-e" "CARGO_INCREMENTAL=0" "-e" "RUST_BACKTRACE=full" "-e" "RUSTFLAGS=--cap-lints=forbid" "-e" "RUSTDOCFLAGS=--cap-lints=forbid" "-w" "/opt/rustwide/workdir" "--user" "0:0" "4ffe2e80625ce354b6654633379071ee30213b2575f2416a7c26938759763e7f" "/opt/rustwide/cargo-home/bin/cargo" "+3154cc1a3e6424e44f438a95007d043ed5ceaaf6" "check" "--frozen" "--all" "--all-targets" "--message-format=json", kill_on_drop: false }`
[INFO] [stderr]     Checking rand_core v0.10.1
[INFO] [stderr]    Compiling hax-lib v0.3.7
[INFO] [stderr]    Compiling hax-lib v0.4.0
[INFO] [stderr]    Compiling libcrux-iot-sha3 v0.0.1-alpha.1
[INFO] [stderr]     Checking hexlit v0.5.5
[INFO] [stderr]    Compiling syn v2.0.119
[INFO] [stderr]     Checking rand v0.10.3
[INFO] [stderr]    Compiling hax-lib-macros v0.3.7
[INFO] [stderr]    Compiling libcrux-macros v0.0.3
[INFO] [stderr]    Compiling hax-lib-macros v0.4.0
[INFO] [stderr]     Checking libcrux-hacl-rs v0.0.5
[INFO] [stderr]     Checking libcrux-secrets v0.0.6
[INFO] [stderr]     Checking embedded-cal v0.2.0
[INFO] [stderr]     Checking embedded-cal-testvectors v0.2.0
[INFO] [stderr]     Checking libcrux-traits v0.0.8
[INFO] [stderr]     Checking libcrux-iot-aes v0.0.1-alpha.1
[INFO] [stderr]     Checking libcrux-sha2 v0.0.8
[INFO] [stderr]     Checking libcrux-iot-p256 v0.0.1-alpha.1
[INFO] [stderr]     Checking embedded-cal-libcrux v0.2.0 (/opt/rustwide/workdir)
[INFO] [stdout] error[E0432]: unresolved import `embedded_cal_rand`
[INFO] [stdout]    --> src/aead.rs:302:9
[INFO] [stdout]     |
[INFO] [stdout] 302 |     use embedded_cal_rand::WithSysRng;
[INFO] [stdout]     |         ^^^^^^^^^^^^^^^^^ use of unresolved module or unlinked crate `embedded_cal_rand`
[INFO] [stdout]     |
[INFO] [stdout] help: there is a crate or module with a similar name
[INFO] [stdout]     |
[INFO] [stdout] 302 -     use embedded_cal_rand::WithSysRng;
[INFO] [stdout] 302 +     use embedded_cal::WithSysRng;
[INFO] [stdout]     |
[INFO] [stdout] 
[INFO] [stdout] 
[INFO] [stdout] error[E0432]: unresolved import `embedded_cal_rand`
[INFO] [stdout]    --> src/dh.rs:263:9
[INFO] [stdout]     |
[INFO] [stdout] 263 |     use embedded_cal_rand::WithSysRng;
[INFO] [stdout]     |         ^^^^^^^^^^^^^^^^^ use of unresolved module or unlinked crate `embedded_cal_rand`
[INFO] [stdout]     |
[INFO] [stdout] help: there is a crate or module with a similar name
[INFO] [stdout]     |
[INFO] [stdout] 263 -     use embedded_cal_rand::WithSysRng;
[INFO] [stdout] 263 +     use embedded_cal::WithSysRng;
[INFO] [stdout]     |
[INFO] [stdout] 
[INFO] [stdout] 
[INFO] [stdout] error[E0432]: unresolved import `embedded_cal_rand`
[INFO] [stdout]    --> src/hash.rs:316:9
[INFO] [stdout]     |
[INFO] [stdout] 316 |     use embedded_cal_rand::WithSysRng;
[INFO] [stdout]     |         ^^^^^^^^^^^^^^^^^ use of unresolved module or unlinked crate `embedded_cal_rand`
[INFO] [stdout]     |
[INFO] [stdout] help: there is a crate or module with a similar name
[INFO] [stdout]     |
[INFO] [stdout] 316 -     use embedded_cal_rand::WithSysRng;
[INFO] [stdout] 316 +     use embedded_cal::WithSysRng;
[INFO] [stdout]     |
[INFO] [stdout] 
[INFO] [stdout] 
[INFO] [stdout] For more information about this error, try `rustc --explain E0432`.
[INFO] [stdout] 
[INFO] [stderr] error: could not compile `embedded-cal-libcrux` (lib test) due to 3 previous errors
[INFO] [stderr] warning: build failed, waiting for other jobs to finish...
[INFO] running `Command { std: "docker" "inspect" "4ffe2e80625ce354b6654633379071ee30213b2575f2416a7c26938759763e7f", kill_on_drop: false }`
[INFO] running `Command { std: "docker" "rm" "-f" "4ffe2e80625ce354b6654633379071ee30213b2575f2416a7c26938759763e7f", kill_on_drop: false }`
[INFO] [stdout] 4ffe2e80625ce354b6654633379071ee30213b2575f2416a7c26938759763e7f
