[INFO] fetching crate elif-web 0.8.7...
[INFO] checking elif-web-0.8.7 against 3154cc1a3e6424e44f438a95007d043ed5ceaaf6+rustflags=-Znext-solver=coherence for pr-133502-30
[INFO] extracting crate elif-web 0.8.7 into /workspace/builds/worker-4-tc1/source
[INFO] started tweaking crates.io crate elif-web 0.8.7
[INFO] finished tweaking crates.io crate elif-web 0.8.7
[INFO] tweaked toml for crates.io crate elif-web 0.8.7 written to /workspace/builds/worker-4-tc1/source/Cargo.toml
[INFO] validating manifest of crates.io crate elif-web 0.8.7 on toolchain 3154cc1a3e6424e44f438a95007d043ed5ceaaf6
[INFO] running `Command { std: CARGO_HOME="/workspace/cargo-home" RUSTUP_HOME="/workspace/rustup-home" "/workspace/cargo-home/bin/cargo" "+3154cc1a3e6424e44f438a95007d043ed5ceaaf6" "metadata" "--manifest-path" "Cargo.toml" "--no-deps", kill_on_drop: false }`
[INFO] crate crates.io crate elif-web 0.8.7 already has a lockfile, it will not be regenerated
[INFO] running `Command { std: CARGO_HOME="/workspace/cargo-home" RUSTUP_HOME="/workspace/rustup-home" "/workspace/cargo-home/bin/cargo" "+3154cc1a3e6424e44f438a95007d043ed5ceaaf6" "fetch" "--manifest-path" "Cargo.toml", kill_on_drop: false }`
[INFO] [stderr] warning: `package.homepage` is redundant with `package.repository`
[INFO] [stderr]   --> Cargo.toml:58:12
[INFO] [stderr]    |
[INFO] [stderr] 58 | homepage = "https://github.com/krcpa/elif.rs"
[INFO] [stderr]    |            ^^^^^^^^^^^^^^^^^^^^^^^^^^^^^^^^^^
[INFO] [stderr] ...
[INFO] [stderr] 63 | repository = "https://github.com/krcpa/elif.rs"
[INFO] [stderr]    |              ----------------------------------
[INFO] [stderr]    |
[INFO] [stderr]    = note: `cargo::redundant_homepage` is set to `warn` by default
[INFO] [stderr] help: consider removing `package.homepage`
[INFO] [stderr] warning: `elif-web` (manifest) generated 1 warning
[INFO] [stderr]     Updating crates.io index
[INFO] [stderr]  Downloading crates ...
[INFO] [stderr]   Downloaded tokio-macros v2.5.0
[INFO] [stderr]   Downloaded tokio-test v0.4.4
[INFO] [stderr]   Downloaded unicode-ident v1.0.18
[INFO] [stderr]   Downloaded cfg-if v1.0.3
[INFO] [stderr]   Downloaded itoa v1.0.15
[INFO] [stderr]   Downloaded winapi-util v0.1.10
[INFO] [stderr]   Downloaded windows-targets v0.53.3
[INFO] [stderr]   Downloaded siphasher v1.0.1
[INFO] [stderr]   Downloaded windows-interface v0.59.1
[INFO] [stderr]   Downloaded windows-implement v0.60.0
[INFO] [stderr]   Downloaded wasm-bindgen-macro v0.2.100
[INFO] [stderr]   Downloaded wasm-bindgen-shared v0.2.100
[INFO] [stderr]   Downloaded wit-bindgen-rt v0.39.0
[INFO] [stderr]   Downloaded stable_deref_trait v1.2.0
[INFO] [stderr]   Downloaded potential_utf v0.1.2
[INFO] [stderr]   Downloaded redox_syscall v0.5.17
[INFO] [stderr]   Downloaded lock_api v0.4.13
[INFO] [stderr]   Downloaded wasm-bindgen-macro-support v0.2.100
[INFO] [stderr]   Downloaded form_urlencoded v1.2.1
[INFO] [stderr]   Downloaded is-terminal v0.4.16
[INFO] [stderr]   Downloaded libredox v0.1.9
[INFO] [stderr]   Downloaded rustls-pemfile v1.0.4
[INFO] [stderr]   Downloaded android-tzdata v0.1.1
[INFO] [stderr]   Downloaded home v0.5.11
[INFO] [stderr]   Downloaded errno v0.3.13
[INFO] [stderr]   Downloaded service-builder v0.3.0
[INFO] [stderr]   Downloaded service-builder-macro v0.3.0
[INFO] [stderr]   Downloaded elif-macros v0.2.4
[INFO] [stderr]   Downloaded quote v1.0.40
[INFO] [stderr]   Downloaded bitflags v2.9.2
[INFO] [stderr]   Downloaded addr2line v0.24.2
[INFO] [stderr]   Downloaded env_logger v0.10.2
[INFO] [stderr]   Downloaded humantime v2.2.0
[INFO] [stderr]   Downloaded sct v0.7.1
[INFO] [stderr]   Downloaded wasm-bindgen-backend v0.2.100
[INFO] [stderr]   Downloaded tracing-attributes v0.1.30
[INFO] [stderr]   Downloaded postgres-types v0.2.9
[INFO] [stderr]   Downloaded unicode-properties v0.1.3
[INFO] [stderr]   Downloaded iana-time-zone v0.1.63
[INFO] [stderr]   Downloaded thiserror v2.0.16
[INFO] [stderr]   Downloaded thiserror-impl v2.0.16
[INFO] [stderr]   Downloaded matchers v0.1.0
[INFO] [stderr]   Downloaded parking_lot v0.12.4
[INFO] [stderr]   Downloaded parking_lot_core v0.9.11
[INFO] [stderr]   Downloaded log v0.4.27
[INFO] [stderr]   Downloaded uuid v1.18.0
[INFO] [stderr]   Downloaded wasm-bindgen v0.2.100
[INFO] [stderr]   Downloaded js-sys v0.3.77
[INFO] [stderr]   Downloaded getrandom v0.3.3
[INFO] [stderr]   Downloaded postgres-protocol v0.6.8
[INFO] [stderr]   Downloaded zeroize v1.8.1
[INFO] [stderr]   Downloaded tempfile v3.21.0
[INFO] [stderr]   Downloaded nu-ansi-term v0.46.0
[INFO] [stderr]   Downloaded proc-macro2 v1.0.101
[INFO] [stderr]   Downloaded serde_derive v1.0.219
[INFO] [stderr]   Downloaded memchr v2.7.5
[INFO] [stderr]   Downloaded tracing-core v0.1.34
[INFO] [stderr]   Downloaded typenum v1.18.0
[INFO] [stderr]   Downloaded anyhow v1.0.99
[INFO] [stderr]   Downloaded overload v0.1.1
[INFO] [stderr]   Downloaded socket2 v0.6.0
[INFO] [stderr]   Downloaded serde v1.0.219
[INFO] [stderr]   Downloaded io-uring v0.7.9
[INFO] [stderr]   Downloaded bytes v1.10.1
[INFO] [stderr]   Downloaded url v2.5.4
[INFO] [stderr]   Downloaded tracing v0.1.41
[INFO] [stderr]   Downloaded tokio-postgres v0.7.13
[INFO] [stderr]   Downloaded zerocopy-derive v0.8.26
[INFO] [stderr]   Downloaded indexmap v2.10.0
[INFO] [stderr]   Downloaded flate2 v1.1.2
[INFO] [stderr]   Downloaded pin-project-internal v1.1.10
[INFO] [stderr]   Downloaded backtrace v0.3.75
[INFO] [stderr]   Downloaded rsa v0.9.8
[INFO] [stderr]   Downloaded pin-project v1.1.10
[INFO] [stderr]   Downloaded tokio-tungstenite v0.23.1
[INFO] [stderr]   Downloaded wildmatch v2.4.0
[INFO] [stderr]   Downloaded bcrypt v0.15.1
[INFO] [stderr]   Downloaded base32 v0.5.1
[INFO] [stderr]   Downloaded mio v1.0.4
[INFO] [stderr]   Downloaded tokio-util v0.7.16
[INFO] [stderr]   Downloaded unicode-normalization v0.1.24
[INFO] [stderr]   Downloaded cc v1.2.33
[INFO] [stderr]   Downloaded num-bigint-dig v0.8.4
[INFO] [stderr]   Downloaded elif-http-derive v0.2.11
[INFO] [stderr]   Downloaded async-compression v0.4.27
[INFO] [stderr]   Downloaded tungstenite v0.23.0
[INFO] [stderr]   Downloaded ctor v0.2.9
[INFO] [stderr]   Downloaded totp-lite v2.0.1
[INFO] [stderr]   Downloaded time-macros v0.2.22
[INFO] [stderr]   Downloaded time-core v0.1.4
[INFO] [stderr]   Downloaded deranged v0.4.0
[INFO] [stderr]   Downloaded pem v3.0.5
[INFO] [stderr]   Downloaded blowfish v0.9.1
[INFO] [stderr]   Downloaded wasi v0.14.2+wasi-0.2.4
[INFO] [stderr]   Downloaded idna v1.0.3
[INFO] [stderr]   Downloaded elif-core v0.7.1
[INFO] [stderr]   Downloaded regex-automata v0.1.10
[INFO] [stderr]   Downloaded serde_path_to_error v0.1.17
[INFO] [stderr]   Downloaded elif-core v0.5.0
[INFO] [stderr]   Downloaded serde_json v1.0.143
[INFO] [stderr]   Downloaded rustls-webpki v0.101.7
[INFO] [stderr]   Downloaded http v1.3.1
[INFO] [stderr]   Downloaded axum-extra v0.9.6
[INFO] [stderr]   Downloaded elif-cache v0.3.0
[INFO] [stderr]   Downloaded elif-auth v0.4.1
[INFO] [stderr]   Downloaded qrcode v0.14.1
[INFO] [stderr]   Downloaded bytemuck v1.23.2
[INFO] [stderr]   Downloaded jsonwebtoken v9.3.1
[INFO] [stderr]   Downloaded syn v2.0.106
[INFO] [stderr]   Downloaded headers v0.4.1
[INFO] [stderr]   Downloaded elif-orm v0.7.1
[INFO] [stderr]   Downloaded sqlparser v0.49.0
[INFO] [stderr]   Downloaded tracing-subscriber v0.3.19
[INFO] [stderr]   Downloaded hyper-util v0.1.16
[INFO] [stderr]   Downloaded h2 v0.4.12
[INFO] [stderr]   Downloaded chrono v0.4.41
[INFO] [stderr]   Downloaded time v0.3.41
[INFO] [stderr]   Downloaded webpki-roots v0.25.4
[INFO] [stderr]   Downloaded hyper v1.7.0
[INFO] [stderr]   Downloaded gimli v0.31.1
[INFO] [stderr]   Downloaded regex v1.11.1
[INFO] [stderr]   Downloaded zerocopy v0.8.26
[INFO] [stderr]   Downloaded elif-http v0.8.8
[INFO] [stderr]   Downloaded rustls v0.21.12
[INFO] [stderr]   Downloaded regex-syntax v0.6.29
[INFO] [stderr]   Downloaded image v0.25.6
[INFO] [stderr]   Downloaded object v0.36.7
[INFO] [stderr]   Downloaded regex-syntax v0.8.5
[INFO] [stderr]   Downloaded rustix v1.0.8
[INFO] [stderr]   Downloaded regex-automata v0.4.9
[INFO] [stderr]   Downloaded web-sys v0.3.77
[INFO] [stderr]   Downloaded tokio v1.47.1
[INFO] [stderr]   Downloaded libc v0.2.175
[INFO] [stderr]   Downloaded windows_x86_64_gnullvm v0.53.0
[INFO] [stderr]   Downloaded windows_x86_64_msvc v0.53.0
[INFO] [stderr]   Downloaded windows_aarch64_msvc v0.53.0
[INFO] [stderr]   Downloaded windows_aarch64_gnullvm v0.53.0
[INFO] [stderr]   Downloaded windows_i686_gnullvm v0.53.0
[INFO] [stderr]   Downloaded windows_x86_64_gnu v0.53.0
[INFO] [stderr]   Downloaded windows_i686_msvc v0.53.0
[INFO] [stderr]   Downloaded windows_i686_gnu v0.53.0
[INFO] [stderr]   Downloaded linux-raw-sys v0.9.4
[INFO] running `Command { std: "docker" "create" "-v" "/var/lib/crater-agent-workspace/builds/worker-4-tc1/source:/opt/rustwide/workdir:ro,Z" "-v" "/var/lib/crater-agent-workspace/builds/worker-4-tc1/target:/opt/rustwide/target:rw,Z" "-v" "/var/lib/crater-agent-workspace/cargo-home:/opt/rustwide/cargo-home:ro,Z" "-v" "/var/lib/crater-agent-workspace/rustup-home:/opt/rustwide/rustup-home:ro,Z" "-m" "1610612736" "--network" "none" "ghcr.io/rust-lang/crates-build-env/linux@sha256:77db811e55d90add9212f6832c23229e3de5f1c1f9905e8cb07319ea15df73ac" "sleep" "infinity", kill_on_drop: false }`
[INFO] [stdout] 7929524c04be460dc438e2a2d77cb65c00ed133dc412d985b1c41e7d404cae31
[INFO] running `Command { std: "docker" "start" "7929524c04be460dc438e2a2d77cb65c00ed133dc412d985b1c41e7d404cae31", kill_on_drop: false }`
[INFO] running `Command { std: "docker" "inspect" "7929524c04be460dc438e2a2d77cb65c00ed133dc412d985b1c41e7d404cae31", kill_on_drop: false }`
[INFO] running `Command { std: "docker" "exec" "-e" "SOURCE_DIR=/opt/rustwide/workdir" "-e" "CARGO_HOME=/opt/rustwide/cargo-home" "-e" "RUSTUP_HOME=/opt/rustwide/rustup-home" "-e" "CARGO_TARGET_DIR=/opt/rustwide/target" "-w" "/opt/rustwide/workdir" "--user" "0:0" "7929524c04be460dc438e2a2d77cb65c00ed133dc412d985b1c41e7d404cae31" "/opt/rustwide/cargo-home/bin/cargo" "+3154cc1a3e6424e44f438a95007d043ed5ceaaf6" "metadata" "--no-deps" "--format-version=1", kill_on_drop: false }`
[INFO] running `Command { std: "docker" "inspect" "7929524c04be460dc438e2a2d77cb65c00ed133dc412d985b1c41e7d404cae31", kill_on_drop: false }`
[INFO] running `Command { std: "docker" "exec" "-e" "SOURCE_DIR=/opt/rustwide/workdir" "-e" "CARGO_HOME=/opt/rustwide/cargo-home" "-e" "RUSTUP_HOME=/opt/rustwide/rustup-home" "-e" "CARGO_TARGET_DIR=/opt/rustwide/target" "-e" "CARGO_INCREMENTAL=0" "-e" "RUST_BACKTRACE=full" "-e" "RUSTFLAGS=--cap-lints=forbid -Znext-solver=coherence" "-e" "RUSTDOCFLAGS=--cap-lints=forbid" "-w" "/opt/rustwide/workdir" "--user" "0:0" "7929524c04be460dc438e2a2d77cb65c00ed133dc412d985b1c41e7d404cae31" "/opt/rustwide/cargo-home/bin/cargo" "+3154cc1a3e6424e44f438a95007d043ed5ceaaf6" "check" "--frozen" "--all" "--all-targets" "--message-format=json", kill_on_drop: false }`
[INFO] [stderr] warning: `package.homepage` is redundant with `package.repository`
[INFO] [stderr]   --> Cargo.toml:58:12
[INFO] [stderr]    |
[INFO] [stderr] 58 | homepage = "https://github.com/krcpa/elif.rs"
[INFO] [stderr]    |            ^^^^^^^^^^^^^^^^^^^^^^^^^^^^^^^^^^
[INFO] [stderr] ...
[INFO] [stderr] 63 | repository = "https://github.com/krcpa/elif.rs"
[INFO] [stderr]    |              ----------------------------------
[INFO] [stderr]    |
[INFO] [stderr]    = note: `cargo::redundant_homepage` is set to `warn` by default
[INFO] [stderr] help: consider removing `package.homepage`
[INFO] [stderr] warning: `elif-web` (manifest) generated 1 warning
[INFO] [stderr]    Compiling proc-macro2 v1.0.101
[INFO] [stderr]    Compiling unicode-ident v1.0.18
[INFO] [stderr]    Compiling libc v0.2.175
[INFO] [stderr]     Checking cfg-if v1.0.3
[INFO] [stderr]    Compiling typenum v1.18.0
[INFO] [stderr]    Compiling parking_lot_core v0.9.11
[INFO] [stderr]    Compiling lock_api v0.4.13
[INFO] [stderr]    Compiling zerocopy v0.8.26
[INFO] [stderr]     Checking bytes v1.10.1
[INFO] [stderr]     Checking itoa v1.0.15
[INFO] [stderr]     Checking pin-project-lite v0.2.16
[INFO] [stderr]     Checking memchr v2.7.5
[INFO] [stderr]     Checking futures-core v0.3.31
[INFO] [stderr]    Compiling serde v1.0.219
[INFO] [stderr]     Checking log v0.4.27
[INFO] [stderr]    Compiling cc v1.2.33
[INFO] [stderr]     Checking once_cell v1.21.3
[INFO] [stderr]     Checking futures-sink v0.3.31
[INFO] [stderr]     Checking tracing-core v0.1.34
[INFO] [stderr]    Compiling icu_properties_data v2.0.1
[INFO] [stderr]    Compiling quote v1.0.40
[INFO] [stderr]     Checking generic-array v0.14.7
[INFO] [stderr]    Compiling getrandom v0.3.3
[INFO] [stderr]    Compiling syn v2.0.106
[INFO] [stderr]     Checking slab v0.4.11
[INFO] [stderr]     Checking getrandom v0.2.16
[INFO] [stderr]     Checking socket2 v0.6.0
[INFO] [stderr]     Checking parking_lot v0.12.4
[INFO] [stderr]     Checking mio v1.0.4
[INFO] [stderr]     Checking crypto-common v0.1.6
[INFO] [stderr]     Checking block-buffer v0.10.4
[INFO] [stderr]     Checking signal-hook-registry v1.4.6
[INFO] [stderr]     Checking digest v0.10.7
[INFO] [stderr]    Compiling icu_normalizer_data v2.0.0
[INFO] [stderr]     Checking futures-channel v0.3.31
[INFO] [stderr]     Checking pin-utils v0.1.0
[INFO] [stderr]     Checking stable_deref_trait v1.2.0
[INFO] [stderr]    Compiling serde_json v1.0.143
[INFO] [stderr]    Compiling num-traits v0.2.19
[INFO] [stderr]     Checking futures-io v0.3.31
[INFO] [stderr]     Checking futures-task v0.3.31
[INFO] [stderr]     Checking http v1.3.1
[INFO] [stderr]     Checking foldhash v0.1.5
[INFO] [stderr]     Checking rand_core v0.6.4
[INFO] [stderr]     Checking hashbrown v0.15.5
[INFO] [stderr]     Checking ryu v1.0.20
[INFO] [stderr]    Compiling litemap v0.8.0
[INFO] [stderr]    Compiling writeable v0.6.1
[INFO] [stderr]     Checking indexmap v2.10.0
[INFO] [stderr]     Checking ppv-lite86 v0.2.21
[INFO] [stderr]    Compiling ring v0.17.14
[INFO] [stderr]    Compiling rustls v0.21.12
[INFO] [stderr]     Checking rand_chacha v0.3.1
[INFO] [stderr]    Compiling thiserror v2.0.16
[INFO] [stderr]     Checking percent-encoding v2.3.1
[INFO] [stderr]     Checking rand v0.8.5
[INFO] [stderr]    Compiling ident_case v1.0.1
[INFO] [stderr]    Compiling fnv v1.0.7
[INFO] [stderr]    Compiling strsim v0.11.1
[INFO] [stderr]     Checking form_urlencoded v1.2.1
[INFO] [stderr]     Checking sha1 v0.10.6
[INFO] [stderr]    Compiling untrusted v0.9.0
[INFO] [stderr]     Checking sha1_smol v1.0.1
[INFO] [stderr]     Checking iana-time-zone v0.1.63
[INFO] [stderr]     Checking tinyvec v1.10.0
[INFO] [stderr]    Compiling ahash v0.8.12
[INFO] [stderr]     Checking sha2 v0.10.9
[INFO] [stderr]     Checking hmac v0.12.1
[INFO] [stderr]    Compiling nom v7.1.3
[INFO] [stderr]    Compiling hashbrown v0.14.5
[INFO] [stderr]     Checking unicode-normalization v0.1.24
[INFO] [stderr]    Compiling synstructure v0.13.2
[INFO] [stderr]    Compiling darling_core v0.20.11
[INFO] [stderr]     Checking http-body v1.0.1
[INFO] [stderr]     Checking data-encoding v2.9.0
[INFO] [stderr]    Compiling crc-catalog v2.4.0
[INFO] [stderr]     Checking unicode-properties v0.1.3
[INFO] [stderr]     Checking utf-8 v0.7.6
[INFO] [stderr]    Compiling base64 v0.21.7
[INFO] [stderr]    Compiling sct v0.7.1
[INFO] [stderr]    Compiling rustls-webpki v0.101.7
[INFO] [stderr]    Compiling bitflags v2.9.2
[INFO] [stderr]    Compiling rustix v1.0.8
[INFO] [stderr]    Compiling zerofrom-derive v0.1.6
[INFO] [stderr]    Compiling yoke-derive v0.8.0
[INFO] [stderr]    Compiling zerovec-derive v0.11.1
[INFO] [stderr]    Compiling displaydoc v0.2.5
[INFO] [stderr]    Compiling tokio-macros v2.5.0
[INFO] [stderr]    Compiling serde_derive v1.0.219
[INFO] [stderr]    Compiling tracing-attributes v0.1.30
[INFO] [stderr]     Checking tokio v1.47.1
[INFO] [stderr]    Compiling thiserror-impl v1.0.69
[INFO] [stderr]    Compiling futures-macro v0.3.31
[INFO] [stderr]    Compiling thiserror-impl v2.0.16
[INFO] [stderr]    Compiling zerofrom v0.1.6
[INFO] [stderr]     Checking yoke v0.8.0
[INFO] [stderr]     Checking zerovec v0.11.4
[INFO] [stderr]     Checking futures-util v0.3.31
[INFO] [stderr]     Checking thiserror v1.0.69
[INFO] [stderr]    Compiling zerotrie v0.2.2
[INFO] [stderr]     Checking tracing v0.1.41
[INFO] [stderr]    Compiling darling_macro v0.20.11
[INFO] [stderr]     Checking tinystr v0.8.1
[INFO] [stderr]     Checking potential_utf v0.1.2
[INFO] [stderr]     Checking icu_collections v2.0.0
[INFO] [stderr]     Checking icu_locale_core v2.0.0
[INFO] [stderr]    Compiling async-trait v0.1.89
[INFO] [stderr]     Checking icu_provider v2.0.0
[INFO] [stderr]    Compiling darling v0.20.11
[INFO] [stderr]     Checking icu_normalizer v2.0.0
[INFO] [stderr]     Checking icu_properties v2.0.1
[INFO] [stderr]     Checking idna_adapter v1.2.1
[INFO] [stderr]     Checking idna v1.0.3
[INFO] [stderr]     Checking url v2.5.4
[INFO] [stderr]    Compiling chrono v0.4.41
[INFO] [stderr]     Checking stringprep v0.1.5
[INFO] [stderr]     Checking tokio-util v0.7.16
[INFO] [stderr]    Compiling service-builder-macro v0.3.0
[INFO] [stderr]     Checking uuid v1.18.0
[INFO] [stderr]    Compiling sqlformat v0.2.6
[INFO] [stderr]    Compiling either v1.15.0
[INFO] [stderr]    Compiling rustls-pemfile v1.0.4
[INFO] [stderr]    Compiling crc v3.3.0
[INFO] [stderr]    Compiling hashlink v0.8.4
[INFO] [stderr]    Compiling atoi v2.0.0
[INFO] [stderr]    Compiling futures-intrusive v0.5.0
[INFO] [stderr]     Checking rand_core v0.9.3
[INFO] [stderr]     Checking md-5 v0.10.6
[INFO] [stderr]    Compiling tokio-stream v0.1.17
[INFO] [stderr]    Compiling webpki-roots v0.25.4
[INFO] [stderr]    Compiling linux-raw-sys v0.9.4
[INFO] [stderr]     Checking unsafe-libyaml v0.2.11
[INFO] [stderr]     Checking rand_chacha v0.9.0
[INFO] [stderr]    Compiling hkdf v0.12.4
[INFO] [stderr]     Checking service-builder v0.3.0
[INFO] [stderr]     Checking serde_yaml v0.9.34+deprecated
[INFO] [stderr]     Checking num_cpus v1.17.0
[INFO] [stderr]     Checking aho-corasick v1.1.3
[INFO] [stderr]    Compiling fastrand v2.3.0
[INFO] [stderr]    Compiling unicode-segmentation v1.12.0
[INFO] [stderr]     Checking regex-syntax v0.8.5
[INFO] [stderr]     Checking alloc-no-stdlib v2.0.4
[INFO] [stderr]    Compiling rustversion v1.0.22
[INFO] [stderr]    Compiling home v0.5.11
[INFO] [stderr]     Checking httpdate v1.0.3
[INFO] [stderr]    Compiling crc32fast v1.5.0
[INFO] [stderr]     Checking h2 v0.4.12
[INFO] [stderr]    Compiling heck v0.4.1
[INFO] [stderr]     Checking alloc-stdlib v0.2.2
[INFO] [stderr]     Checking rand v0.9.2
[INFO] [stderr]    Compiling tempfile v3.21.0
[INFO] [stderr]    Compiling syn v1.0.109
[INFO] [stderr]     Checking http-body-util v0.1.3
[INFO] [stderr]     Checking adler2 v2.0.1
[INFO] [stderr]     Checking whoami v1.6.1
[INFO] [stderr]    Compiling num-conv v0.1.0
[INFO] [stderr]     Checking regex-automata v0.4.9
[INFO] [stderr]     Checking powerfmt v0.2.0
[INFO] [stderr]     Checking sync_wrapper v1.0.2
[INFO] [stderr]     Checking siphasher v1.0.1
[INFO] [stderr]    Compiling time-core v0.1.4
[INFO] [stderr]     Checking phf_shared v0.11.3
[INFO] [stderr]    Compiling time-macros v0.2.22
[INFO] [stderr]     Checking postgres-protocol v0.6.8
[INFO] [stderr]     Checking deranged v0.4.0
[INFO] [stderr]    Compiling sqlx-core v0.7.4
[INFO] [stderr]     Checking miniz_oxide v0.8.9
[INFO] [stderr]     Checking brotli-decompressor v5.0.0
[INFO] [stderr]     Checking tungstenite v0.24.0
[INFO] [stderr]     Checking regex v1.11.1
[INFO] [stderr]     Checking num-integer v0.1.46
[INFO] [stderr]     Checking inout v0.1.4
[INFO] [stderr]    Compiling multer v3.1.0
[INFO] [stderr]    Compiling anyhow v1.0.99
[INFO] [stderr]     Checking base64ct v1.8.0
[INFO] [stderr]     Checking hyper v1.7.0
[INFO] [stderr]     Checking regex-syntax v0.6.29
[INFO] [stderr]     Checking time v0.3.41
[INFO] [stderr]     Checking password-hash v0.5.0
[INFO] [stderr]    Compiling sqlx-postgres v0.7.4
[INFO] [stderr]     Checking hyper-util v0.1.16
[INFO] [stderr]     Checking brotli v8.0.2
[INFO] [stdout] error[E0277]: the trait bound `!: sqlx_core::io::Decode<'_>` is not satisfied
[INFO] [stdout]   --> /opt/rustwide/cargo-home/registry/src/index.crates.io-1949cf8c6b5b557f/sqlx-postgres-0.7.4/src/connection/executor.rs:68:10
[INFO] [stdout]    |
[INFO] [stdout] 68 |         .recv_expect(MessageFormat::ParseComplete)
[INFO] [stdout]    |          ^^^^^^^^^^^ the trait `sqlx_core::io::Decode<'_>` is not implemented for `!`
[INFO] [stdout]    |
[INFO] [stdout]    = help: the following other types implement trait `sqlx_core::io::Decode<'de, Context>`:
[INFO] [stdout]              ()
[INFO] [stdout]              Authentication
[INFO] [stdout]              AuthenticationSaslContinue
[INFO] [stdout]              AuthenticationSaslFinal
[INFO] [stdout]              BackendKeyData
[INFO] [stdout]              CommandComplete
[INFO] [stdout]              CopyData<sqlx_core::bytes::Bytes>
[INFO] [stdout]              CopyDone
[INFO] [stdout]            and 10 others
[INFO] [stdout]    = note: this error might have been caused by changes to Rust's type-inference algorithm (see issue #148922 <https://github.com/rust-lang/rust/issues/148922> for more information)
[INFO] [stdout]    = help: you might have intended to use the type `()` here instead
[INFO] [stdout] note: required by a bound in `PgStream::recv_expect`
[INFO] [stdout]   --> /opt/rustwide/cargo-home/registry/src/index.crates.io-1949cf8c6b5b557f/sqlx-postgres-0.7.4/src/connection/stream.rs:68:45
[INFO] [stdout]    |
[INFO] [stdout] 41 | impl PgStream {
[INFO] [stdout] ...
[INFO] [stdout] 68 |     pub(crate) async fn recv_expect<'de, T: Decode<'de>>(
[INFO] [stdout]    |                                             ^^^^^^^^^^^ required by this bound in `PgStream::recv_expect`
[INFO] [stdout] 
[INFO] [stdout] 
[INFO] [stdout] error[E0277]: the trait bound `!: sqlx_core::io::Decode<'_>` is not satisfied
[INFO] [stdout]   --> /opt/rustwide/cargo-home/registry/src/index.crates.io-1949cf8c6b5b557f/sqlx-postgres-0.7.4/src/connection/executor.rs:69:10
[INFO] [stdout]    |
[INFO] [stdout] 69 |         .await?;
[INFO] [stdout]    |          ^^^^^ the trait `sqlx_core::io::Decode<'_>` is not implemented for `!`
[INFO] [stdout]    |
[INFO] [stdout]    = help: the following other types implement trait `sqlx_core::io::Decode<'de, Context>`:
[INFO] [stdout]              ()
[INFO] [stdout]              Authentication
[INFO] [stdout]              AuthenticationSaslContinue
[INFO] [stdout]              AuthenticationSaslFinal
[INFO] [stdout]              BackendKeyData
[INFO] [stdout]              CommandComplete
[INFO] [stdout]              CopyData<sqlx_core::bytes::Bytes>
[INFO] [stdout]              CopyDone
[INFO] [stdout]            and 10 others
[INFO] [stdout]    = note: this error might have been caused by changes to Rust's type-inference algorithm (see issue #148922 <https://github.com/rust-lang/rust/issues/148922> for more information)
[INFO] [stdout]    = help: you might have intended to use the type `()` here instead
[INFO] [stdout] note: required by a bound in `PgStream::recv_expect`
[INFO] [stdout]   --> /opt/rustwide/cargo-home/registry/src/index.crates.io-1949cf8c6b5b557f/sqlx-postgres-0.7.4/src/connection/stream.rs:68:45
[INFO] [stdout]    |
[INFO] [stdout] 41 | impl PgStream {
[INFO] [stdout] ...
[INFO] [stdout] 68 |     pub(crate) async fn recv_expect<'de, T: Decode<'de>>(
[INFO] [stdout]    |                                             ^^^^^^^^^^^ required by this bound in `PgStream::recv_expect`
[INFO] [stdout] 
[INFO] [stdout] 
[INFO] [stderr]     Checking cipher v0.4.4
[INFO] [stderr]     Checking regex-automata v0.1.10
[INFO] [stderr]     Checking num-bigint v0.4.6
[INFO] [stderr]     Checking tokio-tungstenite v0.24.0
[INFO] [stdout] error[E0277]: the trait bound `!: sqlx_core::io::Decode<'_>` is not satisfied
[INFO] [stdout]    --> /opt/rustwide/cargo-home/registry/src/index.crates.io-1949cf8c6b5b557f/sqlx-postgres-0.7.4/src/copy.rs:280:30
[INFO] [stdout]     |
[INFO] [stdout] 280 | ...                   .recv_expect(MessageFormat::ReadyForQuery)
[INFO] [stdout]     |                        ^^^^^^^^^^^ the trait `sqlx_core::io::Decode<'_>` is not implemented for `!`
[INFO] [stdout]     |
[INFO] [stdout]     = help: the following other types implement trait `sqlx_core::io::Decode<'de, Context>`:
[INFO] [stdout]               ()
[INFO] [stdout]               Authentication
[INFO] [stdout]               AuthenticationSaslContinue
[INFO] [stdout]               AuthenticationSaslFinal
[INFO] [stdout]               BackendKeyData
[INFO] [stdout]               CommandComplete
[INFO] [stdout]               CopyData<sqlx_core::bytes::Bytes>
[INFO] [stdout]               CopyDone
[INFO] [stdout]             and 10 others
[INFO] [stdout]     = note: this error might have been caused by changes to Rust's type-inference algorithm (see issue #148922 <https://github.com/rust-lang/rust/issues/148922> for more information)
[INFO] [stdout]     = help: you might have intended to use the type `()` here instead
[INFO] [stdout] note: required by a bound in `PgStream::recv_expect`
[INFO] [stdout]    --> /opt/rustwide/cargo-home/registry/src/index.crates.io-1949cf8c6b5b557f/sqlx-postgres-0.7.4/src/connection/stream.rs:68:45
[INFO] [stdout]     |
[INFO] [stdout]  41 | impl PgStream {
[INFO] [stdout] ...
[INFO] [stdout]  68 |     pub(crate) async fn recv_expect<'de, T: Decode<'de>>(
[INFO] [stdout]     |                                             ^^^^^^^^^^^ required by this bound in `PgStream::recv_expect`
[INFO] [stdout] 
[INFO] [stdout] 
[INFO] [stdout] error[E0277]: the trait bound `!: sqlx_core::io::Decode<'_>` is not satisfied
[INFO] [stdout]    --> /opt/rustwide/cargo-home/registry/src/index.crates.io-1949cf8c6b5b557f/sqlx-postgres-0.7.4/src/copy.rs:281:30
[INFO] [stdout]     |
[INFO] [stdout] 281 | ...                   .await?;
[INFO] [stdout]     |                        ^^^^^ the trait `sqlx_core::io::Decode<'_>` is not implemented for `!`
[INFO] [stdout]     |
[INFO] [stdout]     = help: the following other types implement trait `sqlx_core::io::Decode<'de, Context>`:
[INFO] [stdout]               ()
[INFO] [stdout]               Authentication
[INFO] [stdout]               AuthenticationSaslContinue
[INFO] [stdout]               AuthenticationSaslFinal
[INFO] [stdout]               BackendKeyData
[INFO] [stdout]               CommandComplete
[INFO] [stdout]               CopyData<sqlx_core::bytes::Bytes>
[INFO] [stdout]               CopyDone
[INFO] [stdout]             and 10 others
[INFO] [stdout]     = note: this error might have been caused by changes to Rust's type-inference algorithm (see issue #148922 <https://github.com/rust-lang/rust/issues/148922> for more information)
[INFO] [stdout]     = help: you might have intended to use the type `()` here instead
[INFO] [stdout] note: required by a bound in `PgStream::recv_expect`
[INFO] [stdout]    --> /opt/rustwide/cargo-home/registry/src/index.crates.io-1949cf8c6b5b557f/sqlx-postgres-0.7.4/src/connection/stream.rs:68:45
[INFO] [stdout]     |
[INFO] [stdout]  41 | impl PgStream {
[INFO] [stdout] ...
[INFO] [stdout]  68 |     pub(crate) async fn recv_expect<'de, T: Decode<'de>>(
[INFO] [stdout]     |                                             ^^^^^^^^^^^ required by this bound in `PgStream::recv_expect`
[INFO] [stdout] 
[INFO] [stdout] 
[INFO] [stderr]     Checking axum-core v0.4.5
[INFO] [stdout] error[E0277]: the trait bound `!: sqlx_core::io::Decode<'_>` is not satisfied
[INFO] [stdout]    --> /opt/rustwide/cargo-home/registry/src/index.crates.io-1949cf8c6b5b557f/sqlx-postgres-0.7.4/src/copy.rs:314:14
[INFO] [stdout]     |
[INFO] [stdout] 314 |             .recv_expect(MessageFormat::ReadyForQuery)
[INFO] [stdout]     |              ^^^^^^^^^^^ the trait `sqlx_core::io::Decode<'_>` is not implemented for `!`
[INFO] [stdout]     |
[INFO] [stdout]     = help: the following other types implement trait `sqlx_core::io::Decode<'de, Context>`:
[INFO] [stdout]               ()
[INFO] [stdout]               Authentication
[INFO] [stdout]               AuthenticationSaslContinue
[INFO] [stdout]               AuthenticationSaslFinal
[INFO] [stdout]               BackendKeyData
[INFO] [stdout]               CommandComplete
[INFO] [stdout]               CopyData<sqlx_core::bytes::Bytes>
[INFO] [stdout]               CopyDone
[INFO] [stdout]             and 10 others
[INFO] [stdout]     = note: this error might have been caused by changes to Rust's type-inference algorithm (see issue #148922 <https://github.com/rust-lang/rust/issues/148922> for more information)
[INFO] [stdout]     = help: you might have intended to use the type `()` here instead
[INFO] [stdout] note: required by a bound in `PgStream::recv_expect`
[INFO] [stdout]    --> /opt/rustwide/cargo-home/registry/src/index.crates.io-1949cf8c6b5b557f/sqlx-postgres-0.7.4/src/connection/stream.rs:68:45
[INFO] [stdout]     |
[INFO] [stdout]  41 | impl PgStream {
[INFO] [stdout] ...
[INFO] [stdout]  68 |     pub(crate) async fn recv_expect<'de, T: Decode<'de>>(
[INFO] [stdout]     |                                             ^^^^^^^^^^^ required by this bound in `PgStream::recv_expect`
[INFO] [stdout] 
[INFO] [stdout] 
[INFO] [stdout] error[E0277]: the trait bound `!: sqlx_core::io::Decode<'_>` is not satisfied
[INFO] [stdout]    --> /opt/rustwide/cargo-home/registry/src/index.crates.io-1949cf8c6b5b557f/sqlx-postgres-0.7.4/src/copy.rs:315:14
[INFO] [stdout]     |
[INFO] [stdout] 315 |             .await?;
[INFO] [stdout]     |              ^^^^^ the trait `sqlx_core::io::Decode<'_>` is not implemented for `!`
[INFO] [stdout]     |
[INFO] [stdout]     = help: the following other types implement trait `sqlx_core::io::Decode<'de, Context>`:
[INFO] [stdout]               ()
[INFO] [stdout]               Authentication
[INFO] [stdout]               AuthenticationSaslContinue
[INFO] [stdout]               AuthenticationSaslFinal
[INFO] [stdout]               BackendKeyData
[INFO] [stdout]               CommandComplete
[INFO] [stdout]               CopyData<sqlx_core::bytes::Bytes>
[INFO] [stdout]               CopyDone
[INFO] [stdout]             and 10 others
[INFO] [stdout]     = note: this error might have been caused by changes to Rust's type-inference algorithm (see issue #148922 <https://github.com/rust-lang/rust/issues/148922> for more information)
[INFO] [stdout]     = help: you might have intended to use the type `()` here instead
[INFO] [stdout] note: required by a bound in `PgStream::recv_expect`
[INFO] [stdout]    --> /opt/rustwide/cargo-home/registry/src/index.crates.io-1949cf8c6b5b557f/sqlx-postgres-0.7.4/src/connection/stream.rs:68:45
[INFO] [stdout]     |
[INFO] [stdout]  41 | impl PgStream {
[INFO] [stdout] ...
[INFO] [stdout]  68 |     pub(crate) async fn recv_expect<'de, T: Decode<'de>>(
[INFO] [stdout]     |                                             ^^^^^^^^^^^ required by this bound in `PgStream::recv_expect`
[INFO] [stdout] 
[INFO] [stdout] 
[INFO] [stdout] error[E0277]: the trait bound `!: sqlx_core::io::Decode<'_>` is not satisfied
[INFO] [stdout]    --> /opt/rustwide/cargo-home/registry/src/index.crates.io-1949cf8c6b5b557f/sqlx-postgres-0.7.4/src/copy.rs:350:33
[INFO] [stdout]     |
[INFO] [stdout] 350 |                     conn.stream.recv_expect(MessageFormat::CommandComplete).await?;
[INFO] [stdout]     |                                 ^^^^^^^^^^^ the trait `sqlx_core::io::Decode<'_>` is not implemented for `!`
[INFO] [stdout]     |
[INFO] [stdout]     = help: the following other types implement trait `sqlx_core::io::Decode<'de, Context>`:
[INFO] [stdout]               ()
[INFO] [stdout]               Authentication
[INFO] [stdout]               AuthenticationSaslContinue
[INFO] [stdout]               AuthenticationSaslFinal
[INFO] [stdout]               BackendKeyData
[INFO] [stdout]               CommandComplete
[INFO] [stdout]               CopyData<sqlx_core::bytes::Bytes>
[INFO] [stdout]               CopyDone
[INFO] [stdout]             and 10 others
[INFO] [stdout]     = note: this error might have been caused by changes to Rust's type-inference algorithm (see issue #148922 <https://github.com/rust-lang/rust/issues/148922> for more information)
[INFO] [stdout]     = help: you might have intended to use the type `()` here instead
[INFO] [stdout] note: required by a bound in `PgStream::recv_expect`
[INFO] [stdout]    --> /opt/rustwide/cargo-home/registry/src/index.crates.io-1949cf8c6b5b557f/sqlx-postgres-0.7.4/src/connection/stream.rs:68:45
[INFO] [stdout]     |
[INFO] [stdout]  41 | impl PgStream {
[INFO] [stdout] ...
[INFO] [stdout]  68 |     pub(crate) async fn recv_expect<'de, T: Decode<'de>>(
[INFO] [stdout]     |                                             ^^^^^^^^^^^ required by this bound in `PgStream::recv_expect`
[INFO] [stdout] 
[INFO] [stdout] 
[INFO] [stdout] error[E0277]: the trait bound `!: sqlx_core::io::Decode<'_>` is not satisfied
[INFO] [stdout]    --> /opt/rustwide/cargo-home/registry/src/index.crates.io-1949cf8c6b5b557f/sqlx-postgres-0.7.4/src/copy.rs:351:33
[INFO] [stdout]     |
[INFO] [stdout] 351 |                     conn.stream.recv_expect(MessageFormat::ReadyForQuery).await?;
[INFO] [stdout]     |                                 ^^^^^^^^^^^ the trait `sqlx_core::io::Decode<'_>` is not implemented for `!`
[INFO] [stdout]     |
[INFO] [stdout]     = help: the following other types implement trait `sqlx_core::io::Decode<'de, Context>`:
[INFO] [stdout]               ()
[INFO] [stdout]               Authentication
[INFO] [stdout]               AuthenticationSaslContinue
[INFO] [stdout]               AuthenticationSaslFinal
[INFO] [stdout]               BackendKeyData
[INFO] [stdout]               CommandComplete
[INFO] [stdout]               CopyData<sqlx_core::bytes::Bytes>
[INFO] [stdout]               CopyDone
[INFO] [stdout]             and 10 others
[INFO] [stdout]     = note: this error might have been caused by changes to Rust's type-inference algorithm (see issue #148922 <https://github.com/rust-lang/rust/issues/148922> for more information)
[INFO] [stdout]     = help: you might have intended to use the type `()` here instead
[INFO] [stdout] note: required by a bound in `PgStream::recv_expect`
[INFO] [stdout]    --> /opt/rustwide/cargo-home/registry/src/index.crates.io-1949cf8c6b5b557f/sqlx-postgres-0.7.4/src/connection/stream.rs:68:45
[INFO] [stdout]     |
[INFO] [stdout]  41 | impl PgStream {
[INFO] [stdout] ...
[INFO] [stdout]  68 |     pub(crate) async fn recv_expect<'de, T: Decode<'de>>(
[INFO] [stdout]     |                                             ^^^^^^^^^^^ required by this bound in `PgStream::recv_expect`
[INFO] [stdout] 
[INFO] [stdout] 
[INFO] [stdout] error[E0277]: the trait bound `!: sqlx_core::io::Decode<'_>` is not satisfied
[INFO] [stdout]    --> /opt/rustwide/cargo-home/registry/src/index.crates.io-1949cf8c6b5b557f/sqlx-postgres-0.7.4/src/copy.rs:350:77
[INFO] [stdout]     |
[INFO] [stdout] 350 |                     conn.stream.recv_expect(MessageFormat::CommandComplete).await?;
[INFO] [stdout]     |                                                                             ^^^^^ the trait `sqlx_core::io::Decode<'_>` is not implemented for `!`
[INFO] [stdout]     |
[INFO] [stdout]     = help: the following other types implement trait `sqlx_core::io::Decode<'de, Context>`:
[INFO] [stdout]               ()
[INFO] [stdout]               Authentication
[INFO] [stdout]               AuthenticationSaslContinue
[INFO] [stdout]               AuthenticationSaslFinal
[INFO] [stdout]               BackendKeyData
[INFO] [stdout]               CommandComplete
[INFO] [stdout]               CopyData<sqlx_core::bytes::Bytes>
[INFO] [stdout]               CopyDone
[INFO] [stdout]             and 10 others
[INFO] [stdout]     = note: this error might have been caused by changes to Rust's type-inference algorithm (see issue #148922 <https://github.com/rust-lang/rust/issues/148922> for more information)
[INFO] [stdout]     = help: you might have intended to use the type `()` here instead
[INFO] [stdout] note: required by a bound in `PgStream::recv_expect`
[INFO] [stdout]    --> /opt/rustwide/cargo-home/registry/src/index.crates.io-1949cf8c6b5b557f/sqlx-postgres-0.7.4/src/connection/stream.rs:68:45
[INFO] [stdout]     |
[INFO] [stdout]  41 | impl PgStream {
[INFO] [stdout] ...
[INFO] [stdout]  68 |     pub(crate) async fn recv_expect<'de, T: Decode<'de>>(
[INFO] [stdout]     |                                             ^^^^^^^^^^^ required by this bound in `PgStream::recv_expect`
[INFO] [stdout] 
[INFO] [stdout] 
[INFO] [stdout] error[E0277]: the trait bound `!: sqlx_core::io::Decode<'_>` is not satisfied
[INFO] [stdout]    --> /opt/rustwide/cargo-home/registry/src/index.crates.io-1949cf8c6b5b557f/sqlx-postgres-0.7.4/src/copy.rs:351:75
[INFO] [stdout]     |
[INFO] [stdout] 351 |                     conn.stream.recv_expect(MessageFormat::ReadyForQuery).await?;
[INFO] [stdout]     |                                                                           ^^^^^ the trait `sqlx_core::io::Decode<'_>` is not implemented for `!`
[INFO] [stdout]     |
[INFO] [stdout]     = help: the following other types implement trait `sqlx_core::io::Decode<'de, Context>`:
[INFO] [stdout]               ()
[INFO] [stdout]               Authentication
[INFO] [stdout]               AuthenticationSaslContinue
[INFO] [stdout]               AuthenticationSaslFinal
[INFO] [stdout]               BackendKeyData
[INFO] [stdout]               CommandComplete
[INFO] [stdout]               CopyData<sqlx_core::bytes::Bytes>
[INFO] [stdout]               CopyDone
[INFO] [stdout]             and 10 others
[INFO] [stdout]     = note: this error might have been caused by changes to Rust's type-inference algorithm (see issue #148922 <https://github.com/rust-lang/rust/issues/148922> for more information)
[INFO] [stdout]     = help: you might have intended to use the type `()` here instead
[INFO] [stdout] note: required by a bound in `PgStream::recv_expect`
[INFO] [stdout]    --> /opt/rustwide/cargo-home/registry/src/index.crates.io-1949cf8c6b5b557f/sqlx-postgres-0.7.4/src/connection/stream.rs:68:45
[INFO] [stdout]     |
[INFO] [stdout]  41 | impl PgStream {
[INFO] [stdout] ...
[INFO] [stdout]  68 |     pub(crate) async fn recv_expect<'de, T: Decode<'de>>(
[INFO] [stdout]     |                                             ^^^^^^^^^^^ required by this bound in `PgStream::recv_expect`
[INFO] [stdout] 
[INFO] [stdout] 
[INFO] [stderr]     Checking flate2 v1.1.2
[INFO] [stderr]     Checking postgres-types v0.2.9
[INFO] [stderr]     Checking phf v0.11.3
[INFO] [stderr]     Checking tower v0.5.2
[INFO] [stderr]     Checking elif-core v0.7.1
[INFO] [stderr]     Checking serde_path_to_error v0.1.17
[INFO] [stderr]     Checking serde_urlencoded v0.7.1
[INFO] [stderr]    Compiling pin-project-internal v1.1.10
[INFO] [stderr]     Checking dashmap v5.5.3
[INFO] [stdout] For more information about this error, try `rustc --explain E0277`.
[INFO] [stdout] 
[INFO] [stderr]     Checking headers-core v0.3.0
[INFO] [stderr] error: could not compile `sqlx-postgres` (lib) due to 10 previous errors
[INFO] [stderr] warning: build failed, waiting for other jobs to finish...
[INFO] running `Command { std: "docker" "inspect" "7929524c04be460dc438e2a2d77cb65c00ed133dc412d985b1c41e7d404cae31", kill_on_drop: false }`
[INFO] running `Command { std: "docker" "rm" "-f" "7929524c04be460dc438e2a2d77cb65c00ed133dc412d985b1c41e7d404cae31", kill_on_drop: false }`
[INFO] [stdout] 7929524c04be460dc438e2a2d77cb65c00ed133dc412d985b1c41e7d404cae31
