[INFO] fetching crate el_std 0.3.1...
[INFO] checking el_std-0.3.1 against 3154cc1a3e6424e44f438a95007d043ed5ceaaf6+rustflags=-Znext-solver=coherence for pr-133502-30
[INFO] extracting crate el_std 0.3.1 into /workspace/builds/worker-6-tc1/source
[INFO] started tweaking crates.io crate el_std 0.3.1
[INFO] removed 0 missing tests
[INFO] finished tweaking crates.io crate el_std 0.3.1
[INFO] tweaked toml for crates.io crate el_std 0.3.1 written to /workspace/builds/worker-6-tc1/source/Cargo.toml
[INFO] validating manifest of crates.io crate el_std 0.3.1 on toolchain 3154cc1a3e6424e44f438a95007d043ed5ceaaf6
[INFO] running `Command { std: CARGO_HOME="/workspace/cargo-home" RUSTUP_HOME="/workspace/rustup-home" "/workspace/cargo-home/bin/cargo" "+3154cc1a3e6424e44f438a95007d043ed5ceaaf6" "metadata" "--manifest-path" "Cargo.toml" "--no-deps", kill_on_drop: false }`
[INFO] crate crates.io crate el_std 0.3.1 already has a lockfile, it will not be regenerated
[INFO] running `Command { std: CARGO_HOME="/workspace/cargo-home" RUSTUP_HOME="/workspace/rustup-home" "/workspace/cargo-home/bin/cargo" "+3154cc1a3e6424e44f438a95007d043ed5ceaaf6" "fetch" "--manifest-path" "Cargo.toml", kill_on_drop: false }`
[INFO] [stderr] warning: `package.homepage` is redundant with `package.repository`
[INFO] [stderr]   --> Cargo.toml:74:12
[INFO] [stderr]    |
[INFO] [stderr] 74 | homepage = "https://github.com/melektron/el_std_rs"
[INFO] [stderr]    |            ^^^^^^^^^^^^^^^^^^^^^^^^^^^^^^^^^^^^^^^^
[INFO] [stderr] ...
[INFO] [stderr] 78 | repository = "https://github.com/melektron/el_std_rs"
[INFO] [stderr]    |              ----------------------------------------
[INFO] [stderr]    |
[INFO] [stderr]    = note: `cargo::redundant_homepage` is set to `warn` by default
[INFO] [stderr] help: consider removing `package.homepage`
[INFO] [stderr] warning: `el_std` (manifest) generated 1 warning
[INFO] [stderr]     Updating crates.io index
[INFO] [stderr]  Downloading crates ...
[INFO] [stderr]   Downloaded testing_logger v0.1.1
[INFO] [stderr]   Downloaded rustyline-async v0.4.9
[INFO] [stderr]   Downloaded ansi-width v0.1.0
[INFO] [stderr]   Downloaded el_std_macros v0.3.1
[INFO] [stderr]   Downloaded thingbuf v0.1.6
[INFO] [stderr]   Downloaded defmt-macros v1.1.0
[INFO] [stderr]   Downloaded defmt v1.1.0
[INFO] [stderr]   Downloaded clap_derive v4.6.1
[INFO] [stderr]   Downloaded jiff-static v0.2.29
[INFO] [stderr]   Downloaded regex v1.12.4
[INFO] [stderr]   Downloaded jiff v0.2.29
[INFO] running `Command { std: "docker" "create" "-v" "/var/lib/crater-agent-workspace/builds/worker-6-tc1/source:/opt/rustwide/workdir:ro,Z" "-v" "/var/lib/crater-agent-workspace/builds/worker-6-tc1/target:/opt/rustwide/target:rw,Z" "-v" "/var/lib/crater-agent-workspace/cargo-home:/opt/rustwide/cargo-home:ro,Z" "-v" "/var/lib/crater-agent-workspace/rustup-home:/opt/rustwide/rustup-home:ro,Z" "-m" "1610612736" "--network" "none" "ghcr.io/rust-lang/crates-build-env/linux@sha256:77db811e55d90add9212f6832c23229e3de5f1c1f9905e8cb07319ea15df73ac" "sleep" "infinity", kill_on_drop: false }`
[INFO] [stdout] ef0d95632beec7f3df16d4fbee48dcdb9442f00fa9d298c7b6332b50c4cb4ef8
[INFO] running `Command { std: "docker" "start" "ef0d95632beec7f3df16d4fbee48dcdb9442f00fa9d298c7b6332b50c4cb4ef8", kill_on_drop: false }`
[INFO] running `Command { std: "docker" "inspect" "ef0d95632beec7f3df16d4fbee48dcdb9442f00fa9d298c7b6332b50c4cb4ef8", kill_on_drop: false }`
[INFO] running `Command { std: "docker" "exec" "-e" "SOURCE_DIR=/opt/rustwide/workdir" "-e" "CARGO_HOME=/opt/rustwide/cargo-home" "-e" "RUSTUP_HOME=/opt/rustwide/rustup-home" "-e" "CARGO_TARGET_DIR=/opt/rustwide/target" "-w" "/opt/rustwide/workdir" "--user" "0:0" "ef0d95632beec7f3df16d4fbee48dcdb9442f00fa9d298c7b6332b50c4cb4ef8" "/opt/rustwide/cargo-home/bin/cargo" "+3154cc1a3e6424e44f438a95007d043ed5ceaaf6" "metadata" "--no-deps" "--format-version=1", kill_on_drop: false }`
[INFO] running `Command { std: "docker" "inspect" "ef0d95632beec7f3df16d4fbee48dcdb9442f00fa9d298c7b6332b50c4cb4ef8", kill_on_drop: false }`
[INFO] running `Command { std: "docker" "exec" "-e" "SOURCE_DIR=/opt/rustwide/workdir" "-e" "CARGO_HOME=/opt/rustwide/cargo-home" "-e" "RUSTUP_HOME=/opt/rustwide/rustup-home" "-e" "CARGO_TARGET_DIR=/opt/rustwide/target" "-e" "CARGO_INCREMENTAL=0" "-e" "RUST_BACKTRACE=full" "-e" "RUSTFLAGS=--cap-lints=forbid -Znext-solver=coherence" "-e" "RUSTDOCFLAGS=--cap-lints=forbid" "-w" "/opt/rustwide/workdir" "--user" "0:0" "ef0d95632beec7f3df16d4fbee48dcdb9442f00fa9d298c7b6332b50c4cb4ef8" "/opt/rustwide/cargo-home/bin/cargo" "+3154cc1a3e6424e44f438a95007d043ed5ceaaf6" "check" "--frozen" "--all" "--all-targets" "--message-format=json", kill_on_drop: false }`
[INFO] [stderr] warning: `package.homepage` is redundant with `package.repository`
[INFO] [stderr]   --> Cargo.toml:74:12
[INFO] [stderr]    |
[INFO] [stderr] 74 | homepage = "https://github.com/melektron/el_std_rs"
[INFO] [stderr]    |            ^^^^^^^^^^^^^^^^^^^^^^^^^^^^^^^^^^^^^^^^
[INFO] [stderr] ...
[INFO] [stderr] 78 | repository = "https://github.com/melektron/el_std_rs"
[INFO] [stderr]    |              ----------------------------------------
[INFO] [stderr]    |
[INFO] [stderr]    = note: `cargo::redundant_homepage` is set to `warn` by default
[INFO] [stderr] help: consider removing `package.homepage`
[INFO] [stderr] warning: `el_std` (manifest) generated 1 warning
[INFO] [stderr]    Compiling quote v1.0.46
[INFO] [stderr]     Checking smallvec v1.15.2
[INFO] [stderr]     Checking log v0.4.33
[INFO] [stderr]     Checking bytes v1.12.0
[INFO] [stderr]     Checking socket2 v0.6.4
[INFO] [stderr]     Checking mio v1.2.1
[INFO] [stderr]     Checking clap_builder v4.6.0
[INFO] [stderr]     Checking testing_logger v0.1.1
[INFO] [stderr]     Checking parking_lot_core v0.9.12
[INFO] [stderr]    Compiling syn v2.0.118
[INFO] [stderr]     Checking parking_lot v0.12.5
[INFO] [stderr]    Compiling tokio-macros v2.7.0
[INFO] [stderr]    Compiling clap_derive v4.6.1
[INFO] [stderr]    Compiling el_std_macros v0.3.1
[INFO] [stderr]     Checking el_std v0.3.1 (/opt/rustwide/workdir)
[INFO] [stderr]     Checking tokio v1.53.1
[INFO] [stderr]     Checking clap v4.6.1
[INFO] [stdout] error[E0432]: unresolved import `el_std::autowrap`
[INFO] [stdout]   --> tests/autowrap.rs:12:13
[INFO] [stdout]    |
[INFO] [stdout] 12 | use el_std::autowrap::{AutoDeref, AutoDerefMut};
[INFO] [stdout]    |             ^^^^^^^^ could not find `autowrap` in `el_std`
[INFO] [stdout]    |
[INFO] [stdout] note: found an item that was configured out
[INFO] [stdout]   --> src/lib.rs:20:9
[INFO] [stdout]    |
[INFO] [stdout] 19 | #[cfg(feature = "autowrap")]
[INFO] [stdout]    |       -------------------- the item is gated behind the `autowrap` feature
[INFO] [stdout] 20 | pub mod autowrap;
[INFO] [stdout]    |         ^^^^^^^^
[INFO] [stdout] 
[INFO] [stdout] 
[INFO] [stdout] error[E0432]: unresolved import `el_std::clone`
[INFO] [stdout]   --> tests/clone.rs:38:5
[INFO] [stdout]    |
[INFO] [stdout] 38 | use el_std::clone;
[INFO] [stdout]    |     ^^^^^^^^-----
[INFO] [stdout]    |             |
[INFO] [stdout]    |             no `clone` in the root
[INFO] [stdout]    |
[INFO] [stdout] note: found an item that was configured out
[INFO] [stdout]   --> src/lib.rs:22:5
[INFO] [stdout]    |
[INFO] [stdout] 21 | #[cfg(feature = "clone")]
[INFO] [stdout]    |       ----------------- the item is gated behind the `clone` feature
[INFO] [stdout] 22 | mod clone;
[INFO] [stdout]    |     ^^^^^
[INFO] [stdout] help: consider importing this module instead
[INFO] [stdout]    |
[INFO] [stdout] 38 - use el_std::clone;
[INFO] [stdout] 38 + use std::clone;
[INFO] [stdout]    |
[INFO] [stdout] 
[INFO] [stdout] 
[INFO] [stdout] For more information about this error, try `rustc --explain E0432`.
[INFO] [stdout] 
[INFO] [stderr] error: could not compile `el_std` (test "clone") due to 1 previous error
[INFO] [stderr] warning: build failed, waiting for other jobs to finish...
[INFO] [stdout] error[E0599]: no method named `len` found for struct `Wrapper` in the current scope
[INFO] [stdout]   --> tests/autowrap.rs:26:24
[INFO] [stdout]    |
[INFO] [stdout] 15 | struct Wrapper(String);
[INFO] [stdout]    | -------------- method `len` not found for this struct
[INFO] [stdout] ...
[INFO] [stdout] 26 |     assert_eq!(wrapper.len(), 5);
[INFO] [stdout]    |                        ^^^ method not found in `Wrapper`
[INFO] [stdout]    |
[INFO] [stdout]    = help: items from traits can only be used if the trait is implemented and in scope
[INFO] [stdout]    = note: the following trait defines an item `len`, perhaps you need to implement it:
[INFO] [stdout]            candidate #1: `ExactSizeIterator`
[INFO] [stdout] help: one of the expressions' fields has a method of the same name
[INFO] [stdout]    |
[INFO] [stdout] 26 |     assert_eq!(wrapper.0.len(), 5);
[INFO] [stdout]    |                        ++
[INFO] [stdout] 
[INFO] [stdout] 
[INFO] [stdout] error[E0614]: type `Wrapper` cannot be dereferenced
[INFO] [stdout]   --> tests/autowrap.rs:27:17
[INFO] [stdout]    |
[INFO] [stdout] 27 |     assert_eq!(&*wrapper, "hello");
[INFO] [stdout]    |                 ^^^^^^^^ can't be dereferenced
[INFO] [stdout] 
[INFO] [stdout] 
[INFO] [stdout] error[E0277]: the trait bound `Wrapper: Deref` is not satisfied
[INFO] [stdout]   --> tests/autowrap.rs:30:49
[INFO] [stdout]    |
[INFO] [stdout] 30 |     let value: &String = std::ops::Deref::deref(&wrapper);
[INFO] [stdout]    |                          ---------------------- ^^^^^^^^ unsatisfied trait bound
[INFO] [stdout]    |                          |
[INFO] [stdout]    |                          required by a bound introduced by this call
[INFO] [stdout]    |
[INFO] [stdout] help: the trait `Deref` is not implemented for `Wrapper`
[INFO] [stdout]   --> tests/autowrap.rs:15:1
[INFO] [stdout]    |
[INFO] [stdout] 15 | struct Wrapper(String);
[INFO] [stdout]    | ^^^^^^^^^^^^^^
[INFO] [stdout] 
[INFO] [stdout] 
[INFO] [stdout] error[E0277]: the trait bound `Wrapper: Deref` is not satisfied
[INFO] [stdout]   --> tests/autowrap.rs:30:26
[INFO] [stdout]    |
[INFO] [stdout] 30 |     let value: &String = std::ops::Deref::deref(&wrapper);
[INFO] [stdout]    |                          ^^^^^^^^^^^^^^^^^^^^^^^^^^^^^^^^ unsatisfied trait bound
[INFO] [stdout]    |
[INFO] [stdout] help: the trait `Deref` is not implemented for `Wrapper`
[INFO] [stdout]   --> tests/autowrap.rs:15:1
[INFO] [stdout]    |
[INFO] [stdout] 15 | struct Wrapper(String);
[INFO] [stdout]    | ^^^^^^^^^^^^^^
[INFO] [stdout] 
[INFO] [stdout] 
[INFO] [stdout] error[E0599]: no method named `len` found for struct `MutableWrapper` in the current scope
[INFO] [stdout]   --> tests/autowrap.rs:39:24
[INFO] [stdout]    |
[INFO] [stdout] 18 | struct MutableWrapper(String);
[INFO] [stdout]    | --------------------- method `len` not found for this struct
[INFO] [stdout] ...
[INFO] [stdout] 39 |     assert_eq!(wrapper.len(), 5);
[INFO] [stdout]    |                        ^^^ method not found in `MutableWrapper`
[INFO] [stdout]    |
[INFO] [stdout]    = help: items from traits can only be used if the trait is implemented and in scope
[INFO] [stdout]    = note: the following trait defines an item `len`, perhaps you need to implement it:
[INFO] [stdout]            candidate #1: `ExactSizeIterator`
[INFO] [stdout] help: one of the expressions' fields has a method of the same name
[INFO] [stdout]    |
[INFO] [stdout] 39 |     assert_eq!(wrapper.0.len(), 5);
[INFO] [stdout]    |                        ++
[INFO] [stdout] 
[INFO] [stdout] 
[INFO] [stdout] error[E0599]: no method named `push_str` found for struct `MutableWrapper` in the current scope
[INFO] [stdout]   --> tests/autowrap.rs:42:13
[INFO] [stdout]    |
[INFO] [stdout] 18 | struct MutableWrapper(String);
[INFO] [stdout]    | --------------------- method `push_str` not found for this struct
[INFO] [stdout] ...
[INFO] [stdout] 42 |     wrapper.push_str(" world");
[INFO] [stdout]    |             ^^^^^^^^ method not found in `MutableWrapper`
[INFO] [stdout]    |
[INFO] [stdout] help: one of the expressions' fields has a method of the same name
[INFO] [stdout]    |
[INFO] [stdout] 42 |     wrapper.0.push_str(" world");
[INFO] [stdout]    |             ++
[INFO] [stdout] 
[INFO] [stdout] 
[INFO] [stdout] error[E0614]: type `MutableWrapper` cannot be dereferenced
[INFO] [stdout]   --> tests/autowrap.rs:45:17
[INFO] [stdout]    |
[INFO] [stdout] 45 |     assert_eq!(&*wrapper, "hello world");
[INFO] [stdout]    |                 ^^^^^^^^ can't be dereferenced
[INFO] [stdout] 
[INFO] [stdout] 
[INFO] [stdout] error[E0599]: no method named `len` found for struct `GenericWrapper<T>` in the current scope
[INFO] [stdout]   --> tests/autowrap.rs:56:24
[INFO] [stdout]    |
[INFO] [stdout] 50 | struct GenericWrapper<T>(T);
[INFO] [stdout]    | ------------------------ method `len` not found for this struct
[INFO] [stdout] ...
[INFO] [stdout] 56 |     assert_eq!(wrapper.len(), 5);
[INFO] [stdout]    |                        ^^^ method not found in `GenericWrapper<String>`
[INFO] [stdout]    |
[INFO] [stdout]    = help: items from traits can only be used if the trait is implemented and in scope
[INFO] [stdout]    = note: the following trait defines an item `len`, perhaps you need to implement it:
[INFO] [stdout]            candidate #1: `ExactSizeIterator`
[INFO] [stdout] help: one of the expressions' fields has a method of the same name
[INFO] [stdout]    |
[INFO] [stdout] 56 |     assert_eq!(wrapper.0.len(), 5);
[INFO] [stdout]    |                        ++
[INFO] [stdout] 
[INFO] [stdout] 
[INFO] [stdout] error[E0599]: no method named `push_str` found for struct `GenericWrapper<T>` in the current scope
[INFO] [stdout]   --> tests/autowrap.rs:58:13
[INFO] [stdout]    |
[INFO] [stdout] 50 | struct GenericWrapper<T>(T);
[INFO] [stdout]    | ------------------------ method `push_str` not found for this struct
[INFO] [stdout] ...
[INFO] [stdout] 58 |     wrapper.push_str(" world");
[INFO] [stdout]    |             ^^^^^^^^ method not found in `GenericWrapper<String>`
[INFO] [stdout]    |
[INFO] [stdout] help: one of the expressions' fields has a method of the same name
[INFO] [stdout]    |
[INFO] [stdout] 58 |     wrapper.0.push_str(" world");
[INFO] [stdout]    |             ++
[INFO] [stdout] 
[INFO] [stdout] 
[INFO] [stdout] error[E0614]: type `GenericWrapper<String>` cannot be dereferenced
[INFO] [stdout]   --> tests/autowrap.rs:60:17
[INFO] [stdout]    |
[INFO] [stdout] 60 |     assert_eq!(&*wrapper, "hello world");
[INFO] [stdout]    |                 ^^^^^^^^ can't be dereferenced
[INFO] [stdout] 
[INFO] [stdout] 
[INFO] [stdout] error[E0599]: no method named `len` found for struct `RefWrapper<'a, T>` in the current scope
[INFO] [stdout]   --> tests/autowrap.rs:72:24
[INFO] [stdout]    |
[INFO] [stdout] 65 | struct RefWrapper<'a, T>(&'a T);
[INFO] [stdout]    | ------------------------ method `len` not found for this struct
[INFO] [stdout] ...
[INFO] [stdout] 72 |     assert_eq!(wrapper.len(), 5);
[INFO] [stdout]    |                        ^^^ method not found in `RefWrapper<'_, String>`
[INFO] [stdout]    |
[INFO] [stdout]    = help: items from traits can only be used if the trait is implemented and in scope
[INFO] [stdout]    = note: the following trait defines an item `len`, perhaps you need to implement it:
[INFO] [stdout]            candidate #1: `ExactSizeIterator`
[INFO] [stdout] help: one of the expressions' fields has a method of the same name
[INFO] [stdout]    |
[INFO] [stdout] 72 |     assert_eq!(wrapper.0.len(), 5);
[INFO] [stdout]    |                        ++
[INFO] [stdout] 
[INFO] [stdout] 
[INFO] [stdout] Some errors have detailed explanations: E0277, E0432, E0599, E0614.
[INFO] [stdout] 
[INFO] [stdout] For more information about an error, try `rustc --explain E0277`.
[INFO] [stdout] 
[INFO] [stderr] error: could not compile `el_std` (test "autowrap") due to 12 previous errors
[INFO] [stderr] warning: unused dependency `el_std_macros`
[INFO] [stderr]   --> Cargo.toml:13:15
[INFO] [stderr]    |
[INFO] [stderr] 13 | [dependencies.el_std_macros]
[INFO] [stderr]    |               ^^^^^^^^^^^^^^
[INFO] [stderr]    |
[INFO] [stderr]    = note: `cargo::unused_dependencies` is set to `warn` by default
[INFO] [stderr] help: consider removing the dependency on `el_std_macros`
[INFO] [stderr] warning: `el_std` (manifest) generated 1 warning
[INFO] running `Command { std: "docker" "inspect" "ef0d95632beec7f3df16d4fbee48dcdb9442f00fa9d298c7b6332b50c4cb4ef8", kill_on_drop: false }`
[INFO] running `Command { std: "docker" "rm" "-f" "ef0d95632beec7f3df16d4fbee48dcdb9442f00fa9d298c7b6332b50c4cb4ef8", kill_on_drop: false }`
[INFO] [stdout] ef0d95632beec7f3df16d4fbee48dcdb9442f00fa9d298c7b6332b50c4cb4ef8
