[INFO] fetching crate effortless-repo-snapshot 0.1.0...
[INFO] checking effortless-repo-snapshot-0.1.0 against 3154cc1a3e6424e44f438a95007d043ed5ceaaf6+rustflags=-Znext-solver=coherence for pr-133502-30
[INFO] extracting crate effortless-repo-snapshot 0.1.0 into /workspace/builds/worker-4-tc1/source
[INFO] started tweaking crates.io crate effortless-repo-snapshot 0.1.0
[INFO] finished tweaking crates.io crate effortless-repo-snapshot 0.1.0
[INFO] tweaked toml for crates.io crate effortless-repo-snapshot 0.1.0 written to /workspace/builds/worker-4-tc1/source/Cargo.toml
[INFO] validating manifest of crates.io crate effortless-repo-snapshot 0.1.0 on toolchain 3154cc1a3e6424e44f438a95007d043ed5ceaaf6
[INFO] running `Command { std: CARGO_HOME="/workspace/cargo-home" RUSTUP_HOME="/workspace/rustup-home" "/workspace/cargo-home/bin/cargo" "+3154cc1a3e6424e44f438a95007d043ed5ceaaf6" "metadata" "--manifest-path" "Cargo.toml" "--no-deps", kill_on_drop: false }`
[INFO] crate crates.io crate effortless-repo-snapshot 0.1.0 already has a lockfile, it will not be regenerated
[INFO] running `Command { std: CARGO_HOME="/workspace/cargo-home" RUSTUP_HOME="/workspace/rustup-home" "/workspace/cargo-home/bin/cargo" "+3154cc1a3e6424e44f438a95007d043ed5ceaaf6" "fetch" "--manifest-path" "Cargo.toml", kill_on_drop: false }`
[INFO] [stderr] warning: `package.homepage` is redundant with `package.repository`
[INFO] [stderr]   --> Cargo.toml:27:12
[INFO] [stderr]    |
[INFO] [stderr] 27 | homepage = "https://github.com/EffortlessMetrics/cargo-allow"
[INFO] [stderr]    |            ^^^^^^^^^^^^^^^^^^^^^^^^^^^^^^^^^^^^^^^^^^^^^^^^^^
[INFO] [stderr] ...
[INFO] [stderr] 33 | repository = "https://github.com/EffortlessMetrics/cargo-allow"
[INFO] [stderr]    |              --------------------------------------------------
[INFO] [stderr]    |
[INFO] [stderr]    = note: `cargo::redundant_homepage` is set to `warn` by default
[INFO] [stderr] help: consider removing `package.homepage`
[INFO] [stderr] warning: `effortless-repo-snapshot` (manifest) generated 1 warning
[INFO] running `Command { std: "docker" "create" "-v" "/var/lib/crater-agent-workspace/builds/worker-4-tc1/source:/opt/rustwide/workdir:ro,Z" "-v" "/var/lib/crater-agent-workspace/builds/worker-4-tc1/target:/opt/rustwide/target:rw,Z" "-v" "/var/lib/crater-agent-workspace/cargo-home:/opt/rustwide/cargo-home:ro,Z" "-v" "/var/lib/crater-agent-workspace/rustup-home:/opt/rustwide/rustup-home:ro,Z" "-m" "1610612736" "--network" "none" "ghcr.io/rust-lang/crates-build-env/linux@sha256:77db811e55d90add9212f6832c23229e3de5f1c1f9905e8cb07319ea15df73ac" "sleep" "infinity", kill_on_drop: false }`
[INFO] [stdout] 98d11e0e62962d9b754125be03fbf6e61c1ab2e4cbf06ef50279be80b7f3fe1c
[INFO] running `Command { std: "docker" "start" "98d11e0e62962d9b754125be03fbf6e61c1ab2e4cbf06ef50279be80b7f3fe1c", kill_on_drop: false }`
[INFO] running `Command { std: "docker" "inspect" "98d11e0e62962d9b754125be03fbf6e61c1ab2e4cbf06ef50279be80b7f3fe1c", kill_on_drop: false }`
[INFO] running `Command { std: "docker" "exec" "-e" "SOURCE_DIR=/opt/rustwide/workdir" "-e" "CARGO_HOME=/opt/rustwide/cargo-home" "-e" "RUSTUP_HOME=/opt/rustwide/rustup-home" "-e" "CARGO_TARGET_DIR=/opt/rustwide/target" "-w" "/opt/rustwide/workdir" "--user" "0:0" "98d11e0e62962d9b754125be03fbf6e61c1ab2e4cbf06ef50279be80b7f3fe1c" "/opt/rustwide/cargo-home/bin/cargo" "+3154cc1a3e6424e44f438a95007d043ed5ceaaf6" "metadata" "--no-deps" "--format-version=1", kill_on_drop: false }`
[INFO] running `Command { std: "docker" "inspect" "98d11e0e62962d9b754125be03fbf6e61c1ab2e4cbf06ef50279be80b7f3fe1c", kill_on_drop: false }`
[INFO] running `Command { std: "docker" "exec" "-e" "SOURCE_DIR=/opt/rustwide/workdir" "-e" "CARGO_HOME=/opt/rustwide/cargo-home" "-e" "RUSTUP_HOME=/opt/rustwide/rustup-home" "-e" "CARGO_TARGET_DIR=/opt/rustwide/target" "-e" "CARGO_INCREMENTAL=0" "-e" "RUST_BACKTRACE=full" "-e" "RUSTFLAGS=--cap-lints=forbid -Znext-solver=coherence" "-e" "RUSTDOCFLAGS=--cap-lints=forbid" "-w" "/opt/rustwide/workdir" "--user" "0:0" "98d11e0e62962d9b754125be03fbf6e61c1ab2e4cbf06ef50279be80b7f3fe1c" "/opt/rustwide/cargo-home/bin/cargo" "+3154cc1a3e6424e44f438a95007d043ed5ceaaf6" "check" "--frozen" "--all" "--all-targets" "--message-format=json", kill_on_drop: false }`
[INFO] [stderr] warning: `package.homepage` is redundant with `package.repository`
[INFO] [stderr]   --> Cargo.toml:27:12
[INFO] [stderr]    |
[INFO] [stderr] 27 | homepage = "https://github.com/EffortlessMetrics/cargo-allow"
[INFO] [stderr]    |            ^^^^^^^^^^^^^^^^^^^^^^^^^^^^^^^^^^^^^^^^^^^^^^^^^^
[INFO] [stderr] ...
[INFO] [stderr] 33 | repository = "https://github.com/EffortlessMetrics/cargo-allow"
[INFO] [stderr]    |              --------------------------------------------------
[INFO] [stderr]    |
[INFO] [stderr]    = note: `cargo::redundant_homepage` is set to `warn` by default
[INFO] [stderr] help: consider removing `package.homepage`
[INFO] [stderr] warning: `effortless-repo-snapshot` (manifest) generated 1 warning
[INFO] [stderr]    Compiling proc-macro2 v1.0.107
[INFO] [stderr]    Compiling quote v1.0.47
[INFO] [stderr]     Checking block-buffer v0.12.1
[INFO] [stderr]     Checking crypto-common v0.2.2
[INFO] [stderr]     Checking serde_spanned v1.1.1
[INFO] [stderr]     Checking toml_datetime v1.1.1+spec-1.1.0
[INFO] [stderr]     Checking toml v1.1.4+spec-1.1.0
[INFO] [stderr]    Compiling syn v3.0.3
[INFO] [stderr]     Checking digest v0.11.3
[INFO] [stderr]     Checking sha2 v0.11.0
[INFO] [stderr]    Compiling serde_derive v1.0.229
[INFO] [stderr]     Checking serde v1.0.229
[INFO] [stderr]     Checking effortless-repo-snapshot v0.1.0 (/opt/rustwide/workdir)
[INFO] [stdout] error[E0432]: unresolved import `effortless_repo_protocol`
[INFO] [stdout]  --> src/protocol_adapter.rs:5:5
[INFO] [stdout]   |
[INFO] [stdout] 5 | use effortless_repo_protocol::{
[INFO] [stdout]   |     ^^^^^^^^^^^^^^^^^^^^^^^^ use of unresolved module or unlinked crate `effortless_repo_protocol`
[INFO] [stdout]   |
[INFO] [stdout]   = help: if you wanted to use a crate named `effortless_repo_protocol`, use `cargo add effortless_repo_protocol` to add it to your `Cargo.toml`
[INFO] [stdout] 
[INFO] [stdout] 
[INFO] [stdout] error[E0433]: cannot find module or crate `effortless_repo_protocol` in this scope
[INFO] [stdout]   --> src/protocol_adapter.rs:11:20
[INFO] [stdout]    |
[INFO] [stdout] 11 |         schema_id: effortless_repo_protocol::REPOSITORY_SNAPSHOT_SCHEMA_ID.to_string(),
[INFO] [stdout]    |                    ^^^^^^^^^^^^^^^^^^^^^^^^ use of unresolved module or unlinked crate `effortless_repo_protocol`
[INFO] [stdout]    |
[INFO] [stdout]    = help: if you wanted to use a crate named `effortless_repo_protocol`, use `cargo add effortless_repo_protocol` to add it to your `Cargo.toml`
[INFO] [stdout] 
[INFO] [stdout] 
[INFO] [stdout] error[E0433]: cannot find module or crate `effortless_repo_protocol` in this scope
[INFO] [stdout]    --> src/tests.rs:337:17
[INFO] [stdout]     |
[INFO] [stdout] 337 |     transport: &effortless_repo_protocol::RepositorySnapshotV1,
[INFO] [stdout]     |                 ^^^^^^^^^^^^^^^^^^^^^^^^ use of unresolved module or unlinked crate `effortless_repo_protocol`
[INFO] [stdout]     |
[INFO] [stdout]     = help: if you wanted to use a crate named `effortless_repo_protocol`, use `cargo add effortless_repo_protocol` to add it to your `Cargo.toml`
[INFO] [stdout] 
[INFO] [stdout] 
[INFO] [stdout] error[E0433]: cannot find module or crate `effortless_repo_protocol` in this scope
[INFO] [stdout]    --> src/tests.rs:322:17
[INFO] [stdout]     |
[INFO] [stdout] 322 |     transport: &effortless_repo_protocol::RepositorySnapshotV1,
[INFO] [stdout]     |                 ^^^^^^^^^^^^^^^^^^^^^^^^ use of unresolved module or unlinked crate `effortless_repo_protocol`
[INFO] [stdout]     |
[INFO] [stdout]     = help: if you wanted to use a crate named `effortless_repo_protocol`, use `cargo add effortless_repo_protocol` to add it to your `Cargo.toml`
[INFO] [stdout] 
[INFO] [stdout] 
[INFO] [stdout] Some errors have detailed explanations: E0432, E0433.
[INFO] [stdout] 
[INFO] [stdout] For more information about an error, try `rustc --explain E0432`.
[INFO] [stdout] 
[INFO] [stderr] error: could not compile `effortless-repo-snapshot` (lib test) due to 4 previous errors
[INFO] running `Command { std: "docker" "inspect" "98d11e0e62962d9b754125be03fbf6e61c1ab2e4cbf06ef50279be80b7f3fe1c", kill_on_drop: false }`
[INFO] running `Command { std: "docker" "rm" "-f" "98d11e0e62962d9b754125be03fbf6e61c1ab2e4cbf06ef50279be80b7f3fe1c", kill_on_drop: false }`
[INFO] [stdout] 98d11e0e62962d9b754125be03fbf6e61c1ab2e4cbf06ef50279be80b7f3fe1c
