[INFO] fetching crate dolang-ext-winscm 0.1.0...
[INFO] checking dolang-ext-winscm-0.1.0 against 3154cc1a3e6424e44f438a95007d043ed5ceaaf6 for pr-133502-30
[INFO] extracting crate dolang-ext-winscm 0.1.0 into /workspace/builds/worker-5-tc2/source
[INFO] started tweaking crates.io crate dolang-ext-winscm 0.1.0
[INFO] finished tweaking crates.io crate dolang-ext-winscm 0.1.0
[INFO] tweaked toml for crates.io crate dolang-ext-winscm 0.1.0 written to /workspace/builds/worker-5-tc2/source/Cargo.toml
[INFO] validating manifest of crates.io crate dolang-ext-winscm 0.1.0 on toolchain 3154cc1a3e6424e44f438a95007d043ed5ceaaf6
[INFO] running `Command { std: CARGO_HOME="/workspace/cargo-home" RUSTUP_HOME="/workspace/rustup-home" "/workspace/cargo-home/bin/cargo" "+3154cc1a3e6424e44f438a95007d043ed5ceaaf6" "metadata" "--manifest-path" "Cargo.toml" "--no-deps", kill_on_drop: false }`
[INFO] crate crates.io crate dolang-ext-winscm 0.1.0 already has a lockfile, it will not be regenerated
[INFO] running `Command { std: CARGO_HOME="/workspace/cargo-home" RUSTUP_HOME="/workspace/rustup-home" "/workspace/cargo-home/bin/cargo" "+3154cc1a3e6424e44f438a95007d043ed5ceaaf6" "fetch" "--manifest-path" "Cargo.toml", kill_on_drop: false }`
[INFO] running `Command { std: "docker" "create" "-v" "/var/lib/crater-agent-workspace/builds/worker-5-tc2/source:/opt/rustwide/workdir:ro,Z" "-v" "/var/lib/crater-agent-workspace/builds/worker-5-tc2/target:/opt/rustwide/target:rw,Z" "-v" "/var/lib/crater-agent-workspace/cargo-home:/opt/rustwide/cargo-home:ro,Z" "-v" "/var/lib/crater-agent-workspace/rustup-home:/opt/rustwide/rustup-home:ro,Z" "-m" "1610612736" "--network" "none" "ghcr.io/rust-lang/crates-build-env/linux@sha256:77db811e55d90add9212f6832c23229e3de5f1c1f9905e8cb07319ea15df73ac" "sleep" "infinity", kill_on_drop: false }`
[INFO] [stdout] 3cb94feb69e995859ed968e3e6983d726c67a4cb7331202b52081c4ede1891d7
[INFO] running `Command { std: "docker" "start" "3cb94feb69e995859ed968e3e6983d726c67a4cb7331202b52081c4ede1891d7", kill_on_drop: false }`
[INFO] running `Command { std: "docker" "inspect" "3cb94feb69e995859ed968e3e6983d726c67a4cb7331202b52081c4ede1891d7", kill_on_drop: false }`
[INFO] running `Command { std: "docker" "exec" "-e" "SOURCE_DIR=/opt/rustwide/workdir" "-e" "CARGO_HOME=/opt/rustwide/cargo-home" "-e" "RUSTUP_HOME=/opt/rustwide/rustup-home" "-e" "CARGO_TARGET_DIR=/opt/rustwide/target" "-w" "/opt/rustwide/workdir" "--user" "0:0" "3cb94feb69e995859ed968e3e6983d726c67a4cb7331202b52081c4ede1891d7" "/opt/rustwide/cargo-home/bin/cargo" "+3154cc1a3e6424e44f438a95007d043ed5ceaaf6" "metadata" "--no-deps" "--format-version=1", kill_on_drop: false }`
[INFO] running `Command { std: "docker" "inspect" "3cb94feb69e995859ed968e3e6983d726c67a4cb7331202b52081c4ede1891d7", kill_on_drop: false }`
[INFO] running `Command { std: "docker" "exec" "-e" "SOURCE_DIR=/opt/rustwide/workdir" "-e" "CARGO_HOME=/opt/rustwide/cargo-home" "-e" "RUSTUP_HOME=/opt/rustwide/rustup-home" "-e" "CARGO_TARGET_DIR=/opt/rustwide/target" "-e" "CARGO_INCREMENTAL=0" "-e" "RUST_BACKTRACE=full" "-e" "RUSTFLAGS=--cap-lints=forbid" "-e" "RUSTDOCFLAGS=--cap-lints=forbid" "-w" "/opt/rustwide/workdir" "--user" "0:0" "3cb94feb69e995859ed968e3e6983d726c67a4cb7331202b52081c4ede1891d7" "/opt/rustwide/cargo-home/bin/cargo" "+3154cc1a3e6424e44f438a95007d043ed5ceaaf6" "check" "--frozen" "--all" "--all-targets" "--message-format=json", kill_on_drop: false }`
[INFO] [stderr]     Checking memchr v2.8.0
[INFO] [stderr]    Compiling libc v0.2.184
[INFO] [stderr]    Compiling serde_core v1.0.228
[INFO] [stderr]    Compiling serde v1.0.228
[INFO] [stderr]    Compiling siphasher v1.0.2
[INFO] [stderr]     Checking byteorder v1.5.0
[INFO] [stderr]    Compiling fastrand v2.4.1
[INFO] [stderr]     Checking regex-syntax v0.8.10
[INFO] [stderr]     Checking futures-core v0.3.32
[INFO] [stderr]    Compiling heapless v0.7.17
[INFO] [stderr]     Checking spin v0.9.9
[INFO] [stderr]     Checking futures-io v0.3.32
[INFO] [stderr]    Compiling cfg_aliases v0.2.1
[INFO] [stderr]    Compiling syn v2.0.117
[INFO] [stderr]    Compiling unicode-xid v0.2.6
[INFO] [stderr]    Compiling nix v0.31.2
[INFO] [stderr]     Checking hash32 v0.2.1
[INFO] [stderr]     Checking futures-channel v0.3.32
[INFO] [stderr]     Checking bitflags v2.11.0
[INFO] [stderr]    Compiling linkme-impl v0.3.35
[INFO] [stderr]    Compiling const_format_proc_macros v0.2.34
[INFO] [stderr]    Compiling radium v0.7.0
[INFO] [stderr]    Compiling getrandom v0.4.2
[INFO] [stderr]    Compiling linkme v0.3.35
[INFO] [stderr]     Checking same-file v1.0.6
[INFO] [stderr]    Compiling phf_shared v0.13.1
[INFO] [stderr]    Compiling phf_shared v0.14.0
[INFO] [stderr]     Checking rand_core v0.10.0
[INFO] [stderr]     Checking walkdir v2.5.0
[INFO] [stderr]     Checking dolang-private-util v0.1.0
[INFO] [stderr]     Checking cpufeatures v0.3.0
[INFO] [stderr]    Compiling typeid v1.0.3
[INFO] [stderr]     Checking tap v1.0.1
[INFO] [stderr]     Checking chacha20 v0.10.0
[INFO] [stderr]     Checking funty v2.0.0
[INFO] [stderr]     Checking wyz v0.5.1
[INFO] [stderr]    Compiling erased-serde v0.4.10
[INFO] [stderr]    Compiling dolang-private-build v0.1.0
[INFO] [stderr]     Checking typed-path v0.12.3
[INFO] [stderr]     Checking aho-corasick v1.1.4
[INFO] [stderr]     Checking nom v7.1.3
[INFO] [stderr]    Compiling phf_generator v0.14.0
[INFO] [stderr]     Checking base64 v0.22.1
[INFO] [stderr]     Checking shlex v1.3.0
[INFO] [stderr]    Compiling phf_generator v0.13.1
[INFO] [stderr]    Compiling dolang-ext-shell v0.1.0
[INFO] [stderr]     Checking bitvec v1.0.1
[INFO] [stderr]     Checking const_format v0.2.35
[INFO] [stderr]     Checking regex-automata v0.4.14
[INFO] [stderr]     Checking errno v0.3.14
[INFO] [stderr]     Checking socket2 v0.6.3
[INFO] [stderr]     Checking mio v1.2.0
[INFO] [stderr]     Checking which v8.0.2
[INFO] [stderr]     Checking signal-hook-registry v1.4.8
[INFO] [stderr]     Checking rand v0.10.1
[INFO] [stderr]     Checking pori v0.0.0
[INFO] [stderr]    Compiling thiserror-impl v2.0.18
[INFO] [stderr]    Compiling serde_derive v1.0.228
[INFO] [stderr]    Compiling futures-macro v0.3.32
[INFO] [stderr]    Compiling tokio-macros v2.7.0
[INFO] [stderr]    Compiling phf_macros v0.14.0
[INFO] [stderr]    Compiling phf_macros v0.13.1
[INFO] [stderr]     Checking phf v0.14.0
[INFO] [stderr]     Checking phf v0.13.1
[INFO] [stderr]     Checking tokio v1.51.1
[INFO] [stderr]     Checking futures-util v0.3.32
[INFO] [stderr]     Checking regex v1.12.3
[INFO] [stderr]     Checking bstr v1.12.1
[INFO] [stderr]     Checking thiserror v2.0.18
[INFO] [stderr]     Checking cobs v0.3.0
[INFO] [stderr]     Checking wax v0.7.0
[INFO] [stderr]     Checking dolang-winterop v0.1.0
[INFO] [stderr]     Checking futures-executor v0.3.32
[INFO] [stderr]     Checking futures v0.3.32
[INFO] [stderr]     Checking postcard v1.1.3
[INFO] [stderr]     Checking dolang-bytecode v0.1.0
[INFO] [stderr]     Checking dolang-rpc v0.1.0
[INFO] [stderr]     Checking dolang-private-ipc v0.1.0
[INFO] [stderr]     Checking dolang-compile v0.1.0
[INFO] [stderr]     Checking dolang-runtime v0.1.0
[INFO] [stderr]     Checking dolang-shell-vfs v0.1.0
[INFO] [stderr]     Checking dolang-vfs v0.1.0
[INFO] [stdout] error[E0432]: unresolved imports `dolang_rpc::TrailerRecv`, `dolang_rpc::TrailerSend`
[INFO] [stdout]   --> /opt/rustwide/cargo-home/registry/src/index.crates.io-1949cf8c6b5b557f/dolang-vfs-0.1.0/src/client/mod.rs:19:57
[INFO] [stdout]    |
[INFO] [stdout] 19 | use dolang_rpc::{Call, DefaultHandle, Opaque, OsHandle, TrailerRecv, TrailerSend};
[INFO] [stdout]    |                                                         ^^^^^^^^^^^  ^^^^^^^^^^^ no `TrailerSend` in the root
[INFO] [stdout]    |                                                         |
[INFO] [stdout]    |                                                         no `TrailerRecv` in the root
[INFO] [stdout] 
[INFO] [stdout] 
[INFO] [stdout] error[E0425]: cannot find type `Builder` in crate `dolang_rpc`
[INFO] [stdout]   --> /opt/rustwide/cargo-home/registry/src/index.crates.io-1949cf8c6b5b557f/dolang-vfs-0.1.0/src/protocol.rs:49:44
[INFO] [stdout]    |
[INFO] [stdout] 49 | pub(crate) fn rpc_builder() -> dolang_rpc::Builder {
[INFO] [stdout]    |                                            ^^^^^^^ not found in `dolang_rpc`
[INFO] [stdout]    |
[INFO] [stdout] help: consider importing one of these structs
[INFO] [stdout]    |
[INFO] [stdout]  1 + use std::thread::Builder;
[INFO] [stdout]    |
[INFO] [stdout]  1 + use tokio::runtime::Builder;
[INFO] [stdout]    |
[INFO] [stdout] help: if you import `Builder`, refer to it directly
[INFO] [stdout]    |
[INFO] [stdout] 49 - pub(crate) fn rpc_builder() -> dolang_rpc::Builder {
[INFO] [stdout] 49 + pub(crate) fn rpc_builder() -> Builder {
[INFO] [stdout]    |
[INFO] [stdout] 
[INFO] [stdout] 
[INFO] [stdout] error[E0433]: cannot find `Builder` in `dolang_rpc`
[INFO] [stdout]   --> /opt/rustwide/cargo-home/registry/src/index.crates.io-1949cf8c6b5b557f/dolang-vfs-0.1.0/src/protocol.rs:50:17
[INFO] [stdout]    |
[INFO] [stdout] 50 |     dolang_rpc::Builder::new(APP_PROTOCOL.0, APP_PROTOCOL.1)
[INFO] [stdout]    |                 ^^^^^^^ could not find `Builder` in `dolang_rpc`
[INFO] [stdout]    |
[INFO] [stdout] help: consider importing one of these structs
[INFO] [stdout]    |
[INFO] [stdout]  1 + use std::thread::Builder;
[INFO] [stdout]    |
[INFO] [stdout]  1 + use tokio::runtime::Builder;
[INFO] [stdout]    |
[INFO] [stdout] help: if you import `Builder`, refer to it directly
[INFO] [stdout]    |
[INFO] [stdout] 50 -     dolang_rpc::Builder::new(APP_PROTOCOL.0, APP_PROTOCOL.1)
[INFO] [stdout] 50 +     Builder::new(APP_PROTOCOL.0, APP_PROTOCOL.1)
[INFO] [stdout]    |
[INFO] [stdout] 
[INFO] [stdout] 
[INFO] [stdout] error[E0599]: no method named `into_response` found for enum `ResponseKind` in the current scope
[INFO] [stdout]     --> /opt/rustwide/cargo-home/registry/src/index.crates.io-1949cf8c6b5b557f/dolang-vfs-0.1.0/src/client/mod.rs:1036:14
[INFO] [stdout]      |
[INFO] [stdout] 1031 |         let response = self
[INFO] [stdout] 1032 |             .call(request)
[INFO] [stdout] 1033 |             .await
[INFO] [stdout] 1034 |             .map_err(rpc_error)
[INFO] [stdout] 1035 |             .map_err(crate::Error::from)?
[INFO] [stdout] 1036 |             .into_response();
[INFO] [stdout]      |              ^^^^^^^^^^^^^ method not found in `ResponseKind`
[INFO] [stdout]      |
[INFO] [stdout]     ::: /opt/rustwide/cargo-home/registry/src/index.crates.io-1949cf8c6b5b557f/dolang-vfs-0.1.0/src/protocol.rs:866:1
[INFO] [stdout]      |
[INFO] [stdout]  866 | pub(crate) enum ResponseKind {
[INFO] [stdout]      | ---------------------------- method `into_response` not found for this enum
[INFO] [stdout] 
[INFO] [stdout] 
[INFO] [stdout] error[E0308]: mismatched types
[INFO] [stdout]     --> /opt/rustwide/cargo-home/registry/src/index.crates.io-1949cf8c6b5b557f/dolang-vfs-0.1.0/src/server/mod.rs:390:49
[INFO] [stdout]      |
[INFO] [stdout]  390 |                     connection.handle_file_read(context, file, len).await;
[INFO] [stdout]      |                                ---------------- ^^^^^^^ expected `CallContext<VfsProtocol>`, found `&mut CallContext<VfsProtocol>`
[INFO] [stdout]      |                                |
[INFO] [stdout]      |                                arguments to this method are incorrect
[INFO] [stdout]      |
[INFO] [stdout]      = note:         expected struct `CallContext<_>`
[INFO] [stdout]              found mutable reference `&mut CallContext<_>`
[INFO] [stdout] note: method defined here
[INFO] [stdout]     --> /opt/rustwide/cargo-home/registry/src/index.crates.io-1949cf8c6b5b557f/dolang-vfs-0.1.0/src/server/mod.rs:1142:14
[INFO] [stdout]      |
[INFO] [stdout] 1142 |     async fn handle_file_read(
[INFO] [stdout]      |              ^^^^^^^^^^^^^^^^
[INFO] [stdout] 1143 |         &self,
[INFO] [stdout] 1144 |         context: CallContext<VfsProtocol>,
[INFO] [stdout]      |         ---------------------------------
[INFO] [stdout] 
[INFO] [stdout] 
[INFO] [stdout] error[E0308]: mismatched types
[INFO] [stdout]     --> /opt/rustwide/cargo-home/registry/src/index.crates.io-1949cf8c6b5b557f/dolang-vfs-0.1.0/src/server/mod.rs:394:55
[INFO] [stdout]      |
[INFO] [stdout]  394 |                     connection.handle_stdio_recv_read(context, stdio, len).await;
[INFO] [stdout]      |                                ---------------------- ^^^^^^^ expected `CallContext<VfsProtocol>`, found `&mut CallContext<VfsProtocol>`
[INFO] [stdout]      |                                |
[INFO] [stdout]      |                                arguments to this method are incorrect
[INFO] [stdout]      |
[INFO] [stdout]      = note:         expected struct `CallContext<_>`
[INFO] [stdout]              found mutable reference `&mut CallContext<_>`
[INFO] [stdout] note: method defined here
[INFO] [stdout]     --> /opt/rustwide/cargo-home/registry/src/index.crates.io-1949cf8c6b5b557f/dolang-vfs-0.1.0/src/server/mod.rs:1059:14
[INFO] [stdout]      |
[INFO] [stdout] 1059 |     async fn handle_stdio_recv_read(
[INFO] [stdout]      |              ^^^^^^^^^^^^^^^^^^^^^^
[INFO] [stdout] 1060 |         &self,
[INFO] [stdout] 1061 |         context: CallContext<VfsProtocol>,
[INFO] [stdout]      |         ---------------------------------
[INFO] [stdout] 
[INFO] [stdout] 
[INFO] [stdout] error[E0599]: no method named `respond` found for mutable reference `&mut CallContext<VfsProtocol>` in the current scope
[INFO] [stdout]    --> /opt/rustwide/cargo-home/registry/src/index.crates.io-1949cf8c6b5b557f/dolang-vfs-0.1.0/src/server/mod.rs:401:17
[INFO] [stdout]     |
[INFO] [stdout] 401 |         context.respond(response);
[INFO] [stdout]     |                 ^^^^^^^ method not found in `&mut CallContext<VfsProtocol>`
[INFO] [stdout] 
[INFO] [stdout] 
[INFO] [stdout] error[E0308]: mismatched types
[INFO] [stdout]    --> /opt/rustwide/cargo-home/registry/src/index.crates.io-1949cf8c6b5b557f/dolang-vfs-0.1.0/src/server/mod.rs:371:63
[INFO] [stdout]     |
[INFO] [stdout] 371 |       rpc.serve(async move |mut context, Request { vfs, kind }| {
[INFO] [stdout]     |  _______________________________________________________________^
[INFO] [stdout] 372 | |         let response = if matches!(kind, RequestKind::Stop) {
[INFO] [stdout] 373 | |             connection.handle_stop(&mut context, vfs, &stop).await
[INFO] [stdout] 374 | |         } else if let Err(error) = connection.select(&context, vfs.clone()) {
[INFO] [stdout] ...   |
[INFO] [stdout] 401 | |         context.respond(response);
[INFO] [stdout] 402 | |     })
[INFO] [stdout]     | |_____^ expected `ResponseKind`, found `()`
[INFO] [stdout]     |
[INFO] [stdout]     = note: expected `async` closure body `{async closure body@/opt/rustwide/cargo-home/registry/src/index.crates.io-1949cf8c6b5b557f/dolang-vfs-0.1.0/src/server/mod.rs:371:63: 402:6}` (`ResponseKind`)
[INFO] [stdout]                found `async` closure body `{async closure body@/opt/rustwide/cargo-home/registry/src/index.crates.io-1949cf8c6b5b557f/dolang-vfs-0.1.0/src/server/mod.rs:371:63: 402:6}` (`()`)
[INFO] [stdout]     = note: no two async blocks, even if identical, have the same type
[INFO] [stdout]     = help: consider pinning your async block and casting it to a trait object
[INFO] [stdout] 
[INFO] [stdout] 
[INFO] [stdout] error[E0599]: no method named `request_trailer` found for mutable reference `&mut CallContext<VfsProtocol>` in the current scope
[INFO] [stdout]     --> /opt/rustwide/cargo-home/registry/src/index.crates.io-1949cf8c6b5b557f/dolang-vfs-0.1.0/src/server/mod.rs:1024:35
[INFO] [stdout]      |
[INFO] [stdout] 1024 |             let trailer = context.request_trailer().ok_or_else(|| {
[INFO] [stdout]      |                                   ^^^^^^^^^^^^^^^ method not found in `&mut CallContext<VfsProtocol>`
[INFO] [stdout] 
[INFO] [stdout] 
[INFO] [stdout] error[E0599]: no method named `respond` found for struct `CallContext<P>` in the current scope
[INFO] [stdout]     --> /opt/rustwide/cargo-home/registry/src/index.crates.io-1949cf8c6b5b557f/dolang-vfs-0.1.0/src/server/mod.rs:1068:25
[INFO] [stdout]      |
[INFO] [stdout] 1068 |                 context.respond(ResponseKind::StdioRecvRead(Err(error)));
[INFO] [stdout]      |                         ^^^^^^^ method not found in `CallContext<VfsProtocol>`
[INFO] [stdout] 
[INFO] [stdout] 
[INFO] [stdout] error[E0599]: no method named `respond_with_trailer` found for struct `CallContext<P>` in the current scope
[INFO] [stdout]     --> /opt/rustwide/cargo-home/registry/src/index.crates.io-1949cf8c6b5b557f/dolang-vfs-0.1.0/src/server/mod.rs:1072:32
[INFO] [stdout]      |
[INFO] [stdout] 1072 |         let mut send = context.respond_with_trailer(ResponseKind::StdioRecvRead(Ok(())));
[INFO] [stdout]      |                                ^^^^^^^^^^^^^^^^^^^^ method not found in `CallContext<VfsProtocol>`
[INFO] [stdout] 
[INFO] [stdout] 
[INFO] [stdout] error[E0599]: no method named `respond` found for struct `CallContext<P>` in the current scope
[INFO] [stdout]     --> /opt/rustwide/cargo-home/registry/src/index.crates.io-1949cf8c6b5b557f/dolang-vfs-0.1.0/src/server/mod.rs:1151:25
[INFO] [stdout]      |
[INFO] [stdout] 1151 |                 context.respond(ResponseKind::FileRead(Err(error)));
[INFO] [stdout]      |                         ^^^^^^^ method not found in `CallContext<VfsProtocol>`
[INFO] [stdout] 
[INFO] [stdout] 
[INFO] [stdout] error[E0599]: no method named `respond_with_trailer` found for struct `CallContext<P>` in the current scope
[INFO] [stdout]     --> /opt/rustwide/cargo-home/registry/src/index.crates.io-1949cf8c6b5b557f/dolang-vfs-0.1.0/src/server/mod.rs:1155:32
[INFO] [stdout]      |
[INFO] [stdout] 1155 |         let mut send = context.respond_with_trailer(ResponseKind::FileRead(Ok(())));
[INFO] [stdout]      |                                ^^^^^^^^^^^^^^^^^^^^ method not found in `CallContext<VfsProtocol>`
[INFO] [stdout] 
[INFO] [stdout] 
[INFO] [stdout] error[E0599]: no method named `request_trailer` found for mutable reference `&mut CallContext<VfsProtocol>` in the current scope
[INFO] [stdout]     --> /opt/rustwide/cargo-home/registry/src/index.crates.io-1949cf8c6b5b557f/dolang-vfs-0.1.0/src/server/mod.rs:1170:35
[INFO] [stdout]      |
[INFO] [stdout] 1170 |             let trailer = context.request_trailer().ok_or_else(|| {
[INFO] [stdout]      |                                   ^^^^^^^^^^^^^^^ method not found in `&mut CallContext<VfsProtocol>`
[INFO] [stdout] 
[INFO] [stdout] 
[INFO] [stdout] error[E0599]: no method named `into_response_trailer` found for enum `ResponseKind` in the current scope
[INFO] [stdout]    --> /opt/rustwide/cargo-home/registry/src/index.crates.io-1949cf8c6b5b557f/dolang-vfs-0.1.0/src/client/mod.rs:224:70
[INFO] [stdout]     |
[INFO] [stdout] 224 |                 let (response, trailer) = result.map_err(rpc_error)?.into_response_trailer();
[INFO] [stdout]     |                                                                      ^^^^^^^^^^^^^^^^^^^^^
[INFO] [stdout]     |
[INFO] [stdout]    ::: /opt/rustwide/cargo-home/registry/src/index.crates.io-1949cf8c6b5b557f/dolang-vfs-0.1.0/src/protocol.rs:866:1
[INFO] [stdout]     |
[INFO] [stdout] 866 | pub(crate) enum ResponseKind {
[INFO] [stdout]     | ---------------------------- method `into_response_trailer` not found for this enum
[INFO] [stdout]     |
[INFO] [stdout] help: there is a method `into_either` with a similar name, but with different arguments
[INFO] [stdout]    --> /opt/rustwide/cargo-home/registry/src/index.crates.io-1949cf8c6b5b557f/either-1.15.0/src/into_either.rs:29:5
[INFO] [stdout]     |
[INFO] [stdout]  29 |     fn into_either(self, into_left: bool) -> Either<Self, Self> {
[INFO] [stdout]     |     ^^^^^^^^^^^^^^^^^^^^^^^^^^^^^^^^^^^^^^^^^^^^^^^^^^^^^^^^^^^
[INFO] [stdout] 
[INFO] [stdout] 
[INFO] [stdout] error[E0599]: no method named `into_response` found for enum `ResponseKind` in the current scope
[INFO] [stdout]    --> /opt/rustwide/cargo-home/registry/src/index.crates.io-1949cf8c6b5b557f/dolang-vfs-0.1.0/src/client/mod.rs:394:71
[INFO] [stdout]     |
[INFO] [stdout] 394 | ...                   let response = result.map_err(rpc_error)?.into_response();
[INFO] [stdout]     |                                                                 ^^^^^^^^^^^^^ method not found in `ResponseKind`
[INFO] [stdout]     |
[INFO] [stdout]    ::: /opt/rustwide/cargo-home/registry/src/index.crates.io-1949cf8c6b5b557f/dolang-vfs-0.1.0/src/protocol.rs:866:1
[INFO] [stdout]     |
[INFO] [stdout] 866 | pub(crate) enum ResponseKind {
[INFO] [stdout]     | ---------------------------- method `into_response` not found for this enum
[INFO] [stdout] 
[INFO] [stdout] 
[INFO] [stdout] error[E0599]: no method named `into_response` found for enum `ResponseKind` in the current scope
[INFO] [stdout]    --> /opt/rustwide/cargo-home/registry/src/index.crates.io-1949cf8c6b5b557f/dolang-vfs-0.1.0/src/client/mod.rs:450:46
[INFO] [stdout]     |
[INFO] [stdout] 450 | ...                   match result.into_response() {
[INFO] [stdout]     |                                    ^^^^^^^^^^^^^ method not found in `ResponseKind`
[INFO] [stdout]     |
[INFO] [stdout]    ::: /opt/rustwide/cargo-home/registry/src/index.crates.io-1949cf8c6b5b557f/dolang-vfs-0.1.0/src/protocol.rs:866:1
[INFO] [stdout]     |
[INFO] [stdout] 866 | pub(crate) enum ResponseKind {
[INFO] [stdout]     | ---------------------------- method `into_response` not found for this enum
[INFO] [stdout] 
[INFO] [stdout] 
[INFO] [stdout] error[E0599]: no method named `call_with_trailer` found for struct `dolang_rpc::Client<P>` in the current scope
[INFO] [stdout]     --> /opt/rustwide/cargo-home/registry/src/index.crates.io-1949cf8c6b5b557f/dolang-vfs-0.1.0/src/client/mod.rs:1024:18
[INFO] [stdout]      |
[INFO] [stdout] 1024 |         self.rpc.call_with_trailer(Request {
[INFO] [stdout]      |                  ^^^^^^^^^^^^^^^^^ method not found in `dolang_rpc::Client<VfsProtocol>`
[INFO] [stdout] 
[INFO] [stdout] 
[INFO] [stdout] error[E0599]: no method named `into_response` found for enum `ResponseKind` in the current scope
[INFO] [stdout]     --> /opt/rustwide/cargo-home/registry/src/index.crates.io-1949cf8c6b5b557f/dolang-vfs-0.1.0/src/client/mod.rs:1471:54
[INFO] [stdout]      |
[INFO] [stdout] 1471 |                     match result.map_err(rpc_error)?.into_response() {
[INFO] [stdout]      |                                                      ^^^^^^^^^^^^^ method not found in `ResponseKind`
[INFO] [stdout]      |
[INFO] [stdout]     ::: /opt/rustwide/cargo-home/registry/src/index.crates.io-1949cf8c6b5b557f/dolang-vfs-0.1.0/src/protocol.rs:866:1
[INFO] [stdout]      |
[INFO] [stdout]  866 | pub(crate) enum ResponseKind {
[INFO] [stdout]      | ---------------------------- method `into_response` not found for this enum
[INFO] [stdout] 
[INFO] [stdout] 
[INFO] [stdout] error[E0599]: no method named `into_response` found for enum `ResponseKind` in the current scope
[INFO] [stdout]     --> /opt/rustwide/cargo-home/registry/src/index.crates.io-1949cf8c6b5b557f/dolang-vfs-0.1.0/src/client/mod.rs:1516:38
[INFO] [stdout]      |
[INFO] [stdout] 1516 |                         match result.into_response() {
[INFO] [stdout]      |                                      ^^^^^^^^^^^^^ method not found in `ResponseKind`
[INFO] [stdout]      |
[INFO] [stdout]     ::: /opt/rustwide/cargo-home/registry/src/index.crates.io-1949cf8c6b5b557f/dolang-vfs-0.1.0/src/protocol.rs:866:1
[INFO] [stdout]      |
[INFO] [stdout]  866 | pub(crate) enum ResponseKind {
[INFO] [stdout]      | ---------------------------- method `into_response` not found for this enum
[INFO] [stdout] 
[INFO] [stdout] 
[INFO] [stdout] error[E0599]: no method named `into_response` found for enum `ResponseKind` in the current scope
[INFO] [stdout]     --> /opt/rustwide/cargo-home/registry/src/index.crates.io-1949cf8c6b5b557f/dolang-vfs-0.1.0/src/client/mod.rs:1559:50
[INFO] [stdout]      |
[INFO] [stdout] 1559 |                 match result.map_err(rpc_error)?.into_response() {
[INFO] [stdout]      |                                                  ^^^^^^^^^^^^^ method not found in `ResponseKind`
[INFO] [stdout]      |
[INFO] [stdout]     ::: /opt/rustwide/cargo-home/registry/src/index.crates.io-1949cf8c6b5b557f/dolang-vfs-0.1.0/src/protocol.rs:866:1
[INFO] [stdout]      |
[INFO] [stdout]  866 | pub(crate) enum ResponseKind {
[INFO] [stdout]      | ---------------------------- method `into_response` not found for this enum
[INFO] [stdout] 
[INFO] [stdout] 
[INFO] [stdout] error[E0599]: no method named `into_response_trailer` found for enum `ResponseKind` in the current scope
[INFO] [stdout]     --> /opt/rustwide/cargo-home/registry/src/index.crates.io-1949cf8c6b5b557f/dolang-vfs-0.1.0/src/client/mod.rs:1629:74
[INFO] [stdout]      |
[INFO] [stdout] 1629 |                     let (response, trailer) = result.map_err(rpc_error)?.into_response_trailer();
[INFO] [stdout]      |                                                                          ^^^^^^^^^^^^^^^^^^^^^
[INFO] [stdout]      |
[INFO] [stdout]     ::: /opt/rustwide/cargo-home/registry/src/index.crates.io-1949cf8c6b5b557f/dolang-vfs-0.1.0/src/protocol.rs:866:1
[INFO] [stdout]      |
[INFO] [stdout]  866 | pub(crate) enum ResponseKind {
[INFO] [stdout]      | ---------------------------- method `into_response_trailer` not found for this enum
[INFO] [stdout]      |
[INFO] [stdout] help: there is a method `into_either` with a similar name, but with different arguments
[INFO] [stdout]     --> /opt/rustwide/cargo-home/registry/src/index.crates.io-1949cf8c6b5b557f/either-1.15.0/src/into_either.rs:29:5
[INFO] [stdout]      |
[INFO] [stdout]   29 |     fn into_either(self, into_left: bool) -> Either<Self, Self> {
[INFO] [stdout]      |     ^^^^^^^^^^^^^^^^^^^^^^^^^^^^^^^^^^^^^^^^^^^^^^^^^^^^^^^^^^^
[INFO] [stdout] 
[INFO] [stdout] 
[INFO] [stdout] error[E0599]: no method named `bind` found for type `!` in the current scope
[INFO] [stdout]    --> /opt/rustwide/cargo-home/registry/src/index.crates.io-1949cf8c6b5b557f/dolang-vfs-0.1.0/src/server/mod.rs:279:64
[INFO] [stdout]     |
[INFO] [stdout] 279 |             let rpc = rpc_builder().server_unix(stream).await?.bind();
[INFO] [stdout]     |                                                                ^^^^ method not found in `!`
[INFO] [stdout] 
[INFO] [stdout] 
[INFO] [stdout] Some errors have detailed explanations: E0308, E0425, E0432, E0433, E0599.
[INFO] [stdout] 
[INFO] [stdout] For more information about an error, try `rustc --explain E0308`.
[INFO] [stdout] 
[INFO] [stderr] error: could not compile `dolang-vfs` (lib) due to 23 previous errors; 1 warning emitted
[INFO] [stderr] warning: build failed, waiting for other jobs to finish...
[INFO] running `Command { std: "docker" "inspect" "3cb94feb69e995859ed968e3e6983d726c67a4cb7331202b52081c4ede1891d7", kill_on_drop: false }`
[INFO] running `Command { std: "docker" "rm" "-f" "3cb94feb69e995859ed968e3e6983d726c67a4cb7331202b52081c4ede1891d7", kill_on_drop: false }`
[INFO] [stdout] 3cb94feb69e995859ed968e3e6983d726c67a4cb7331202b52081c4ede1891d7
