[INFO] fetching crate continuity-engine 0.2.41...
[INFO] checking continuity-engine-0.2.41 against 3154cc1a3e6424e44f438a95007d043ed5ceaaf6 for pr-133502-30
[INFO] extracting crate continuity-engine 0.2.41 into /workspace/builds/worker-1-tc2/source
[INFO] started tweaking crates.io crate continuity-engine 0.2.41
[INFO] finished tweaking crates.io crate continuity-engine 0.2.41
[INFO] tweaked toml for crates.io crate continuity-engine 0.2.41 written to /workspace/builds/worker-1-tc2/source/Cargo.toml
[INFO] validating manifest of crates.io crate continuity-engine 0.2.41 on toolchain 3154cc1a3e6424e44f438a95007d043ed5ceaaf6
[INFO] running `Command { std: CARGO_HOME="/workspace/cargo-home" RUSTUP_HOME="/workspace/rustup-home" "/workspace/cargo-home/bin/cargo" "+3154cc1a3e6424e44f438a95007d043ed5ceaaf6" "metadata" "--manifest-path" "Cargo.toml" "--no-deps", kill_on_drop: false }`
[INFO] crate crates.io crate continuity-engine 0.2.41 already has a lockfile, it will not be regenerated
[INFO] running `Command { std: CARGO_HOME="/workspace/cargo-home" RUSTUP_HOME="/workspace/rustup-home" "/workspace/cargo-home/bin/cargo" "+3154cc1a3e6424e44f438a95007d043ed5ceaaf6" "fetch" "--manifest-path" "Cargo.toml", kill_on_drop: false }`
[INFO] [stderr] warning: `package.homepage` is redundant with `package.repository`
[INFO] [stderr]   --> Cargo.toml:36:12
[INFO] [stderr]    |
[INFO] [stderr] 36 | homepage = "https://github.com/jatoran/continuity"
[INFO] [stderr]    |            ^^^^^^^^^^^^^^^^^^^^^^^^^^^^^^^^^^^^^^^
[INFO] [stderr] ...
[INFO] [stderr] 43 | repository = "https://github.com/jatoran/continuity"
[INFO] [stderr]    |              ---------------------------------------
[INFO] [stderr]    |
[INFO] [stderr]    = note: `cargo::redundant_homepage` is set to `warn` by default
[INFO] [stderr] help: consider removing `package.homepage`
[INFO] [stderr] warning: `continuity-engine` (manifest) generated 1 warning
[INFO] [stderr]     Updating crates.io index
[INFO] [stderr]      Locking 2 packages to highest compatible versions
[INFO] [stderr]       Adding continuity-buffer v0.2.41
[INFO] [stderr]       Adding continuity-text v0.2.41
[INFO] running `Command { std: "docker" "create" "-v" "/var/lib/crater-agent-workspace/builds/worker-1-tc2/source:/opt/rustwide/workdir:ro,Z" "-v" "/var/lib/crater-agent-workspace/builds/worker-1-tc2/target:/opt/rustwide/target:rw,Z" "-v" "/var/lib/crater-agent-workspace/cargo-home:/opt/rustwide/cargo-home:ro,Z" "-v" "/var/lib/crater-agent-workspace/rustup-home:/opt/rustwide/rustup-home:ro,Z" "-m" "1610612736" "--network" "none" "ghcr.io/rust-lang/crates-build-env/linux@sha256:77db811e55d90add9212f6832c23229e3de5f1c1f9905e8cb07319ea15df73ac" "sleep" "infinity", kill_on_drop: false }`
[INFO] [stdout] 04bd83c7ff53c8f1cd4f13f89eedd3af988329b20e89ad21c357e517855f8785
[INFO] running `Command { std: "docker" "start" "04bd83c7ff53c8f1cd4f13f89eedd3af988329b20e89ad21c357e517855f8785", kill_on_drop: false }`
[INFO] running `Command { std: "docker" "inspect" "04bd83c7ff53c8f1cd4f13f89eedd3af988329b20e89ad21c357e517855f8785", kill_on_drop: false }`
[INFO] running `Command { std: "docker" "exec" "-e" "SOURCE_DIR=/opt/rustwide/workdir" "-e" "CARGO_HOME=/opt/rustwide/cargo-home" "-e" "RUSTUP_HOME=/opt/rustwide/rustup-home" "-e" "CARGO_TARGET_DIR=/opt/rustwide/target" "-w" "/opt/rustwide/workdir" "--user" "0:0" "04bd83c7ff53c8f1cd4f13f89eedd3af988329b20e89ad21c357e517855f8785" "/opt/rustwide/cargo-home/bin/cargo" "+3154cc1a3e6424e44f438a95007d043ed5ceaaf6" "metadata" "--no-deps" "--format-version=1", kill_on_drop: false }`
[INFO] running `Command { std: "docker" "inspect" "04bd83c7ff53c8f1cd4f13f89eedd3af988329b20e89ad21c357e517855f8785", kill_on_drop: false }`
[INFO] running `Command { std: "docker" "exec" "-e" "SOURCE_DIR=/opt/rustwide/workdir" "-e" "CARGO_HOME=/opt/rustwide/cargo-home" "-e" "RUSTUP_HOME=/opt/rustwide/rustup-home" "-e" "CARGO_TARGET_DIR=/opt/rustwide/target" "-e" "CARGO_INCREMENTAL=0" "-e" "RUST_BACKTRACE=full" "-e" "RUSTFLAGS=--cap-lints=forbid" "-e" "RUSTDOCFLAGS=--cap-lints=forbid" "-w" "/opt/rustwide/workdir" "--user" "0:0" "04bd83c7ff53c8f1cd4f13f89eedd3af988329b20e89ad21c357e517855f8785" "/opt/rustwide/cargo-home/bin/cargo" "+3154cc1a3e6424e44f438a95007d043ed5ceaaf6" "check" "--frozen" "--all" "--all-targets" "--message-format=json", kill_on_drop: false }`
[INFO] [stderr] warning: `package.homepage` is redundant with `package.repository`
[INFO] [stderr]   --> Cargo.toml:36:12
[INFO] [stderr]    |
[INFO] [stderr] 36 | homepage = "https://github.com/jatoran/continuity"
[INFO] [stderr]    |            ^^^^^^^^^^^^^^^^^^^^^^^^^^^^^^^^^^^^^^^
[INFO] [stderr] ...
[INFO] [stderr] 43 | repository = "https://github.com/jatoran/continuity"
[INFO] [stderr]    |              ---------------------------------------
[INFO] [stderr]    |
[INFO] [stderr]    = note: `cargo::redundant_homepage` is set to `warn` by default
[INFO] [stderr] help: consider removing `package.homepage`
[INFO] [stderr] warning: `continuity-engine` (manifest) generated 1 warning
[INFO] [stderr]    Compiling zerocopy v0.8.48
[INFO] [stderr]    Compiling syn v2.0.117
[INFO] [stderr]     Checking str_indices v0.4.4
[INFO] [stderr]    Compiling num-traits v0.2.19
[INFO] [stderr]     Checking regex-automata v0.4.14
[INFO] [stderr]     Checking serde_json v1.0.149
[INFO] [stderr]     Checking uuid v1.23.1
[INFO] [stderr]     Checking ropey v1.6.1
[INFO] [stderr]     Checking regex v1.12.3
[INFO] [stderr]    Compiling zerocopy-derive v0.8.48
[INFO] [stderr]    Compiling serde_derive v1.0.228
[INFO] [stderr]    Compiling thiserror-impl v1.0.69
[INFO] [stderr]     Checking thiserror v1.0.69
[INFO] [stderr]     Checking serde v1.0.228
[INFO] [stderr]     Checking continuity-text v0.2.41
[INFO] [stderr]     Checking tinytemplate v1.2.1
[INFO] [stderr]     Checking half v2.7.1
[INFO] [stderr]     Checking ahash v0.8.12
[INFO] [stderr]     Checking continuity-buffer v0.2.41
[INFO] [stderr]     Checking ciborium-ll v0.2.2
[INFO] [stderr]     Checking ciborium v0.2.2
[INFO] [stderr]     Checking continuity-engine v0.2.41 (/opt/rustwide/workdir)
[INFO] [stderr]     Checking criterion v0.5.1
[INFO] [stdout] error[E0583]: file not found for module `tests`
[INFO] [stdout]    --> src/edit_block_scope.rs:345:1
[INFO] [stdout]     |
[INFO] [stdout] 345 | mod tests;
[INFO] [stdout]     | ^^^^^^^^^^
[INFO] [stdout]     |
[INFO] [stdout]     = help: to create the module `tests`, create file "src/edit_block_scope/tests.rs" or "src/edit_block_scope/tests/mod.rs"
[INFO] [stdout]     = note: if there is a `mod tests` elsewhere in the crate already, import it with `use crate::...` instead
[INFO] [stdout] 
[INFO] [stdout] 
[INFO] [stdout] error[E0583]: file not found for module `tests`
[INFO] [stdout]    --> src/edit_lines.rs:245:1
[INFO] [stdout]     |
[INFO] [stdout] 245 | mod tests;
[INFO] [stdout]     | ^^^^^^^^^^
[INFO] [stdout]     |
[INFO] [stdout]     = help: to create the module `tests`, create file "src/edit_lines/tests.rs" or "src/edit_lines/tests/mod.rs"
[INFO] [stdout]     = note: if there is a `mod tests` elsewhere in the crate already, import it with `use crate::...` instead
[INFO] [stdout] 
[INFO] [stdout] 
[INFO] [stdout] error[E0583]: file not found for module `tests`
[INFO] [stdout]    --> src/edit_markdown.rs:557:1
[INFO] [stdout]     |
[INFO] [stdout] 557 | mod tests;
[INFO] [stdout]     | ^^^^^^^^^^
[INFO] [stdout]     |
[INFO] [stdout]     = help: to create the module `tests`, create file "src/edit_markdown/tests.rs" or "src/edit_markdown/tests/mod.rs"
[INFO] [stdout]     = note: if there is a `mod tests` elsewhere in the crate already, import it with `use crate::...` instead
[INFO] [stdout] 
[INFO] [stdout] 
[INFO] [stdout] error[E0583]: file not found for module `tests`
[INFO] [stdout]    --> src/selection_edit.rs:554:1
[INFO] [stdout]     |
[INFO] [stdout] 554 | mod tests;
[INFO] [stdout]     | ^^^^^^^^^^
[INFO] [stdout]     |
[INFO] [stdout]     = help: to create the module `tests`, create file "src/selection_edit/tests.rs" or "src/selection_edit/tests/mod.rs"
[INFO] [stdout]     = note: if there is a `mod tests` elsewhere in the crate already, import it with `use crate::...` instead
[INFO] [stdout] 
[INFO] [stdout] 
[INFO] [stdout] For more information about this error, try `rustc --explain E0583`.
[INFO] [stdout] 
[INFO] [stderr] error: could not compile `continuity-engine` (lib test) due to 4 previous errors
[INFO] running `Command { std: "docker" "inspect" "04bd83c7ff53c8f1cd4f13f89eedd3af988329b20e89ad21c357e517855f8785", kill_on_drop: false }`
[INFO] running `Command { std: "docker" "rm" "-f" "04bd83c7ff53c8f1cd4f13f89eedd3af988329b20e89ad21c357e517855f8785", kill_on_drop: false }`
[INFO] [stdout] 04bd83c7ff53c8f1cd4f13f89eedd3af988329b20e89ad21c357e517855f8785
