[INFO] fetching crate confluent-kafka 0.1.1...
[INFO] checking confluent-kafka-0.1.1 against 3154cc1a3e6424e44f438a95007d043ed5ceaaf6+rustflags=-Znext-solver=coherence for pr-133502-30
[INFO] extracting crate confluent-kafka 0.1.1 into /workspace/builds/worker-7-tc1/source
[INFO] started tweaking crates.io crate confluent-kafka 0.1.1
[INFO] finished tweaking crates.io crate confluent-kafka 0.1.1
[INFO] tweaked toml for crates.io crate confluent-kafka 0.1.1 written to /workspace/builds/worker-7-tc1/source/Cargo.toml
[INFO] validating manifest of crates.io crate confluent-kafka 0.1.1 on toolchain 3154cc1a3e6424e44f438a95007d043ed5ceaaf6
[INFO] running `Command { std: CARGO_HOME="/workspace/cargo-home" RUSTUP_HOME="/workspace/rustup-home" "/workspace/cargo-home/bin/cargo" "+3154cc1a3e6424e44f438a95007d043ed5ceaaf6" "metadata" "--manifest-path" "Cargo.toml" "--no-deps", kill_on_drop: false }`
[INFO] crate crates.io crate confluent-kafka 0.1.1 already has a lockfile, it will not be regenerated
[INFO] running `Command { std: CARGO_HOME="/workspace/cargo-home" RUSTUP_HOME="/workspace/rustup-home" "/workspace/cargo-home/bin/cargo" "+3154cc1a3e6424e44f438a95007d043ed5ceaaf6" "fetch" "--manifest-path" "Cargo.toml", kill_on_drop: false }`
[INFO] [stderr]     Updating crates.io index
[INFO] [stderr]  Downloading crates ...
[INFO] [stderr]   Downloaded astral-tokio-tar v0.6.0
[INFO] [stderr]   Downloaded ambassador v0.5.1
[INFO] running `Command { std: "docker" "create" "-v" "/var/lib/crater-agent-workspace/builds/worker-7-tc1/source:/opt/rustwide/workdir:ro,Z" "-v" "/var/lib/crater-agent-workspace/builds/worker-7-tc1/target:/opt/rustwide/target:rw,Z" "-v" "/var/lib/crater-agent-workspace/cargo-home:/opt/rustwide/cargo-home:ro,Z" "-v" "/var/lib/crater-agent-workspace/rustup-home:/opt/rustwide/rustup-home:ro,Z" "-m" "1610612736" "--network" "none" "ghcr.io/rust-lang/crates-build-env/linux@sha256:77db811e55d90add9212f6832c23229e3de5f1c1f9905e8cb07319ea15df73ac" "sleep" "infinity", kill_on_drop: false }`
[INFO] [stdout] 03e1826c5c24e2761f954a401c5ad36828c29d0fa00ab27c835ef8a7b1bccf01
[INFO] running `Command { std: "docker" "start" "03e1826c5c24e2761f954a401c5ad36828c29d0fa00ab27c835ef8a7b1bccf01", kill_on_drop: false }`
[INFO] running `Command { std: "docker" "inspect" "03e1826c5c24e2761f954a401c5ad36828c29d0fa00ab27c835ef8a7b1bccf01", kill_on_drop: false }`
[INFO] running `Command { std: "docker" "exec" "-e" "SOURCE_DIR=/opt/rustwide/workdir" "-e" "CARGO_HOME=/opt/rustwide/cargo-home" "-e" "RUSTUP_HOME=/opt/rustwide/rustup-home" "-e" "CARGO_TARGET_DIR=/opt/rustwide/target" "-w" "/opt/rustwide/workdir" "--user" "0:0" "03e1826c5c24e2761f954a401c5ad36828c29d0fa00ab27c835ef8a7b1bccf01" "/opt/rustwide/cargo-home/bin/cargo" "+3154cc1a3e6424e44f438a95007d043ed5ceaaf6" "metadata" "--no-deps" "--format-version=1", kill_on_drop: false }`
[INFO] running `Command { std: "docker" "inspect" "03e1826c5c24e2761f954a401c5ad36828c29d0fa00ab27c835ef8a7b1bccf01", kill_on_drop: false }`
[INFO] running `Command { std: "docker" "exec" "-e" "SOURCE_DIR=/opt/rustwide/workdir" "-e" "CARGO_HOME=/opt/rustwide/cargo-home" "-e" "RUSTUP_HOME=/opt/rustwide/rustup-home" "-e" "CARGO_TARGET_DIR=/opt/rustwide/target" "-e" "CARGO_INCREMENTAL=0" "-e" "RUST_BACKTRACE=full" "-e" "RUSTFLAGS=--cap-lints=forbid -Znext-solver=coherence" "-e" "RUSTDOCFLAGS=--cap-lints=forbid" "-w" "/opt/rustwide/workdir" "--user" "0:0" "03e1826c5c24e2761f954a401c5ad36828c29d0fa00ab27c835ef8a7b1bccf01" "/opt/rustwide/cargo-home/bin/cargo" "+3154cc1a3e6424e44f438a95007d043ed5ceaaf6" "check" "--frozen" "--all" "--all-targets" "--message-format=json", kill_on_drop: false }`
[INFO] [stderr]    Compiling libc v0.2.185
[INFO] [stderr]    Compiling serde_core v1.0.228
[INFO] [stderr]     Checking http v1.4.0
[INFO] [stderr]    Compiling aws-lc-rs v1.18.1
[INFO] [stderr]     Checking sync_wrapper v1.0.2
[INFO] [stderr]    Compiling itertools v0.14.0
[INFO] [stderr]     Checking futures-util v0.3.32
[INFO] [stderr]    Compiling rustls v0.23.45
[INFO] [stderr]     Checking zerofrom v0.1.7
[INFO] [stderr]    Compiling bollard-buildkit-proto v0.7.0
[INFO] [stderr]    Compiling structmeta-derive v0.3.0
[INFO] [stderr]     Checking rustix v1.1.4
[INFO] [stderr]     Checking chacha20 v0.10.2
[INFO] [stderr]    Compiling rustc_version v0.4.1
[INFO] [stderr]     Checking rustc-hash v2.1.2
[INFO] [stderr]    Compiling serde_with_macros v3.18.0
[INFO] [stderr]     Checking webpki-roots v1.0.7
[INFO] [stderr]     Checking yoke v0.8.2
[INFO] [stderr]     Checking etcetera v0.11.0
[INFO] [stderr]     Checking twox-hash v2.1.2
[INFO] [stderr]     Checking hashbrown v0.14.5
[INFO] [stderr]     Checking anstream v1.0.0
[INFO] [stderr]     Checking webpki-roots v0.26.11
[INFO] [stderr]     Checking zerovec v0.11.6
[INFO] [stderr]     Checking zerotrie v0.2.4
[INFO] [stderr]     Checking lz4_flex v0.11.6
[INFO] [stderr]    Compiling crc32c v0.6.8
[INFO] [stderr]    Compiling ambassador v0.5.1
[INFO] [stderr]     Checking env_filter v1.0.1
[INFO] [stderr]     Checking pem v3.0.6
[INFO] [stderr]     Checking env_logger v0.11.10
[INFO] [stderr]     Checking http-body v1.0.1
[INFO] [stderr]     Checking ureq-proto v0.6.0
[INFO] [stderr]    Compiling structmeta v0.3.0
[INFO] [stderr]     Checking http-body-util v0.1.3
[INFO] [stderr]     Checking tinystr v0.8.3
[INFO] [stderr]     Checking potential_utf v0.1.5
[INFO] [stderr]    Compiling parse-display-derive v0.9.1
[INFO] [stderr]     Checking icu_collections v2.2.0
[INFO] [stderr]     Checking axum-core v0.5.6
[INFO] [stderr]     Checking icu_locale_core v2.2.0
[INFO] [stderr]     Checking errno v0.3.14
[INFO] [stderr]     Checking mio v1.2.0
[INFO] [stderr]     Checking socket2 v0.6.3
[INFO] [stderr]     Checking getrandom v0.2.17
[INFO] [stderr]     Checking getrandom v0.3.4
[INFO] [stderr]     Checking getrandom v0.4.2
[INFO] [stderr]     Checking signal-hook-registry v1.4.8
[INFO] [stderr]     Checking rand_core v0.9.5
[INFO] [stderr]     Checking rand_core v0.6.4
[INFO] [stderr]     Checking filetime v0.2.27
[INFO] [stderr]     Checking rand v0.10.1
[INFO] [stderr]     Checking parking_lot_core v0.9.12
[INFO] [stderr]     Checking rand_chacha v0.9.0
[INFO] [stderr]     Checking rand_chacha v0.3.1
[INFO] [stderr]     Checking dashmap v6.1.0
[INFO] [stderr]     Checking uuid v1.23.1
[INFO] [stderr]     Checking socket2 v0.5.10
[INFO] [stderr]     Checking tokio v1.52.0
[INFO] [stderr]     Checking icu_provider v2.2.0
[INFO] [stderr]     Checking rand v0.9.4
[INFO] [stderr]    Compiling jobserver v0.1.34
[INFO] [stderr]     Checking xattr v1.6.1
[INFO] [stderr]     Checking rand v0.8.6
[INFO] [stderr]     Checking icu_properties v2.2.0
[INFO] [stderr]     Checking icu_normalizer v2.2.0
[INFO] [stderr]    Compiling cc v1.2.60
[INFO] [stderr]    Compiling prost-derive v0.14.3
[INFO] [stderr]    Compiling prost-derive v0.13.5
[INFO] [stderr]     Checking parse-display v0.9.1
[INFO] [stderr]     Checking ferroid v2.0.0
[INFO] [stderr]     Checking prost v0.13.5
[INFO] [stderr]     Checking idna_adapter v1.2.1
[INFO] [stderr]     Checking idna v1.1.0
[INFO] [stderr]     Checking serde v1.0.228
[INFO] [stderr]     Checking deranged v0.5.8
[INFO] [stderr]     Checking serde_json v1.0.149
[INFO] [stderr]     Checking serde_with v3.18.0
[INFO] [stderr]     Checking futures-executor v0.3.32
[INFO] [stderr]     Checking axum-core v0.4.5
[INFO] [stderr]    Compiling cmake v0.1.58
[INFO] [stderr]     Checking prost v0.14.3
[INFO] [stderr]     Checking futures v0.3.32
[INFO] [stderr]    Compiling ring v0.17.14
[INFO] [stderr]    Compiling zstd-sys v2.0.16+zstd.1.5.7
[INFO] [stderr]     Checking url v2.5.8
[INFO] [stderr]     Checking serde_urlencoded v0.7.1
[INFO] [stderr]     Checking prost-types v0.14.3
[INFO] [stderr]    Compiling aws-lc-sys v0.45.0
[INFO] [stderr]     Checking docker_credential v1.3.2
[INFO] [stderr]    Compiling confluent-kafka v0.1.1 (/opt/rustwide/workdir)
[INFO] [stderr]     Checking time v0.3.47
[INFO] [stderr]     Checking tokio-util v0.7.18
[INFO] [stderr]     Checking tokio-stream v0.1.18
[INFO] [stderr]     Checking astral-tokio-tar v0.6.0
[INFO] [stderr]     Checking h2 v0.4.13
[INFO] [stderr]     Checking tower v0.5.3
[INFO] [stderr]     Checking tower v0.4.13
[INFO] [stderr]     Checking axum v0.8.9
[INFO] [stderr]     Checking axum v0.7.9
[INFO] [stderr]     Checking yasna v0.5.2
[INFO] [stderr]     Checking rcgen v0.13.2
[INFO] [stderr]    Compiling zstd-safe v7.2.4
[INFO] [stderr]     Checking zstd v0.13.3
[INFO] [stderr]     Checking hyper v1.9.0
[INFO] [stderr]     Checking hyper-util v0.1.20
[INFO] [stderr]     Checking hyper-timeout v0.5.2
[INFO] [stderr]     Checking hyperlocal v0.9.1
[INFO] [stderr]     Checking tonic v0.14.5
[INFO] [stderr]     Checking tonic v0.12.3
[INFO] [stderr]     Checking tonic-prost v0.14.5
[INFO] [stderr]     Checking rustls-webpki v0.103.15
[INFO] [stderr]     Checking tokio-rustls v0.26.4
[INFO] [stderr]     Checking ureq v3.3.0
[INFO] [stderr]     Checking hyper-rustls v0.27.9
[INFO] [stderr]     Checking bollard-stubs v1.52.1-rc.29.1.3
[INFO] [stderr]     Checking bollard v0.20.2
[INFO] [stderr]     Checking testcontainers v0.27.3
[INFO] [stderr]     Checking testcontainers-modules v0.15.0
[INFO] [stdout] error[E0583]: file not found for module `partition_leader_strategy_integration_test`
[INFO] [stdout]   --> src/admin/internals/mod.rs:50:1
[INFO] [stdout]    |
[INFO] [stdout] 50 | mod partition_leader_strategy_integration_test;
[INFO] [stdout]    | ^^^^^^^^^^^^^^^^^^^^^^^^^^^^^^^^^^^^^^^^^^^^^^^
[INFO] [stdout]    |
[INFO] [stdout]    = help: to create the module `partition_leader_strategy_integration_test`, create file "src/admin/internals/partition_leader_strategy_integration_test.rs" or "src/admin/internals/partition_leader_strategy_integration_test/mod.rs"
[INFO] [stdout]    = note: if there is a `mod partition_leader_strategy_integration_test` elsewhere in the crate already, import it with `use crate::...` instead
[INFO] [stdout] 
[INFO] [stdout] 
[INFO] [stdout] error[E0583]: file not found for module `message`
[INFO] [stdout]   --> src/common/mod.rs:48:1
[INFO] [stdout]    |
[INFO] [stdout] 48 | mod message;
[INFO] [stdout]    | ^^^^^^^^^^^^
[INFO] [stdout]    |
[INFO] [stdout]    = help: to create the module `message`, create file "src/common/message.rs" or "src/common/message/mod.rs"
[INFO] [stdout]    = note: if there is a `mod message` elsewhere in the crate already, import it with `use crate::...` instead
[INFO] [stdout] 
[INFO] [stdout] 
[INFO] [stdout] error[E0583]: file not found for module `flexible_version_test`
[INFO] [stdout]   --> src/common/protocol/mod.rs:46:1
[INFO] [stdout]    |
[INFO] [stdout] 46 | mod flexible_version_test;
[INFO] [stdout]    | ^^^^^^^^^^^^^^^^^^^^^^^^^^
[INFO] [stdout]    |
[INFO] [stdout]    = help: to create the module `flexible_version_test`, create file "src/common/protocol/flexible_version_test.rs" or "src/common/protocol/flexible_version_test/mod.rs"
[INFO] [stdout]    = note: if there is a `mod flexible_version_test` elsewhere in the crate already, import it with `use crate::...` instead
[INFO] [stdout] 
[INFO] [stdout] 
[INFO] [stdout] error[E0583]: file not found for module `tagged_fields_test`
[INFO] [stdout]   --> src/common/protocol/mod.rs:48:1
[INFO] [stdout]    |
[INFO] [stdout] 48 | mod tagged_fields_test;
[INFO] [stdout]    | ^^^^^^^^^^^^^^^^^^^^^^^
[INFO] [stdout]    |
[INFO] [stdout]    = help: to create the module `tagged_fields_test`, create file "src/common/protocol/tagged_fields_test.rs" or "src/common/protocol/tagged_fields_test/mod.rs"
[INFO] [stdout]    = note: if there is a `mod tagged_fields_test` elsewhere in the crate already, import it with `use crate::...` instead
[INFO] [stdout] 
[INFO] [stdout] 
[INFO] [stdout] error[E0583]: file not found for module `auto_offset_reset_strategy_test`
[INFO] [stdout]   --> src/consumer/internals/mod.rs:26:1
[INFO] [stdout]    |
[INFO] [stdout] 26 | mod auto_offset_reset_strategy_test;
[INFO] [stdout]    | ^^^^^^^^^^^^^^^^^^^^^^^^^^^^^^^^^^^^
[INFO] [stdout]    |
[INFO] [stdout]    = help: to create the module `auto_offset_reset_strategy_test`, create file "src/consumer/internals/auto_offset_reset_strategy_test.rs" or "src/consumer/internals/auto_offset_reset_strategy_test/mod.rs"
[INFO] [stdout]    = note: if there is a `mod auto_offset_reset_strategy_test` elsewhere in the crate already, import it with `use crate::...` instead
[INFO] [stdout] 
[INFO] [stdout] 
[INFO] [stdout] error[E0583]: file not found for module `producer_test_utils`
[INFO] [stdout]   --> src/producer/internals/mod.rs:29:1
[INFO] [stdout]    |
[INFO] [stdout] 29 | mod producer_test_utils;
[INFO] [stdout]    | ^^^^^^^^^^^^^^^^^^^^^^^^
[INFO] [stdout]    |
[INFO] [stdout]    = help: to create the module `producer_test_utils`, create file "src/producer/internals/producer_test_utils.rs" or "src/producer/internals/producer_test_utils/mod.rs"
[INFO] [stdout]    = note: if there is a `mod producer_test_utils` elsewhere in the crate already, import it with `use crate::...` instead
[INFO] [stdout] 
[INFO] [stdout] 
[INFO] [stdout] error[E0583]: file not found for module `test_alloc_tracker`
[INFO] [stdout]   --> src/lib.rs:62:1
[INFO] [stdout]    |
[INFO] [stdout] 62 | mod test_alloc_tracker;
[INFO] [stdout]    | ^^^^^^^^^^^^^^^^^^^^^^^
[INFO] [stdout]    |
[INFO] [stdout]    = help: to create the module `test_alloc_tracker`, create file "src/test_alloc_tracker.rs" or "src/test_alloc_tracker/mod.rs"
[INFO] [stdout]    = note: if there is a `mod test_alloc_tracker` elsewhere in the crate already, import it with `use crate::...` instead
[INFO] [stdout] 
[INFO] [stdout] 
[INFO] [stdout] error: couldn't find file `/opt/rustwide/target/debug/build/confluent-kafka/eb72516f3630c91a/out/test_generated/mod.rs`
[INFO] [stdout]    --> src/lib.rs:124:5
[INFO] [stdout]     |
[INFO] [stdout] 124 |     include!(concat!(env!("OUT_DIR"), "/test_generated/mod.rs"));
[INFO] [stdout]     |     ^^^^^^^^^^^^^^^^^^^^^^^^^^^^^^^^^^^^^^^^^^^^^^^^^^^^^^^^^^^^
[INFO] [stdout] 
[INFO] [stdout] 
[INFO] [stdout] For more information about this error, try `rustc --explain E0583`.
[INFO] [stdout] 
[INFO] [stderr] error: could not compile `confluent-kafka` (lib test) due to 8 previous errors
[INFO] [stderr] warning: build failed, waiting for other jobs to finish...
[INFO] running `Command { std: "docker" "inspect" "03e1826c5c24e2761f954a401c5ad36828c29d0fa00ab27c835ef8a7b1bccf01", kill_on_drop: false }`
[INFO] running `Command { std: "docker" "rm" "-f" "03e1826c5c24e2761f954a401c5ad36828c29d0fa00ab27c835ef8a7b1bccf01", kill_on_drop: false }`
[INFO] [stdout] 03e1826c5c24e2761f954a401c5ad36828c29d0fa00ab27c835ef8a7b1bccf01
