[INFO] fetching crate condor-pathfinding-navmesh 0.4.0...
[INFO] checking condor-pathfinding-navmesh-0.4.0 against 3154cc1a3e6424e44f438a95007d043ed5ceaaf6+rustflags=-Znext-solver=coherence for pr-133502-30
[INFO] extracting crate condor-pathfinding-navmesh 0.4.0 into /workspace/builds/worker-1-tc1/source
[INFO] started tweaking crates.io crate condor-pathfinding-navmesh 0.4.0
[INFO] removed 0 missing tests
[INFO] finished tweaking crates.io crate condor-pathfinding-navmesh 0.4.0
[INFO] tweaked toml for crates.io crate condor-pathfinding-navmesh 0.4.0 written to /workspace/builds/worker-1-tc1/source/Cargo.toml
[INFO] validating manifest of crates.io crate condor-pathfinding-navmesh 0.4.0 on toolchain 3154cc1a3e6424e44f438a95007d043ed5ceaaf6
[INFO] running `Command { std: CARGO_HOME="/workspace/cargo-home" RUSTUP_HOME="/workspace/rustup-home" "/workspace/cargo-home/bin/cargo" "+3154cc1a3e6424e44f438a95007d043ed5ceaaf6" "metadata" "--manifest-path" "Cargo.toml" "--no-deps", kill_on_drop: false }`
[INFO] crate crates.io crate condor-pathfinding-navmesh 0.4.0 already has a lockfile, it will not be regenerated
[INFO] running `Command { std: CARGO_HOME="/workspace/cargo-home" RUSTUP_HOME="/workspace/rustup-home" "/workspace/cargo-home/bin/cargo" "+3154cc1a3e6424e44f438a95007d043ed5ceaaf6" "fetch" "--manifest-path" "Cargo.toml", kill_on_drop: false }`
[INFO] [stderr]     Updating crates.io index
[INFO] [stderr]  Downloading crates ...
[INFO] [stderr]   Downloaded rerecast v0.3.2
[INFO] [stderr]   Downloaded bevy_macro_utils v0.18.1
[INFO] [stderr]   Downloaded bevy_utils v0.18.1
[INFO] [stderr]   Downloaded sif-itree v0.4.1
[INFO] [stderr]   Downloaded i_key_sort v0.6.0
[INFO] [stderr]   Downloaded i_float v1.15.0
[INFO] [stderr]   Downloaded bvh2d v0.7.0
[INFO] [stderr]   Downloaded condor-pathfinding-core v0.4.0
[INFO] [stderr]   Downloaded bevy_ptr v0.18.1
[INFO] [stderr]   Downloaded bevy_platform v0.18.1
[INFO] [stderr]   Downloaded anyhow v1.0.103
[INFO] [stderr]   Downloaded i_tree v0.16.0
[INFO] [stderr]   Downloaded i_shape v1.14.0
[INFO] [stderr]   Downloaded geographiclib-rs v0.2.7
[INFO] [stderr]   Downloaded condor-pathfinding-geometry v0.4.0
[INFO] [stderr]   Downloaded bytemuck v1.25.1
[INFO] [stderr]   Downloaded rstar v0.12.2
[INFO] [stderr]   Downloaded geo-types v0.7.19
[INFO] [stderr]   Downloaded bevy_reflect_derive v0.18.1
[INFO] [stderr]   Downloaded zerocopy-derive v0.8.54
[INFO] [stderr]   Downloaded bevy_reflect v0.18.1
[INFO] [stderr]   Downloaded i_overlay v4.0.7
[INFO] [stderr]   Downloaded zerocopy v0.8.54
[INFO] [stderr]   Downloaded geo v0.32.0
[INFO] [stderr]   Downloaded robust v1.2.0
[INFO] [stderr]   Downloaded spade v2.15.1
[INFO] [stderr]   Downloaded earcutr v0.4.3
[INFO] [stderr]   Downloaded glam v0.30.10
[INFO] [stderr]   Downloaded polyanya v0.16.1
[INFO] running `Command { std: "docker" "create" "-v" "/var/lib/crater-agent-workspace/builds/worker-1-tc1/source:/opt/rustwide/workdir:ro,Z" "-v" "/var/lib/crater-agent-workspace/builds/worker-1-tc1/target:/opt/rustwide/target:rw,Z" "-v" "/var/lib/crater-agent-workspace/cargo-home:/opt/rustwide/cargo-home:ro,Z" "-v" "/var/lib/crater-agent-workspace/rustup-home:/opt/rustwide/rustup-home:ro,Z" "-m" "1610612736" "--network" "none" "ghcr.io/rust-lang/crates-build-env/linux@sha256:77db811e55d90add9212f6832c23229e3de5f1c1f9905e8cb07319ea15df73ac" "sleep" "infinity", kill_on_drop: false }`
[INFO] [stdout] 3538ba96b6562a19fad42b674505b54ec439eb708253014de0396ef21ed3f97c
[INFO] running `Command { std: "docker" "start" "3538ba96b6562a19fad42b674505b54ec439eb708253014de0396ef21ed3f97c", kill_on_drop: false }`
[INFO] running `Command { std: "docker" "inspect" "3538ba96b6562a19fad42b674505b54ec439eb708253014de0396ef21ed3f97c", kill_on_drop: false }`
[INFO] running `Command { std: "docker" "exec" "-e" "SOURCE_DIR=/opt/rustwide/workdir" "-e" "CARGO_HOME=/opt/rustwide/cargo-home" "-e" "RUSTUP_HOME=/opt/rustwide/rustup-home" "-e" "CARGO_TARGET_DIR=/opt/rustwide/target" "-w" "/opt/rustwide/workdir" "--user" "0:0" "3538ba96b6562a19fad42b674505b54ec439eb708253014de0396ef21ed3f97c" "/opt/rustwide/cargo-home/bin/cargo" "+3154cc1a3e6424e44f438a95007d043ed5ceaaf6" "metadata" "--no-deps" "--format-version=1", kill_on_drop: false }`
[INFO] running `Command { std: "docker" "inspect" "3538ba96b6562a19fad42b674505b54ec439eb708253014de0396ef21ed3f97c", kill_on_drop: false }`
[INFO] running `Command { std: "docker" "exec" "-e" "SOURCE_DIR=/opt/rustwide/workdir" "-e" "CARGO_HOME=/opt/rustwide/cargo-home" "-e" "RUSTUP_HOME=/opt/rustwide/rustup-home" "-e" "CARGO_TARGET_DIR=/opt/rustwide/target" "-e" "CARGO_INCREMENTAL=0" "-e" "RUST_BACKTRACE=full" "-e" "RUSTFLAGS=--cap-lints=forbid -Znext-solver=coherence" "-e" "RUSTDOCFLAGS=--cap-lints=forbid" "-w" "/opt/rustwide/workdir" "--user" "0:0" "3538ba96b6562a19fad42b674505b54ec439eb708253014de0396ef21ed3f97c" "/opt/rustwide/cargo-home/bin/cargo" "+3154cc1a3e6424e44f438a95007d043ed5ceaaf6" "check" "--frozen" "--all" "--all-targets" "--message-format=json", kill_on_drop: false }`
[INFO] [stderr]     Checking winnow v1.0.3
[INFO] [stderr]     Checking condor-pathfinding-core v0.4.0
[INFO] [stderr]    Compiling serde_json v1.0.150
[INFO] [stderr]     Checking toml_writer v1.1.2+spec-1.1.0
[INFO] [stderr]     Checking glam v0.30.10
[INFO] [stderr]    Compiling syn v2.0.118
[INFO] [stderr]     Checking serde_spanned v1.1.1
[INFO] [stderr]     Checking toml_datetime v1.1.1+spec-1.1.0
[INFO] [stderr]     Checking memchr v2.8.3
[INFO] [stderr]     Checking toml_parser v1.1.2+spec-1.1.0
[INFO] [stderr]     Checking toml v1.1.3+spec-1.1.0
[INFO] [stderr]    Compiling thiserror-impl v2.0.18
[INFO] [stderr]    Compiling serde_derive v1.0.228
[INFO] [stderr]     Checking thiserror v2.0.18
[INFO] [stderr]     Checking condor-pathfinding-geometry v0.4.0
[INFO] [stderr]     Checking serde v1.0.228
[INFO] [stderr]     Checking condor-pathfinding-navmesh v0.4.0 (/opt/rustwide/workdir)
[INFO] [stdout] error[E0432]: unresolved import `condor_navmesh::Polyanya`
[INFO] [stdout]    --> tests/navmesh.rs:5:5
[INFO] [stdout]     |
[INFO] [stdout]   5 |     Polyanya, PreparedNavmesh, PreparedNavmeshBuilder, StaticPreparedNavmeshBuilder, TAStar,
[INFO] [stdout]     |     ^^^^^^^^ no `Polyanya` in the root
[INFO] [stdout]     |
[INFO] [stdout] note: found an item that was configured out
[INFO] [stdout]    --> src/lib.rs:120:19
[INFO] [stdout]     |
[INFO] [stdout] 119 | #[cfg(feature = "polyanya")]
[INFO] [stdout]     |       -------------------- the item is gated behind the `polyanya` feature
[INFO] [stdout] 120 | pub use polyanya::Polyanya;
[INFO] [stdout]     |                   ^^^^^^^^
[INFO] [stdout] 
[INFO] [stdout] 
[INFO] [stdout] error[E0432]: unresolved import `condor_navmesh::navmesh::adapter`
[INFO] [stdout]    --> tests/navmesh.rs:435:34
[INFO] [stdout]     |
[INFO] [stdout] 435 |     use condor_navmesh::navmesh::adapter::{PolyanyaMeshAdapter, PolyanyaMeshAdapterError};
[INFO] [stdout]     |                                  ^^^^^^^ could not find `adapter` in `navmesh`
[INFO] [stdout]     |
[INFO] [stdout] note: found an item that was configured out
[INFO] [stdout]    --> src/navmesh/mod.rs:39:9
[INFO] [stdout]     |
[INFO] [stdout]  38 | #[cfg(feature = "polyanya")]
[INFO] [stdout]     |       -------------------- the item is gated behind the `polyanya` feature
[INFO] [stdout]  39 | pub mod adapter;
[INFO] [stdout]     |         ^^^^^^^
[INFO] [stdout] 
[INFO] [stdout] 
[INFO] [stdout] error[E0432]: unresolved import `condor_navmesh::navmesh::adapter`
[INFO] [stdout]    --> tests/navmesh.rs:467:34
[INFO] [stdout]     |
[INFO] [stdout] 467 |     use condor_navmesh::navmesh::adapter::PolyanyaMeshAdapterError;
[INFO] [stdout]     |                                  ^^^^^^^ could not find `adapter` in `navmesh`
[INFO] [stdout]     |
[INFO] [stdout] note: found an item that was configured out
[INFO] [stdout]    --> src/navmesh/mod.rs:39:9
[INFO] [stdout]     |
[INFO] [stdout]  38 | #[cfg(feature = "polyanya")]
[INFO] [stdout]     |       -------------------- the item is gated behind the `polyanya` feature
[INFO] [stdout]  39 | pub mod adapter;
[INFO] [stdout]     |         ^^^^^^^
[INFO] [stdout] 
[INFO] [stdout] 
[INFO] [stdout] error[E0433]: cannot find module or crate `polyanya` in this scope
[INFO] [stdout]    --> tests/navmesh.rs:457:48
[INFO] [stdout]     |
[INFO] [stdout] 457 |     let error = PolyanyaMeshAdapterError::from(polyanya::MeshError::EmptyMesh);
[INFO] [stdout]     |                                                ^^^^^^^^ use of unresolved module or unlinked crate `polyanya`
[INFO] [stdout]     |
[INFO] [stdout]     = help: if you wanted to use a crate named `polyanya`, use `cargo add polyanya` to add it to your `Cargo.toml`
[INFO] [stdout] 
[INFO] [stdout] 
[INFO] [stdout] error[E0599]: no variant named `PolyanyaMeshAdapter` found for enum `NavmeshSearchError`
[INFO] [stdout]    --> tests/navmesh.rs:497:29
[INFO] [stdout]     |
[INFO] [stdout] 497 |         NavmeshSearchError::PolyanyaMeshAdapter {
[INFO] [stdout]     |                             ^^^^^^^^^^^^^^^^^^^ variant not found in `NavmeshSearchError`
[INFO] [stdout] 
[INFO] [stdout] 
[INFO] [stdout] Some errors have detailed explanations: E0432, E0433, E0599.
[INFO] [stdout] 
[INFO] [stdout] For more information about an error, try `rustc --explain E0432`.
[INFO] [stdout] 
[INFO] [stderr] error: could not compile `condor-pathfinding-navmesh` (test "navmesh") due to 5 previous errors
[INFO] [stderr] warning: unused dependency `glam`
[INFO] [stderr]  --> Cargo.toml:7:15
[INFO] [stderr]   |
[INFO] [stderr] 7 | [dependencies.glam]
[INFO] [stderr]   |               ^^^^^
[INFO] [stderr]   |
[INFO] [stderr]   = note: `cargo::unused_dependencies` is set to `warn` by default
[INFO] [stderr] help: consider removing the dependency on `glam`
[INFO] [stderr] warning: unused dependency `serde`
[INFO] [stderr]   --> Cargo.toml:15:15
[INFO] [stderr]    |
[INFO] [stderr] 15 | [dependencies.serde]
[INFO] [stderr]    |               ^^^^^^
[INFO] [stderr]    |
[INFO] [stderr] help: consider removing the dependency on `serde`
[INFO] [stderr] warning: unused dependency `toml`
[INFO] [stderr]   --> Cargo.toml:22:15
[INFO] [stderr]    |
[INFO] [stderr] 22 | [dependencies.toml]
[INFO] [stderr]    |               ^^^^^
[INFO] [stderr]    |
[INFO] [stderr] help: consider removing the dependency on `toml`
[INFO] [stderr] warning: `condor-pathfinding-navmesh` (manifest) generated 3 warnings
[INFO] running `Command { std: "docker" "inspect" "3538ba96b6562a19fad42b674505b54ec439eb708253014de0396ef21ed3f97c", kill_on_drop: false }`
[INFO] running `Command { std: "docker" "rm" "-f" "3538ba96b6562a19fad42b674505b54ec439eb708253014de0396ef21ed3f97c", kill_on_drop: false }`
[INFO] [stdout] 3538ba96b6562a19fad42b674505b54ec439eb708253014de0396ef21ed3f97c
