[INFO] fetching crate concinnity-shader 0.19.53...
[INFO] checking concinnity-shader-0.19.53 against 3154cc1a3e6424e44f438a95007d043ed5ceaaf6 for pr-133502-30
[INFO] extracting crate concinnity-shader 0.19.53 into /workspace/builds/worker-5-tc2/source
[INFO] started tweaking crates.io crate concinnity-shader 0.19.53
[INFO] finished tweaking crates.io crate concinnity-shader 0.19.53
[INFO] tweaked toml for crates.io crate concinnity-shader 0.19.53 written to /workspace/builds/worker-5-tc2/source/Cargo.toml
[INFO] validating manifest of crates.io crate concinnity-shader 0.19.53 on toolchain 3154cc1a3e6424e44f438a95007d043ed5ceaaf6
[INFO] running `Command { std: CARGO_HOME="/workspace/cargo-home" RUSTUP_HOME="/workspace/rustup-home" "/workspace/cargo-home/bin/cargo" "+3154cc1a3e6424e44f438a95007d043ed5ceaaf6" "metadata" "--manifest-path" "Cargo.toml" "--no-deps", kill_on_drop: false }`
[INFO] crate crates.io crate concinnity-shader 0.19.53 already has a lockfile, it will not be regenerated
[INFO] running `Command { std: CARGO_HOME="/workspace/cargo-home" RUSTUP_HOME="/workspace/rustup-home" "/workspace/cargo-home/bin/cargo" "+3154cc1a3e6424e44f438a95007d043ed5ceaaf6" "fetch" "--manifest-path" "Cargo.toml", kill_on_drop: false }`
[INFO] running `Command { std: "docker" "create" "-v" "/var/lib/crater-agent-workspace/builds/worker-5-tc2/source:/opt/rustwide/workdir:ro,Z" "-v" "/var/lib/crater-agent-workspace/builds/worker-5-tc2/target:/opt/rustwide/target:rw,Z" "-v" "/var/lib/crater-agent-workspace/cargo-home:/opt/rustwide/cargo-home:ro,Z" "-v" "/var/lib/crater-agent-workspace/rustup-home:/opt/rustwide/rustup-home:ro,Z" "-m" "1610612736" "--network" "none" "ghcr.io/rust-lang/crates-build-env/linux@sha256:77db811e55d90add9212f6832c23229e3de5f1c1f9905e8cb07319ea15df73ac" "sleep" "infinity", kill_on_drop: false }`
[INFO] [stdout] bb871de3bb2489123000f9ed209469a4cbc6f4165cf7475d3b12d3d5a6d8b3f9
[INFO] running `Command { std: "docker" "start" "bb871de3bb2489123000f9ed209469a4cbc6f4165cf7475d3b12d3d5a6d8b3f9", kill_on_drop: false }`
[INFO] running `Command { std: "docker" "inspect" "bb871de3bb2489123000f9ed209469a4cbc6f4165cf7475d3b12d3d5a6d8b3f9", kill_on_drop: false }`
[INFO] running `Command { std: "docker" "exec" "-e" "SOURCE_DIR=/opt/rustwide/workdir" "-e" "CARGO_HOME=/opt/rustwide/cargo-home" "-e" "RUSTUP_HOME=/opt/rustwide/rustup-home" "-e" "CARGO_TARGET_DIR=/opt/rustwide/target" "-w" "/opt/rustwide/workdir" "--user" "0:0" "bb871de3bb2489123000f9ed209469a4cbc6f4165cf7475d3b12d3d5a6d8b3f9" "/opt/rustwide/cargo-home/bin/cargo" "+3154cc1a3e6424e44f438a95007d043ed5ceaaf6" "metadata" "--no-deps" "--format-version=1", kill_on_drop: false }`
[INFO] running `Command { std: "docker" "inspect" "bb871de3bb2489123000f9ed209469a4cbc6f4165cf7475d3b12d3d5a6d8b3f9", kill_on_drop: false }`
[INFO] running `Command { std: "docker" "exec" "-e" "SOURCE_DIR=/opt/rustwide/workdir" "-e" "CARGO_HOME=/opt/rustwide/cargo-home" "-e" "RUSTUP_HOME=/opt/rustwide/rustup-home" "-e" "CARGO_TARGET_DIR=/opt/rustwide/target" "-e" "CARGO_INCREMENTAL=0" "-e" "RUST_BACKTRACE=full" "-e" "RUSTFLAGS=--cap-lints=forbid" "-e" "RUSTDOCFLAGS=--cap-lints=forbid" "-w" "/opt/rustwide/workdir" "--user" "0:0" "bb871de3bb2489123000f9ed209469a4cbc6f4165cf7475d3b12d3d5a6d8b3f9" "/opt/rustwide/cargo-home/bin/cargo" "+3154cc1a3e6424e44f438a95007d043ed5ceaaf6" "check" "--frozen" "--all" "--all-targets" "--message-format=json", kill_on_drop: false }`
[INFO] [stderr]    Compiling proc-macro2 v1.0.106
[INFO] [stderr]    Compiling quote v1.0.45
[INFO] [stderr]    Compiling crossbeam-utils v0.8.21
[INFO] [stderr]    Compiling crossbeam-epoch v0.9.20
[INFO] [stderr]    Compiling serde_core v1.0.228
[INFO] [stderr]    Compiling rayon-core v1.13.0
[INFO] [stderr]    Compiling thiserror v2.0.18
[INFO] [stderr]     Checking allocator-api2 v0.2.21
[INFO] [stderr]     Checking equivalent v1.0.2
[INFO] [stderr]    Compiling either v1.16.0
[INFO] [stderr]    Compiling serde v1.0.228
[INFO] [stderr]     Checking foldhash v0.1.5
[INFO] [stderr]    Compiling libm v0.2.16
[INFO] [stderr]     Checking ttf-parser v0.21.1
[INFO] [stderr]     Checking foldhash v0.2.0
[INFO] [stderr]     Checking hashbrown v0.15.5
[INFO] [stderr]     Checking spin v0.12.3
[INFO] [stderr]     Checking hashbrown v0.17.1
[INFO] [stderr]    Compiling concinnity-shader v0.19.53 (/opt/rustwide/workdir)
[INFO] [stderr]    Compiling syn v2.0.117
[INFO] [stderr]    Compiling crossbeam-deque v0.8.6
[INFO] [stderr]    Compiling rayon v1.12.0
[INFO] [stderr]     Checking fontdue v0.9.3
[INFO] [stderr]     Checking serde_bytes v0.11.19
[INFO] [stderr]    Compiling thiserror-impl v2.0.18
[INFO] [stderr]    Compiling serde_derive v1.0.228
[INFO] [stderr]    Compiling bytemuck_derive v1.10.2
[INFO] [stderr]    Compiling concinnity-derive v0.19.53
[INFO] [stderr]    Compiling concinnity-core v0.19.53
[INFO] [stderr]     Checking cobs v0.3.0
[INFO] [stderr]     Checking bytemuck v1.25.0
[INFO] [stderr]     Checking postcard v1.1.3
[INFO] [stdout] error[E0432]: unresolved import `concinnity_testing`
[INFO] [stdout]    --> src/locate.rs:109:9
[INFO] [stdout]     |
[INFO] [stdout] 109 |     use concinnity_testing::TempTree;
[INFO] [stdout]     |         ^^^^^^^^^^^^^^^^^^ use of unresolved module or unlinked crate `concinnity_testing`
[INFO] [stdout]     |
[INFO] [stdout]     = help: if you wanted to use a crate named `concinnity_testing`, use `cargo add concinnity_testing` to add it to your `Cargo.toml`
[INFO] [stdout] 
[INFO] [stdout] 
[INFO] [stdout] error[E0432]: unresolved import `concinnity_testing`
[INFO] [stdout]   --> src/vendored.rs:43:9
[INFO] [stdout]    |
[INFO] [stdout] 43 |     use concinnity_testing::TempTree;
[INFO] [stdout]    |         ^^^^^^^^^^^^^^^^^^ use of unresolved module or unlinked crate `concinnity_testing`
[INFO] [stdout]    |
[INFO] [stdout]    = help: if you wanted to use a crate named `concinnity_testing`, use `cargo add concinnity_testing` to add it to your `Cargo.toml`
[INFO] [stdout] 
[INFO] [stdout] 
[INFO] [stdout] error[E0433]: cannot find module or crate `concinnity_testing` in this scope
[INFO] [stdout]    --> src/metallib.rs:192:20
[INFO] [stdout]     |
[INFO] [stdout] 192 |         let tree = concinnity_testing::TempTree::new();
[INFO] [stdout]     |                    ^^^^^^^^^^^^^^^^^^ use of unresolved module or unlinked crate `concinnity_testing`
[INFO] [stdout]     |
[INFO] [stdout]     = help: if you wanted to use a crate named `concinnity_testing`, use `cargo add concinnity_testing` to add it to your `Cargo.toml`
[INFO] [stdout] 
[INFO] [stdout] 
[INFO] [stdout] error[E0433]: cannot find module or crate `concinnity_testing` in this scope
[INFO] [stdout]    --> src/metallib.rs:205:20
[INFO] [stdout]     |
[INFO] [stdout] 205 |         let tree = concinnity_testing::TempTree::new();
[INFO] [stdout]     |                    ^^^^^^^^^^^^^^^^^^ use of unresolved module or unlinked crate `concinnity_testing`
[INFO] [stdout]     |
[INFO] [stdout]     = help: if you wanted to use a crate named `concinnity_testing`, use `cargo add concinnity_testing` to add it to your `Cargo.toml`
[INFO] [stdout] 
[INFO] [stdout] 
[INFO] [stdout] Some errors have detailed explanations: E0432, E0433.
[INFO] [stdout] 
[INFO] [stdout] For more information about an error, try `rustc --explain E0432`.
[INFO] [stdout] 
[INFO] [stderr] error: could not compile `concinnity-shader` (lib test) due to 4 previous errors
[INFO] running `Command { std: "docker" "inspect" "bb871de3bb2489123000f9ed209469a4cbc6f4165cf7475d3b12d3d5a6d8b3f9", kill_on_drop: false }`
[INFO] running `Command { std: "docker" "rm" "-f" "bb871de3bb2489123000f9ed209469a4cbc6f4165cf7475d3b12d3d5a6d8b3f9", kill_on_drop: false }`
[INFO] [stdout] bb871de3bb2489123000f9ed209469a4cbc6f4165cf7475d3b12d3d5a6d8b3f9
