[INFO] fetching crate concinnity-host 0.19.53...
[INFO] checking concinnity-host-0.19.53 against 3154cc1a3e6424e44f438a95007d043ed5ceaaf6 for pr-133502-30
[INFO] extracting crate concinnity-host 0.19.53 into /workspace/builds/worker-1-tc2/source
[INFO] started tweaking crates.io crate concinnity-host 0.19.53
[INFO] finished tweaking crates.io crate concinnity-host 0.19.53
[INFO] tweaked toml for crates.io crate concinnity-host 0.19.53 written to /workspace/builds/worker-1-tc2/source/Cargo.toml
[INFO] validating manifest of crates.io crate concinnity-host 0.19.53 on toolchain 3154cc1a3e6424e44f438a95007d043ed5ceaaf6
[INFO] running `Command { std: CARGO_HOME="/workspace/cargo-home" RUSTUP_HOME="/workspace/rustup-home" "/workspace/cargo-home/bin/cargo" "+3154cc1a3e6424e44f438a95007d043ed5ceaaf6" "metadata" "--manifest-path" "Cargo.toml" "--no-deps", kill_on_drop: false }`
[INFO] crate crates.io crate concinnity-host 0.19.53 already has a lockfile, it will not be regenerated
[INFO] running `Command { std: CARGO_HOME="/workspace/cargo-home" RUSTUP_HOME="/workspace/rustup-home" "/workspace/cargo-home/bin/cargo" "+3154cc1a3e6424e44f438a95007d043ed5ceaaf6" "fetch" "--manifest-path" "Cargo.toml", kill_on_drop: false }`
[INFO] running `Command { std: "docker" "create" "-v" "/var/lib/crater-agent-workspace/builds/worker-1-tc2/source:/opt/rustwide/workdir:ro,Z" "-v" "/var/lib/crater-agent-workspace/builds/worker-1-tc2/target:/opt/rustwide/target:rw,Z" "-v" "/var/lib/crater-agent-workspace/cargo-home:/opt/rustwide/cargo-home:ro,Z" "-v" "/var/lib/crater-agent-workspace/rustup-home:/opt/rustwide/rustup-home:ro,Z" "-m" "1610612736" "--network" "none" "ghcr.io/rust-lang/crates-build-env/linux@sha256:77db811e55d90add9212f6832c23229e3de5f1c1f9905e8cb07319ea15df73ac" "sleep" "infinity", kill_on_drop: false }`
[INFO] [stdout] 1e99c481492ff83694d874684fcb19ade8f0fa3dd6c62c117c3687a4b3b023fd
[INFO] running `Command { std: "docker" "start" "1e99c481492ff83694d874684fcb19ade8f0fa3dd6c62c117c3687a4b3b023fd", kill_on_drop: false }`
[INFO] running `Command { std: "docker" "inspect" "1e99c481492ff83694d874684fcb19ade8f0fa3dd6c62c117c3687a4b3b023fd", kill_on_drop: false }`
[INFO] running `Command { std: "docker" "exec" "-e" "SOURCE_DIR=/opt/rustwide/workdir" "-e" "CARGO_HOME=/opt/rustwide/cargo-home" "-e" "RUSTUP_HOME=/opt/rustwide/rustup-home" "-e" "CARGO_TARGET_DIR=/opt/rustwide/target" "-w" "/opt/rustwide/workdir" "--user" "0:0" "1e99c481492ff83694d874684fcb19ade8f0fa3dd6c62c117c3687a4b3b023fd" "/opt/rustwide/cargo-home/bin/cargo" "+3154cc1a3e6424e44f438a95007d043ed5ceaaf6" "metadata" "--no-deps" "--format-version=1", kill_on_drop: false }`
[INFO] running `Command { std: "docker" "inspect" "1e99c481492ff83694d874684fcb19ade8f0fa3dd6c62c117c3687a4b3b023fd", kill_on_drop: false }`
[INFO] running `Command { std: "docker" "exec" "-e" "SOURCE_DIR=/opt/rustwide/workdir" "-e" "CARGO_HOME=/opt/rustwide/cargo-home" "-e" "RUSTUP_HOME=/opt/rustwide/rustup-home" "-e" "CARGO_TARGET_DIR=/opt/rustwide/target" "-e" "CARGO_INCREMENTAL=0" "-e" "RUST_BACKTRACE=full" "-e" "RUSTFLAGS=--cap-lints=forbid" "-e" "RUSTDOCFLAGS=--cap-lints=forbid" "-w" "/opt/rustwide/workdir" "--user" "0:0" "1e99c481492ff83694d874684fcb19ade8f0fa3dd6c62c117c3687a4b3b023fd" "/opt/rustwide/cargo-home/bin/cargo" "+3154cc1a3e6424e44f438a95007d043ed5ceaaf6" "check" "--frozen" "--all" "--all-targets" "--message-format=json", kill_on_drop: false }`
[INFO] [stderr]    Compiling thiserror v2.0.18
[INFO] [stderr]    Compiling either v1.16.0
[INFO] [stderr]    Compiling serde v1.0.228
[INFO] [stderr]    Compiling libc v0.2.186
[INFO] [stderr]     Checking ttf-parser v0.21.1
[INFO] [stderr]    Compiling syn v2.0.117
[INFO] [stderr]    Compiling crossbeam-epoch v0.9.20
[INFO] [stderr]     Checking hashbrown v0.17.1
[INFO] [stderr]     Checking serde_bytes v0.11.19
[INFO] [stderr]     Checking spin v0.12.3
[INFO] [stderr]     Checking serde_json v1.0.150
[INFO] [stderr]    Compiling crossbeam-deque v0.8.6
[INFO] [stderr]    Compiling rayon-core v1.13.0
[INFO] [stderr]     Checking rayon v1.12.0
[INFO] [stderr]     Checking getrandom v0.4.2
[INFO] [stderr]     Checking tempfile v3.27.0
[INFO] [stderr]     Checking fontdue v0.9.3
[INFO] [stderr]    Compiling concinnity-core v0.19.53
[INFO] [stderr]    Compiling thiserror-impl v2.0.18
[INFO] [stderr]    Compiling serde_derive v1.0.228
[INFO] [stderr]    Compiling bytemuck_derive v1.10.2
[INFO] [stderr]    Compiling concinnity-derive v0.19.53
[INFO] [stderr]    Compiling tracing-attributes v0.1.31
[INFO] [stderr]     Checking tracing v0.1.44
[INFO] [stderr]     Checking cobs v0.3.0
[INFO] [stderr]     Checking bytemuck v1.25.0
[INFO] [stderr]     Checking postcard v1.1.3
[INFO] [stderr]     Checking concinnity-host v0.19.53 (/opt/rustwide/workdir)
[INFO] [stdout] error[E0433]: cannot find module or crate `concinnity_testing` in this scope
[INFO] [stdout]    --> src/store/paths/install.rs:129:19
[INFO] [stdout]     |
[INFO] [stdout] 129 |         let tmp = concinnity_testing::TempTree::new();
[INFO] [stdout]     |                   ^^^^^^^^^^^^^^^^^^ use of unresolved module or unlinked crate `concinnity_testing`
[INFO] [stdout]     |
[INFO] [stdout]     = help: if you wanted to use a crate named `concinnity_testing`, use `cargo add concinnity_testing` to add it to your `Cargo.toml`
[INFO] [stdout] 
[INFO] [stdout] 
[INFO] [stdout] error[E0433]: cannot find module or crate `concinnity_testing` in this scope
[INFO] [stdout]    --> src/store/paths/install.rs:142:19
[INFO] [stdout]     |
[INFO] [stdout] 142 |         let tmp = concinnity_testing::TempTree::new();
[INFO] [stdout]     |                   ^^^^^^^^^^^^^^^^^^ use of unresolved module or unlinked crate `concinnity_testing`
[INFO] [stdout]     |
[INFO] [stdout]     = help: if you wanted to use a crate named `concinnity_testing`, use `cargo add concinnity_testing` to add it to your `Cargo.toml`
[INFO] [stdout] 
[INFO] [stdout] 
[INFO] [stdout] error[E0433]: cannot find module or crate `concinnity_testing` in this scope
[INFO] [stdout]    --> src/store/paths/install.rs:150:19
[INFO] [stdout]     |
[INFO] [stdout] 150 |         let tmp = concinnity_testing::TempTree::new();
[INFO] [stdout]     |                   ^^^^^^^^^^^^^^^^^^ use of unresolved module or unlinked crate `concinnity_testing`
[INFO] [stdout]     |
[INFO] [stdout]     = help: if you wanted to use a crate named `concinnity_testing`, use `cargo add concinnity_testing` to add it to your `Cargo.toml`
[INFO] [stdout] 
[INFO] [stdout] 
[INFO] [stdout] error[E0433]: cannot find module or crate `concinnity_testing` in this scope
[INFO] [stdout]    --> src/store/cache/mod.rs:166:22
[INFO] [stdout]     |
[INFO] [stdout] 166 |         let _guard = concinnity_testing::exclusive();
[INFO] [stdout]     |                      ^^^^^^^^^^^^^^^^^^ use of unresolved module or unlinked crate `concinnity_testing`
[INFO] [stdout]     |
[INFO] [stdout]     = help: if you wanted to use a crate named `concinnity_testing`, use `cargo add concinnity_testing` to add it to your `Cargo.toml`
[INFO] [stdout] 
[INFO] [stdout] 
[INFO] [stdout] error[E0433]: cannot find module or crate `concinnity_testing` in this scope
[INFO] [stdout]    --> src/store/cache/mod.rs:185:22
[INFO] [stdout]     |
[INFO] [stdout] 185 |         let _guard = concinnity_testing::exclusive();
[INFO] [stdout]     |                      ^^^^^^^^^^^^^^^^^^ use of unresolved module or unlinked crate `concinnity_testing`
[INFO] [stdout]     |
[INFO] [stdout]     = help: if you wanted to use a crate named `concinnity_testing`, use `cargo add concinnity_testing` to add it to your `Cargo.toml`
[INFO] [stdout] 
[INFO] [stdout] 
[INFO] [stdout] For more information about this error, try `rustc --explain E0433`.
[INFO] [stdout] 
[INFO] [stderr] error: could not compile `concinnity-host` (lib test) due to 5 previous errors
[INFO] running `Command { std: "docker" "inspect" "1e99c481492ff83694d874684fcb19ade8f0fa3dd6c62c117c3687a4b3b023fd", kill_on_drop: false }`
[INFO] running `Command { std: "docker" "rm" "-f" "1e99c481492ff83694d874684fcb19ade8f0fa3dd6c62c117c3687a4b3b023fd", kill_on_drop: false }`
[INFO] [stdout] 1e99c481492ff83694d874684fcb19ade8f0fa3dd6c62c117c3687a4b3b023fd
