[INFO] fetching crate concerto-import 0.1.0...
[INFO] checking concerto-import-0.1.0 against 3154cc1a3e6424e44f438a95007d043ed5ceaaf6 for pr-133502-30
[INFO] extracting crate concerto-import 0.1.0 into /workspace/builds/worker-1-tc2/source
[INFO] started tweaking crates.io crate concerto-import 0.1.0
[INFO] removed 0 missing tests
[INFO] finished tweaking crates.io crate concerto-import 0.1.0
[INFO] tweaked toml for crates.io crate concerto-import 0.1.0 written to /workspace/builds/worker-1-tc2/source/Cargo.toml
[INFO] validating manifest of crates.io crate concerto-import 0.1.0 on toolchain 3154cc1a3e6424e44f438a95007d043ed5ceaaf6
[INFO] running `Command { std: CARGO_HOME="/workspace/cargo-home" RUSTUP_HOME="/workspace/rustup-home" "/workspace/cargo-home/bin/cargo" "+3154cc1a3e6424e44f438a95007d043ed5ceaaf6" "metadata" "--manifest-path" "Cargo.toml" "--no-deps", kill_on_drop: false }`
[INFO] crate crates.io crate concerto-import 0.1.0 already has a lockfile, it will not be regenerated
[INFO] running `Command { std: CARGO_HOME="/workspace/cargo-home" RUSTUP_HOME="/workspace/rustup-home" "/workspace/cargo-home/bin/cargo" "+3154cc1a3e6424e44f438a95007d043ed5ceaaf6" "fetch" "--manifest-path" "Cargo.toml", kill_on_drop: false }`
[INFO] running `Command { std: "docker" "create" "-v" "/var/lib/crater-agent-workspace/builds/worker-1-tc2/source:/opt/rustwide/workdir:ro,Z" "-v" "/var/lib/crater-agent-workspace/builds/worker-1-tc2/target:/opt/rustwide/target:rw,Z" "-v" "/var/lib/crater-agent-workspace/cargo-home:/opt/rustwide/cargo-home:ro,Z" "-v" "/var/lib/crater-agent-workspace/rustup-home:/opt/rustwide/rustup-home:ro,Z" "-m" "1610612736" "--network" "none" "ghcr.io/rust-lang/crates-build-env/linux@sha256:77db811e55d90add9212f6832c23229e3de5f1c1f9905e8cb07319ea15df73ac" "sleep" "infinity", kill_on_drop: false }`
[INFO] [stdout] f90e9112d835f42b6c3a509782f0259055ca343ef16a109d39263454e1b80674
[INFO] running `Command { std: "docker" "start" "f90e9112d835f42b6c3a509782f0259055ca343ef16a109d39263454e1b80674", kill_on_drop: false }`
[INFO] running `Command { std: "docker" "inspect" "f90e9112d835f42b6c3a509782f0259055ca343ef16a109d39263454e1b80674", kill_on_drop: false }`
[INFO] running `Command { std: "docker" "exec" "-e" "SOURCE_DIR=/opt/rustwide/workdir" "-e" "CARGO_HOME=/opt/rustwide/cargo-home" "-e" "RUSTUP_HOME=/opt/rustwide/rustup-home" "-e" "CARGO_TARGET_DIR=/opt/rustwide/target" "-w" "/opt/rustwide/workdir" "--user" "0:0" "f90e9112d835f42b6c3a509782f0259055ca343ef16a109d39263454e1b80674" "/opt/rustwide/cargo-home/bin/cargo" "+3154cc1a3e6424e44f438a95007d043ed5ceaaf6" "metadata" "--no-deps" "--format-version=1", kill_on_drop: false }`
[INFO] running `Command { std: "docker" "inspect" "f90e9112d835f42b6c3a509782f0259055ca343ef16a109d39263454e1b80674", kill_on_drop: false }`
[INFO] running `Command { std: "docker" "exec" "-e" "SOURCE_DIR=/opt/rustwide/workdir" "-e" "CARGO_HOME=/opt/rustwide/cargo-home" "-e" "RUSTUP_HOME=/opt/rustwide/rustup-home" "-e" "CARGO_TARGET_DIR=/opt/rustwide/target" "-e" "CARGO_INCREMENTAL=0" "-e" "RUST_BACKTRACE=full" "-e" "RUSTFLAGS=--cap-lints=forbid" "-e" "RUSTDOCFLAGS=--cap-lints=forbid" "-w" "/opt/rustwide/workdir" "--user" "0:0" "f90e9112d835f42b6c3a509782f0259055ca343ef16a109d39263454e1b80674" "/opt/rustwide/cargo-home/bin/cargo" "+3154cc1a3e6424e44f438a95007d043ed5ceaaf6" "check" "--frozen" "--all" "--all-targets" "--message-format=json", kill_on_drop: false }`
[INFO] [stderr]    Compiling libc v0.2.178
[INFO] [stderr]     Checking memchr v2.7.6
[INFO] [stderr]    Compiling syn v2.0.111
[INFO] [stderr]     Checking bitflags v2.10.0
[INFO] [stderr]    Compiling rustix v1.1.2
[INFO] [stderr]     Checking linux-raw-sys v0.11.0
[INFO] [stderr]     Checking indexmap v2.12.1
[INFO] [stderr]     Checking event-listener v5.4.1
[INFO] [stderr]    Compiling wayland-sys v0.31.8
[INFO] [stderr]     Checking dlib v0.5.2
[INFO] [stderr]     Checking futures-core v0.3.31
[INFO] [stderr]     Checking event-listener-strategy v0.5.4
[INFO] [stderr]    Compiling thiserror v2.0.17
[INFO] [stderr]     Checking futures-lite v2.6.1
[INFO] [stderr]    Compiling serde_json v1.0.145
[INFO] [stderr]    Compiling convert_case v0.10.0
[INFO] [stderr]    Compiling quick-xml v0.39.2
[INFO] [stderr]     Checking async-channel v2.5.0
[INFO] [stderr]    Compiling wayland-client v0.31.12
[INFO] [stderr]     Checking glam v0.30.9
[INFO] [stderr]    Compiling zerocopy v0.8.31
[INFO] [stderr]    Compiling jobserver v0.1.34
[INFO] [stderr]    Compiling getrandom v0.3.4
[INFO] [stderr]    Compiling sha1_smol v1.0.1
[INFO] [stderr]     Checking piper v0.2.5
[INFO] [stderr]    Compiling uuid v1.19.0
[INFO] [stderr]     Checking async-executor v1.13.3
[INFO] [stderr]    Compiling cc v1.2.49
[INFO] [stderr]     Checking fixedbitset v0.5.7
[INFO] [stderr]    Compiling wayland-scanner v0.31.9
[INFO] [stderr]    Compiling zip_clone v0.1.5
[INFO] [stderr]     Checking blocking v1.7.0
[INFO] [stderr]     Checking async-lock v3.4.2
[INFO] [stderr]     Checking anymap3 v1.0.1
[INFO] [stderr]     Checking any_vec v0.14.0
[INFO] [stderr]    Compiling concerto-foundation v0.1.0
[INFO] [stderr]     Checking num-bigint v0.4.6
[INFO] [stderr]     Checking rustix v0.38.44
[INFO] [stderr]     Checking async-fs v2.2.0
[INFO] [stderr]    Compiling built v0.8.0
[INFO] [stderr]    Compiling rav1e v0.8.1
[INFO] [stderr]    Compiling wayland-backend v0.3.12
[INFO] [stderr]     Checking aligned v0.4.2
[INFO] [stderr]     Checking core2 v0.4.0
[INFO] [stderr]     Checking nom v8.0.0
[INFO] [stderr]    Compiling naga v24.0.0
[INFO] [stderr]     Checking num-rational v0.4.2
[INFO] [stderr]     Checking bit-set v0.8.0
[INFO] [stderr]     Checking codespan-reporting v0.11.1
[INFO] [stderr]     Checking bitstream-io v4.9.0
[INFO] [stderr]     Checking flate2 v1.1.5
[INFO] [stderr]     Checking parking_lot_core v0.9.12
[INFO] [stderr]     Checking maybe-rayon v0.1.1
[INFO] [stderr]     Checking itertools v0.14.0
[INFO] [stderr]     Checking getrandom v0.2.16
[INFO] [stderr]     Checking memmap2 v0.9.9
[INFO] [stderr]     Checking aho-corasick v1.1.4
[INFO] [stderr]     Checking gpu-alloc-types v0.3.0
[INFO] [stderr]     Checking gpu-descriptor-types v0.2.0
[INFO] [stderr]     Checking spirv v0.3.0+sdk-1.3.268.0
[INFO] [stderr]    Compiling wgpu-hal v24.0.4
[INFO] [stderr]     Checking polling v3.11.0
[INFO] [stderr]    Compiling simd_helpers v0.1.0
[INFO] [stderr]     Checking imgref v1.12.0
[INFO] [stderr]     Checking unicode-xid v0.2.6
[INFO] [stderr]     Checking regex-automata v0.4.13
[INFO] [stderr]     Checking loop9 v0.1.5
[INFO] [stderr]     Checking gethostname v1.1.0
[INFO] [stderr]     Checking gpu-descriptor v0.3.2
[INFO] [stderr]     Checking gpu-alloc v0.6.0
[INFO] [stderr]    Compiling encase_derive_impl v0.11.2
[INFO] [stderr]    Compiling serde_derive v1.0.228
[INFO] [stderr]    Compiling bytemuck_derive v1.10.2
[INFO] [stderr]    Compiling profiling-procmacros v1.0.17
[INFO] [stderr]    Compiling thiserror-impl v2.0.17
[INFO] [stderr]     Checking profiling v1.0.17
[INFO] [stderr]    Compiling derive_more-impl v2.1.1
[INFO] [stderr]     Checking bytemuck v1.24.0
[INFO] [stderr]    Compiling zerocopy-derive v0.8.31
[INFO] [stderr]    Compiling equator-macro v0.4.2
[INFO] [stderr]    Compiling typle v0.10.6
[INFO] [stderr]    Compiling concerto-ecs-macros v0.1.0
[INFO] [stderr]    Compiling concerto-editable-macros v0.1.0
[INFO] [stderr]    Compiling thiserror-impl v1.0.69
[INFO] [stderr]     Checking equator v0.4.2
[INFO] [stderr]     Checking concerto-editable v0.1.0
[INFO] [stderr]     Checking wayland-protocols v0.32.10
[INFO] [stderr]    Compiling arg_enum_proc_macro v0.3.4
[INFO] [stderr]     Checking aligned-vec v0.6.4
[INFO] [stderr]     Checking v_frame v0.3.9
[INFO] [stderr]    Compiling strum_macros v0.26.4
[INFO] [stderr]     Checking av-scenechange v0.14.1
[INFO] [stderr]     Checking av1-grain v0.2.5
[INFO] [stderr]     Checking thiserror v1.0.69
[INFO] [stderr]     Checking calloop v0.13.0
[INFO] [stderr]     Checking wayland-cursor v0.31.12
[INFO] [stderr]     Checking tiny-skia-path v0.11.4
[INFO] [stderr]     Checking calloop-wayland-source v0.3.0
[INFO] [stderr]     Checking wayland-csd-frame v0.3.0
[INFO] [stderr]    Compiling fax_derive v0.2.0
[INFO] [stderr]    Compiling num-derive v0.4.2
[INFO] [stderr]     Checking fax v0.2.6
[INFO] [stderr]     Checking tiny-skia v0.11.4
[INFO] [stderr]     Checking serde v1.0.228
[INFO] [stderr]     Checking strum v0.26.3
[INFO] [stderr]     Checking toml_datetime v0.6.11
[INFO] [stderr]    Compiling bincode v1.3.3
[INFO] [stderr]     Checking serde_spanned v0.6.9
[INFO] [stderr]     Checking toml_edit v0.22.27
[INFO] [stderr]     Checking petgraph v0.8.3
[INFO] [stderr]    Compiling concerto-asset-format v0.1.0
[INFO] [stderr]     Checking half v2.7.1
[INFO] [stderr]    Compiling concerto-foundation-macros v0.1.0
[INFO] [stderr]     Checking wgpu-types v24.0.0
[INFO] [stderr]     Checking parking_lot v0.12.5
[INFO] [stderr]     Checking ash v0.38.0+1.3.281
[INFO] [stderr]     Checking toml v0.8.23
[INFO] [stderr]     Checking derive_more v2.1.1
[INFO] [stderr]     Checking concerto-tasks v0.1.0
[INFO] [stderr]     Checking khronos-egl v6.0.0
[INFO] [stderr]     Checking zune-inflate v0.2.54
[INFO] [stderr]     Checking avif-serialize v0.8.6
[INFO] [stderr]    Compiling wgpu-core v24.0.5
[INFO] [stderr]     Checking ordered-float v4.6.0
[INFO] [stderr]     Checking pxfm v0.1.27
[INFO] [stderr]     Checking wayland-protocols-wlr v0.3.10
[INFO] [stderr]     Checking typewit v1.14.2
[INFO] [stderr]     Checking concerto-ecs v0.1.0
[INFO] [stderr]     Checking rgb v0.8.52
[INFO] [stderr]     Checking tracing-core v0.1.35
[INFO] [stderr] error: could not compile `rav1e` (lib)
[INFO] [stderr] 
[INFO] [stderr] Caused by:
[INFO] [stderr]   process didn't exit successfully: `/opt/rustwide/rustup-home/toolchains/3154cc1a3e6424e44f438a95007d043ed5ceaaf6/bin/rustc --crate-name rav1e --edition=2021 /opt/rustwide/cargo-home/registry/src/index.crates.io-1949cf8c6b5b557f/rav1e-0.8.1/src/lib.rs --error-format=json --json=diagnostic-rendered-ansi,artifacts,future-incompat,unused-externs-silent --crate-type lib --emit=dep-info,metadata -C embed-bitcode=no -C debuginfo=2 --cfg 'feature="threading"' --check-cfg 'cfg(docsrs,test)' --check-cfg 'cfg(feature, values("aom-sys", "asm", "av-metrics", "backtrace", "bench", "binaries", "byteorder", "capi", "cc", "channel-api", "check_asm", "clap", "clap_complete", "console", "crossbeam", "dav1d-sys", "decode_test", "decode_test_dav1d", "default", "desync_finder", "dump_ivf", "dump_lookahead_data", "fern", "git_version", "image", "ivf", "nasm-rs", "nom", "quick_test", "scan_fmt", "serde", "serde-big-array", "serialize", "signal-hook", "signal_support", "threading", "toml", "tracing", "tracing-chrome", "tracing-subscriber", "unstable", "wasm", "wasm-bindgen", "y4m"))' -C metadata=bb0df4910526844d -C extra-filename=-2998a22942d14c4e --out-dir /opt/rustwide/target/debug/build/rav1e/2998a22942d14c4e/out -L dependency=/opt/rustwide/target/debug/build/aligned-vec/e254e621d115f793/out -L dependency=/opt/rustwide/target/debug/build/aligned/8a3ab9a6f77440dc/out -L dependency=/opt/rustwide/target/debug/build/anyhow/5cf73cd768c5f646/out -L dependency=/opt/rustwide/target/debug/build/arg_enum_proc_macro/8781a6c348189ff1/out -L dependency=/opt/rustwide/target/debug/build/arrayvec/30751d79791e52e6/out -L dependency=/opt/rustwide/target/debug/build/as-slice/8d7ff796c4144fcb/out -L dependency=/opt/rustwide/target/debug/build/cfg-if/190c9021fd162845/out -L dependency=/opt/rustwide/target/debug/build/core2/0e328f87b40afc00/out -L dependency=/opt/rustwide/target/debug/build/crossbeam-deque/fdad849b02bfa1ea/out -L dependency=/opt/rustwide/target/debug/build/crossbeam-epoch/b76a30c82221d246/out -L dependency=/opt/rustwide/target/debug/build/crossbeam-utils/1c9006e854b046b8/out -L dependency=/opt/rustwide/target/debug/build/either/e7c87d65ab6b881e/out -L dependency=/opt/rustwide/target/debug/build/equator-macro/957cbe67efc8bab7/out -L dependency=/opt/rustwide/target/debug/build/equator/36fb9f81af59a78c/out -L dependency=/opt/rustwide/target/debug/build/log/243a4081f8655140/out -L dependency=/opt/rustwide/target/debug/build/memchr/c13007f728075df8/out -L dependency=/opt/rustwide/target/debug/build/nom/fbc5e27a63d7ed7d/out -L dependency=/opt/rustwide/target/debug/build/num-bigint/60ee819742568743/out -L dependency=/opt/rustwide/target/debug/build/num-integer/0fb0e996bf37432f/out -L dependency=/opt/rustwide/target/debug/build/num-rational/8d333e5dde4b0200/out -L dependency=/opt/rustwide/target/debug/build/num-traits/3f20bdcfe3eb0a45/out -L dependency=/opt/rustwide/target/debug/build/pastey/00e694bb8c5bde9f/out -L dependency=/opt/rustwide/target/debug/build/profiling-procmacros/e3f7afc42cad5833/out -L dependency=/opt/rustwide/target/debug/build/rayon-core/7a884365b0b2f48a/out -L dependency=/opt/rustwide/target/debug/build/rayon/38cde6a0c15806d5/out -L dependency=/opt/rustwide/target/debug/build/stable_deref_trait/a4bd0afb694af506/out -L dependency=/opt/rustwide/target/debug/build/thiserror-impl/6e8162f86414b9d3/out -L dependency=/opt/rustwide/target/debug/build/thiserror/e06def871f10fdf7/out -L dependency=/opt/rustwide/target/debug/build/v_frame/f7b17f85933f34d5/out -L dependency=/opt/rustwide/target/debug/build/y4m/8e416728c22fa408/out --extern aligned_vec=/opt/rustwide/target/debug/build/aligned-vec/e254e621d115f793/out/libaligned_vec-e254e621d115f793.rmeta --extern arg_enum_proc_macro=/opt/rustwide/target/debug/build/arg_enum_proc_macro/8781a6c348189ff1/out/libarg_enum_proc_macro-8781a6c348189ff1.so --extern arrayvec=/opt/rustwide/target/debug/build/arrayvec/30751d79791e52e6/out/libarrayvec-30751d79791e52e6.rmeta --extern av_scenechange=/opt/rustwide/target/debug/build/av-scenechange/47fa339fae588403/out/libav_scenechange-47fa339fae588403.rmeta --extern av1_grain=/opt/rustwide/target/debug/build/av1-grain/335d27669b34a704/out/libav1_grain-335d27669b34a704.rmeta --extern bitstream_io=/opt/rustwide/target/debug/build/bitstream-io/c3812526f1987746/out/libbitstream_io-c3812526f1987746.rmeta --extern cfg_if=/opt/rustwide/target/debug/build/cfg-if/190c9021fd162845/out/libcfg_if-190c9021fd162845.rmeta --extern itertools=/opt/rustwide/target/debug/build/itertools/ac1cf5e414eca6f7/out/libitertools-ac1cf5e414eca6f7.rmeta --extern libc=/opt/rustwide/target/debug/build/libc/61c8ff19ef2481c9/out/liblibc-61c8ff19ef2481c9.rmeta --extern log=/opt/rustwide/target/debug/build/log/243a4081f8655140/out/liblog-243a4081f8655140.rmeta --extern rayon=/opt/rustwide/target/debug/build/maybe-rayon/606fcc43ae39f553/out/libmaybe_rayon-606fcc43ae39f553.rmeta --extern debug_unreachable=/opt/rustwide/target/debug/build/new_debug_unreachable/308576270019a9b4/out/libdebug_unreachable-308576270019a9b4.rmeta --extern noop_proc_macro=/opt/rustwide/target/debug/build/noop_proc_macro/2e1b35bb98ddaa7a/out/libnoop_proc_macro-2e1b35bb98ddaa7a.so --extern num_derive=/opt/rustwide/target/debug/build/num-derive/dbaf09ddfddf5ba6/out/libnum_derive-dbaf09ddfddf5ba6.so --extern num_traits=/opt/rustwide/target/debug/build/num-traits/3f20bdcfe3eb0a45/out/libnum_traits-3f20bdcfe3eb0a45.rmeta --extern paste=/opt/rustwide/target/debug/build/paste/c5e5e8a2bd161c29/out/libpaste-c5e5e8a2bd161c29.so --extern profiling=/opt/rustwide/target/debug/build/profiling/4b046942ca9c1bc1/out/libprofiling-4b046942ca9c1bc1.rmeta --extern simd_helpers=/opt/rustwide/target/debug/build/simd_helpers/a545f679aa88a867/out/libsimd_helpers-a545f679aa88a867.so --extern thiserror=/opt/rustwide/target/debug/build/thiserror/e06def871f10fdf7/out/libthiserror-e06def871f10fdf7.rmeta --extern v_frame=/opt/rustwide/target/debug/build/v_frame/f7b17f85933f34d5/out/libv_frame-f7b17f85933f34d5.rmeta --cap-lints allow --cap-lints=forbid --force-warn=unused_crate_dependencies` (signal: 9, SIGKILL: kill)
[INFO] [stderr] warning: build failed, waiting for other jobs to finish...
[INFO] [stderr] error: could not compile `ash` (lib)
[INFO] [stderr] 
[INFO] [stderr] Caused by:
[INFO] [stderr]   process didn't exit successfully: `/opt/rustwide/rustup-home/toolchains/3154cc1a3e6424e44f438a95007d043ed5ceaaf6/bin/rustc --crate-name ash --edition=2021 /opt/rustwide/cargo-home/registry/src/index.crates.io-1949cf8c6b5b557f/ash-0.38.0+1.3.281/src/lib.rs --error-format=json --json=diagnostic-rendered-ansi,artifacts,future-incompat,unused-externs-silent --crate-type lib --emit=dep-info,metadata -C embed-bitcode=no -C debuginfo=2 --cfg 'feature="debug"' --cfg 'feature="default"' --cfg 'feature="libloading"' --cfg 'feature="loaded"' --cfg 'feature="std"' --check-cfg 'cfg(docsrs,test)' --check-cfg 'cfg(feature, values("debug", "default", "libloading", "linked", "loaded", "std"))' -C metadata=be734a1d7acca22c -C extra-filename=-7820bd67844a5b61 --out-dir /opt/rustwide/target/debug/build/ash/7820bd67844a5b61/out -L dependency=/opt/rustwide/target/debug/build/cfg-if/190c9021fd162845/out --extern libloading=/opt/rustwide/target/debug/build/libloading/d21983df834c79db/out/liblibloading-d21983df834c79db.rmeta --cap-lints allow --cap-lints=forbid --force-warn=unused_crate_dependencies` (signal: 9, SIGKILL: kill)
[INFO] [stderr] error: could not compile `naga` (lib)
[INFO] [stderr] 
[INFO] [stderr] Caused by:
[INFO] [stderr]   process didn't exit successfully: `/opt/rustwide/rustup-home/toolchains/3154cc1a3e6424e44f438a95007d043ed5ceaaf6/bin/rustc --crate-name naga --edition=2021 /opt/rustwide/cargo-home/registry/src/index.crates.io-1949cf8c6b5b557f/naga-24.0.0/src/lib.rs --error-format=json --json=diagnostic-rendered-ansi,artifacts,future-incompat,unused-externs-silent --crate-type lib --emit=dep-info,metadata -C embed-bitcode=no -C debuginfo=2 --cfg 'feature="compact"' --cfg 'feature="default"' --cfg 'feature="glsl-out"' --cfg 'feature="msl-out-if-target-apple"' --cfg 'feature="spv-out"' --cfg 'feature="wgsl-in"' --check-cfg 'cfg(docsrs,test)' --check-cfg 'cfg(feature, values("arbitrary", "compact", "default", "deserialize", "dot-out", "glsl-in", "glsl-out", "hlsl-out", "hlsl-out-if-target-windows", "msl-out", "msl-out-if-target-apple", "serialize", "spv-in", "spv-out", "wgsl-in", "wgsl-out"))' -C metadata=3018aac2d1b6f160 -C extra-filename=-a2fe4ecbf1590c84 --out-dir /opt/rustwide/target/debug/build/naga/a2fe4ecbf1590c84/out -L dependency=/opt/rustwide/target/debug/build/bit-vec/7c54c415c8441a74/out -L dependency=/opt/rustwide/target/debug/build/bitflags/ad00d0fc08a708e6/out -L dependency=/opt/rustwide/target/debug/build/equivalent/d23b026399a51038/out -L dependency=/opt/rustwide/target/debug/build/hashbrown/d6527847c19413e5/out -L dependency=/opt/rustwide/target/debug/build/serde_core/3c925aec2ec92997/out -L dependency=/opt/rustwide/target/debug/build/strum_macros/5a8f2cd7b6c80386/out -L dependency=/opt/rustwide/target/debug/build/termcolor/3163ee63a16b7335/out -L dependency=/opt/rustwide/target/debug/build/thiserror-impl/6e8162f86414b9d3/out -L dependency=/opt/rustwide/target/debug/build/unicode-width/a2cad30f1b072f70/out --extern arrayvec=/opt/rustwide/target/debug/build/arrayvec/30751d79791e52e6/out/libarrayvec-30751d79791e52e6.rmeta --extern bit_set=/opt/rustwide/target/debug/build/bit-set/0d1d8cd877be6a55/out/libbit_set-0d1d8cd877be6a55.rmeta --extern bitflags=/opt/rustwide/target/debug/build/bitflags/ad00d0fc08a708e6/out/libbitflags-ad00d0fc08a708e6.rmeta --extern codespan_reporting=/opt/rustwide/target/debug/build/codespan-reporting/8e05686bdaf08cc5/out/libcodespan_reporting-8e05686bdaf08cc5.rmeta --extern hexf_parse=/opt/rustwide/target/debug/build/hexf-parse/3a3e3f1940ae3db2/out/libhexf_parse-3a3e3f1940ae3db2.rmeta --extern indexmap=/opt/rustwide/target/debug/build/indexmap/762ab36a7afea071/out/libindexmap-762ab36a7afea071.rmeta --extern log=/opt/rustwide/target/debug/build/log/243a4081f8655140/out/liblog-243a4081f8655140.rmeta --extern rustc_hash=/opt/rustwide/target/debug/build/rustc-hash/59ad630e9e58123f/out/librustc_hash-59ad630e9e58123f.rmeta --extern spirv=/opt/rustwide/target/debug/build/spirv/db1833c9023e5dcb/out/libspirv-db1833c9023e5dcb.rmeta --extern strum=/opt/rustwide/target/debug/build/strum/c48a725c821f8636/out/libstrum-c48a725c821f8636.rmeta --extern termcolor=/opt/rustwide/target/debug/build/termcolor/3163ee63a16b7335/out/libtermcolor-3163ee63a16b7335.rmeta --extern thiserror=/opt/rustwide/target/debug/build/thiserror/e06def871f10fdf7/out/libthiserror-e06def871f10fdf7.rmeta --extern unicode_xid=/opt/rustwide/target/debug/build/unicode-xid/ee01a207c7c23c16/out/libunicode_xid-ee01a207c7c23c16.rmeta --cap-lints allow --cap-lints=forbid --force-warn=unused_crate_dependencies --cfg glsl_out --cfg spv_out --check-cfg 'cfg(dot_out)' --check-cfg 'cfg(glsl_out)' --check-cfg 'cfg(hlsl_out)' --check-cfg 'cfg(msl_out)' --check-cfg 'cfg(spv_out)' --check-cfg 'cfg(wgsl_out)'` (signal: 9, SIGKILL: kill)
[INFO] [stdout] error[E0284]: type annotations needed: cannot satisfy `(_,): 'static`
[INFO] [stdout]    --> /opt/rustwide/cargo-home/registry/src/index.crates.io-1949cf8c6b5b557f/concerto-ecs-0.1.0/src/system/mod.rs:184:18
[INFO] [stdout]     |
[INFO] [stdout] 184 |         Box::new(FunctionSystem::new(self))
[INFO] [stdout]     |                  ^^^^^^^^^^^^^^^^^^^^^^^^^ cannot satisfy `(_,): 'static`
[INFO] [stdout]     |
[INFO] [stdout] note: required by a bound in `FunctionSystem::<F, Input>::new`
[INFO] [stdout]    --> /opt/rustwide/cargo-home/registry/src/index.crates.io-1949cf8c6b5b557f/concerto-ecs-0.1.0/src/system/mod.rs:101:26
[INFO] [stdout]     |
[INFO] [stdout]  99 | impl<F, Input> FunctionSystem<F, Input>
[INFO] [stdout] 100 | where
[INFO] [stdout] 101 |     Input: SystemInput + 'static,
[INFO] [stdout]     |                          ^^^^^^^ required by this bound in `FunctionSystem::<F, Input>::new`
[INFO] [stdout] 102 | {
[INFO] [stdout] 103 |     pub fn new(func: F) -> Self {
[INFO] [stdout]     |
[INFO] [stdout] 
[INFO] [stdout] 
[INFO] [stdout] error[E0284]: type annotations needed: cannot satisfy `(_, _): 'static`
[INFO] [stdout]    --> /opt/rustwide/cargo-home/registry/src/index.crates.io-1949cf8c6b5b557f/concerto-ecs-0.1.0/src/system/mod.rs:184:18
[INFO] [stdout]     |
[INFO] [stdout] 184 |         Box::new(FunctionSystem::new(self))
[INFO] [stdout]     |                  ^^^^^^^^^^^^^^^^^^^^^^^^^ cannot satisfy `(_, _): 'static`
[INFO] [stdout]     |
[INFO] [stdout] note: required by a bound in `FunctionSystem::<F, Input>::new`
[INFO] [stdout]    --> /opt/rustwide/cargo-home/registry/src/index.crates.io-1949cf8c6b5b557f/concerto-ecs-0.1.0/src/system/mod.rs:101:26
[INFO] [stdout]     |
[INFO] [stdout]  99 | impl<F, Input> FunctionSystem<F, Input>
[INFO] [stdout] 100 | where
[INFO] [stdout] 101 |     Input: SystemInput + 'static,
[INFO] [stdout]     |                          ^^^^^^^ required by this bound in `FunctionSystem::<F, Input>::new`
[INFO] [stdout] 102 | {
[INFO] [stdout] 103 |     pub fn new(func: F) -> Self {
[INFO] [stdout]     |
[INFO] [stdout] 
[INFO] [stdout] 
[INFO] [stdout] error[E0284]: type annotations needed: cannot satisfy `(_, _, _): 'static`
[INFO] [stdout]    --> /opt/rustwide/cargo-home/registry/src/index.crates.io-1949cf8c6b5b557f/concerto-ecs-0.1.0/src/system/mod.rs:184:18
[INFO] [stdout]     |
[INFO] [stdout] 184 |         Box::new(FunctionSystem::new(self))
[INFO] [stdout]     |                  ^^^^^^^^^^^^^^^^^^^^^^^^^ cannot satisfy `(_, _, _): 'static`
[INFO] [stdout]     |
[INFO] [stdout] note: required by a bound in `FunctionSystem::<F, Input>::new`
[INFO] [stdout]    --> /opt/rustwide/cargo-home/registry/src/index.crates.io-1949cf8c6b5b557f/concerto-ecs-0.1.0/src/system/mod.rs:101:26
[INFO] [stdout]     |
[INFO] [stdout]  99 | impl<F, Input> FunctionSystem<F, Input>
[INFO] [stdout] 100 | where
[INFO] [stdout] 101 |     Input: SystemInput + 'static,
[INFO] [stdout]     |                          ^^^^^^^ required by this bound in `FunctionSystem::<F, Input>::new`
[INFO] [stdout] 102 | {
[INFO] [stdout] 103 |     pub fn new(func: F) -> Self {
[INFO] [stdout]     |
[INFO] [stdout] 
[INFO] [stdout] 
[INFO] [stdout] error[E0284]: type annotations needed: cannot satisfy `(_, _, _, _): 'static`
[INFO] [stdout]    --> /opt/rustwide/cargo-home/registry/src/index.crates.io-1949cf8c6b5b557f/concerto-ecs-0.1.0/src/system/mod.rs:184:18
[INFO] [stdout]     |
[INFO] [stdout] 184 |         Box::new(FunctionSystem::new(self))
[INFO] [stdout]     |                  ^^^^^^^^^^^^^^^^^^^^^^^^^ cannot satisfy `(_, _, _, _): 'static`
[INFO] [stdout]     |
[INFO] [stdout] note: required by a bound in `FunctionSystem::<F, Input>::new`
[INFO] [stdout]    --> /opt/rustwide/cargo-home/registry/src/index.crates.io-1949cf8c6b5b557f/concerto-ecs-0.1.0/src/system/mod.rs:101:26
[INFO] [stdout]     |
[INFO] [stdout]  99 | impl<F, Input> FunctionSystem<F, Input>
[INFO] [stdout] 100 | where
[INFO] [stdout] 101 |     Input: SystemInput + 'static,
[INFO] [stdout]     |                          ^^^^^^^ required by this bound in `FunctionSystem::<F, Input>::new`
[INFO] [stdout] 102 | {
[INFO] [stdout] 103 |     pub fn new(func: F) -> Self {
[INFO] [stdout]     |
[INFO] [stdout] 
[INFO] [stdout] 
[INFO] [stdout] error[E0284]: type annotations needed: cannot satisfy `(_, _, _, _, _): 'static`
[INFO] [stdout]    --> /opt/rustwide/cargo-home/registry/src/index.crates.io-1949cf8c6b5b557f/concerto-ecs-0.1.0/src/system/mod.rs:184:18
[INFO] [stdout]     |
[INFO] [stdout] 184 |         Box::new(FunctionSystem::new(self))
[INFO] [stdout]     |                  ^^^^^^^^^^^^^^^^^^^^^^^^^ cannot satisfy `(_, _, _, _, _): 'static`
[INFO] [stdout]     |
[INFO] [stdout] note: required by a bound in `FunctionSystem::<F, Input>::new`
[INFO] [stdout]    --> /opt/rustwide/cargo-home/registry/src/index.crates.io-1949cf8c6b5b557f/concerto-ecs-0.1.0/src/system/mod.rs:101:26
[INFO] [stdout]     |
[INFO] [stdout]  99 | impl<F, Input> FunctionSystem<F, Input>
[INFO] [stdout] 100 | where
[INFO] [stdout] 101 |     Input: SystemInput + 'static,
[INFO] [stdout]     |                          ^^^^^^^ required by this bound in `FunctionSystem::<F, Input>::new`
[INFO] [stdout] 102 | {
[INFO] [stdout] 103 |     pub fn new(func: F) -> Self {
[INFO] [stdout]     |
[INFO] [stdout] 
[INFO] [stdout] 
[INFO] [stdout] error[E0284]: type annotations needed: cannot satisfy `(_, _, _, _, _, _): 'static`
[INFO] [stdout]    --> /opt/rustwide/cargo-home/registry/src/index.crates.io-1949cf8c6b5b557f/concerto-ecs-0.1.0/src/system/mod.rs:184:18
[INFO] [stdout]     |
[INFO] [stdout] 184 |         Box::new(FunctionSystem::new(self))
[INFO] [stdout]     |                  ^^^^^^^^^^^^^^^^^^^^^^^^^ cannot satisfy `(_, _, _, _, _, _): 'static`
[INFO] [stdout]     |
[INFO] [stdout] note: required by a bound in `FunctionSystem::<F, Input>::new`
[INFO] [stdout]    --> /opt/rustwide/cargo-home/registry/src/index.crates.io-1949cf8c6b5b557f/concerto-ecs-0.1.0/src/system/mod.rs:101:26
[INFO] [stdout]     |
[INFO] [stdout]  99 | impl<F, Input> FunctionSystem<F, Input>
[INFO] [stdout] 100 | where
[INFO] [stdout] 101 |     Input: SystemInput + 'static,
[INFO] [stdout]     |                          ^^^^^^^ required by this bound in `FunctionSystem::<F, Input>::new`
[INFO] [stdout] 102 | {
[INFO] [stdout] 103 |     pub fn new(func: F) -> Self {
[INFO] [stdout]     |
[INFO] [stdout] 
[INFO] [stdout] 
[INFO] [stdout] error[E0284]: type annotations needed: cannot satisfy `(_, _, _, _, _, _, _): 'static`
[INFO] [stdout]    --> /opt/rustwide/cargo-home/registry/src/index.crates.io-1949cf8c6b5b557f/concerto-ecs-0.1.0/src/system/mod.rs:184:18
[INFO] [stdout]     |
[INFO] [stdout] 184 |         Box::new(FunctionSystem::new(self))
[INFO] [stdout]     |                  ^^^^^^^^^^^^^^^^^^^^^^^^^ cannot satisfy `(_, _, _, _, _, _, _): 'static`
[INFO] [stdout]     |
[INFO] [stdout] note: required by a bound in `FunctionSystem::<F, Input>::new`
[INFO] [stdout]    --> /opt/rustwide/cargo-home/registry/src/index.crates.io-1949cf8c6b5b557f/concerto-ecs-0.1.0/src/system/mod.rs:101:26
[INFO] [stdout]     |
[INFO] [stdout]  99 | impl<F, Input> FunctionSystem<F, Input>
[INFO] [stdout] 100 | where
[INFO] [stdout] 101 |     Input: SystemInput + 'static,
[INFO] [stdout]     |                          ^^^^^^^ required by this bound in `FunctionSystem::<F, Input>::new`
[INFO] [stdout] 102 | {
[INFO] [stdout] 103 |     pub fn new(func: F) -> Self {
[INFO] [stdout]     |
[INFO] [stdout] 
[INFO] [stdout] 
[INFO] [stdout] error[E0284]: type annotations needed: cannot satisfy `(_, _, _, _, _, _, _, _): 'static`
[INFO] [stdout]    --> /opt/rustwide/cargo-home/registry/src/index.crates.io-1949cf8c6b5b557f/concerto-ecs-0.1.0/src/system/mod.rs:184:18
[INFO] [stdout]     |
[INFO] [stdout] 184 |         Box::new(FunctionSystem::new(self))
[INFO] [stdout]     |                  ^^^^^^^^^^^^^^^^^^^^^^^^^ cannot satisfy `(_, _, _, _, _, _, _, _): 'static`
[INFO] [stdout]     |
[INFO] [stdout] note: required by a bound in `FunctionSystem::<F, Input>::new`
[INFO] [stdout]    --> /opt/rustwide/cargo-home/registry/src/index.crates.io-1949cf8c6b5b557f/concerto-ecs-0.1.0/src/system/mod.rs:101:26
[INFO] [stdout]     |
[INFO] [stdout]  99 | impl<F, Input> FunctionSystem<F, Input>
[INFO] [stdout] 100 | where
[INFO] [stdout] 101 |     Input: SystemInput + 'static,
[INFO] [stdout]     |                          ^^^^^^^ required by this bound in `FunctionSystem::<F, Input>::new`
[INFO] [stdout] 102 | {
[INFO] [stdout] 103 |     pub fn new(func: F) -> Self {
[INFO] [stdout]     |
[INFO] [stdout] 
[INFO] [stdout] 
[INFO] [stdout] error[E0284]: type annotations needed: cannot satisfy `(_, _, _, _, _, _, _, _, _): 'static`
[INFO] [stdout]    --> /opt/rustwide/cargo-home/registry/src/index.crates.io-1949cf8c6b5b557f/concerto-ecs-0.1.0/src/system/mod.rs:184:18
[INFO] [stdout]     |
[INFO] [stdout] 184 |         Box::new(FunctionSystem::new(self))
[INFO] [stdout]     |                  ^^^^^^^^^^^^^^^^^^^^^^^^^ cannot satisfy `(_, _, _, _, _, _, _, _, _): 'static`
[INFO] [stdout]     |
[INFO] [stdout] note: required by a bound in `FunctionSystem::<F, Input>::new`
[INFO] [stdout]    --> /opt/rustwide/cargo-home/registry/src/index.crates.io-1949cf8c6b5b557f/concerto-ecs-0.1.0/src/system/mod.rs:101:26
[INFO] [stdout]     |
[INFO] [stdout]  99 | impl<F, Input> FunctionSystem<F, Input>
[INFO] [stdout] 100 | where
[INFO] [stdout] 101 |     Input: SystemInput + 'static,
[INFO] [stdout]     |                          ^^^^^^^ required by this bound in `FunctionSystem::<F, Input>::new`
[INFO] [stdout] 102 | {
[INFO] [stdout] 103 |     pub fn new(func: F) -> Self {
[INFO] [stdout]     |
[INFO] [stdout] 
[INFO] [stdout] 
[INFO] [stdout] error[E0284]: type annotations needed: cannot satisfy `(_, _, _, _, _, _, _, _, _, _): 'static`
[INFO] [stdout]    --> /opt/rustwide/cargo-home/registry/src/index.crates.io-1949cf8c6b5b557f/concerto-ecs-0.1.0/src/system/mod.rs:184:18
[INFO] [stdout]     |
[INFO] [stdout] 184 |         Box::new(FunctionSystem::new(self))
[INFO] [stdout]     |                  ^^^^^^^^^^^^^^^^^^^^^^^^^ cannot satisfy `(_, _, _, _, _, _, _, _, _, _): 'static`
[INFO] [stdout]     |
[INFO] [stdout] note: required by a bound in `FunctionSystem::<F, Input>::new`
[INFO] [stdout]    --> /opt/rustwide/cargo-home/registry/src/index.crates.io-1949cf8c6b5b557f/concerto-ecs-0.1.0/src/system/mod.rs:101:26
[INFO] [stdout]     |
[INFO] [stdout]  99 | impl<F, Input> FunctionSystem<F, Input>
[INFO] [stdout] 100 | where
[INFO] [stdout] 101 |     Input: SystemInput + 'static,
[INFO] [stdout]     |                          ^^^^^^^ required by this bound in `FunctionSystem::<F, Input>::new`
[INFO] [stdout] 102 | {
[INFO] [stdout] 103 |     pub fn new(func: F) -> Self {
[INFO] [stdout]     |
[INFO] [stdout] 
[INFO] [stdout] 
[INFO] [stdout] error[E0284]: type annotations needed: cannot satisfy `(_, _, _, _, _, _, _, _, _, _, _): 'static`
[INFO] [stdout]    --> /opt/rustwide/cargo-home/registry/src/index.crates.io-1949cf8c6b5b557f/concerto-ecs-0.1.0/src/system/mod.rs:184:18
[INFO] [stdout]     |
[INFO] [stdout] 184 |         Box::new(FunctionSystem::new(self))
[INFO] [stdout]     |                  ^^^^^^^^^^^^^^^^^^^^^^^^^ cannot satisfy `(_, _, _, _, _, _, _, _, _, _, _): 'static`
[INFO] [stdout]     |
[INFO] [stdout] note: required by a bound in `FunctionSystem::<F, Input>::new`
[INFO] [stdout]    --> /opt/rustwide/cargo-home/registry/src/index.crates.io-1949cf8c6b5b557f/concerto-ecs-0.1.0/src/system/mod.rs:101:26
[INFO] [stdout]     |
[INFO] [stdout]  99 | impl<F, Input> FunctionSystem<F, Input>
[INFO] [stdout] 100 | where
[INFO] [stdout] 101 |     Input: SystemInput + 'static,
[INFO] [stdout]     |                          ^^^^^^^ required by this bound in `FunctionSystem::<F, Input>::new`
[INFO] [stdout] 102 | {
[INFO] [stdout] 103 |     pub fn new(func: F) -> Self {
[INFO] [stdout]     |
[INFO] [stdout] 
[INFO] [stdout] 
[INFO] [stdout] error[E0284]: type annotations needed: cannot satisfy `(_, _, _, _, _, _, _, _, _, _, _, _): 'static`
[INFO] [stdout]    --> /opt/rustwide/cargo-home/registry/src/index.crates.io-1949cf8c6b5b557f/concerto-ecs-0.1.0/src/system/mod.rs:184:18
[INFO] [stdout]     |
[INFO] [stdout] 184 |         Box::new(FunctionSystem::new(self))
[INFO] [stdout]     |                  ^^^^^^^^^^^^^^^^^^^^^^^^^ cannot satisfy `(_, _, _, _, _, _, _, _, _, _, _, _): 'static`
[INFO] [stdout]     |
[INFO] [stdout] note: required by a bound in `FunctionSystem::<F, Input>::new`
[INFO] [stdout]    --> /opt/rustwide/cargo-home/registry/src/index.crates.io-1949cf8c6b5b557f/concerto-ecs-0.1.0/src/system/mod.rs:101:26
[INFO] [stdout]     |
[INFO] [stdout]  99 | impl<F, Input> FunctionSystem<F, Input>
[INFO] [stdout] 100 | where
[INFO] [stdout] 101 |     Input: SystemInput + 'static,
[INFO] [stdout]     |                          ^^^^^^^ required by this bound in `FunctionSystem::<F, Input>::new`
[INFO] [stdout] 102 | {
[INFO] [stdout] 103 |     pub fn new(func: F) -> Self {
[INFO] [stdout]     |
[INFO] [stdout] 
[INFO] [stdout] 
[INFO] [stdout] For more information about this error, try `rustc --explain E0284`.
[INFO] [stdout] 
[INFO] [stderr] error: could not compile `concerto-ecs` (lib) due to 12 previous errors
[INFO] running `Command { std: "docker" "inspect" "f90e9112d835f42b6c3a509782f0259055ca343ef16a109d39263454e1b80674", kill_on_drop: false }`
[INFO] running `Command { std: "docker" "rm" "-f" "f90e9112d835f42b6c3a509782f0259055ca343ef16a109d39263454e1b80674", kill_on_drop: false }`
[INFO] [stdout] f90e9112d835f42b6c3a509782f0259055ca343ef16a109d39263454e1b80674
