[INFO] fetching crate chio-enterprise-export 0.1.2...
[INFO] checking chio-enterprise-export-0.1.2 against 3154cc1a3e6424e44f438a95007d043ed5ceaaf6+rustflags=-Znext-solver=coherence for pr-133502-30
[INFO] extracting crate chio-enterprise-export 0.1.2 into /workspace/builds/worker-3-tc1/source
[INFO] started tweaking crates.io crate chio-enterprise-export 0.1.2
[INFO] removed 0 missing tests
[INFO] finished tweaking crates.io crate chio-enterprise-export 0.1.2
[INFO] tweaked toml for crates.io crate chio-enterprise-export 0.1.2 written to /workspace/builds/worker-3-tc1/source/Cargo.toml
[INFO] validating manifest of crates.io crate chio-enterprise-export 0.1.2 on toolchain 3154cc1a3e6424e44f438a95007d043ed5ceaaf6
[INFO] running `Command { std: CARGO_HOME="/workspace/cargo-home" RUSTUP_HOME="/workspace/rustup-home" "/workspace/cargo-home/bin/cargo" "+3154cc1a3e6424e44f438a95007d043ed5ceaaf6" "metadata" "--manifest-path" "Cargo.toml" "--no-deps", kill_on_drop: false }`
[INFO] crate crates.io crate chio-enterprise-export 0.1.2 already has a lockfile, it will not be regenerated
[INFO] running `Command { std: CARGO_HOME="/workspace/cargo-home" RUSTUP_HOME="/workspace/rustup-home" "/workspace/cargo-home/bin/cargo" "+3154cc1a3e6424e44f438a95007d043ed5ceaaf6" "fetch" "--manifest-path" "Cargo.toml", kill_on_drop: false }`
[INFO] [stderr]     Updating crates.io index
[INFO] [stderr]     Blocking waiting for file lock on package cache
[INFO] [stderr]  Downloading crates ...
[INFO] [stderr]   Downloaded chio-risk-comptroller v0.1.2
[INFO] [stderr]   Downloaded cc v1.2.57
[INFO] [stderr]   Downloaded chio-transaction-passport v0.1.2
[INFO] [stderr]   Downloaded chio-core-types v0.1.2
[INFO] running `Command { std: "docker" "create" "-v" "/var/lib/crater-agent-workspace/builds/worker-3-tc1/source:/opt/rustwide/workdir:ro,Z" "-v" "/var/lib/crater-agent-workspace/builds/worker-3-tc1/target:/opt/rustwide/target:rw,Z" "-v" "/var/lib/crater-agent-workspace/cargo-home:/opt/rustwide/cargo-home:ro,Z" "-v" "/var/lib/crater-agent-workspace/rustup-home:/opt/rustwide/rustup-home:ro,Z" "-m" "1610612736" "--network" "none" "ghcr.io/rust-lang/crates-build-env/linux@sha256:77db811e55d90add9212f6832c23229e3de5f1c1f9905e8cb07319ea15df73ac" "sleep" "infinity", kill_on_drop: false }`
[INFO] [stdout] a1be6a03209bc401f3e3697e9020ae15d54ca534b06c0eb232f7a0c171e070cc
[INFO] running `Command { std: "docker" "start" "a1be6a03209bc401f3e3697e9020ae15d54ca534b06c0eb232f7a0c171e070cc", kill_on_drop: false }`
[INFO] running `Command { std: "docker" "inspect" "a1be6a03209bc401f3e3697e9020ae15d54ca534b06c0eb232f7a0c171e070cc", kill_on_drop: false }`
[INFO] running `Command { std: "docker" "exec" "-e" "SOURCE_DIR=/opt/rustwide/workdir" "-e" "CARGO_HOME=/opt/rustwide/cargo-home" "-e" "RUSTUP_HOME=/opt/rustwide/rustup-home" "-e" "CARGO_TARGET_DIR=/opt/rustwide/target" "-w" "/opt/rustwide/workdir" "--user" "0:0" "a1be6a03209bc401f3e3697e9020ae15d54ca534b06c0eb232f7a0c171e070cc" "/opt/rustwide/cargo-home/bin/cargo" "+3154cc1a3e6424e44f438a95007d043ed5ceaaf6" "metadata" "--no-deps" "--format-version=1", kill_on_drop: false }`
[INFO] running `Command { std: "docker" "inspect" "a1be6a03209bc401f3e3697e9020ae15d54ca534b06c0eb232f7a0c171e070cc", kill_on_drop: false }`
[INFO] running `Command { std: "docker" "exec" "-e" "SOURCE_DIR=/opt/rustwide/workdir" "-e" "CARGO_HOME=/opt/rustwide/cargo-home" "-e" "RUSTUP_HOME=/opt/rustwide/rustup-home" "-e" "CARGO_TARGET_DIR=/opt/rustwide/target" "-e" "CARGO_INCREMENTAL=0" "-e" "RUST_BACKTRACE=full" "-e" "RUSTFLAGS=--cap-lints=forbid -Znext-solver=coherence" "-e" "RUSTDOCFLAGS=--cap-lints=forbid" "-w" "/opt/rustwide/workdir" "--user" "0:0" "a1be6a03209bc401f3e3697e9020ae15d54ca534b06c0eb232f7a0c171e070cc" "/opt/rustwide/cargo-home/bin/cargo" "+3154cc1a3e6424e44f438a95007d043ed5ceaaf6" "check" "--frozen" "--all" "--all-targets" "--message-format=json", kill_on_drop: false }`
[INFO] [stderr]    Compiling proc-macro2 v1.0.106
[INFO] [stderr]    Compiling quote v1.0.45
[INFO] [stderr]     Checking litemap v0.8.1
[INFO] [stderr]     Checking writeable v0.6.2
[INFO] [stderr]     Checking typenum v1.20.0
[INFO] [stderr]    Compiling semver v1.0.27
[INFO] [stderr]    Compiling libc v0.2.183
[INFO] [stderr]    Compiling serde_core v1.0.228
[INFO] [stderr]     Checking smallvec v1.15.1
[INFO] [stderr]    Compiling autocfg v1.5.0
[INFO] [stderr]    Compiling zmij v1.0.21
[INFO] [stderr]    Compiling serde_json v1.0.149
[INFO] [stderr]     Checking signature v2.2.0
[INFO] [stderr]     Checking subtle v2.6.1
[INFO] [stderr]    Compiling serde v1.0.228
[INFO] [stderr]     Checking zeroize v1.9.0
[INFO] [stderr]     Checking ed25519 v2.2.3
[INFO] [stderr]     Checking form_urlencoded v1.2.2
[INFO] [stderr]     Checking memchr v2.8.0
[INFO] [stderr]     Checking itoa v1.0.17
[INFO] [stderr]    Compiling rustc_version v0.4.1
[INFO] [stderr]    Compiling num-traits v0.2.19
[INFO] [stderr]    Compiling curve25519-dalek v4.1.3
[INFO] [stderr]    Compiling syn v2.0.117
[INFO] [stderr]     Checking generic-array v0.14.7
[INFO] [stderr]     Checking crypto-common v0.1.7
[INFO] [stderr]     Checking block-buffer v0.10.4
[INFO] [stderr]     Checking chrono v0.4.44
[INFO] [stderr]     Checking digest v0.10.7
[INFO] [stderr]     Checking sha2 v0.10.9
[INFO] [stderr]     Checking getrandom v0.2.17
[INFO] [stderr]     Checking rand_core v0.6.4
[INFO] [stderr]    Compiling synstructure v0.13.2
[INFO] [stderr]    Compiling zerofrom-derive v0.1.6
[INFO] [stderr]    Compiling yoke-derive v0.8.1
[INFO] [stderr]    Compiling zerovec-derive v0.11.2
[INFO] [stderr]    Compiling displaydoc v0.2.5
[INFO] [stderr]    Compiling curve25519-dalek-derive v0.1.1
[INFO] [stderr]    Compiling thiserror-impl v1.0.69
[INFO] [stderr]    Compiling serde_derive v1.0.228
[INFO] [stderr]     Checking zerofrom v0.1.6
[INFO] [stderr]     Checking yoke v0.8.1
[INFO] [stderr]     Checking zerovec v0.11.5
[INFO] [stderr]     Checking zerotrie v0.2.3
[INFO] [stderr]     Checking thiserror v1.0.69
[INFO] [stderr]     Checking ed25519-dalek v2.2.0
[INFO] [stderr]     Checking tinystr v0.8.2
[INFO] [stderr]     Checking potential_utf v0.1.4
[INFO] [stderr]     Checking icu_locale_core v2.1.1
[INFO] [stderr]     Checking icu_collections v2.1.1
[INFO] [stderr]     Checking icu_provider v2.1.1
[INFO] [stderr]     Checking icu_properties v2.1.2
[INFO] [stderr]     Checking icu_normalizer v2.1.1
[INFO] [stderr]     Checking idna_adapter v1.2.1
[INFO] [stderr]     Checking idna v1.1.0
[INFO] [stderr]     Checking url v2.5.8
[INFO] [stderr]     Checking chio-core-types v0.1.2
[INFO] [stderr]     Checking chio-transaction-passport v0.1.2
[INFO] [stderr]     Checking chio-risk-comptroller v0.1.2
[INFO] [stderr]     Checking chio-enterprise-export v0.1.2 (/opt/rustwide/workdir)
[INFO] [stdout] error[E0433]: cannot find module or crate `chio_test_support` in this scope
[INFO] [stdout]  --> tests/enterprise_export.rs:4:5
[INFO] [stdout]   |
[INFO] [stdout] 4 | use chio_test_support::prelude::*;
[INFO] [stdout]   |     ^^^^^^^^^^^^^^^^^ use of unresolved module or unlinked crate `chio_test_support`
[INFO] [stdout]   |
[INFO] [stdout]   = help: if you wanted to use a crate named `chio_test_support`, use `cargo add chio_test_support` to add it to your `Cargo.toml`
[INFO] [stdout] 
[INFO] [stdout] 
[INFO] [stdout] error[E0599]: no method named `test_expect` found for enum `Result<T, E>` in the current scope
[INFO] [stdout]   --> tests/enterprise_export.rs:72:32
[INFO] [stdout]    |
[INFO] [stdout] 72 |     serde_json::to_vec(&value).test_expect("test json serializes")
[INFO] [stdout]    |                                ^^^^^^^^^^^
[INFO] [stdout]    |
[INFO] [stdout] help: there is a method `expect` with a similar name
[INFO] [stdout]    |
[INFO] [stdout] 72 -     serde_json::to_vec(&value).test_expect("test json serializes")
[INFO] [stdout] 72 +     serde_json::to_vec(&value).expect("test json serializes")
[INFO] [stdout]    |
[INFO] [stdout] 
[INFO] [stdout] 
[INFO] [stdout] error[E0599]: no method named `test_expect` found for enum `Result<T, E>` in the current scope
[INFO] [stdout]    --> tests/enterprise_export.rs:100:10
[INFO] [stdout]     |
[INFO] [stdout]  99 |     passport.signature = chio_transaction_passport::sign_transaction_passport(passport, &keypair)
[INFO] [stdout] 100 |         .test_expect("transaction passport signs");
[INFO] [stdout]     |          ^^^^^^^^^^^
[INFO] [stdout]     |
[INFO] [stdout] help: there is a method `expect` with a similar name
[INFO] [stdout]     |
[INFO] [stdout] 100 -         .test_expect("transaction passport signs");
[INFO] [stdout] 100 +         .expect("transaction passport signs");
[INFO] [stdout]     |
[INFO] [stdout] 
[INFO] [stdout] 
[INFO] [stdout] error[E0599]: no method named `test_expect` found for enum `Option<T>` in the current scope
[INFO] [stdout]    --> tests/enterprise_export.rs:122:10
[INFO] [stdout]     |
[INFO] [stdout] 120 |     value
[INFO] [stdout] 121 |         .as_object_mut()
[INFO] [stdout] 122 |         .test_expect("signed artifact is an object")
[INFO] [stdout]     |          ^^^^^^^^^^^
[INFO] [stdout]     |
[INFO] [stdout] help: there is a method `expect` with a similar name
[INFO] [stdout]     |
[INFO] [stdout] 122 -         .test_expect("signed artifact is an object")
[INFO] [stdout] 122 +         .expect("signed artifact is an object")
[INFO] [stdout]     |
[INFO] [stdout] 
[INFO] [stdout] 
[INFO] [stdout] error[E0599]: no method named `test_expect` found for enum `Result<T, E>` in the current scope
[INFO] [stdout]    --> tests/enterprise_export.rs:124:57
[INFO] [stdout]     |
[INFO] [stdout] 124 |     let (signature, _) = keypair.sign_canonical(&value).test_expect("artifact signs");
[INFO] [stdout]     |                                                         ^^^^^^^^^^^
[INFO] [stdout]     |
[INFO] [stdout] help: there is a method `expect` with a similar name
[INFO] [stdout]     |
[INFO] [stdout] 124 -     let (signature, _) = keypair.sign_canonical(&value).test_expect("artifact signs");
[INFO] [stdout] 124 +     let (signature, _) = keypair.sign_canonical(&value).expect("artifact signs");
[INFO] [stdout]     |
[INFO] [stdout] 
[INFO] [stdout] 
[INFO] [stdout] error[E0599]: no method named `test_expect` found for enum `Result<T, E>` in the current scope
[INFO] [stdout]    --> tests/enterprise_export.rs:153:14
[INFO] [stdout]     |
[INFO] [stdout] 148 |             action: ToolCallAction::from_parameters(json!({
[INFO] [stdout] 149 |                 "event_id": event_id,
[INFO] [stdout] 150 |                 "artifact_ref": artifact_ref,
[INFO] [stdout] 151 |                 "artifact_sha256": artifact_sha256
[INFO] [stdout] 152 |             }))
[INFO] [stdout] 153 |             .test_expect("telemetry receipt action builds"),
[INFO] [stdout]     |              ^^^^^^^^^^^
[INFO] [stdout]     |
[INFO] [stdout] help: there is a method `expect` with a similar name
[INFO] [stdout]     |
[INFO] [stdout] 153 -             .test_expect("telemetry receipt action builds"),
[INFO] [stdout] 153 +             .expect("telemetry receipt action builds"),
[INFO] [stdout]     |
[INFO] [stdout] 
[INFO] [stdout] 
[INFO] [stdout] error[E0599]: no method named `test_expect` found for enum `Result<T, E>` in the current scope
[INFO] [stdout]    --> tests/enterprise_export.rs:172:6
[INFO] [stdout]     |
[INFO] [stdout] 141 |     ChioReceipt::sign(
[INFO] [stdout] 142 |         ChioReceiptBody {
[INFO] [stdout] 143 |             id: String::new(),
[INFO] [stdout] 144 |             timestamp: 1_765_324_800,
[INFO] [stdout] 145 |             capability_id: "cap-enterprise-telemetry".to_string(),
[INFO] [stdout] 146 |             tool_server: "enterprise-export".to_string(),
[INFO] [stdout] 147 |             tool_name: event_kind.to_string(),
[INFO] [stdout] 148 |             action: ToolCallAction::from_parameters(json!({
[INFO] [stdout] 149 |                 "event_id": event_id,
[INFO] [stdout] 150 |                 "artifact_ref": artifact_ref,
[INFO] [stdout] 151 |                 "artifact_sha256": artifact_sha256
[INFO] [stdout] 152 |             }))
[INFO] [stdout] 153 |             .test_expect("telemetry receipt action builds"),
[INFO] [stdout] 154 |             decision: None,
[INFO] [stdout] 155 |             receipt_kind: ReceiptKind::TraceObservation,
[INFO] [stdout] 156 |             boundary_class: BoundaryClass::DetectOnly,
[INFO] [stdout] 157 |             observation_outcome: Some(ObservationOutcome::Observed),
[INFO] [stdout] 158 |             tool_origin: ToolOrigin::HostExecutedProviderReported,
[INFO] [stdout] 159 |             redaction_mode: RedactionMode::Summary,
[INFO] [stdout] 160 |             actor_chain: Vec::new(),
[INFO] [stdout] 161 |             content_hash: content_hash.to_string(),
[INFO] [stdout] 162 |             policy_hash: "0".repeat(64),
[INFO] [stdout] 163 |             evidence: Vec::new(),
[INFO] [stdout] 164 |             metadata: None,
[INFO] [stdout] 165 |             trust_level: TrustLevel::Verified,
[INFO] [stdout] 166 |             tenant_id: None,
[INFO] [stdout] 167 |             kernel_key: keypair.public_key(),
[INFO] [stdout] 168 |             bbs_projection_version: None,
[INFO] [stdout] 169 |         },
[INFO] [stdout] 170 |         keypair,
[INFO] [stdout] 171 |     )
[INFO] [stdout] 172 |     .test_expect("telemetry receipt signs")
[INFO] [stdout]     |      ^^^^^^^^^^^
[INFO] [stdout]     |
[INFO] [stdout] help: there is a method `expect` with a similar name
[INFO] [stdout]     |
[INFO] [stdout] 172 -     .test_expect("telemetry receipt signs")
[INFO] [stdout] 172 +     .expect("telemetry receipt signs")
[INFO] [stdout]     |
[INFO] [stdout] 
[INFO] [stdout] 
[INFO] [stdout] error[E0599]: no method named `test_expect` found for enum `Result<T, E>` in the current scope
[INFO] [stdout]    --> tests/enterprise_export.rs:186:10
[INFO] [stdout]     |
[INFO] [stdout] 185 |     let canonical = chio_core_types::canonical_json_bytes(&artifact_list)
[INFO] [stdout] 186 |         .test_expect("export artifacts canonicalize");
[INFO] [stdout]     |          ^^^^^^^^^^^
[INFO] [stdout]     |
[INFO] [stdout] help: there is a method `expect` with a similar name
[INFO] [stdout]     |
[INFO] [stdout] 186 -         .test_expect("export artifacts canonicalize");
[INFO] [stdout] 186 +         .expect("export artifacts canonicalize");
[INFO] [stdout]     |
[INFO] [stdout] 
[INFO] [stdout] 
[INFO] [stdout] error[E0599]: no method named `test_expect` found for enum `Option<T>` in the current scope
[INFO] [stdout]    --> tests/enterprise_export.rs:215:14
[INFO] [stdout]     |
[INFO] [stdout] 213 |         let old_id = node["id"]
[INFO] [stdout] 214 |             .as_str()
[INFO] [stdout] 215 |             .test_expect("graph node id exists")
[INFO] [stdout]     |              ^^^^^^^^^^^
[INFO] [stdout]     |
[INFO] [stdout] help: there is a method `expect` with a similar name
[INFO] [stdout]     |
[INFO] [stdout] 215 -             .test_expect("graph node id exists")
[INFO] [stdout] 215 +             .expect("graph node id exists")
[INFO] [stdout]     |
[INFO] [stdout] 
[INFO] [stdout] 
[INFO] [stdout] error[E0599]: no method named `test_expect` found for enum `Option<T>` in the current scope
[INFO] [stdout]    --> tests/enterprise_export.rs:219:14
[INFO] [stdout]     |
[INFO] [stdout] 217 |         let digest = node["sha256"]
[INFO] [stdout] 218 |             .as_str()
[INFO] [stdout] 219 |             .test_expect("graph node digest exists")
[INFO] [stdout]     |              ^^^^^^^^^^^
[INFO] [stdout]     |
[INFO] [stdout] help: there is a method `expect` with a similar name
[INFO] [stdout]     |
[INFO] [stdout] 219 -             .test_expect("graph node digest exists")
[INFO] [stdout] 219 +             .expect("graph node digest exists")
[INFO] [stdout]     |
[INFO] [stdout] 
[INFO] [stdout] 
[INFO] [stdout] error[E0599]: no method named `test_expect` found for enum `Option<T>` in the current scope
[INFO] [stdout]    --> tests/enterprise_export.rs:275:10
[INFO] [stdout]     |
[INFO] [stdout] 273 |     for entry in reserve_ledger
[INFO] [stdout] 274 |         .as_array()
[INFO] [stdout] 275 |         .test_expect("reserve ledger array")
[INFO] [stdout]     |          ^^^^^^^^^^^
[INFO] [stdout]     |
[INFO] [stdout] help: there is a method `expect` with a similar name
[INFO] [stdout]     |
[INFO] [stdout] 275 -         .test_expect("reserve ledger array")
[INFO] [stdout] 275 +         .expect("reserve ledger array")
[INFO] [stdout]     |
[INFO] [stdout] 
[INFO] [stdout] 
[INFO] [stdout] error[E0599]: no method named `test_expect` found for enum `Option<T>` in the current scope
[INFO] [stdout]    --> tests/enterprise_export.rs:337:10
[INFO] [stdout]     |
[INFO] [stdout] 335 |     let instructions = reserve_ledger
[INFO] [stdout] 336 |         .as_array()
[INFO] [stdout] 337 |         .test_expect("reserve ledger is an array")
[INFO] [stdout]     |          ^^^^^^^^^^^
[INFO] [stdout]     |
[INFO] [stdout] help: there is a method `expect` with a similar name
[INFO] [stdout]     |
[INFO] [stdout] 337 -         .test_expect("reserve ledger is an array")
[INFO] [stdout] 337 +         .expect("reserve ledger is an array")
[INFO] [stdout]     |
[INFO] [stdout] 
[INFO] [stdout] 
[INFO] [stdout] error[E0599]: no method named `test_expect` found for enum `Result<T, E>` in the current scope
[INFO] [stdout]     --> tests/enterprise_export.rs:1454:63
[INFO] [stdout]      |
[INFO] [stdout] 1454 |         serde_json::from_slice(&bundle.verifier_policy_bytes).test_expect("verifier policy parses");
[INFO] [stdout]      |                                                               ^^^^^^^^^^^
[INFO] [stdout]      |
[INFO] [stdout] help: there is a method `expect` with a similar name
[INFO] [stdout]      |
[INFO] [stdout] 1454 -         serde_json::from_slice(&bundle.verifier_policy_bytes).test_expect("verifier policy parses");
[INFO] [stdout] 1454 +         serde_json::from_slice(&bundle.verifier_policy_bytes).expect("verifier policy parses");
[INFO] [stdout]      |
[INFO] [stdout] 
[INFO] [stdout] 
[INFO] [stdout] error[E0599]: no method named `test_expect` found for enum `Result<T, E>` in the current scope
[INFO] [stdout]     --> tests/enterprise_export.rs:1494:62
[INFO] [stdout]      |
[INFO] [stdout] 1494 |         serde_json::from_slice(&bundle.evidence_graph_bytes).test_expect("evidence graph parses");
[INFO] [stdout]      |                                                              ^^^^^^^^^^^
[INFO] [stdout]      |
[INFO] [stdout] help: there is a method `expect` with a similar name
[INFO] [stdout]      |
[INFO] [stdout] 1494 -         serde_json::from_slice(&bundle.evidence_graph_bytes).test_expect("evidence graph parses");
[INFO] [stdout] 1494 +         serde_json::from_slice(&bundle.evidence_graph_bytes).expect("evidence graph parses");
[INFO] [stdout]      |
[INFO] [stdout] 
[INFO] [stdout] 
[INFO] [stdout] error[E0599]: no method named `test_expect` found for enum `Option<T>` in the current scope
[INFO] [stdout]     --> tests/enterprise_export.rs:1543:10
[INFO] [stdout]      |
[INFO] [stdout] 1540 |     let artifact_bytes = bundle
[INFO] [stdout] 1541 |         .artifacts
[INFO] [stdout] 1542 |         .get(artifact_ref)
[INFO] [stdout] 1543 |         .test_expect("data governance artifact exists");
[INFO] [stdout]      |          ^^^^^^^^^^^
[INFO] [stdout]      |
[INFO] [stdout] help: there is a method `expect` with a similar name
[INFO] [stdout]      |
[INFO] [stdout] 1543 -         .test_expect("data governance artifact exists");
[INFO] [stdout] 1543 +         .expect("data governance artifact exists");
[INFO] [stdout]      |
[INFO] [stdout] 
[INFO] [stdout] 
[INFO] [stdout] error[E0599]: no method named `test_expect` found for enum `Result<T, E>` in the current scope
[INFO] [stdout]     --> tests/enterprise_export.rs:1556:50
[INFO] [stdout]      |
[INFO] [stdout] 1556 |         json_bytes(serde_json::to_value(receipt).test_expect("receipt serializes")),
[INFO] [stdout]      |                                                  ^^^^^^^^^^^
[INFO] [stdout]      |
[INFO] [stdout] help: there is a method `expect` with a similar name
[INFO] [stdout]      |
[INFO] [stdout] 1556 -         json_bytes(serde_json::to_value(receipt).test_expect("receipt serializes")),
[INFO] [stdout] 1556 +         json_bytes(serde_json::to_value(receipt).expect("receipt serializes")),
[INFO] [stdout]      |
[INFO] [stdout] 
[INFO] [stdout] 
[INFO] [stdout] error[E0599]: no method named `test_expect` found for enum `Option<T>` in the current scope
[INFO] [stdout]     --> tests/enterprise_export.rs:1563:14
[INFO] [stdout]      |
[INFO] [stdout] 1560 |         bundle
[INFO] [stdout] 1561 |             .artifacts
[INFO] [stdout] 1562 |             .get("telemetry-projection.json")
[INFO] [stdout] 1563 |             .test_expect("telemetry artifact exists"),
[INFO] [stdout]      |              ^^^^^^^^^^^
[INFO] [stdout]      |
[INFO] [stdout] help: there is a method `expect` with a similar name
[INFO] [stdout]      |
[INFO] [stdout] 1563 -             .test_expect("telemetry artifact exists"),
[INFO] [stdout] 1563 +             .expect("telemetry artifact exists"),
[INFO] [stdout]      |
[INFO] [stdout] 
[INFO] [stdout] 
[INFO] [stdout] error[E0599]: no method named `test_expect` found for enum `Result<T, E>` in the current scope
[INFO] [stdout]     --> tests/enterprise_export.rs:1565:6
[INFO] [stdout]      |
[INFO] [stdout] 1559 |     let mut telemetry: Value = serde_json::from_slice(
[INFO] [stdout] 1560 |         bundle
[INFO] [stdout] 1561 |             .artifacts
[INFO] [stdout] 1562 |             .get("telemetry-projection.json")
[INFO] [stdout] 1563 |             .test_expect("telemetry artifact exists"),
[INFO] [stdout] 1564 |     )
[INFO] [stdout] 1565 |     .test_expect("telemetry artifact parses");
[INFO] [stdout]      |      ^^^^^^^^^^^
[INFO] [stdout]      |
[INFO] [stdout] help: there is a method `expect` with a similar name
[INFO] [stdout]      |
[INFO] [stdout] 1565 -     .test_expect("telemetry artifact parses");
[INFO] [stdout] 1565 +     .expect("telemetry artifact parses");
[INFO] [stdout]      |
[INFO] [stdout] 
[INFO] [stdout] 
[INFO] [stdout] error[E0599]: no method named `test_expect` found for enum `Option<T>` in the current scope
[INFO] [stdout]     --> tests/enterprise_export.rs:1589:14
[INFO] [stdout]      |
[INFO] [stdout] 1586 |         bundle
[INFO] [stdout] 1587 |             .artifacts
[INFO] [stdout] 1588 |             .get("evidence-export-bundle.json")
[INFO] [stdout] 1589 |             .test_expect("evidence export bundle artifact exists"),
[INFO] [stdout]      |              ^^^^^^^^^^^
[INFO] [stdout]      |
[INFO] [stdout] help: there is a method `expect` with a similar name
[INFO] [stdout]      |
[INFO] [stdout] 1589 -             .test_expect("evidence export bundle artifact exists"),
[INFO] [stdout] 1589 +             .expect("evidence export bundle artifact exists"),
[INFO] [stdout]      |
[INFO] [stdout] 
[INFO] [stdout] 
[INFO] [stdout] error[E0599]: no method named `test_expect` found for enum `Result<T, E>` in the current scope
[INFO] [stdout]     --> tests/enterprise_export.rs:1591:6
[INFO] [stdout]      |
[INFO] [stdout] 1585 |     let export_bundle: Value = serde_json::from_slice(
[INFO] [stdout] 1586 |         bundle
[INFO] [stdout] 1587 |             .artifacts
[INFO] [stdout] 1588 |             .get("evidence-export-bundle.json")
[INFO] [stdout] 1589 |             .test_expect("evidence export bundle artifact exists"),
[INFO] [stdout] 1590 |     )
[INFO] [stdout] 1591 |     .test_expect("evidence export bundle parses");
[INFO] [stdout]      |      ^^^^^^^^^^^
[INFO] [stdout]      |
[INFO] [stdout] help: there is a method `expect` with a similar name
[INFO] [stdout]      |
[INFO] [stdout] 1591 -     .test_expect("evidence export bundle parses");
[INFO] [stdout] 1591 +     .expect("evidence export bundle parses");
[INFO] [stdout]      |
[INFO] [stdout] 
[INFO] [stdout] 
[INFO] [stdout] error[E0599]: no method named `test_expect` found for enum `Option<T>` in the current scope
[INFO] [stdout]     --> tests/enterprise_export.rs:1603:10
[INFO] [stdout]      |
[INFO] [stdout] 1600 |     let source = bundle
[INFO] [stdout] 1601 |         .artifacts
[INFO] [stdout] 1602 |         .get("risk-comptroller-report.json")
[INFO] [stdout] 1603 |         .test_expect("risk report artifact exists");
[INFO] [stdout]      |          ^^^^^^^^^^^
[INFO] [stdout]      |
[INFO] [stdout] help: there is a method `expect` with a similar name
[INFO] [stdout]      |
[INFO] [stdout] 1603 -         .test_expect("risk report artifact exists");
[INFO] [stdout] 1603 +         .expect("risk report artifact exists");
[INFO] [stdout]      |
[INFO] [stdout] 
[INFO] [stdout] 
[INFO] [stdout] error[E0599]: no method named `test_expect` found for enum `Result<T, E>` in the current scope
[INFO] [stdout]     --> tests/enterprise_export.rs:1605:40
[INFO] [stdout]      |
[INFO] [stdout] 1605 |         serde_json::from_slice(source).test_expect("risk report artifact parses");
[INFO] [stdout]      |                                        ^^^^^^^^^^^
[INFO] [stdout]      |
[INFO] [stdout] help: there is a method `expect` with a similar name
[INFO] [stdout]      |
[INFO] [stdout] 1605 -         serde_json::from_slice(source).test_expect("risk report artifact parses");
[INFO] [stdout] 1605 +         serde_json::from_slice(source).expect("risk report artifact parses");
[INFO] [stdout]      |
[INFO] [stdout] 
[INFO] [stdout] 
[INFO] [stdout] error[E0599]: no method named `test_expect` found for enum `Result<T, E>` in the current scope
[INFO] [stdout]     --> tests/enterprise_export.rs:1629:62
[INFO] [stdout]      |
[INFO] [stdout] 1629 |         serde_json::from_slice(&bundle.evidence_graph_bytes).test_expect("evidence graph parses");
[INFO] [stdout]      |                                                              ^^^^^^^^^^^
[INFO] [stdout]      |
[INFO] [stdout] help: there is a method `expect` with a similar name
[INFO] [stdout]      |
[INFO] [stdout] 1629 -         serde_json::from_slice(&bundle.evidence_graph_bytes).test_expect("evidence graph parses");
[INFO] [stdout] 1629 +         serde_json::from_slice(&bundle.evidence_graph_bytes).expect("evidence graph parses");
[INFO] [stdout]      |
[INFO] [stdout] 
[INFO] [stdout] 
[INFO] [stdout] error[E0599]: no method named `test_expect` found for enum `Option<T>` in the current scope
[INFO] [stdout]     --> tests/enterprise_export.rs:1669:14
[INFO] [stdout]      |
[INFO] [stdout] 1666 |         bundle
[INFO] [stdout] 1667 |             .artifacts
[INFO] [stdout] 1668 |             .get("evidence-export-bundle.json")
[INFO] [stdout] 1669 |             .test_expect("evidence export bundle artifact exists"),
[INFO] [stdout]      |              ^^^^^^^^^^^
[INFO] [stdout]      |
[INFO] [stdout] help: there is a method `expect` with a similar name
[INFO] [stdout]      |
[INFO] [stdout] 1669 -             .test_expect("evidence export bundle artifact exists"),
[INFO] [stdout] 1669 +             .expect("evidence export bundle artifact exists"),
[INFO] [stdout]      |
[INFO] [stdout] 
[INFO] [stdout] 
[INFO] [stdout] error[E0599]: no method named `test_expect` found for enum `Result<T, E>` in the current scope
[INFO] [stdout]     --> tests/enterprise_export.rs:1671:6
[INFO] [stdout]      |
[INFO] [stdout] 1665 |     let mut export_bundle: Value = serde_json::from_slice(
[INFO] [stdout] 1666 |         bundle
[INFO] [stdout] 1667 |             .artifacts
[INFO] [stdout] 1668 |             .get("evidence-export-bundle.json")
[INFO] [stdout] 1669 |             .test_expect("evidence export bundle artifact exists"),
[INFO] [stdout] 1670 |     )
[INFO] [stdout] 1671 |     .test_expect("evidence export bundle parses");
[INFO] [stdout]      |      ^^^^^^^^^^^
[INFO] [stdout]      |
[INFO] [stdout] help: there is a method `expect` with a similar name
[INFO] [stdout]      |
[INFO] [stdout] 1671 -     .test_expect("evidence export bundle parses");
[INFO] [stdout] 1671 +     .expect("evidence export bundle parses");
[INFO] [stdout]      |
[INFO] [stdout] 
[INFO] [stdout] 
[INFO] [stdout] error[E0599]: no method named `test_expect` found for enum `Option<T>` in the current scope
[INFO] [stdout]     --> tests/enterprise_export.rs:1699:14
[INFO] [stdout]      |
[INFO] [stdout] 1696 |         bundle
[INFO] [stdout] 1697 |             .artifacts
[INFO] [stdout] 1698 |             .get("evidence-export-bundle.json")
[INFO] [stdout] 1699 |             .test_expect("evidence export bundle exists"),
[INFO] [stdout]      |              ^^^^^^^^^^^
[INFO] [stdout]      |
[INFO] [stdout] help: there is a method `expect` with a similar name
[INFO] [stdout]      |
[INFO] [stdout] 1699 -             .test_expect("evidence export bundle exists"),
[INFO] [stdout] 1699 +             .expect("evidence export bundle exists"),
[INFO] [stdout]      |
[INFO] [stdout] 
[INFO] [stdout] 
[INFO] [stdout] error[E0599]: no method named `test_expect` found for enum `Result<T, E>` in the current scope
[INFO] [stdout]     --> tests/enterprise_export.rs:1701:6
[INFO] [stdout]      |
[INFO] [stdout] 1695 |     let export_bundle: Value = serde_json::from_slice(
[INFO] [stdout] 1696 |         bundle
[INFO] [stdout] 1697 |             .artifacts
[INFO] [stdout] 1698 |             .get("evidence-export-bundle.json")
[INFO] [stdout] 1699 |             .test_expect("evidence export bundle exists"),
[INFO] [stdout] 1700 |     )
[INFO] [stdout] 1701 |     .test_expect("evidence export bundle parses");
[INFO] [stdout]      |      ^^^^^^^^^^^
[INFO] [stdout]      |
[INFO] [stdout] help: there is a method `expect` with a similar name
[INFO] [stdout]      |
[INFO] [stdout] 1701 -     .test_expect("evidence export bundle parses");
[INFO] [stdout] 1701 +     .expect("evidence export bundle parses");
[INFO] [stdout]      |
[INFO] [stdout] 
[INFO] [stdout] 
[INFO] [stdout] error[E0599]: no method named `test_expect` found for enum `Result<T, E>` in the current scope
[INFO] [stdout]     --> tests/enterprise_export.rs:1711:10
[INFO] [stdout]      |
[INFO] [stdout] 1710 |     let report = verify_enterprise_export(&bundle)
[INFO] [stdout] 1711 |         .test_expect("valid enterprise export evidence should verify");
[INFO] [stdout]      |          ^^^^^^^^^^^
[INFO] [stdout]      |
[INFO] [stdout] help: there is a method `expect` with a similar name
[INFO] [stdout]      |
[INFO] [stdout] 1711 -         .test_expect("valid enterprise export evidence should verify");
[INFO] [stdout] 1711 +         .expect("valid enterprise export evidence should verify");
[INFO] [stdout]      |
[INFO] [stdout] 
[INFO] [stdout] 
[INFO] [stdout] error[E0599]: no method named `test_expect_err` found for enum `Result<T, E>` in the current scope
[INFO] [stdout]     --> tests/enterprise_export.rs:1743:10
[INFO] [stdout]      |
[INFO] [stdout] 1742 |     let error = verify_enterprise_export(&bundle)
[INFO] [stdout] 1743 |         .test_expect_err("enterprise verifier must reject a forged passport root");
[INFO] [stdout]      |          ^^^^^^^^^^^^^^^
[INFO] [stdout]      |
[INFO] [stdout] help: there is a method `expect_err` with a similar name
[INFO] [stdout]      |
[INFO] [stdout] 1743 -         .test_expect_err("enterprise verifier must reject a forged passport root");
[INFO] [stdout] 1743 +         .expect_err("enterprise verifier must reject a forged passport root");
[INFO] [stdout]      |
[INFO] [stdout] 
[INFO] [stdout] 
[INFO] [stdout] error[E0599]: no method named `test_expect` found for enum `Option<T>` in the current scope
[INFO] [stdout]     --> tests/enterprise_export.rs:1757:14
[INFO] [stdout]      |
[INFO] [stdout] 1754 |         bundle
[INFO] [stdout] 1755 |             .artifacts
[INFO] [stdout] 1756 |             .get("risk-comptroller-report.json")
[INFO] [stdout] 1757 |             .test_expect("risk report artifact exists"),
[INFO] [stdout]      |              ^^^^^^^^^^^
[INFO] [stdout]      |
[INFO] [stdout] help: there is a method `expect` with a similar name
[INFO] [stdout]      |
[INFO] [stdout] 1757 -             .test_expect("risk report artifact exists"),
[INFO] [stdout] 1757 +             .expect("risk report artifact exists"),
[INFO] [stdout]      |
[INFO] [stdout] 
[INFO] [stdout] 
[INFO] [stdout] error[E0599]: no method named `test_expect` found for enum `Result<T, E>` in the current scope
[INFO] [stdout]     --> tests/enterprise_export.rs:1759:6
[INFO] [stdout]      |
[INFO] [stdout] 1753 |     let mut risk_report: Value = serde_json::from_slice(
[INFO] [stdout] 1754 |         bundle
[INFO] [stdout] 1755 |             .artifacts
[INFO] [stdout] 1756 |             .get("risk-comptroller-report.json")
[INFO] [stdout] 1757 |             .test_expect("risk report artifact exists"),
[INFO] [stdout] 1758 |     )
[INFO] [stdout] 1759 |     .test_expect("risk report parses");
[INFO] [stdout]      |      ^^^^^^^^^^^
[INFO] [stdout]      |
[INFO] [stdout] help: there is a method `expect` with a similar name
[INFO] [stdout]      |
[INFO] [stdout] 1759 -     .test_expect("risk report parses");
[INFO] [stdout] 1759 +     .expect("risk report parses");
[INFO] [stdout]      |
[INFO] [stdout] 
[INFO] [stdout] 
[INFO] [stdout] error[E0599]: no method named `test_expect_err` found for enum `Result<T, E>` in the current scope
[INFO] [stdout]     --> tests/enterprise_export.rs:1772:10
[INFO] [stdout]      |
[INFO] [stdout] 1771 |     let error = verify_enterprise_export(&bundle)
[INFO] [stdout] 1772 |         .test_expect_err("unsigned risk comptroller report must not verify");
[INFO] [stdout]      |          ^^^^^^^^^^^^^^^
[INFO] [stdout]      |
[INFO] [stdout] help: there is a method `expect_err` with a similar name
[INFO] [stdout]      |
[INFO] [stdout] 1772 -         .test_expect_err("unsigned risk comptroller report must not verify");
[INFO] [stdout] 1772 +         .expect_err("unsigned risk comptroller report must not verify");
[INFO] [stdout]      |
[INFO] [stdout] 
[INFO] [stdout] 
[INFO] [stdout] error[E0599]: no method named `test_expect` found for enum `Result<T, E>` in the current scope
[INFO] [stdout]     --> tests/enterprise_export.rs:1785:10
[INFO] [stdout]      |
[INFO] [stdout] 1784 |     let report = verify_enterprise_export(&bundle)
[INFO] [stdout] 1785 |         .test_expect("enterprise evidence should bind to its referenced risk report");
[INFO] [stdout]      |          ^^^^^^^^^^^
[INFO] [stdout]      |
[INFO] [stdout] help: there is a method `expect` with a similar name
[INFO] [stdout]      |
[INFO] [stdout] 1785 -         .test_expect("enterprise evidence should bind to its referenced risk report");
[INFO] [stdout] 1785 +         .expect("enterprise evidence should bind to its referenced risk report");
[INFO] [stdout]      |
[INFO] [stdout] 
[INFO] [stdout] 
[INFO] [stdout] error[E0599]: no method named `test_expect_err` found for enum `Result<T, E>` in the current scope
[INFO] [stdout]     --> tests/enterprise_export.rs:1817:10
[INFO] [stdout]      |
[INFO] [stdout] 1816 |     let error = verify_enterprise_export(&bundle)
[INFO] [stdout] 1817 |         .test_expect_err("duplicate approvers must not satisfy quorum");
[INFO] [stdout]      |          ^^^^^^^^^^^^^^^
[INFO] [stdout]      |
[INFO] [stdout] help: there is a method `expect_err` with a similar name
[INFO] [stdout]      |
[INFO] [stdout] 1817 -         .test_expect_err("duplicate approvers must not satisfy quorum");
[INFO] [stdout] 1817 +         .expect_err("duplicate approvers must not satisfy quorum");
[INFO] [stdout]      |
[INFO] [stdout] 
[INFO] [stdout] 
[INFO] [stdout] error[E0599]: no method named `test_expect_err` found for enum `Result<T, E>` in the current scope
[INFO] [stdout]     --> tests/enterprise_export.rs:1846:10
[INFO] [stdout]      |
[INFO] [stdout] 1845 |     let error = verify_enterprise_export(&bundle)
[INFO] [stdout] 1846 |         .test_expect_err("padded duplicate approvers must not satisfy quorum");
[INFO] [stdout]      |          ^^^^^^^^^^^^^^^
[INFO] [stdout]      |
[INFO] [stdout] help: there is a method `expect_err` with a similar name
[INFO] [stdout]      |
[INFO] [stdout] 1846 -         .test_expect_err("padded duplicate approvers must not satisfy quorum");
[INFO] [stdout] 1846 +         .expect_err("padded duplicate approvers must not satisfy quorum");
[INFO] [stdout]      |
[INFO] [stdout] 
[INFO] [stdout] 
[INFO] [stdout] error[E0599]: no method named `test_expect_err` found for enum `Result<T, E>` in the current scope
[INFO] [stdout]     --> tests/enterprise_export.rs:1875:10
[INFO] [stdout]      |
[INFO] [stdout] 1874 |     let error = verify_enterprise_export(&bundle)
[INFO] [stdout] 1875 |         .test_expect_err("blank approver identity must not satisfy quorum");
[INFO] [stdout]      |          ^^^^^^^^^^^^^^^
[INFO] [stdout]      |
[INFO] [stdout] help: there is a method `expect_err` with a similar name
[INFO] [stdout]      |
[INFO] [stdout] 1875 -         .test_expect_err("blank approver identity must not satisfy quorum");
[INFO] [stdout] 1875 +         .expect_err("blank approver identity must not satisfy quorum");
[INFO] [stdout]      |
[INFO] [stdout] 
[INFO] [stdout] 
[INFO] [stdout] error[E0599]: no method named `test_expect` found for enum `Option<T>` in the current scope
[INFO] [stdout]     --> tests/enterprise_export.rs:1889:14
[INFO] [stdout]      |
[INFO] [stdout] 1886 |         bundle
[INFO] [stdout] 1887 |             .artifacts
[INFO] [stdout] 1888 |             .get("approval-case.json")
[INFO] [stdout] 1889 |             .test_expect("approval case artifact exists"),
[INFO] [stdout]      |              ^^^^^^^^^^^
[INFO] [stdout]      |
[INFO] [stdout] help: there is a method `expect` with a similar name
[INFO] [stdout]      |
[INFO] [stdout] 1889 -             .test_expect("approval case artifact exists"),
[INFO] [stdout] 1889 +             .expect("approval case artifact exists"),
[INFO] [stdout]      |
[INFO] [stdout] 
[INFO] [stdout] 
[INFO] [stdout] error[E0599]: no method named `test_expect` found for enum `Result<T, E>` in the current scope
[INFO] [stdout]     --> tests/enterprise_export.rs:1891:6
[INFO] [stdout]      |
[INFO] [stdout] 1885 |     let mut approval: Value = serde_json::from_slice(
[INFO] [stdout] 1886 |         bundle
[INFO] [stdout] 1887 |             .artifacts
[INFO] [stdout] 1888 |             .get("approval-case.json")
[INFO] [stdout] 1889 |             .test_expect("approval case artifact exists"),
[INFO] [stdout] 1890 |     )
[INFO] [stdout] 1891 |     .test_expect("approval case parses");
[INFO] [stdout]      |      ^^^^^^^^^^^
[INFO] [stdout]      |
[INFO] [stdout] help: there is a method `expect` with a similar name
[INFO] [stdout]      |
[INFO] [stdout] 1891 -     .test_expect("approval case parses");
[INFO] [stdout] 1891 +     .expect("approval case parses");
[INFO] [stdout]      |
[INFO] [stdout] 
[INFO] [stdout] 
[INFO] [stdout] error[E0599]: no method named `test_expect_err` found for enum `Result<T, E>` in the current scope
[INFO] [stdout]     --> tests/enterprise_export.rs:1900:10
[INFO] [stdout]      |
[INFO] [stdout] 1899 |     let error = verify_enterprise_export(&bundle)
[INFO] [stdout] 1900 |         .test_expect_err("forged approval signature must not authorize export");
[INFO] [stdout]      |          ^^^^^^^^^^^^^^^
[INFO] [stdout]      |
[INFO] [stdout] help: there is a method `expect_err` with a similar name
[INFO] [stdout]      |
[INFO] [stdout] 1900 -         .test_expect_err("forged approval signature must not authorize export");
[INFO] [stdout] 1900 +         .expect_err("forged approval signature must not authorize export");
[INFO] [stdout]      |
[INFO] [stdout] 
[INFO] [stdout] 
[INFO] [stdout] error[E0599]: no method named `test_expect_err` found for enum `Result<T, E>` in the current scope
[INFO] [stdout]     --> tests/enterprise_export.rs:1933:10
[INFO] [stdout]      |
[INFO] [stdout] 1932 |     let error = verify_enterprise_export(&bundle)
[INFO] [stdout] 1933 |         .test_expect_err("untrusted approval signer must not authorize export");
[INFO] [stdout]      |          ^^^^^^^^^^^^^^^
[INFO] [stdout]      |
[INFO] [stdout] help: there is a method `expect_err` with a similar name
[INFO] [stdout]      |
[INFO] [stdout] 1933 -         .test_expect_err("untrusted approval signer must not authorize export");
[INFO] [stdout] 1933 +         .expect_err("untrusted approval signer must not authorize export");
[INFO] [stdout]      |
[INFO] [stdout] 
[INFO] [stdout] 
[INFO] [stdout] error[E0599]: no method named `test_expect` found for enum `Option<T>` in the current scope
[INFO] [stdout]     --> tests/enterprise_export.rs:1945:14
[INFO] [stdout]      |
[INFO] [stdout] 1942 |         bundle
[INFO] [stdout] 1943 |             .artifacts
[INFO] [stdout] 1944 |             .get("evidence-export-bundle.json")
[INFO] [stdout] 1945 |             .test_expect("evidence export bundle artifact exists"),
[INFO] [stdout]      |              ^^^^^^^^^^^
[INFO] [stdout]      |
[INFO] [stdout] help: there is a method `expect` with a similar name
[INFO] [stdout]      |
[INFO] [stdout] 1945 -             .test_expect("evidence export bundle artifact exists"),
[INFO] [stdout] 1945 +             .expect("evidence export bundle artifact exists"),
[INFO] [stdout]      |
[INFO] [stdout] 
[INFO] [stdout] 
[INFO] [stdout] error[E0599]: no method named `test_expect` found for enum `Result<T, E>` in the current scope
[INFO] [stdout]     --> tests/enterprise_export.rs:1947:6
[INFO] [stdout]      |
[INFO] [stdout] 1941 |     let mut export_bundle: Value = serde_json::from_slice(
[INFO] [stdout] 1942 |         bundle
[INFO] [stdout] 1943 |             .artifacts
[INFO] [stdout] 1944 |             .get("evidence-export-bundle.json")
[INFO] [stdout] 1945 |             .test_expect("evidence export bundle artifact exists"),
[INFO] [stdout] 1946 |     )
[INFO] [stdout] 1947 |     .test_expect("evidence export bundle parses");
[INFO] [stdout]      |      ^^^^^^^^^^^
[INFO] [stdout]      |
[INFO] [stdout] help: there is a method `expect` with a similar name
[INFO] [stdout]      |
[INFO] [stdout] 1947 -     .test_expect("evidence export bundle parses");
[INFO] [stdout] 1947 +     .expect("evidence export bundle parses");
[INFO] [stdout]      |
[INFO] [stdout] 
[INFO] [stdout] 
[INFO] [stdout] error[E0599]: no method named `test_expect_err` found for enum `Result<T, E>` in the current scope
[INFO] [stdout]     --> tests/enterprise_export.rs:1957:10
[INFO] [stdout]      |
[INFO] [stdout] 1956 |     let error = verify_enterprise_export(&bundle)
[INFO] [stdout] 1957 |         .test_expect_err("expired approval must not authorize later export");
[INFO] [stdout]      |          ^^^^^^^^^^^^^^^
[INFO] [stdout]      |
[INFO] [stdout] help: there is a method `expect_err` with a similar name
[INFO] [stdout]      |
[INFO] [stdout] 1957 -         .test_expect_err("expired approval must not authorize later export");
[INFO] [stdout] 1957 +         .expect_err("expired approval must not authorize later export");
[INFO] [stdout]      |
[INFO] [stdout] 
[INFO] [stdout] 
[INFO] [stdout] error[E0599]: no method named `test_expect_err` found for enum `Result<T, E>` in the current scope
[INFO] [stdout]     --> tests/enterprise_export.rs:1988:43
[INFO] [stdout]      |
[INFO] [stdout] 1988 |         verify_enterprise_export(&bundle).test_expect_err("approval must predate evidence export");
[INFO] [stdout]      |                                           ^^^^^^^^^^^^^^^
[INFO] [stdout]      |
[INFO] [stdout] help: there is a method `expect_err` with a similar name
[INFO] [stdout]      |
[INFO] [stdout] 1988 -         verify_enterprise_export(&bundle).test_expect_err("approval must predate evidence export");
[INFO] [stdout] 1988 +         verify_enterprise_export(&bundle).expect_err("approval must predate evidence export");
[INFO] [stdout]      |
[INFO] [stdout] 
[INFO] [stdout] 
[INFO] [stdout] error[E0599]: no method named `test_expect` found for enum `Result<T, E>` in the current scope
[INFO] [stdout]     --> tests/enterprise_export.rs:2001:10
[INFO] [stdout]      |
[INFO] [stdout] 2000 |     let report = verify_enterprise_export(&bundle)
[INFO] [stdout] 2001 |         .test_expect("enterprise verifier should leave runtime claims to runtime verifier");
[INFO] [stdout]      |          ^^^^^^^^^^^
[INFO] [stdout]      |
[INFO] [stdout] help: there is a method `expect` with a similar name
[INFO] [stdout]      |
[INFO] [stdout] 2001 -         .test_expect("enterprise verifier should leave runtime claims to runtime verifier");
[INFO] [stdout] 2001 +         .expect("enterprise verifier should leave runtime claims to runtime verifier");
[INFO] [stdout]      |
[INFO] [stdout] 
[INFO] [stdout] 
[INFO] [stdout] error[E0599]: no method named `test_expect_err` found for enum `Result<T, E>` in the current scope
[INFO] [stdout]     --> tests/enterprise_export.rs:2014:10
[INFO] [stdout]      |
[INFO] [stdout] 2013 |     let error = verify_enterprise_export(&bundle)
[INFO] [stdout] 2014 |         .test_expect_err("sensitive export without approval must fail");
[INFO] [stdout]      |          ^^^^^^^^^^^^^^^
[INFO] [stdout]      |
[INFO] [stdout] help: there is a method `expect_err` with a similar name
[INFO] [stdout]      |
[INFO] [stdout] 2014 -         .test_expect_err("sensitive export without approval must fail");
[INFO] [stdout] 2014 +         .expect_err("sensitive export without approval must fail");
[INFO] [stdout]      |
[INFO] [stdout] 
[INFO] [stdout] 
[INFO] [stdout] error[E0599]: no method named `test_expect_err` found for enum `Result<T, E>` in the current scope
[INFO] [stdout]     --> tests/enterprise_export.rs:2024:10
[INFO] [stdout]      |
[INFO] [stdout] 2023 |     let error = verify_enterprise_export(&bundle)
[INFO] [stdout] 2024 |         .test_expect_err("tampered export bundle digest must fail");
[INFO] [stdout]      |          ^^^^^^^^^^^^^^^
[INFO] [stdout]      |
[INFO] [stdout] help: there is a method `expect_err` with a similar name
[INFO] [stdout]      |
[INFO] [stdout] 2024 -         .test_expect_err("tampered export bundle digest must fail");
[INFO] [stdout] 2024 +         .expect_err("tampered export bundle digest must fail");
[INFO] [stdout]      |
[INFO] [stdout] 
[INFO] [stdout] 
[INFO] [stdout] error[E0599]: no method named `test_expect` found for enum `Option<T>` in the current scope
[INFO] [stdout]     --> tests/enterprise_export.rs:2044:14
[INFO] [stdout]      |
[INFO] [stdout] 2041 |         bundle
[INFO] [stdout] 2042 |             .artifacts
[INFO] [stdout] 2043 |             .get("evidence-export-bundle.json")
[INFO] [stdout] 2044 |             .test_expect("evidence export bundle artifact exists"),
[INFO] [stdout]      |              ^^^^^^^^^^^
[INFO] [stdout]      |
[INFO] [stdout] help: there is a method `expect` with a similar name
[INFO] [stdout]      |
[INFO] [stdout] 2044 -             .test_expect("evidence export bundle artifact exists"),
[INFO] [stdout] 2044 +             .expect("evidence export bundle artifact exists"),
[INFO] [stdout]      |
[INFO] [stdout] 
[INFO] [stdout] 
[INFO] [stdout] error[E0599]: no method named `test_expect` found for enum `Result<T, E>` in the current scope
[INFO] [stdout]     --> tests/enterprise_export.rs:2046:6
[INFO] [stdout]      |
[INFO] [stdout] 2040 |     let mut export_bundle: Value = serde_json::from_slice(
[INFO] [stdout] 2041 |         bundle
[INFO] [stdout] 2042 |             .artifacts
[INFO] [stdout] 2043 |             .get("evidence-export-bundle.json")
[INFO] [stdout] 2044 |             .test_expect("evidence export bundle artifact exists"),
[INFO] [stdout] 2045 |     )
[INFO] [stdout] 2046 |     .test_expect("evidence export bundle parses");
[INFO] [stdout]      |      ^^^^^^^^^^^
[INFO] [stdout]      |
[INFO] [stdout] help: there is a method `expect` with a similar name
[INFO] [stdout]      |
[INFO] [stdout] 2046 -     .test_expect("evidence export bundle parses");
[INFO] [stdout] 2046 +     .expect("evidence export bundle parses");
[INFO] [stdout]      |
[INFO] [stdout] 
[INFO] [stdout] 
[INFO] [stdout] error[E0599]: no method named `test_expect_err` found for enum `Result<T, E>` in the current scope
[INFO] [stdout]     --> tests/enterprise_export.rs:2064:10
[INFO] [stdout]      |
[INFO] [stdout] 2063 |     let error = verify_enterprise_export(&bundle)
[INFO] [stdout] 2064 |         .test_expect_err("recomputed export bundle needs a fresh approval");
[INFO] [stdout]      |          ^^^^^^^^^^^^^^^
[INFO] [stdout]      |
[INFO] [stdout] help: there is a method `expect_err` with a similar name
[INFO] [stdout]      |
[INFO] [stdout] 2064 -         .test_expect_err("recomputed export bundle needs a fresh approval");
[INFO] [stdout] 2064 +         .expect_err("recomputed export bundle needs a fresh approval");
[INFO] [stdout]      |
[INFO] [stdout] 
[INFO] [stdout] 
[INFO] [stdout] error[E0599]: no method named `test_expect_err` found for enum `Result<T, E>` in the current scope
[INFO] [stdout]     --> tests/enterprise_export.rs:2076:10
[INFO] [stdout]      |
[INFO] [stdout] 2075 |     let error = verify_enterprise_export(&bundle)
[INFO] [stdout] 2076 |         .test_expect_err("exported passport artifact must bind to current passport");
[INFO] [stdout]      |          ^^^^^^^^^^^^^^^
[INFO] [stdout]      |
[INFO] [stdout] help: there is a method `expect_err` with a similar name
[INFO] [stdout]      |
[INFO] [stdout] 2076 -         .test_expect_err("exported passport artifact must bind to current passport");
[INFO] [stdout] 2076 +         .expect_err("exported passport artifact must bind to current passport");
[INFO] [stdout]      |
[INFO] [stdout] 
[INFO] [stdout] 
[INFO] [stdout] error[E0599]: no method named `test_expect_err` found for enum `Result<T, E>` in the current scope
[INFO] [stdout]     --> tests/enterprise_export.rs:2108:10
[INFO] [stdout]      |
[INFO] [stdout] 2107 |     let error = verify_enterprise_export(&bundle)
[INFO] [stdout] 2108 |         .test_expect_err("exported disclosure capsule must match governance ref");
[INFO] [stdout]      |          ^^^^^^^^^^^^^^^
[INFO] [stdout]      |
[INFO] [stdout] help: there is a method `expect_err` with a similar name
[INFO] [stdout]      |
[INFO] [stdout] 2108 -         .test_expect_err("exported disclosure capsule must match governance ref");
[INFO] [stdout] 2108 +         .expect_err("exported disclosure capsule must match governance ref");
[INFO] [stdout]      |
[INFO] [stdout] 
[INFO] [stdout] 
[INFO] [stdout] error[E0599]: no method named `test_expect_err` found for enum `Result<T, E>` in the current scope
[INFO] [stdout]     --> tests/enterprise_export.rs:2132:10
[INFO] [stdout]      |
[INFO] [stdout] 2131 |     let error = verify_enterprise_export(&bundle)
[INFO] [stdout] 2132 |         .test_expect_err("exported leakage ledger must match governance ref");
[INFO] [stdout]      |          ^^^^^^^^^^^^^^^
[INFO] [stdout]      |
[INFO] [stdout] help: there is a method `expect_err` with a similar name
[INFO] [stdout]      |
[INFO] [stdout] 2132 -         .test_expect_err("exported leakage ledger must match governance ref");
[INFO] [stdout] 2132 +         .expect_err("exported leakage ledger must match governance ref");
[INFO] [stdout]      |
[INFO] [stdout] 
[INFO] [stdout] 
[INFO] [stdout] error[E0599]: no method named `test_expect_err` found for enum `Result<T, E>` in the current scope
[INFO] [stdout]     --> tests/enterprise_export.rs:2144:10
[INFO] [stdout]      |
[INFO] [stdout] 2143 |     let error = verify_enterprise_export(&bundle)
[INFO] [stdout] 2144 |         .test_expect_err("PII field disclosed against governance policy must fail");
[INFO] [stdout]      |          ^^^^^^^^^^^^^^^
[INFO] [stdout]      |
[INFO] [stdout] help: there is a method `expect_err` with a similar name
[INFO] [stdout]      |
[INFO] [stdout] 2144 -         .test_expect_err("PII field disclosed against governance policy must fail");
[INFO] [stdout] 2144 +         .expect_err("PII field disclosed against governance policy must fail");
[INFO] [stdout]      |
[INFO] [stdout] 
[INFO] [stdout] 
[INFO] [stdout] error[E0599]: no method named `test_expect_err` found for enum `Result<T, E>` in the current scope
[INFO] [stdout]     --> tests/enterprise_export.rs:2153:51
[INFO] [stdout]      |
[INFO] [stdout] 2153 |     let error = verify_enterprise_export(&bundle).test_expect_err("legal hold must block export");
[INFO] [stdout]      |                                                   ^^^^^^^^^^^^^^^
[INFO] [stdout]      |
[INFO] [stdout] help: there is a method `expect_err` with a similar name
[INFO] [stdout]      |
[INFO] [stdout] 2153 -     let error = verify_enterprise_export(&bundle).test_expect_err("legal hold must block export");
[INFO] [stdout] 2153 +     let error = verify_enterprise_export(&bundle).expect_err("legal hold must block export");
[INFO] [stdout]      |
[INFO] [stdout] 
[INFO] [stdout] 
[INFO] [stdout] error[E0599]: no method named `test_expect_err` found for enum `Result<T, E>` in the current scope
[INFO] [stdout]     --> tests/enterprise_export.rs:2167:10
[INFO] [stdout]      |
[INFO] [stdout] 2166 |     let error = verify_enterprise_export(&bundle)
[INFO] [stdout] 2167 |         .test_expect_err("observed region outside policy must block export");
[INFO] [stdout]      |          ^^^^^^^^^^^^^^^
[INFO] [stdout]      |
[INFO] [stdout] help: there is a method `expect_err` with a similar name
[INFO] [stdout]      |
[INFO] [stdout] 2167 -         .test_expect_err("observed region outside policy must block export");
[INFO] [stdout] 2167 +         .expect_err("observed region outside policy must block export");
[INFO] [stdout]      |
[INFO] [stdout] 
[INFO] [stdout] 
[INFO] [stdout] error[E0599]: no method named `test_expect_err` found for enum `Result<T, E>` in the current scope
[INFO] [stdout]     --> tests/enterprise_export.rs:2181:10
[INFO] [stdout]      |
[INFO] [stdout] 2180 |     let error = verify_enterprise_export(&bundle)
[INFO] [stdout] 2181 |         .test_expect_err("retention shorter than policy must block export");
[INFO] [stdout]      |          ^^^^^^^^^^^^^^^
[INFO] [stdout]      |
[INFO] [stdout] help: there is a method `expect_err` with a similar name
[INFO] [stdout]      |
[INFO] [stdout] 2181 -         .test_expect_err("retention shorter than policy must block export");
[INFO] [stdout] 2181 +         .expect_err("retention shorter than policy must block export");
[INFO] [stdout]      |
[INFO] [stdout] 
[INFO] [stdout] 
[INFO] [stdout] error[E0599]: no method named `test_expect_err` found for enum `Result<T, E>` in the current scope
[INFO] [stdout]     --> tests/enterprise_export.rs:2195:43
[INFO] [stdout]      |
[INFO] [stdout] 2195 |         verify_enterprise_export(&bundle).test_expect_err("telemetry digest mismatch must fail");
[INFO] [stdout]      |                                           ^^^^^^^^^^^^^^^
[INFO] [stdout]      |
[INFO] [stdout] help: there is a method `expect_err` with a similar name
[INFO] [stdout]      |
[INFO] [stdout] 2195 -         verify_enterprise_export(&bundle).test_expect_err("telemetry digest mismatch must fail");
[INFO] [stdout] 2195 +         verify_enterprise_export(&bundle).expect_err("telemetry digest mismatch must fail");
[INFO] [stdout]      |
[INFO] [stdout] 
[INFO] [stdout] 
[INFO] [stdout] error[E0599]: no method named `test_expect_err` found for enum `Result<T, E>` in the current scope
[INFO] [stdout]     --> tests/enterprise_export.rs:2207:43
[INFO] [stdout]      |
[INFO] [stdout] 2207 |         verify_enterprise_export(&bundle).test_expect_err("telemetry passport mismatch must fail");
[INFO] [stdout]      |                                           ^^^^^^^^^^^^^^^
[INFO] [stdout]      |
[INFO] [stdout] help: there is a method `expect_err` with a similar name
[INFO] [stdout]      |
[INFO] [stdout] 2207 -         verify_enterprise_export(&bundle).test_expect_err("telemetry passport mismatch must fail");
[INFO] [stdout] 2207 +         verify_enterprise_export(&bundle).expect_err("telemetry passport mismatch must fail");
[INFO] [stdout]      |
[INFO] [stdout] 
[INFO] [stdout] 
[INFO] [stdout] error[E0599]: no method named `test_expect_err` found for enum `Result<T, E>` in the current scope
[INFO] [stdout]     --> tests/enterprise_export.rs:2219:10
[INFO] [stdout]      |
[INFO] [stdout] 2218 |     let error = verify_enterprise_export(&bundle)
[INFO] [stdout] 2219 |         .test_expect_err("telemetry SIEM export without receipt must fail");
[INFO] [stdout]      |          ^^^^^^^^^^^^^^^
[INFO] [stdout]      |
[INFO] [stdout] help: there is a method `expect_err` with a similar name
[INFO] [stdout]      |
[INFO] [stdout] 2219 -         .test_expect_err("telemetry SIEM export without receipt must fail");
[INFO] [stdout] 2219 +         .expect_err("telemetry SIEM export without receipt must fail");
[INFO] [stdout]      |
[INFO] [stdout] 
[INFO] [stdout] 
[INFO] [stdout] error[E0599]: no method named `test_expect` found for enum `Option<T>` in the current scope
[INFO] [stdout]     --> tests/enterprise_export.rs:2239:10
[INFO] [stdout]      |
[INFO] [stdout] 2236 |     let data_governance = bundle
[INFO] [stdout] 2237 |         .artifacts
[INFO] [stdout] 2238 |         .get("data-governance-report.json")
[INFO] [stdout] 2239 |         .test_expect("data governance artifact exists");
[INFO] [stdout]      |          ^^^^^^^^^^^
[INFO] [stdout]      |
[INFO] [stdout] help: there is a method `expect` with a similar name
[INFO] [stdout]      |
[INFO] [stdout] 2239 -         .test_expect("data governance artifact exists");
[INFO] [stdout] 2239 +         .expect("data governance artifact exists");
[INFO] [stdout]      |
[INFO] [stdout] 
[INFO] [stdout] 
[INFO] [stdout] error[E0599]: no method named `test_expect` found for enum `Option<T>` in the current scope
[INFO] [stdout]     --> tests/enterprise_export.rs:2244:14
[INFO] [stdout]      |
[INFO] [stdout] 2241 |         bundle
[INFO] [stdout] 2242 |             .artifacts
[INFO] [stdout] 2243 |             .get("telemetry-projection.json")
[INFO] [stdout] 2244 |             .test_expect("telemetry artifact exists"),
[INFO] [stdout]      |              ^^^^^^^^^^^
[INFO] [stdout]      |
[INFO] [stdout] help: there is a method `expect` with a similar name
[INFO] [stdout]      |
[INFO] [stdout] 2244 -             .test_expect("telemetry artifact exists"),
[INFO] [stdout] 2244 +             .expect("telemetry artifact exists"),
[INFO] [stdout]      |
[INFO] [stdout] 
[INFO] [stdout] 
[INFO] [stdout] error[E0599]: no method named `test_expect` found for enum `Result<T, E>` in the current scope
[INFO] [stdout]     --> tests/enterprise_export.rs:2246:6
[INFO] [stdout]      |
[INFO] [stdout] 2240 |     let mut telemetry: Value = serde_json::from_slice(
[INFO] [stdout] 2241 |         bundle
[INFO] [stdout] 2242 |             .artifacts
[INFO] [stdout] 2243 |             .get("telemetry-projection.json")
[INFO] [stdout] 2244 |             .test_expect("telemetry artifact exists"),
[INFO] [stdout] 2245 |     )
[INFO] [stdout] 2246 |     .test_expect("telemetry artifact parses");
[INFO] [stdout]      |      ^^^^^^^^^^^
[INFO] [stdout]      |
[INFO] [stdout] help: there is a method `expect` with a similar name
[INFO] [stdout]      |
[INFO] [stdout] 2246 -     .test_expect("telemetry artifact parses");
[INFO] [stdout] 2246 +     .expect("telemetry artifact parses");
[INFO] [stdout]      |
[INFO] [stdout] 
[INFO] [stdout] 
[INFO] [stdout] error[E0599]: no method named `test_expect_err` found for enum `Result<T, E>` in the current scope
[INFO] [stdout]     --> tests/enterprise_export.rs:2265:10
[INFO] [stdout]      |
[INFO] [stdout] 2264 |     let error = verify_enterprise_export(&bundle)
[INFO] [stdout] 2265 |         .test_expect_err("schema-only telemetry receipt must fail closed");
[INFO] [stdout]      |          ^^^^^^^^^^^^^^^
[INFO] [stdout]      |
[INFO] [stdout] help: there is a method `expect_err` with a similar name
[INFO] [stdout]      |
[INFO] [stdout] 2265 -         .test_expect_err("schema-only telemetry receipt must fail closed");
[INFO] [stdout] 2265 +         .expect_err("schema-only telemetry receipt must fail closed");
[INFO] [stdout]      |
[INFO] [stdout] 
[INFO] [stdout] 
[INFO] [stdout] error[E0599]: no method named `test_expect` found for enum `Option<T>` in the current scope
[INFO] [stdout]     --> tests/enterprise_export.rs:2277:14
[INFO] [stdout]      |
[INFO] [stdout] 2274 |         bundle
[INFO] [stdout] 2275 |             .artifacts
[INFO] [stdout] 2276 |             .get("data-governance-report.json")
[INFO] [stdout] 2277 |             .test_expect("data governance artifact exists"),
[INFO] [stdout]      |              ^^^^^^^^^^^
[INFO] [stdout]      |
[INFO] [stdout] help: there is a method `expect` with a similar name
[INFO] [stdout]      |
[INFO] [stdout] 2277 -             .test_expect("data governance artifact exists"),
[INFO] [stdout] 2277 +             .expect("data governance artifact exists"),
[INFO] [stdout]      |
[INFO] [stdout] 
[INFO] [stdout] 
[INFO] [stdout] error[E0599]: no method named `test_expect_err` found for enum `Result<T, E>` in the current scope
[INFO] [stdout]     --> tests/enterprise_export.rs:2286:10
[INFO] [stdout]      |
[INFO] [stdout] 2285 |     let error = verify_enterprise_export(&bundle)
[INFO] [stdout] 2286 |         .test_expect_err("untrusted telemetry receipt signer must fail closed");
[INFO] [stdout]      |          ^^^^^^^^^^^^^^^
[INFO] [stdout]      |
[INFO] [stdout] help: there is a method `expect_err` with a similar name
[INFO] [stdout]      |
[INFO] [stdout] 2286 -         .test_expect_err("untrusted telemetry receipt signer must fail closed");
[INFO] [stdout] 2286 +         .expect_err("untrusted telemetry receipt signer must fail closed");
[INFO] [stdout]      |
[INFO] [stdout] 
[INFO] [stdout] 
[INFO] [stdout] error[E0599]: no method named `test_expect_err` found for enum `Result<T, E>` in the current scope
[INFO] [stdout]     --> tests/enterprise_export.rs:2299:10
[INFO] [stdout]      |
[INFO] [stdout] 2298 |     let error = verify_enterprise_export(&bundle)
[INFO] [stdout] 2299 |         .test_expect_err("telemetry receipt must bind exported artifact digest");
[INFO] [stdout]      |          ^^^^^^^^^^^^^^^
[INFO] [stdout]      |
[INFO] [stdout] help: there is a method `expect_err` with a similar name
[INFO] [stdout]      |
[INFO] [stdout] 2299 -         .test_expect_err("telemetry receipt must bind exported artifact digest");
[INFO] [stdout] 2299 +         .expect_err("telemetry receipt must bind exported artifact digest");
[INFO] [stdout]      |
[INFO] [stdout] 
[INFO] [stdout] 
[INFO] [stdout] error[E0599]: no method named `test_expect_err` found for enum `Result<T, E>` in the current scope
[INFO] [stdout]     --> tests/enterprise_export.rs:2311:10
[INFO] [stdout]      |
[INFO] [stdout] 2310 |     let error = verify_enterprise_export(&bundle)
[INFO] [stdout] 2311 |         .test_expect_err("control map cannot cite a verifier gate that did not run");
[INFO] [stdout]      |          ^^^^^^^^^^^^^^^
[INFO] [stdout]      |
[INFO] [stdout] help: there is a method `expect_err` with a similar name
[INFO] [stdout]      |
[INFO] [stdout] 2311 -         .test_expect_err("control map cannot cite a verifier gate that did not run");
[INFO] [stdout] 2311 +         .expect_err("control map cannot cite a verifier gate that did not run");
[INFO] [stdout]      |
[INFO] [stdout] 
[INFO] [stdout] 
[INFO] [stdout] error[E0599]: no method named `test_expect_err` found for enum `Result<T, E>` in the current scope
[INFO] [stdout]     --> tests/enterprise_export.rs:2321:10
[INFO] [stdout]      |
[INFO] [stdout] 2320 |     let error = verify_enterprise_export(&bundle)
[INFO] [stdout] 2321 |         .test_expect_err("control map gate must prove the cited claim");
[INFO] [stdout]      |          ^^^^^^^^^^^^^^^
[INFO] [stdout]      |
[INFO] [stdout] help: there is a method `expect_err` with a similar name
[INFO] [stdout]      |
[INFO] [stdout] 2321 -         .test_expect_err("control map gate must prove the cited claim");
[INFO] [stdout] 2321 +         .expect_err("control map gate must prove the cited claim");
[INFO] [stdout]      |
[INFO] [stdout] 
[INFO] [stdout] 
[INFO] [stdout] error[E0599]: no method named `test_expect` found for enum `Option<T>` in the current scope
[INFO] [stdout]     --> tests/enterprise_export.rs:2335:14
[INFO] [stdout]      |
[INFO] [stdout] 2332 |         bundle
[INFO] [stdout] 2333 |             .artifacts
[INFO] [stdout] 2334 |             .get("control-evidence-map.json")
[INFO] [stdout] 2335 |             .test_expect("control map artifact exists"),
[INFO] [stdout]      |              ^^^^^^^^^^^
[INFO] [stdout]      |
[INFO] [stdout] help: there is a method `expect` with a similar name
[INFO] [stdout]      |
[INFO] [stdout] 2335 -             .test_expect("control map artifact exists"),
[INFO] [stdout] 2335 +             .expect("control map artifact exists"),
[INFO] [stdout]      |
[INFO] [stdout] 
[INFO] [stdout] 
[INFO] [stdout] error[E0599]: no method named `test_expect` found for enum `Result<T, E>` in the current scope
[INFO] [stdout]     --> tests/enterprise_export.rs:2337:6
[INFO] [stdout]      |
[INFO] [stdout] 2331 |     let mut control_map: Value = serde_json::from_slice(
[INFO] [stdout] 2332 |         bundle
[INFO] [stdout] 2333 |             .artifacts
[INFO] [stdout] 2334 |             .get("control-evidence-map.json")
[INFO] [stdout] 2335 |             .test_expect("control map artifact exists"),
[INFO] [stdout] 2336 |     )
[INFO] [stdout] 2337 |     .test_expect("control map parses");
[INFO] [stdout]      |      ^^^^^^^^^^^
[INFO] [stdout]      |
[INFO] [stdout] help: there is a method `expect` with a similar name
[INFO] [stdout]      |
[INFO] [stdout] 2337 -     .test_expect("control map parses");
[INFO] [stdout] 2337 +     .expect("control map parses");
[INFO] [stdout]      |
[INFO] [stdout] 
[INFO] [stdout] 
[INFO] [stdout] error[E0599]: no method named `test_expect` found for enum `Result<T, E>` in the current scope
[INFO] [stdout]     --> tests/enterprise_export.rs:2347:62
[INFO] [stdout]      |
[INFO] [stdout] 2347 |         serde_json::from_slice(&bundle.evidence_graph_bytes).test_expect("evidence graph parses");
[INFO] [stdout]      |                                                              ^^^^^^^^^^^
[INFO] [stdout]      |
[INFO] [stdout] help: there is a method `expect` with a similar name
[INFO] [stdout]      |
[INFO] [stdout] 2347 -         serde_json::from_slice(&bundle.evidence_graph_bytes).test_expect("evidence graph parses");
[INFO] [stdout] 2347 +         serde_json::from_slice(&bundle.evidence_graph_bytes).expect("evidence graph parses");
[INFO] [stdout]      |
[INFO] [stdout] 
[INFO] [stdout] 
[INFO] [stdout] error[E0599]: no method named `test_expect_err` found for enum `Result<T, E>` in the current scope
[INFO] [stdout]     --> tests/enterprise_export.rs:2364:10
[INFO] [stdout]      |
[INFO] [stdout] 2363 |     let error = verify_enterprise_export(&bundle)
[INFO] [stdout] 2364 |         .test_expect_err("control map gate must resolve to an artifact");
[INFO] [stdout]      |          ^^^^^^^^^^^^^^^
[INFO] [stdout]      |
[INFO] [stdout] help: there is a method `expect_err` with a similar name
[INFO] [stdout]      |
[INFO] [stdout] 2364 -         .test_expect_err("control map gate must resolve to an artifact");
[INFO] [stdout] 2364 +         .expect_err("control map gate must resolve to an artifact");
[INFO] [stdout]      |
[INFO] [stdout] 
[INFO] [stdout] 
[INFO] [stdout] error[E0599]: no method named `test_expect_err` found for enum `Result<T, E>` in the current scope
[INFO] [stdout]     --> tests/enterprise_export.rs:2374:43
[INFO] [stdout]      |
[INFO] [stdout] 2374 |         verify_enterprise_export(&bundle).test_expect_err("risk report without reserve must fail");
[INFO] [stdout]      |                                           ^^^^^^^^^^^^^^^
[INFO] [stdout]      |
[INFO] [stdout] help: there is a method `expect_err` with a similar name
[INFO] [stdout]      |
[INFO] [stdout] 2374 -         verify_enterprise_export(&bundle).test_expect_err("risk report without reserve must fail");
[INFO] [stdout] 2374 +         verify_enterprise_export(&bundle).expect_err("risk report without reserve must fail");
[INFO] [stdout]      |
[INFO] [stdout] 
[INFO] [stdout] 
[INFO] [stdout] error[E0599]: no method named `test_expect_err` found for enum `Result<T, E>` in the current scope
[INFO] [stdout]     --> tests/enterprise_export.rs:2384:10
[INFO] [stdout]      |
[INFO] [stdout] 2383 |     let error = verify_enterprise_export(&bundle)
[INFO] [stdout] 2384 |         .test_expect_err("risk report with mismatched coverage subject must fail");
[INFO] [stdout]      |          ^^^^^^^^^^^^^^^
[INFO] [stdout]      |
[INFO] [stdout] help: there is a method `expect_err` with a similar name
[INFO] [stdout]      |
[INFO] [stdout] 2384 -         .test_expect_err("risk report with mismatched coverage subject must fail");
[INFO] [stdout] 2384 +         .expect_err("risk report with mismatched coverage subject must fail");
[INFO] [stdout]      |
[INFO] [stdout] 
[INFO] [stdout] 
[INFO] [stdout] error[E0599]: no method named `test_expect_err` found for enum `Result<T, E>` in the current scope
[INFO] [stdout]     --> tests/enterprise_export.rs:2394:10
[INFO] [stdout]      |
[INFO] [stdout] 2393 |     let error = verify_enterprise_export(&bundle)
[INFO] [stdout] 2394 |         .test_expect_err("risk report cannot pay and release the same reserve");
[INFO] [stdout]      |          ^^^^^^^^^^^^^^^
[INFO] [stdout]      |
[INFO] [stdout] help: there is a method `expect_err` with a similar name
[INFO] [stdout]      |
[INFO] [stdout] 2394 -         .test_expect_err("risk report cannot pay and release the same reserve");
[INFO] [stdout] 2394 +         .expect_err("risk report cannot pay and release the same reserve");
[INFO] [stdout]      |
[INFO] [stdout] 
[INFO] [stdout] 
[INFO] [stdout] error[E0599]: no method named `test_expect_err` found for enum `Result<T, E>` in the current scope
[INFO] [stdout]     --> tests/enterprise_export.rs:2406:10
[INFO] [stdout]      |
[INFO] [stdout] 2405 |     let error = verify_enterprise_export(&bundle)
[INFO] [stdout] 2406 |         .test_expect_err("risk reserve ledger receipt ids must be unique");
[INFO] [stdout]      |          ^^^^^^^^^^^^^^^
[INFO] [stdout]      |
[INFO] [stdout] help: there is a method `expect_err` with a similar name
[INFO] [stdout]      |
[INFO] [stdout] 2406 -         .test_expect_err("risk reserve ledger receipt ids must be unique");
[INFO] [stdout] 2406 +         .expect_err("risk reserve ledger receipt ids must be unique");
[INFO] [stdout]      |
[INFO] [stdout] 
[INFO] [stdout] 
[INFO] [stdout] error[E0599]: no method named `test_expect_err` found for enum `Result<T, E>` in the current scope
[INFO] [stdout]     --> tests/enterprise_export.rs:2419:10
[INFO] [stdout]      |
[INFO] [stdout] 2418 |     let error = verify_enterprise_export(&bundle)
[INFO] [stdout] 2419 |         .test_expect_err("risk evidence refs must resolve to artifact bytes");
[INFO] [stdout]      |          ^^^^^^^^^^^^^^^
[INFO] [stdout]      |
[INFO] [stdout] help: there is a method `expect_err` with a similar name
[INFO] [stdout]      |
[INFO] [stdout] 2419 -         .test_expect_err("risk evidence refs must resolve to artifact bytes");
[INFO] [stdout] 2419 +         .expect_err("risk evidence refs must resolve to artifact bytes");
[INFO] [stdout]      |
[INFO] [stdout] 
[INFO] [stdout] 
[INFO] [stdout] error[E0599]: no method named `test_expect_err` found for enum `Result<T, E>` in the current scope
[INFO] [stdout]     --> tests/enterprise_export.rs:2431:10
[INFO] [stdout]      |
[INFO] [stdout] 2430 |     let error = verify_enterprise_export(&bundle)
[INFO] [stdout] 2431 |         .test_expect_err("market slash cannot consume facility reserve without sanction bridge");
[INFO] [stdout]      |          ^^^^^^^^^^^^^^^
[INFO] [stdout]      |
[INFO] [stdout] help: there is a method `expect_err` with a similar name
[INFO] [stdout]      |
[INFO] [stdout] 2431 -         .test_expect_err("market slash cannot consume facility reserve without sanction bridge");
[INFO] [stdout] 2431 +         .expect_err("market slash cannot consume facility reserve without sanction bridge");
[INFO] [stdout]      |
[INFO] [stdout] 
[INFO] [stdout] 
[INFO] [stdout] error[E0599]: no method named `test_expect` found for enum `Result<T, E>` in the current scope
[INFO] [stdout]     --> tests/enterprise_export.rs:2443:10
[INFO] [stdout]      |
[INFO] [stdout] 2442 |     let report = verify_enterprise_export(&bundle)
[INFO] [stdout] 2443 |         .test_expect("sanction-bridged market slash should verify");
[INFO] [stdout]      |          ^^^^^^^^^^^
[INFO] [stdout]      |
[INFO] [stdout] help: there is a method `expect` with a similar name
[INFO] [stdout]      |
[INFO] [stdout] 2443 -         .test_expect("sanction-bridged market slash should verify");
[INFO] [stdout] 2443 +         .expect("sanction-bridged market slash should verify");
[INFO] [stdout]      |
[INFO] [stdout] 
[INFO] [stdout] 
[INFO] [stdout] error[E0599]: no method named `test_expect_err` found for enum `Result<T, E>` in the current scope
[INFO] [stdout]     --> tests/enterprise_export.rs:2457:10
[INFO] [stdout]      |
[INFO] [stdout] 2456 |     let error = verify_enterprise_export(&bundle)
[INFO] [stdout] 2457 |         .test_expect_err("market slash jurisdiction ref must resolve");
[INFO] [stdout]      |          ^^^^^^^^^^^^^^^
[INFO] [stdout]      |
[INFO] [stdout] help: there is a method `expect_err` with a similar name
[INFO] [stdout]      |
[INFO] [stdout] 2457 -         .test_expect_err("market slash jurisdiction ref must resolve");
[INFO] [stdout] 2457 +         .expect_err("market slash jurisdiction ref must resolve");
[INFO] [stdout]      |
[INFO] [stdout] 
[INFO] [stdout] 
[INFO] [stdout] error[E0599]: no method named `test_expect_err` found for enum `Result<T, E>` in the current scope
[INFO] [stdout]     --> tests/enterprise_export.rs:2469:43
[INFO] [stdout]      |
[INFO] [stdout] 2469 |         verify_enterprise_export(&bundle).test_expect_err("open appeal must block reserve release");
[INFO] [stdout]      |                                           ^^^^^^^^^^^^^^^
[INFO] [stdout]      |
[INFO] [stdout] help: there is a method `expect_err` with a similar name
[INFO] [stdout]      |
[INFO] [stdout] 2469 -         verify_enterprise_export(&bundle).test_expect_err("open appeal must block reserve release");
[INFO] [stdout] 2469 +         verify_enterprise_export(&bundle).expect_err("open appeal must block reserve release");
[INFO] [stdout]      |
[INFO] [stdout] 
[INFO] [stdout] 
[INFO] [stdout] error[E0599]: no method named `test_expect_err` found for enum `Result<T, E>` in the current scope
[INFO] [stdout]     --> tests/enterprise_export.rs:2481:43
[INFO] [stdout]      |
[INFO] [stdout] 2481 |         verify_enterprise_export(&bundle).test_expect_err("open appeal must block claim payout");
[INFO] [stdout]      |                                           ^^^^^^^^^^^^^^^
[INFO] [stdout]      |
[INFO] [stdout] help: there is a method `expect_err` with a similar name
[INFO] [stdout]      |
[INFO] [stdout] 2481 -         verify_enterprise_export(&bundle).test_expect_err("open appeal must block claim payout");
[INFO] [stdout] 2481 +         verify_enterprise_export(&bundle).expect_err("open appeal must block claim payout");
[INFO] [stdout]      |
[INFO] [stdout] 
[INFO] [stdout] 
[INFO] [stdout] error[E0599]: no method named `test_expect_err` found for enum `Result<T, E>` in the current scope
[INFO] [stdout]     --> tests/enterprise_export.rs:2493:43
[INFO] [stdout]      |
[INFO] [stdout] 2493 |         verify_enterprise_export(&bundle).test_expect_err("open appeal must block write-off");
[INFO] [stdout]      |                                           ^^^^^^^^^^^^^^^
[INFO] [stdout]      |
[INFO] [stdout] help: there is a method `expect_err` with a similar name
[INFO] [stdout]      |
[INFO] [stdout] 2493 -         verify_enterprise_export(&bundle).test_expect_err("open appeal must block write-off");
[INFO] [stdout] 2493 +         verify_enterprise_export(&bundle).expect_err("open appeal must block write-off");
[INFO] [stdout]      |
[INFO] [stdout] 
[INFO] [stdout] 
[INFO] [stdout] error[E0599]: no method named `test_expect_err` found for enum `Result<T, E>` in the current scope
[INFO] [stdout]     --> tests/enterprise_export.rs:2505:10
[INFO] [stdout]      |
[INFO] [stdout] 2504 |     let error = verify_enterprise_export(&bundle)
[INFO] [stdout] 2505 |         .test_expect_err("reverse slash must reference a prior reserve slash");
[INFO] [stdout]      |          ^^^^^^^^^^^^^^^
[INFO] [stdout]      |
[INFO] [stdout] help: there is a method `expect_err` with a similar name
[INFO] [stdout]      |
[INFO] [stdout] 2505 -         .test_expect_err("reverse slash must reference a prior reserve slash");
[INFO] [stdout] 2505 +         .expect_err("reverse slash must reference a prior reserve slash");
[INFO] [stdout]      |
[INFO] [stdout] 
[INFO] [stdout] 
[INFO] [stdout] error[E0599]: no method named `test_expect_err` found for enum `Result<T, E>` in the current scope
[INFO] [stdout]     --> tests/enterprise_export.rs:2517:10
[INFO] [stdout]      |
[INFO] [stdout] 2516 |     let error = verify_enterprise_export(&bundle)
[INFO] [stdout] 2517 |         .test_expect_err("reverse slash cannot exceed the prior reserve slash");
[INFO] [stdout]      |          ^^^^^^^^^^^^^^^
[INFO] [stdout]      |
[INFO] [stdout] help: there is a method `expect_err` with a similar name
[INFO] [stdout]      |
[INFO] [stdout] 2517 -         .test_expect_err("reverse slash cannot exceed the prior reserve slash");
[INFO] [stdout] 2517 +         .expect_err("reverse slash cannot exceed the prior reserve slash");
[INFO] [stdout]      |
[INFO] [stdout] 
[INFO] [stdout] 
[INFO] [stdout] error[E0599]: no method named `test_expect` found for enum `Result<T, E>` in the current scope
[INFO] [stdout]     --> tests/enterprise_export.rs:2529:43
[INFO] [stdout]      |
[INFO] [stdout] 2529 |         verify_enterprise_export(&bundle).test_expect("reverse slash should net reserve usage");
[INFO] [stdout]      |                                           ^^^^^^^^^^^
[INFO] [stdout]      |
[INFO] [stdout] help: there is a method `expect` with a similar name
[INFO] [stdout]      |
[INFO] [stdout] 2529 -         verify_enterprise_export(&bundle).test_expect("reverse slash should net reserve usage");
[INFO] [stdout] 2529 +         verify_enterprise_export(&bundle).expect("reverse slash should net reserve usage");
[INFO] [stdout]      |
[INFO] [stdout] 
[INFO] [stdout] 
[INFO] [stdout] error[E0599]: no method named `test_expect` found for enum `Result<T, E>` in the current scope
[INFO] [stdout]     --> tests/enterprise_export.rs:2543:10
[INFO] [stdout]      |
[INFO] [stdout] 2542 |     let report = verify_enterprise_export(&bundle)
[INFO] [stdout] 2543 |         .test_expect("counterparty-bound claim payout should verify");
[INFO] [stdout]      |          ^^^^^^^^^^^
[INFO] [stdout]      |
[INFO] [stdout] help: there is a method `expect` with a similar name
[INFO] [stdout]      |
[INFO] [stdout] 2543 -         .test_expect("counterparty-bound claim payout should verify");
[INFO] [stdout] 2543 +         .expect("counterparty-bound claim payout should verify");
[INFO] [stdout]      |
[INFO] [stdout] 
[INFO] [stdout] 
[INFO] [stdout] error[E0599]: no method named `test_expect` found for enum `Result<T, E>` in the current scope
[INFO] [stdout]     --> tests/enterprise_export.rs:2557:10
[INFO] [stdout]      |
[INFO] [stdout] 2556 |     let report = verify_enterprise_export(&bundle)
[INFO] [stdout] 2557 |         .test_expect("claim payout lifecycle should replay to payout_matched");
[INFO] [stdout]      |          ^^^^^^^^^^^
[INFO] [stdout]      |
[INFO] [stdout] help: there is a method `expect` with a similar name
[INFO] [stdout]      |
[INFO] [stdout] 2557 -         .test_expect("claim payout lifecycle should replay to payout_matched");
[INFO] [stdout] 2557 +         .expect("claim payout lifecycle should replay to payout_matched");
[INFO] [stdout]      |
[INFO] [stdout] 
[INFO] [stdout] 
[INFO] [stdout] error[E0599]: no method named `test_expect_err` found for enum `Result<T, E>` in the current scope
[INFO] [stdout]     --> tests/enterprise_export.rs:2571:10
[INFO] [stdout]      |
[INFO] [stdout] 2570 |     let error = verify_enterprise_export(&bundle)
[INFO] [stdout] 2571 |         .test_expect_err("risk claim payout must bind payer and payee subjects");
[INFO] [stdout]      |          ^^^^^^^^^^^^^^^
[INFO] [stdout]      |
[INFO] [stdout] help: there is a method `expect_err` with a similar name
[INFO] [stdout]      |
[INFO] [stdout] 2571 -         .test_expect_err("risk claim payout must bind payer and payee subjects");
[INFO] [stdout] 2571 +         .expect_err("risk claim payout must bind payer and payee subjects");
[INFO] [stdout]      |
[INFO] [stdout] 
[INFO] [stdout] 
[INFO] [stdout] error[E0599]: no method named `test_expect_err` found for enum `Result<T, E>` in the current scope
[INFO] [stdout]     --> tests/enterprise_export.rs:2583:10
[INFO] [stdout]      |
[INFO] [stdout] 2582 |     let error = verify_enterprise_export(&bundle)
[INFO] [stdout] 2583 |         .test_expect_err("risk claim payout must settle to the coverage beneficiary");
[INFO] [stdout]      |          ^^^^^^^^^^^^^^^
[INFO] [stdout]      |
[INFO] [stdout] help: there is a method `expect_err` with a similar name
[INFO] [stdout]      |
[INFO] [stdout] 2583 -         .test_expect_err("risk claim payout must settle to the coverage beneficiary");
[INFO] [stdout] 2583 +         .expect_err("risk claim payout must settle to the coverage beneficiary");
[INFO] [stdout]      |
[INFO] [stdout] 
[INFO] [stdout] 
[INFO] [stdout] error[E0599]: no method named `test_expect_err` found for enum `Result<T, E>` in the current scope
[INFO] [stdout]     --> tests/enterprise_export.rs:2595:10
[INFO] [stdout]      |
[INFO] [stdout] 2594 |     let error = verify_enterprise_export(&bundle)
[INFO] [stdout] 2595 |         .test_expect_err("risk claim payout payee must be coverage-bound");
[INFO] [stdout]      |          ^^^^^^^^^^^^^^^
[INFO] [stdout]      |
[INFO] [stdout] help: there is a method `expect_err` with a similar name
[INFO] [stdout]      |
[INFO] [stdout] 2595 -         .test_expect_err("risk claim payout payee must be coverage-bound");
[INFO] [stdout] 2595 +         .expect_err("risk claim payout payee must be coverage-bound");
[INFO] [stdout]      |
[INFO] [stdout] 
[INFO] [stdout] 
[INFO] [stdout] error[E0599]: no method named `test_expect_err` found for enum `Result<T, E>` in the current scope
[INFO] [stdout]     --> tests/enterprise_export.rs:2607:10
[INFO] [stdout]      |
[INFO] [stdout] 2606 |     let error = verify_enterprise_export(&bundle)
[INFO] [stdout] 2607 |         .test_expect_err("risk claim payout must be listed by coverage evidence");
[INFO] [stdout]      |          ^^^^^^^^^^^^^^^
[INFO] [stdout]      |
[INFO] [stdout] help: there is a method `expect_err` with a similar name
[INFO] [stdout]      |
[INFO] [stdout] 2607 -         .test_expect_err("risk claim payout must be listed by coverage evidence");
[INFO] [stdout] 2607 +         .expect_err("risk claim payout must be listed by coverage evidence");
[INFO] [stdout]      |
[INFO] [stdout] 
[INFO] [stdout] 
[INFO] [stdout] error[E0599]: no method named `test_expect_err` found for enum `Result<T, E>` in the current scope
[INFO] [stdout]     --> tests/enterprise_export.rs:2617:10
[INFO] [stdout]      |
[INFO] [stdout] 2616 |     let error = verify_enterprise_export(&bundle)
[INFO] [stdout] 2617 |         .test_expect_err("risk coverage claim scope must be unambiguous");
[INFO] [stdout]      |          ^^^^^^^^^^^^^^^
[INFO] [stdout]      |
[INFO] [stdout] help: there is a method `expect_err` with a similar name
[INFO] [stdout]      |
[INFO] [stdout] 2617 -         .test_expect_err("risk coverage claim scope must be unambiguous");
[INFO] [stdout] 2617 +         .expect_err("risk coverage claim scope must be unambiguous");
[INFO] [stdout]      |
[INFO] [stdout] 
[INFO] [stdout] 
[INFO] [stdout] error[E0599]: no method named `test_expect_err` found for enum `Result<T, E>` in the current scope
[INFO] [stdout]     --> tests/enterprise_export.rs:2629:10
[INFO] [stdout]      |
[INFO] [stdout] 2628 |     let error = verify_enterprise_export(&bundle)
[INFO] [stdout] 2629 |         .test_expect_err("risk facility lifecycle transition evidence must be graph-bound");
[INFO] [stdout]      |          ^^^^^^^^^^^^^^^
[INFO] [stdout]      |
[INFO] [stdout] help: there is a method `expect_err` with a similar name
[INFO] [stdout]      |
[INFO] [stdout] 2629 -         .test_expect_err("risk facility lifecycle transition evidence must be graph-bound");
[INFO] [stdout] 2629 +         .expect_err("risk facility lifecycle transition evidence must be graph-bound");
[INFO] [stdout]      |
[INFO] [stdout] 
[INFO] [stdout] 
[INFO] [stdout] error[E0599]: no method named `test_expect_err` found for enum `Result<T, E>` in the current scope
[INFO] [stdout]     --> tests/enterprise_export.rs:2641:10
[INFO] [stdout]      |
[INFO] [stdout] 2640 |     let error = verify_enterprise_export(&bundle)
[INFO] [stdout] 2641 |         .test_expect_err("risk facility lifecycle transition authority must be graph-bound");
[INFO] [stdout]      |          ^^^^^^^^^^^^^^^
[INFO] [stdout]      |
[INFO] [stdout] help: there is a method `expect_err` with a similar name
[INFO] [stdout]      |
[INFO] [stdout] 2641 -         .test_expect_err("risk facility lifecycle transition authority must be graph-bound");
[INFO] [stdout] 2641 +         .expect_err("risk facility lifecycle transition authority must be graph-bound");
[INFO] [stdout]      |
[INFO] [stdout] 
[INFO] [stdout] 
[INFO] [stdout] error[E0599]: no method named `test_expect_err` found for enum `Result<T, E>` in the current scope
[INFO] [stdout]     --> tests/enterprise_export.rs:2653:10
[INFO] [stdout]      |
[INFO] [stdout] 2652 |     let error = verify_enterprise_export(&bundle)
[INFO] [stdout] 2653 |         .test_expect_err("capital-allocatable risk facility must include lifecycle replay");
[INFO] [stdout]      |          ^^^^^^^^^^^^^^^
[INFO] [stdout]      |
[INFO] [stdout] help: there is a method `expect_err` with a similar name
[INFO] [stdout]      |
[INFO] [stdout] 2653 -         .test_expect_err("capital-allocatable risk facility must include lifecycle replay");
[INFO] [stdout] 2653 +         .expect_err("capital-allocatable risk facility must include lifecycle replay");
[INFO] [stdout]      |
[INFO] [stdout] 
[INFO] [stdout] 
[INFO] [stdout] error[E0599]: no method named `test_expect_err` found for enum `Result<T, E>` in the current scope
[INFO] [stdout]     --> tests/enterprise_export.rs:2665:10
[INFO] [stdout]      |
[INFO] [stdout] 2664 |     let error = verify_enterprise_export(&bundle)
[INFO] [stdout] 2665 |         .test_expect_err("closed risk facility must reconcile its reserve");
[INFO] [stdout]      |          ^^^^^^^^^^^^^^^
[INFO] [stdout]      |
[INFO] [stdout] help: there is a method `expect_err` with a similar name
[INFO] [stdout]      |
[INFO] [stdout] 2665 -         .test_expect_err("closed risk facility must reconcile its reserve");
[INFO] [stdout] 2665 +         .expect_err("closed risk facility must reconcile its reserve");
[INFO] [stdout]      |
[INFO] [stdout] 
[INFO] [stdout] 
[INFO] [stdout] error[E0599]: no method named `test_expect_err` found for enum `Result<T, E>` in the current scope
[INFO] [stdout]     --> tests/enterprise_export.rs:2677:10
[INFO] [stdout]      |
[INFO] [stdout] 2676 |     let error = verify_enterprise_export(&bundle)
[INFO] [stdout] 2677 |         .test_expect_err("risk insurance copy cannot exceed actuarial support");
[INFO] [stdout]      |          ^^^^^^^^^^^^^^^
[INFO] [stdout]      |
[INFO] [stdout] help: there is a method `expect_err` with a similar name
[INFO] [stdout]      |
[INFO] [stdout] 2677 -         .test_expect_err("risk insurance copy cannot exceed actuarial support");
[INFO] [stdout] 2677 +         .expect_err("risk insurance copy cannot exceed actuarial support");
[INFO] [stdout]      |
[INFO] [stdout] 
[INFO] [stdout] 
[INFO] [stdout] error[E0599]: no method named `test_expect_err` found for enum `Result<T, E>` in the current scope
[INFO] [stdout]     --> tests/enterprise_export.rs:2689:43
[INFO] [stdout]      |
[INFO] [stdout] 2689 |         verify_enterprise_export(&bundle).test_expect_err("risk exposure must be capital-backed");
[INFO] [stdout]      |                                           ^^^^^^^^^^^^^^^
[INFO] [stdout]      |
[INFO] [stdout] help: there is a method `expect_err` with a similar name
[INFO] [stdout]      |
[INFO] [stdout] 2689 -         verify_enterprise_export(&bundle).test_expect_err("risk exposure must be capital-backed");
[INFO] [stdout] 2689 +         verify_enterprise_export(&bundle).expect_err("risk exposure must be capital-backed");
[INFO] [stdout]      |
[INFO] [stdout] 
[INFO] [stdout] 
[INFO] [stdout] error[E0599]: no method named `test_expect_err` found for enum `Result<T, E>` in the current scope
[INFO] [stdout]     --> tests/enterprise_export.rs:2699:10
[INFO] [stdout]      |
[INFO] [stdout] 2698 |     let error = verify_enterprise_export(&bundle)
[INFO] [stdout] 2699 |         .test_expect_err("risk capital must cover exposure plus held reserve");
[INFO] [stdout]      |          ^^^^^^^^^^^^^^^
[INFO] [stdout]      |
[INFO] [stdout] help: there is a method `expect_err` with a similar name
[INFO] [stdout]      |
[INFO] [stdout] 2699 -         .test_expect_err("risk capital must cover exposure plus held reserve");
[INFO] [stdout] 2699 +         .expect_err("risk capital must cover exposure plus held reserve");
[INFO] [stdout]      |
[INFO] [stdout] 
[INFO] [stdout] 
[INFO] [stdout] error[E0599]: no method named `test_expect_err` found for enum `Result<T, E>` in the current scope
[INFO] [stdout]     --> tests/enterprise_export.rs:2709:10
[INFO] [stdout]      |
[INFO] [stdout] 2708 |     let error = verify_enterprise_export(&bundle)
[INFO] [stdout] 2709 |         .test_expect_err("risk portfolio must not over-allocate shared capital");
[INFO] [stdout]      |          ^^^^^^^^^^^^^^^
[INFO] [stdout]      |
[INFO] [stdout] help: there is a method `expect_err` with a similar name
[INFO] [stdout]      |
[INFO] [stdout] 2709 -         .test_expect_err("risk portfolio must not over-allocate shared capital");
[INFO] [stdout] 2709 +         .expect_err("risk portfolio must not over-allocate shared capital");
[INFO] [stdout]      |
[INFO] [stdout] 
[INFO] [stdout] 
[INFO] [stdout] error[E0599]: no method named `test_expect_err` found for enum `Result<T, E>` in the current scope
[INFO] [stdout]     --> tests/enterprise_export.rs:2721:43
[INFO] [stdout]      |
[INFO] [stdout] 2721 |         verify_enterprise_export(&bundle).test_expect_err("risk actuarial backtest must pass");
[INFO] [stdout]      |                                           ^^^^^^^^^^^^^^^
[INFO] [stdout]      |
[INFO] [stdout] help: there is a method `expect_err` with a similar name
[INFO] [stdout]      |
[INFO] [stdout] 2721 -         verify_enterprise_export(&bundle).test_expect_err("risk actuarial backtest must pass");
[INFO] [stdout] 2721 +         verify_enterprise_export(&bundle).expect_err("risk actuarial backtest must pass");
[INFO] [stdout]      |
[INFO] [stdout] 
[INFO] [stdout] 
[INFO] [stdout] Some errors have detailed explanations: E0433, E0599.
[INFO] [stdout] 
[INFO] [stdout] For more information about an error, try `rustc --explain E0433`.
[INFO] [stdout] 
[INFO] [stderr] error: could not compile `chio-enterprise-export` (test "enterprise_export") due to 103 previous errors
[INFO] running `Command { std: "docker" "inspect" "a1be6a03209bc401f3e3697e9020ae15d54ca534b06c0eb232f7a0c171e070cc", kill_on_drop: false }`
[INFO] running `Command { std: "docker" "rm" "-f" "a1be6a03209bc401f3e3697e9020ae15d54ca534b06c0eb232f7a0c171e070cc", kill_on_drop: false }`
[INFO] [stdout] a1be6a03209bc401f3e3697e9020ae15d54ca534b06c0eb232f7a0c171e070cc
