[INFO] fetching crate chio-credit 0.1.2...
[INFO] checking chio-credit-0.1.2 against 3154cc1a3e6424e44f438a95007d043ed5ceaaf6 for pr-133502-30
[INFO] extracting crate chio-credit 0.1.2 into /workspace/builds/worker-2-tc2/source
[INFO] started tweaking crates.io crate chio-credit 0.1.2
[INFO] removed 0 missing tests
[INFO] finished tweaking crates.io crate chio-credit 0.1.2
[INFO] tweaked toml for crates.io crate chio-credit 0.1.2 written to /workspace/builds/worker-2-tc2/source/Cargo.toml
[INFO] validating manifest of crates.io crate chio-credit 0.1.2 on toolchain 3154cc1a3e6424e44f438a95007d043ed5ceaaf6
[INFO] running `Command { std: CARGO_HOME="/workspace/cargo-home" RUSTUP_HOME="/workspace/rustup-home" "/workspace/cargo-home/bin/cargo" "+3154cc1a3e6424e44f438a95007d043ed5ceaaf6" "metadata" "--manifest-path" "Cargo.toml" "--no-deps", kill_on_drop: false }`
[INFO] crate crates.io crate chio-credit 0.1.2 already has a lockfile, it will not be regenerated
[INFO] running `Command { std: CARGO_HOME="/workspace/cargo-home" RUSTUP_HOME="/workspace/rustup-home" "/workspace/cargo-home/bin/cargo" "+3154cc1a3e6424e44f438a95007d043ed5ceaaf6" "fetch" "--manifest-path" "Cargo.toml", kill_on_drop: false }`
[INFO] running `Command { std: "docker" "create" "-v" "/var/lib/crater-agent-workspace/builds/worker-2-tc2/source:/opt/rustwide/workdir:ro,Z" "-v" "/var/lib/crater-agent-workspace/builds/worker-2-tc2/target:/opt/rustwide/target:rw,Z" "-v" "/var/lib/crater-agent-workspace/cargo-home:/opt/rustwide/cargo-home:ro,Z" "-v" "/var/lib/crater-agent-workspace/rustup-home:/opt/rustwide/rustup-home:ro,Z" "-m" "1610612736" "--network" "none" "ghcr.io/rust-lang/crates-build-env/linux@sha256:77db811e55d90add9212f6832c23229e3de5f1c1f9905e8cb07319ea15df73ac" "sleep" "infinity", kill_on_drop: false }`
[INFO] [stdout] 8391fa6b59e91945a030237e7adfe0b8c4b120124dfbb1b0adb9577d538490f3
[INFO] running `Command { std: "docker" "start" "8391fa6b59e91945a030237e7adfe0b8c4b120124dfbb1b0adb9577d538490f3", kill_on_drop: false }`
[INFO] running `Command { std: "docker" "inspect" "8391fa6b59e91945a030237e7adfe0b8c4b120124dfbb1b0adb9577d538490f3", kill_on_drop: false }`
[INFO] running `Command { std: "docker" "exec" "-e" "SOURCE_DIR=/opt/rustwide/workdir" "-e" "CARGO_HOME=/opt/rustwide/cargo-home" "-e" "RUSTUP_HOME=/opt/rustwide/rustup-home" "-e" "CARGO_TARGET_DIR=/opt/rustwide/target" "-w" "/opt/rustwide/workdir" "--user" "0:0" "8391fa6b59e91945a030237e7adfe0b8c4b120124dfbb1b0adb9577d538490f3" "/opt/rustwide/cargo-home/bin/cargo" "+3154cc1a3e6424e44f438a95007d043ed5ceaaf6" "metadata" "--no-deps" "--format-version=1", kill_on_drop: false }`
[INFO] running `Command { std: "docker" "inspect" "8391fa6b59e91945a030237e7adfe0b8c4b120124dfbb1b0adb9577d538490f3", kill_on_drop: false }`
[INFO] running `Command { std: "docker" "exec" "-e" "SOURCE_DIR=/opt/rustwide/workdir" "-e" "CARGO_HOME=/opt/rustwide/cargo-home" "-e" "RUSTUP_HOME=/opt/rustwide/rustup-home" "-e" "CARGO_TARGET_DIR=/opt/rustwide/target" "-e" "CARGO_INCREMENTAL=0" "-e" "RUST_BACKTRACE=full" "-e" "RUSTFLAGS=--cap-lints=forbid" "-e" "RUSTDOCFLAGS=--cap-lints=forbid" "-w" "/opt/rustwide/workdir" "--user" "0:0" "8391fa6b59e91945a030237e7adfe0b8c4b120124dfbb1b0adb9577d538490f3" "/opt/rustwide/cargo-home/bin/cargo" "+3154cc1a3e6424e44f438a95007d043ed5ceaaf6" "check" "--frozen" "--all" "--all-targets" "--message-format=json", kill_on_drop: false }`
[INFO] [stderr]    Compiling libc v0.2.183
[INFO] [stderr]    Compiling semver v1.0.27
[INFO] [stderr]    Compiling serde_json v1.0.149
[INFO] [stderr]     Checking ed25519 v2.2.3
[INFO] [stderr]     Checking memchr v2.8.0
[INFO] [stderr]    Compiling thiserror v2.0.18
[INFO] [stderr]    Compiling syn v2.0.117
[INFO] [stderr]     Checking generic-array v0.14.7
[INFO] [stderr]     Checking byteorder v1.5.0
[INFO] [stderr]    Compiling zerocopy v0.8.42
[INFO] [stderr]     Checking itertools v0.14.0
[INFO] [stderr]     Checking const-crc32-nostd v1.3.1
[INFO] [stderr]     Checking spin v0.9.9
[INFO] [stderr]     Checking bit-vec v0.8.0
[INFO] [stderr]     Checking chio-metrics-spec v0.1.2
[INFO] [stderr]     Checking quick-error v1.2.3
[INFO] [stderr]     Checking regex-syntax v0.8.10
[INFO] [stderr]     Checking unarray v0.1.4
[INFO] [stderr]     Checking bit-set v0.8.0
[INFO] [stderr]     Checking hash32 v0.2.1
[INFO] [stderr]    Compiling rustc_version v0.4.1
[INFO] [stderr]     Checking block-buffer v0.10.4
[INFO] [stderr]     Checking crypto-common v0.1.7
[INFO] [stderr]     Checking digest v0.10.7
[INFO] [stderr]    Compiling curve25519-dalek v4.1.3
[INFO] [stderr]    Compiling heapless v0.7.17
[INFO] [stderr]     Checking sha2 v0.10.9
[INFO] [stderr]     Checking getrandom v0.2.17
[INFO] [stderr]     Checking getrandom v0.3.4
[INFO] [stderr]     Checking getrandom v0.4.2
[INFO] [stderr]     Checking wait-timeout v0.2.1
[INFO] [stderr]     Checking tempfile v3.27.0
[INFO] [stderr]     Checking rs_merkle v1.5.0
[INFO] [stderr]     Checking rand_core v0.9.5
[INFO] [stderr]     Checking rand_core v0.6.4
[INFO] [stderr]     Checking rusty-fork v0.3.1
[INFO] [stderr]     Checking rand v0.9.2
[INFO] [stderr]     Checking rand_xorshift v0.4.0
[INFO] [stderr]    Compiling synstructure v0.13.2
[INFO] [stderr]    Compiling zerofrom-derive v0.1.6
[INFO] [stderr]    Compiling yoke-derive v0.8.1
[INFO] [stderr]    Compiling zerovec-derive v0.11.2
[INFO] [stderr]    Compiling displaydoc v0.2.5
[INFO] [stderr]    Compiling serde_derive v1.0.228
[INFO] [stderr]    Compiling zeroize_derive v1.5.0
[INFO] [stderr]    Compiling curve25519-dalek-derive v0.1.1
[INFO] [stderr]    Compiling thiserror-impl v1.0.69
[INFO] [stderr]    Compiling thiserror-impl v2.0.18
[INFO] [stderr]    Compiling derive-getters v0.5.0
[INFO] [stderr]    Compiling visibility v0.1.1
[INFO] [stderr]     Checking ppv-lite86 v0.2.21
[INFO] [stderr]     Checking zeroize v1.9.0
[INFO] [stderr]     Checking cobs v0.3.0
[INFO] [stderr]     Checking thiserror v1.0.69
[INFO] [stderr]     Checking rand_chacha v0.9.0
[INFO] [stderr]     Checking rand_chacha v0.3.1
[INFO] [stderr]     Checking zerofrom v0.1.6
[INFO] [stderr]     Checking yoke v0.8.1
[INFO] [stderr]     Checking proptest v1.10.0
[INFO] [stderr]     Checking zerovec v0.11.5
[INFO] [stderr]     Checking zerotrie v0.2.3
[INFO] [stderr]     Checking ed25519-dalek v2.2.0
[INFO] [stderr]     Checking tinystr v0.8.2
[INFO] [stderr]     Checking potential_utf v0.1.4
[INFO] [stderr]     Checking icu_collections v2.1.1
[INFO] [stderr]     Checking icu_locale_core v2.1.1
[INFO] [stderr]     Checking serde v1.0.228
[INFO] [stderr]     Checking icu_provider v2.1.1
[INFO] [stderr]     Checking serdect v0.2.0
[INFO] [stderr]     Checking icu_properties v2.1.2
[INFO] [stderr]     Checking icu_normalizer v2.1.1
[INFO] [stderr]     Checking postcard v1.1.3
[INFO] [stderr]     Checking frost-core v3.0.0
[INFO] [stderr]     Checking idna_adapter v1.2.1
[INFO] [stderr]     Checking idna v1.1.0
[INFO] [stderr]     Checking url v2.5.8
[INFO] [stderr]     Checking frost-rerandomized v3.0.0
[INFO] [stderr]     Checking chio-core-types v0.1.2
[INFO] [stderr]     Checking frost-ed25519 v3.0.0
[INFO] [stderr]     Checking chio-listing v0.1.2
[INFO] [stderr]     Checking chio-pheromone v0.1.2
[INFO] [stderr]     Checking chio-revocation-oracle v0.1.2
[INFO] [stderr]     Checking chio-did v0.1.2
[INFO] [stderr]     Checking chio-fincred v0.1.2
[INFO] [stderr]     Checking chio-fiscal v0.1.2
[INFO] [stderr]     Checking chio-governance v0.1.2
[INFO] [stderr]     Checking chio-appraisal v0.1.2
[INFO] [stderr]     Checking chio-open-market v0.1.2
[INFO] [stderr]     Checking chio-federation v0.1.2
[INFO] [stderr]     Checking chio-underwriting v0.1.2
[INFO] [stderr]     Checking chio-credit v0.1.2 (/opt/rustwide/workdir)
[INFO] [stdout] error[E0433]: cannot find module or crate `chio_spec_validate` in this scope
[INFO] [stdout]    --> tests/credit_facility_bind.rs:124:18
[INFO] [stdout]     |
[INFO] [stdout] 124 |     let schema = chio_spec_validate::load_json(&path)?;
[INFO] [stdout]     |                  ^^^^^^^^^^^^^^^^^^ use of unresolved module or unlinked crate `chio_spec_validate`
[INFO] [stdout]     |
[INFO] [stdout]     = help: if you wanted to use a crate named `chio_spec_validate`, use `cargo add chio_spec_validate` to add it to your `Cargo.toml`
[INFO] [stdout] 
[INFO] [stdout] 
[INFO] [stdout] error[E0433]: cannot find module or crate `chio_spec_validate` in this scope
[INFO] [stdout]    --> tests/credit_facility_bind.rs:125:5
[INFO] [stdout]     |
[INFO] [stdout] 125 |     chio_spec_validate::validate_value(
[INFO] [stdout]     |     ^^^^^^^^^^^^^^^^^^ use of unresolved module or unlinked crate `chio_spec_validate`
[INFO] [stdout]     |
[INFO] [stdout]     = help: if you wanted to use a crate named `chio_spec_validate`, use `cargo add chio_spec_validate` to add it to your `Cargo.toml`
[INFO] [stdout] 
[INFO] [stdout] 
[INFO] [stdout] error[E0433]: cannot find module or crate `chio_spec_validate` in this scope
[INFO] [stdout]   --> tests/factor_contract.rs:20:18
[INFO] [stdout]    |
[INFO] [stdout] 20 |     let schema = chio_spec_validate::load_json(&path)?;
[INFO] [stdout]    |                  ^^^^^^^^^^^^^^^^^^ use of unresolved module or unlinked crate `chio_spec_validate`
[INFO] [stdout]    |
[INFO] [stdout]    = help: if you wanted to use a crate named `chio_spec_validate`, use `cargo add chio_spec_validate` to add it to your `Cargo.toml`
[INFO] [stdout] 
[INFO] [stdout] 
[INFO] [stdout] error[E0433]: cannot find module or crate `chio_spec_validate` in this scope
[INFO] [stdout]   --> tests/factor_authorization.rs:33:18
[INFO] [stdout]    |
[INFO] [stdout] 33 |     let schema = chio_spec_validate::load_json(&path)?;
[INFO] [stdout]    |                  ^^^^^^^^^^^^^^^^^^ use of unresolved module or unlinked crate `chio_spec_validate`
[INFO] [stdout]    |
[INFO] [stdout]    = help: if you wanted to use a crate named `chio_spec_validate`, use `cargo add chio_spec_validate` to add it to your `Cargo.toml`
[INFO] [stdout] 
[INFO] [stdout] 
[INFO] [stdout] error[E0433]: cannot find module or crate `chio_spec_validate` in this scope
[INFO] [stdout]   --> tests/factor_contract.rs:21:5
[INFO] [stdout]    |
[INFO] [stdout] 21 |     chio_spec_validate::validate_value(
[INFO] [stdout]    |     ^^^^^^^^^^^^^^^^^^ use of unresolved module or unlinked crate `chio_spec_validate`
[INFO] [stdout]    |
[INFO] [stdout]    = help: if you wanted to use a crate named `chio_spec_validate`, use `cargo add chio_spec_validate` to add it to your `Cargo.toml`
[INFO] [stdout] 
[INFO] [stdout] 
[INFO] [stdout] error[E0433]: cannot find module or crate `chio_spec_validate` in this scope
[INFO] [stdout]   --> tests/factor_authorization.rs:34:5
[INFO] [stdout]    |
[INFO] [stdout] 34 |     chio_spec_validate::validate_value(
[INFO] [stdout]    |     ^^^^^^^^^^^^^^^^^^ use of unresolved module or unlinked crate `chio_spec_validate`
[INFO] [stdout]    |
[INFO] [stdout]    = help: if you wanted to use a crate named `chio_spec_validate`, use `cargo add chio_spec_validate` to add it to your `Cargo.toml`
[INFO] [stdout] 
[INFO] [stdout] 
[INFO] [stdout] error[E0433]: cannot find module or crate `chio_spec_validate` in this scope
[INFO] [stdout]   --> tests/clearing_lifecycle.rs:47:18
[INFO] [stdout]    |
[INFO] [stdout] 47 |     let schema = chio_spec_validate::load_json(&path)?;
[INFO] [stdout]    |                  ^^^^^^^^^^^^^^^^^^ use of unresolved module or unlinked crate `chio_spec_validate`
[INFO] [stdout]    |
[INFO] [stdout]    = help: if you wanted to use a crate named `chio_spec_validate`, use `cargo add chio_spec_validate` to add it to your `Cargo.toml`
[INFO] [stdout] 
[INFO] [stdout] 
[INFO] [stdout] error[E0433]: cannot find module or crate `chio_spec_validate` in this scope
[INFO] [stdout]   --> tests/obligation_status.rs:40:18
[INFO] [stdout]    |
[INFO] [stdout] 40 |     let schema = chio_spec_validate::load_json(&path)?;
[INFO] [stdout]    |                  ^^^^^^^^^^^^^^^^^^ use of unresolved module or unlinked crate `chio_spec_validate`
[INFO] [stdout]    |
[INFO] [stdout]    = help: if you wanted to use a crate named `chio_spec_validate`, use `cargo add chio_spec_validate` to add it to your `Cargo.toml`
[INFO] [stdout] 
[INFO] [stdout] 
[INFO] [stdout] error[E0433]: cannot find module or crate `chio_spec_validate` in this scope
[INFO] [stdout]   --> tests/clearing_lifecycle.rs:49:5
[INFO] [stdout]    |
[INFO] [stdout] 49 |     chio_spec_validate::validate_value(
[INFO] [stdout]    |     ^^^^^^^^^^^^^^^^^^ use of unresolved module or unlinked crate `chio_spec_validate`
[INFO] [stdout]    |
[INFO] [stdout]    = help: if you wanted to use a crate named `chio_spec_validate`, use `cargo add chio_spec_validate` to add it to your `Cargo.toml`
[INFO] [stdout] 
[INFO] [stdout] 
[INFO] [stdout] error[E0433]: cannot find module or crate `chio_spec_validate` in this scope
[INFO] [stdout]   --> tests/obligation_status.rs:42:5
[INFO] [stdout]    |
[INFO] [stdout] 42 |     chio_spec_validate::validate_value(
[INFO] [stdout]    |     ^^^^^^^^^^^^^^^^^^ use of unresolved module or unlinked crate `chio_spec_validate`
[INFO] [stdout]    |
[INFO] [stdout]    = help: if you wanted to use a crate named `chio_spec_validate`, use `cargo add chio_spec_validate` to add it to your `Cargo.toml`
[INFO] [stdout] 
[INFO] [stdout] 
[INFO] [stdout] error[E0433]: cannot find module or crate `chio_spec_validate` in this scope
[INFO] [stdout]   --> tests/clearing.rs:75:18
[INFO] [stdout]    |
[INFO] [stdout] 75 |     let schema = chio_spec_validate::load_json(&path)?;
[INFO] [stdout]    |                  ^^^^^^^^^^^^^^^^^^ use of unresolved module or unlinked crate `chio_spec_validate`
[INFO] [stdout]    |
[INFO] [stdout]    = help: if you wanted to use a crate named `chio_spec_validate`, use `cargo add chio_spec_validate` to add it to your `Cargo.toml`
[INFO] [stdout] 
[INFO] [stdout] 
[INFO] [stdout] error[E0433]: cannot find module or crate `chio_spec_validate` in this scope
[INFO] [stdout]    --> tests/iou_v2.rs:439:18
[INFO] [stdout]     |
[INFO] [stdout] 439 |     let schema = chio_spec_validate::load_json(&path)?;
[INFO] [stdout]     |                  ^^^^^^^^^^^^^^^^^^ use of unresolved module or unlinked crate `chio_spec_validate`
[INFO] [stdout]     |
[INFO] [stdout]     = help: if you wanted to use a crate named `chio_spec_validate`, use `cargo add chio_spec_validate` to add it to your `Cargo.toml`
[INFO] [stdout] 
[INFO] [stdout] 
[INFO] [stdout] error[E0433]: cannot find module or crate `chio_spec_validate` in this scope
[INFO] [stdout]   --> tests/clearing.rs:77:5
[INFO] [stdout]    |
[INFO] [stdout] 77 |     chio_spec_validate::validate_value(
[INFO] [stdout]    |     ^^^^^^^^^^^^^^^^^^ use of unresolved module or unlinked crate `chio_spec_validate`
[INFO] [stdout]    |
[INFO] [stdout]    = help: if you wanted to use a crate named `chio_spec_validate`, use `cargo add chio_spec_validate` to add it to your `Cargo.toml`
[INFO] [stdout] 
[INFO] [stdout] 
[INFO] [stdout] error[E0433]: cannot find module or crate `chio_spec_validate` in this scope
[INFO] [stdout]    --> tests/iou_v2.rs:440:5
[INFO] [stdout]     |
[INFO] [stdout] 440 |     chio_spec_validate::validate_value(
[INFO] [stdout]     |     ^^^^^^^^^^^^^^^^^^ use of unresolved module or unlinked crate `chio_spec_validate`
[INFO] [stdout]     |
[INFO] [stdout]     = help: if you wanted to use a crate named `chio_spec_validate`, use `cargo add chio_spec_validate` to add it to your `Cargo.toml`
[INFO] [stdout] 
[INFO] [stdout] 
[INFO] [stdout] For more information about this error, try `rustc --explain E0433`.
[INFO] [stdout] 
[INFO] [stdout] For more information about this error, try `rustc --explain E0433`.
[INFO] [stdout] 
[INFO] [stderr] error: could not compile `chio-credit` (test "factor_contract") due to 2 previous errors
[INFO] [stdout] error[E0433]: cannot find module or crate `chio_spec_validate` in this scope
[INFO] [stdout]   --> tests/factor_results.rs:69:18
[INFO] [stdout]    |
[INFO] [stdout] 69 |     let schema = chio_spec_validate::load_json(&path)?;
[INFO] [stdout]    |                  ^^^^^^^^^^^^^^^^^^ use of unresolved module or unlinked crate `chio_spec_validate`
[INFO] [stdout]    |
[INFO] [stdout]    = help: if you wanted to use a crate named `chio_spec_validate`, use `cargo add chio_spec_validate` to add it to your `Cargo.toml`
[INFO] [stdout] 
[INFO] [stdout] 
[INFO] [stderr] warning: build failed, waiting for other jobs to finish...
[INFO] [stderr] error: could not compile `chio-credit` (test "factor_authorization") due to 2 previous errors
[INFO] [stdout] error[E0433]: cannot find module or crate `chio_spec_validate` in this scope
[INFO] [stdout]   --> tests/factor_results.rs:70:5
[INFO] [stdout]    |
[INFO] [stdout] 70 |     chio_spec_validate::validate_value(
[INFO] [stdout]    |     ^^^^^^^^^^^^^^^^^^ use of unresolved module or unlinked crate `chio_spec_validate`
[INFO] [stdout]    |
[INFO] [stdout]    = help: if you wanted to use a crate named `chio_spec_validate`, use `cargo add chio_spec_validate` to add it to your `Cargo.toml`
[INFO] [stdout] 
[INFO] [stdout] 
[INFO] [stdout] For more information about this error, try `rustc --explain E0433`.
[INFO] [stdout] 
[INFO] [stderr] error: could not compile `chio-credit` (test "credit_facility_bind") due to 2 previous errors
[INFO] [stdout] For more information about this error, try `rustc --explain E0433`.
[INFO] [stdout] 
[INFO] [stderr] error: could not compile `chio-credit` (test "obligation_status") due to 2 previous errors
[INFO] [stdout] For more information about this error, try `rustc --explain E0433`.
[INFO] [stdout] 
[INFO] [stderr] error: could not compile `chio-credit` (test "iou_v2") due to 2 previous errors
[INFO] [stdout] For more information about this error, try `rustc --explain E0433`.
[INFO] [stdout] 
[INFO] [stderr] error: could not compile `chio-credit` (test "factor_results") due to 2 previous errors
[INFO] [stdout] For more information about this error, try `rustc --explain E0433`.
[INFO] [stdout] 
[INFO] [stderr] error: could not compile `chio-credit` (test "clearing_lifecycle") due to 2 previous errors
[INFO] [stdout] For more information about this error, try `rustc --explain E0433`.
[INFO] [stdout] 
[INFO] [stderr] error: could not compile `chio-credit` (test "clearing") due to 2 previous errors
[INFO] running `Command { std: "docker" "inspect" "8391fa6b59e91945a030237e7adfe0b8c4b120124dfbb1b0adb9577d538490f3", kill_on_drop: false }`
[INFO] running `Command { std: "docker" "rm" "-f" "8391fa6b59e91945a030237e7adfe0b8c4b120124dfbb1b0adb9577d538490f3", kill_on_drop: false }`
[INFO] [stdout] 8391fa6b59e91945a030237e7adfe0b8c4b120124dfbb1b0adb9577d538490f3
