[INFO] fetching crate chio-credentials 0.1.2...
[INFO] checking chio-credentials-0.1.2 against 3154cc1a3e6424e44f438a95007d043ed5ceaaf6+rustflags=-Znext-solver=coherence for pr-133502-30
[INFO] extracting crate chio-credentials 0.1.2 into /workspace/builds/worker-2-tc1/source
[INFO] started tweaking crates.io crate chio-credentials 0.1.2
[INFO] removed 0 missing tests
[INFO] finished tweaking crates.io crate chio-credentials 0.1.2
[INFO] tweaked toml for crates.io crate chio-credentials 0.1.2 written to /workspace/builds/worker-2-tc1/source/Cargo.toml
[INFO] validating manifest of crates.io crate chio-credentials 0.1.2 on toolchain 3154cc1a3e6424e44f438a95007d043ed5ceaaf6
[INFO] running `Command { std: CARGO_HOME="/workspace/cargo-home" RUSTUP_HOME="/workspace/rustup-home" "/workspace/cargo-home/bin/cargo" "+3154cc1a3e6424e44f438a95007d043ed5ceaaf6" "metadata" "--manifest-path" "Cargo.toml" "--no-deps", kill_on_drop: false }`
[INFO] crate crates.io crate chio-credentials 0.1.2 already has a lockfile, it will not be regenerated
[INFO] running `Command { std: CARGO_HOME="/workspace/cargo-home" RUSTUP_HOME="/workspace/rustup-home" "/workspace/cargo-home/bin/cargo" "+3154cc1a3e6424e44f438a95007d043ed5ceaaf6" "fetch" "--manifest-path" "Cargo.toml", kill_on_drop: false }`
[INFO] [stderr]     Updating crates.io index
[INFO] [stderr]  Downloading crates ...
[INFO] [stderr]   Downloaded dudect-bencher v0.7.0
[INFO] [stderr]   Downloaded chio-fincred v0.1.2
[INFO] [stderr]   Downloaded chio-did v0.1.2
[INFO] [stderr]   Downloaded rand_chacha v0.10.0
[INFO] [stderr]   Downloaded rs_merkle v1.5.0
[INFO] [stderr]   Downloaded chio-underwriting v0.1.2
[INFO] [stderr]   Downloaded chio-reputation v0.1.2
[INFO] [stderr]   Downloaded visibility v0.1.1
[INFO] [stderr]   Downloaded chio-pheromone v0.1.2
[INFO] [stderr]   Downloaded primitive-types v0.12.2
[INFO] [stderr]   Downloaded impl-codec v0.6.0
[INFO] [stderr]   Downloaded parity-scale-codec-derive v3.7.5
[INFO] [stderr]   Downloaded frost-rerandomized v3.0.0
[INFO] [stderr]   Downloaded rlp v0.5.2
[INFO] [stderr]   Downloaded fastrlp v0.4.0
[INFO] [stderr]   Downloaded fastrlp v0.3.1
[INFO] [stderr]   Downloaded derive-getters v0.5.0
[INFO] [stderr]   Downloaded chio-revocation-oracle v0.1.2
[INFO] [stderr]   Downloaded chio-fiscal v0.1.2
[INFO] [stderr]   Downloaded chio-appraisal v0.1.2
[INFO] [stderr]   Downloaded fixed-hash v0.8.0
[INFO] [stderr]   Downloaded proptest v1.10.0
[INFO] [stderr]   Downloaded ruint-macro v1.2.1
[INFO] [stderr]   Downloaded ark-serialize-derive v0.6.0
[INFO] [stderr]   Downloaded const-crc32-nostd v1.3.1
[INFO] [stderr]   Downloaded chio-governance v0.1.2
[INFO] [stderr]   Downloaded toml_parser v1.1.1+spec-1.1.0
[INFO] [stderr]   Downloaded ark-ff-asm v0.6.0
[INFO] [stderr]   Downloaded serdect v0.2.0
[INFO] [stderr]   Downloaded ark-serialize v0.5.0
[INFO] [stderr]   Downloaded ark-ff-asm v0.5.0
[INFO] [stderr]   Downloaded ark-serialize v0.4.2
[INFO] [stderr]   Downloaded ark-ff-asm v0.4.2
[INFO] [stderr]   Downloaded uint v0.9.5
[INFO] [stderr]   Downloaded enum-ordinalize v4.3.2
[INFO] [stderr]   Downloaded ark-ff-macros v0.5.0
[INFO] [stderr]   Downloaded rustc_version v0.3.3
[INFO] [stderr]   Downloaded ark-serialize v0.3.0
[INFO] [stderr]   Downloaded ark-ff-macros v0.3.0
[INFO] [stderr]   Downloaded ark-ff-asm v0.3.0
[INFO] [stderr]   Downloaded alloy-rlp v0.3.13
[INFO] [stderr]   Downloaded keccak-asm v0.1.6
[INFO] [stderr]   Downloaded chio-metrics-spec v0.1.2
[INFO] [stderr]   Downloaded impl-trait-for-tuples v0.2.3
[INFO] [stderr]   Downloaded enum-ordinalize-derive v4.3.2
[INFO] [stderr]   Downloaded ark-std v0.6.0
[INFO] [stderr]   Downloaded ark-ff-macros v0.6.0
[INFO] [stderr]   Downloaded ark-std v0.5.0
[INFO] [stderr]   Downloaded ark-std v0.4.0
[INFO] [stderr]   Downloaded ark-ff-macros v0.4.2
[INFO] [stderr]   Downloaded semver-parser v0.10.3
[INFO] [stderr]   Downloaded ark-std v0.3.0
[INFO] [stderr]   Downloaded chio-listing v0.1.2
[INFO] [stderr]   Downloaded frost-ed25519 v3.0.0
[INFO] [stderr]   Downloaded educe v0.6.0
[INFO] [stderr]   Downloaded ark-serialize v0.6.0
[INFO] [stderr]   Downloaded ark-ff v0.3.0
[INFO] [stderr]   Downloaded const-hex v1.18.1
[INFO] [stderr]   Downloaded chio-autonomy v0.1.2
[INFO] [stderr]   Downloaded frost-core v3.0.0
[INFO] [stderr]   Downloaded chio-open-market v0.1.2
[INFO] [stderr]   Downloaded chio-web3 v0.1.2
[INFO] [stderr]   Downloaded parity-scale-codec v3.7.5
[INFO] [stderr]   Downloaded toml_edit v0.25.9+spec-1.1.0
[INFO] [stderr]   Downloaded ark-ff v0.4.2
[INFO] [stderr]   Downloaded ark-ff v0.6.0
[INFO] [stderr]   Downloaded ark-ff v0.5.0
[INFO] [stderr]   Downloaded alloy-primitives v1.5.7
[INFO] [stderr]   Downloaded chio-market v0.1.2
[INFO] [stderr]   Downloaded chio-federation v0.1.2
[INFO] [stderr]   Downloaded chio-core v0.1.2
[INFO] [stderr]   Downloaded ruint v1.20.0
[INFO] [stderr]   Downloaded chio-credit v0.1.2
[INFO] [stderr]   Downloaded serde_with v3.18.0
[INFO] [stderr]   Downloaded nix v0.31.2
[INFO] [stderr]   Downloaded chio-core-types v0.1.2
[INFO] [stderr]   Downloaded sha3-asm v0.1.6
[INFO] [stderr]   Downloaded sha3 v0.10.8
[INFO] running `Command { std: "docker" "create" "-v" "/var/lib/crater-agent-workspace/builds/worker-2-tc1/source:/opt/rustwide/workdir:ro,Z" "-v" "/var/lib/crater-agent-workspace/builds/worker-2-tc1/target:/opt/rustwide/target:rw,Z" "-v" "/var/lib/crater-agent-workspace/cargo-home:/opt/rustwide/cargo-home:ro,Z" "-v" "/var/lib/crater-agent-workspace/rustup-home:/opt/rustwide/rustup-home:ro,Z" "-m" "1610612736" "--network" "none" "ghcr.io/rust-lang/crates-build-env/linux@sha256:77db811e55d90add9212f6832c23229e3de5f1c1f9905e8cb07319ea15df73ac" "sleep" "infinity", kill_on_drop: false }`
[INFO] [stdout] 5c198c3fb3bda69a991634f662e4c05d720404ba1e2e99cae2d2fcc821e61b5a
[INFO] running `Command { std: "docker" "start" "5c198c3fb3bda69a991634f662e4c05d720404ba1e2e99cae2d2fcc821e61b5a", kill_on_drop: false }`
[INFO] running `Command { std: "docker" "inspect" "5c198c3fb3bda69a991634f662e4c05d720404ba1e2e99cae2d2fcc821e61b5a", kill_on_drop: false }`
[INFO] running `Command { std: "docker" "exec" "-e" "SOURCE_DIR=/opt/rustwide/workdir" "-e" "CARGO_HOME=/opt/rustwide/cargo-home" "-e" "RUSTUP_HOME=/opt/rustwide/rustup-home" "-e" "CARGO_TARGET_DIR=/opt/rustwide/target" "-w" "/opt/rustwide/workdir" "--user" "0:0" "5c198c3fb3bda69a991634f662e4c05d720404ba1e2e99cae2d2fcc821e61b5a" "/opt/rustwide/cargo-home/bin/cargo" "+3154cc1a3e6424e44f438a95007d043ed5ceaaf6" "metadata" "--no-deps" "--format-version=1", kill_on_drop: false }`
[INFO] running `Command { std: "docker" "inspect" "5c198c3fb3bda69a991634f662e4c05d720404ba1e2e99cae2d2fcc821e61b5a", kill_on_drop: false }`
[INFO] running `Command { std: "docker" "exec" "-e" "SOURCE_DIR=/opt/rustwide/workdir" "-e" "CARGO_HOME=/opt/rustwide/cargo-home" "-e" "RUSTUP_HOME=/opt/rustwide/rustup-home" "-e" "CARGO_TARGET_DIR=/opt/rustwide/target" "-e" "CARGO_INCREMENTAL=0" "-e" "RUST_BACKTRACE=full" "-e" "RUSTFLAGS=--cap-lints=forbid -Znext-solver=coherence" "-e" "RUSTDOCFLAGS=--cap-lints=forbid" "-w" "/opt/rustwide/workdir" "--user" "0:0" "5c198c3fb3bda69a991634f662e4c05d720404ba1e2e99cae2d2fcc821e61b5a" "/opt/rustwide/cargo-home/bin/cargo" "+3154cc1a3e6424e44f438a95007d043ed5ceaaf6" "check" "--frozen" "--all" "--all-targets" "--message-format=json", kill_on_drop: false }`
[INFO] [stderr]    Compiling quote v1.0.45
[INFO] [stderr]    Compiling libc v0.2.183
[INFO] [stderr]    Compiling semver v1.0.27
[INFO] [stderr]     Checking typenum v1.20.0
[INFO] [stderr]    Compiling serde_core v1.0.228
[INFO] [stderr]    Compiling serde v1.0.228
[INFO] [stderr]    Compiling proc-macro2 v1.0.106
[INFO] [stderr]     Checking smallvec v1.15.1
[INFO] [stderr]    Compiling zmij v1.0.21
[INFO] [stderr]     Checking signature v2.2.0
[INFO] [stderr]    Compiling serde_json v1.0.149
[INFO] [stderr]     Checking form_urlencoded v1.2.2
[INFO] [stderr]     Checking memchr v2.8.0
[INFO] [stderr]     Checking ryu v1.0.23
[INFO] [stderr]    Compiling thiserror v2.0.18
[INFO] [stderr]     Checking byteorder v1.5.0
[INFO] [stderr]     Checking ed25519 v2.2.3
[INFO] [stderr]    Compiling litrs v1.0.0
[INFO] [stderr]     Checking either v1.15.0
[INFO] [stderr]     Checking const-crc32-nostd v1.3.1
[INFO] [stderr]    Compiling rustc_version v0.4.1
[INFO] [stderr]    Compiling unicode-segmentation v1.13.2
[INFO] [stderr]     Checking bs58 v0.5.1
[INFO] [stderr]     Checking hash32 v0.2.1
[INFO] [stderr]     Checking chio-metrics-spec v0.1.2
[INFO] [stderr]     Checking keccak v0.1.6
[INFO] [stderr]     Checking itertools v0.14.0
[INFO] [stderr]    Compiling ruint-macro v1.2.1
[INFO] [stderr]     Checking const-hex v1.18.1
[INFO] [stderr]    Compiling getrandom v0.4.2
[INFO] [stderr]    Compiling rustix v1.1.4
[INFO] [stderr]     Checking rustc-hash v2.1.1
[INFO] [stderr]     Checking bytes v1.11.1
[INFO] [stderr]    Compiling curve25519-dalek v4.1.3
[INFO] [stderr]    Compiling heapless v0.7.17
[INFO] [stderr]     Checking ruint v1.20.0
[INFO] [stderr]    Compiling convert_case v0.10.0
[INFO] [stderr]     Checking bitflags v2.11.0
[INFO] [stderr]     Checking fastrand v2.3.0
[INFO] [stderr]     Checking ppv-lite86 v0.2.21
[INFO] [stderr]     Checking quick-error v1.2.3
[INFO] [stderr]     Checking chrono v0.4.44
[INFO] [stderr]    Compiling document-features v0.2.12
[INFO] [stderr]     Checking unarray v0.1.4
[INFO] [stderr]     Checking regex-syntax v0.8.10
[INFO] [stderr]     Checking generic-array v0.14.7
[INFO] [stderr]    Compiling syn v2.0.117
[INFO] [stderr]     Checking block-buffer v0.10.4
[INFO] [stderr]     Checking crypto-common v0.1.7
[INFO] [stderr]     Checking digest v0.10.7
[INFO] [stderr]     Checking sha2 v0.10.9
[INFO] [stderr]     Checking sha3 v0.10.8
[INFO] [stderr]     Checking getrandom v0.2.17
[INFO] [stderr]     Checking getrandom v0.3.4
[INFO] [stderr]     Checking wait-timeout v0.2.1
[INFO] [stderr]     Checking rs_merkle v1.5.0
[INFO] [stderr]     Checking rand_core v0.6.4
[INFO] [stderr]     Checking rand_core v0.9.5
[INFO] [stderr]     Checking rand_xorshift v0.4.0
[INFO] [stderr]     Checking rand v0.9.2
[INFO] [stderr]     Checking rand_chacha v0.9.0
[INFO] [stderr]     Checking tempfile v3.27.0
[INFO] [stderr]     Checking rusty-fork v0.3.1
[INFO] [stderr]     Checking proptest v1.10.0
[INFO] [stderr]    Compiling synstructure v0.13.2
[INFO] [stderr]    Compiling zerofrom-derive v0.1.6
[INFO] [stderr]    Compiling yoke-derive v0.8.1
[INFO] [stderr]    Compiling zerovec-derive v0.11.2
[INFO] [stderr]    Compiling displaydoc v0.2.5
[INFO] [stderr]    Compiling serde_derive v1.0.228
[INFO] [stderr]    Compiling zeroize_derive v1.5.0
[INFO] [stderr]    Compiling curve25519-dalek-derive v0.1.1
[INFO] [stderr]    Compiling thiserror-impl v1.0.69
[INFO] [stderr]    Compiling thiserror-impl v2.0.18
[INFO] [stderr]    Compiling derive-getters v0.5.0
[INFO] [stderr]    Compiling visibility v0.1.1
[INFO] [stderr]    Compiling derive_more-impl v2.1.1
[INFO] [stderr]    Compiling tracing-attributes v0.1.31
[INFO] [stderr]     Checking zeroize v1.9.0
[INFO] [stderr]     Checking zerofrom v0.1.6
[INFO] [stderr]     Checking tracing v0.1.44
[INFO] [stderr]     Checking yoke v0.8.1
[INFO] [stderr]     Checking zerovec v0.11.5
[INFO] [stderr]     Checking zerotrie v0.2.3
[INFO] [stderr]     Checking cobs v0.3.0
[INFO] [stderr]     Checking thiserror v1.0.69
[INFO] [stderr]     Checking tinystr v0.8.2
[INFO] [stderr]     Checking potential_utf v0.1.4
[INFO] [stderr]     Checking icu_collections v2.1.1
[INFO] [stderr]     Checking icu_locale_core v2.1.1
[INFO] [stderr]     Checking ed25519-dalek v2.2.0
[INFO] [stderr]     Checking icu_provider v2.1.1
[INFO] [stderr]     Checking icu_properties v2.1.2
[INFO] [stderr]     Checking icu_normalizer v2.1.1
[INFO] [stderr]     Checking serdect v0.2.0
[INFO] [stderr]     Checking derive_more v2.1.1
[INFO] [stderr]     Checking alloy-primitives v1.5.7
[INFO] [stderr]     Checking idna_adapter v1.2.1
[INFO] [stderr]     Checking idna v1.1.0
[INFO] [stderr]     Checking url v2.5.8
[INFO] [stderr]     Checking postcard v1.1.3
[INFO] [stderr]     Checking frost-core v3.0.0
[INFO] [stderr]     Checking chio-core-types v0.1.2
[INFO] [stderr]     Checking frost-rerandomized v3.0.0
[INFO] [stderr]     Checking frost-ed25519 v3.0.0
[INFO] [stderr]     Checking chio-listing v0.1.2
[INFO] [stderr]     Checking chio-pheromone v0.1.2
[INFO] [stderr]     Checking chio-revocation-oracle v0.1.2
[INFO] [stderr]     Checking chio-did v0.1.2
[INFO] [stderr]     Checking chio-fincred v0.1.2
[INFO] [stderr]     Checking chio-reputation v0.1.2
[INFO] [stderr]     Checking chio-fiscal v0.1.2
[INFO] [stderr]     Checking chio-governance v0.1.2
[INFO] [stderr]     Checking chio-appraisal v0.1.2
[INFO] [stderr]     Checking chio-open-market v0.1.2
[INFO] [stderr]     Checking chio-federation v0.1.2
[INFO] [stderr]     Checking chio-underwriting v0.1.2
[INFO] [stderr]     Checking chio-credit v0.1.2
[INFO] [stderr]     Checking chio-market v0.1.2
[INFO] [stderr]     Checking chio-web3 v0.1.2
[INFO] [stderr]     Checking chio-autonomy v0.1.2
[INFO] [stderr]     Checking chio-core v0.1.2
[INFO] [stderr]     Checking chio-credentials v0.1.2 (/opt/rustwide/workdir)
[INFO] [stdout] error[E0433]: cannot find module or crate `chio_test_support` in this scope
[INFO] [stdout]   --> tests/integration_smoke.rs:24:5
[INFO] [stdout]    |
[INFO] [stdout] 24 | use chio_test_support::ctx::{TestUnwrap, TestUnwrapErr};
[INFO] [stdout]    |     ^^^^^^^^^^^^^^^^^ use of unresolved module or unlinked crate `chio_test_support`
[INFO] [stdout]    |
[INFO] [stdout]    = help: if you wanted to use a crate named `chio_test_support`, use `cargo add chio_test_support` to add it to your `Cargo.toml`
[INFO] [stdout] 
[INFO] [stdout] 
[INFO] [stdout] error[E0599]: no method named `test_unwrap` found for enum `Result<T, E>` in the current scope
[INFO] [stdout]   --> tests/integration_smoke.rs:27:42
[INFO] [stdout]    |
[INFO] [stdout] 27 |     DidChio::from_public_key(public_key).test_unwrap("ed25519 key")
[INFO] [stdout]    |                                          ^^^^^^^^^^^
[INFO] [stdout]    |
[INFO] [stdout] help: there is a method `unwrap` with a similar name, but with different arguments
[INFO] [stdout]   --> /rustc/3154cc1a3e6424e44f438a95007d043ed5ceaaf6/library/core/src/result.rs:1226:4
[INFO] [stdout] 
[INFO] [stdout] 
[INFO] [stdout] error[E0433]: cannot find module or crate `chio_spec_validate` in this scope
[INFO] [stdout]   --> tests/financial_passport_v2.rs:68:18
[INFO] [stdout]    |
[INFO] [stdout] 68 |     let schema = chio_spec_validate::load_json(&path)?;
[INFO] [stdout]    |                  ^^^^^^^^^^^^^^^^^^ use of unresolved module or unlinked crate `chio_spec_validate`
[INFO] [stdout]    |
[INFO] [stdout]    = help: if you wanted to use a crate named `chio_spec_validate`, use `cargo add chio_spec_validate` to add it to your `Cargo.toml`
[INFO] [stdout] 
[INFO] [stdout] 
[INFO] [stdout] error[E0433]: cannot find module or crate `chio_spec_validate` in this scope
[INFO] [stdout]   --> tests/financial_passport_v2.rs:70:5
[INFO] [stdout]    |
[INFO] [stdout] 70 |     chio_spec_validate::validate_value(
[INFO] [stdout]    |     ^^^^^^^^^^^^^^^^^^ use of unresolved module or unlinked crate `chio_spec_validate`
[INFO] [stdout]    |
[INFO] [stdout]    = help: if you wanted to use a crate named `chio_spec_validate`, use `cargo add chio_spec_validate` to add it to your `Cargo.toml`
[INFO] [stdout] 
[INFO] [stdout] 
[INFO] [stdout] error[E0599]: no method named `test_unwrap` found for enum `Result<T, E>` in the current scope
[INFO] [stdout]    --> tests/integration_smoke.rs:131:6
[INFO] [stdout]     |
[INFO] [stdout] 124 |     let credential = issue_reputation_credential(
[INFO] [stdout] 125 |         &issuer,
[INFO] [stdout] 126 |         sample_scorecard(&holder.public_key().to_hex()),
[INFO] [stdout] 127 |         sample_evidence(),
[INFO] [stdout] 128 |         1_710_000_000,
[INFO] [stdout] 129 |         1_710_086_400,
[INFO] [stdout] 130 |     )
[INFO] [stdout] 131 |     .test_unwrap("issue reputation credential");
[INFO] [stdout]     |      ^^^^^^^^^^^
[INFO] [stdout]     |
[INFO] [stdout] help: there is a method `unwrap` with a similar name, but with different arguments
[INFO] [stdout]    --> /rustc/3154cc1a3e6424e44f438a95007d043ed5ceaaf6/library/core/src/result.rs:1226:4
[INFO] [stdout] 
[INFO] [stdout] 
[INFO] [stdout] error[E0599]: no method named `test_unwrap` found for enum `Result<T, E>` in the current scope
[INFO] [stdout]    --> tests/integration_smoke.rs:133:10
[INFO] [stdout]     |
[INFO] [stdout] 132 |     let passport = build_agent_passport(&holder_did.to_string(), vec![credential])
[INFO] [stdout] 133 |         .test_unwrap("build passport");
[INFO] [stdout]     |          ^^^^^^^^^^^
[INFO] [stdout]     |
[INFO] [stdout] help: there is a method `unwrap` with a similar name, but with different arguments
[INFO] [stdout]    --> /rustc/3154cc1a3e6424e44f438a95007d043ed5ceaaf6/library/core/src/result.rs:1226:4
[INFO] [stdout] 
[INFO] [stdout] 
[INFO] [stdout] error[E0599]: no method named `test_unwrap` found for enum `Result<T, E>` in the current scope
[INFO] [stdout]    --> tests/integration_smoke.rs:136:57
[INFO] [stdout]     |
[INFO] [stdout] 136 |         verify_agent_passport(&passport, 1_710_000_100).test_unwrap("verify passport");
[INFO] [stdout]     |                                                         ^^^^^^^^^^^
[INFO] [stdout]     |
[INFO] [stdout] help: there is a method `unwrap` with a similar name, but with different arguments
[INFO] [stdout]    --> /rustc/3154cc1a3e6424e44f438a95007d043ed5ceaaf6/library/core/src/result.rs:1226:4
[INFO] [stdout] 
[INFO] [stdout] 
[INFO] [stdout] error[E0599]: no method named `test_unwrap` found for enum `Result<T, E>` in the current scope
[INFO] [stdout]    --> tests/integration_smoke.rs:151:6
[INFO] [stdout]     |
[INFO] [stdout] 140 |     let challenge = create_passport_presentation_challenge(
[INFO] [stdout] 141 |         "https://verifier.example.com",
[INFO] [stdout] 142 |         "nonce-123",
[INFO] [stdout] 143 |         1_710_000_110,
[INFO] [stdout] 144 |         1_710_000_410,
[INFO] [stdout] 145 |         PassportPresentationOptions::default(),
[INFO] [stdout] 146 |         Some(PassportVerifierPolicy {
[INFO] [stdout] 147 |             min_receipt_count: Some(1),
[INFO] [stdout] 148 |             ..PassportVerifierPolicy::default()
[INFO] [stdout] 149 |         }),
[INFO] [stdout] 150 |     )
[INFO] [stdout] 151 |     .test_unwrap("build challenge");
[INFO] [stdout]     |      ^^^^^^^^^^^
[INFO] [stdout]     |
[INFO] [stdout] help: there is a method `unwrap` with a similar name, but with different arguments
[INFO] [stdout]    --> /rustc/3154cc1a3e6424e44f438a95007d043ed5ceaaf6/library/core/src/result.rs:1226:4
[INFO] [stdout] 
[INFO] [stdout] 
[INFO] [stdout] error[E0599]: no method named `test_unwrap` found for enum `Result<T, E>` in the current scope
[INFO] [stdout]    --> tests/integration_smoke.rs:154:14
[INFO] [stdout]     |
[INFO] [stdout] 153 |         respond_to_passport_presentation_challenge(&holder, &passport, &challenge, 1_710_000_120)
[INFO] [stdout] 154 |             .test_unwrap("respond to challenge");
[INFO] [stdout]     |              ^^^^^^^^^^^
[INFO] [stdout]     |
[INFO] [stdout] help: there is a method `unwrap` with a similar name, but with different arguments
[INFO] [stdout]    --> /rustc/3154cc1a3e6424e44f438a95007d043ed5ceaaf6/library/core/src/result.rs:1226:4
[INFO] [stdout] 
[INFO] [stdout] 
[INFO] [stdout] error[E0599]: no method named `test_unwrap` found for enum `Result<T, E>` in the current scope
[INFO] [stdout]    --> tests/integration_smoke.rs:157:14
[INFO] [stdout]     |
[INFO] [stdout] 156 |         verify_passport_presentation_response(&response, Some(&challenge), 1_710_000_120)
[INFO] [stdout] 157 |             .test_unwrap("verify presentation response");
[INFO] [stdout]     |              ^^^^^^^^^^^
[INFO] [stdout]     |
[INFO] [stdout] help: there is a method `unwrap` with a similar name, but with different arguments
[INFO] [stdout]    --> /rustc/3154cc1a3e6424e44f438a95007d043ed5ceaaf6/library/core/src/result.rs:1226:4
[INFO] [stdout] 
[INFO] [stdout] 
[INFO] [stdout] error[E0599]: no method named `test_unwrap` found for enum `Result<T, E>` in the current scope
[INFO] [stdout]    --> tests/integration_smoke.rs:178:6
[INFO] [stdout]     |
[INFO] [stdout] 171 |     let credential = issue_reputation_credential(
[INFO] [stdout] 172 |         &issuer,
[INFO] [stdout] 173 |         sample_scorecard(&holder.public_key().to_hex()),
[INFO] [stdout] 174 |         sample_evidence(),
[INFO] [stdout] 175 |         1_710_000_000,
[INFO] [stdout] 176 |         1_710_086_400,
[INFO] [stdout] 177 |     )
[INFO] [stdout] 178 |     .test_unwrap("issue credential");
[INFO] [stdout]     |      ^^^^^^^^^^^
[INFO] [stdout]     |
[INFO] [stdout] help: there is a method `unwrap` with a similar name, but with different arguments
[INFO] [stdout]    --> /rustc/3154cc1a3e6424e44f438a95007d043ed5ceaaf6/library/core/src/result.rs:1226:4
[INFO] [stdout] 
[INFO] [stdout] 
[INFO] [stdout] error[E0599]: no method named `test_unwrap` found for enum `Result<T, E>` in the current scope
[INFO] [stdout]    --> tests/integration_smoke.rs:180:10
[INFO] [stdout]     |
[INFO] [stdout] 179 |     let passport = build_agent_passport(&holder_did.to_string(), vec![credential])
[INFO] [stdout] 180 |         .test_unwrap("build passport");
[INFO] [stdout]     |          ^^^^^^^^^^^
[INFO] [stdout]     |
[INFO] [stdout] help: there is a method `unwrap` with a similar name, but with different arguments
[INFO] [stdout]    --> /rustc/3154cc1a3e6424e44f438a95007d043ed5ceaaf6/library/core/src/result.rs:1226:4
[INFO] [stdout] 
[INFO] [stdout] 
[INFO] [stdout] error[E0599]: no method named `test_unwrap` found for enum `Result<T, E>` in the current scope
[INFO] [stdout]    --> tests/integration_smoke.rs:189:6
[INFO] [stdout]     |
[INFO] [stdout] 181 |     let challenge = create_passport_presentation_challenge(
[INFO] [stdout] 182 |         "https://verifier.example.com",
[INFO] [stdout] 183 |         "nonce-123",
[INFO] [stdout] 184 |         1_710_000_110,
[INFO] [stdout] 185 |         1_710_000_410,
[INFO] [stdout] 186 |         PassportPresentationOptions::default(),
[INFO] [stdout] 187 |         None,
[INFO] [stdout] 188 |     )
[INFO] [stdout] 189 |     .test_unwrap("build challenge");
[INFO] [stdout]     |      ^^^^^^^^^^^
[INFO] [stdout]     |
[INFO] [stdout] help: there is a method `unwrap` with a similar name, but with different arguments
[INFO] [stdout]    --> /rustc/3154cc1a3e6424e44f438a95007d043ed5ceaaf6/library/core/src/result.rs:1226:4
[INFO] [stdout] 
[INFO] [stdout] 
[INFO] [stdout] For more information about this error, try `rustc --explain E0433`.
[INFO] [stdout] 
[INFO] [stderr] error: could not compile `chio-credentials` (test "financial_passport_v2") due to 2 previous errors
[INFO] [stdout] error[E0599]: no method named `test_unwrap_err` found for enum `Result<T, E>` in the current scope
[INFO] [stdout]    --> tests/integration_smoke.rs:197:6
[INFO] [stdout]     |
[INFO] [stdout] 191 |     let error = respond_to_passport_presentation_challenge(
[INFO] [stdout] 192 |         &wrong_holder,
[INFO] [stdout] 193 |         &passport,
[INFO] [stdout] 194 |         &challenge,
[INFO] [stdout] 195 |         1_710_000_120,
[INFO] [stdout] 196 |     )
[INFO] [stdout] 197 |     .test_unwrap_err("wrong holder should fail closed");
[INFO] [stdout]     |      ^^^^^^^^^^^^^^^
[INFO] [stdout]     |
[INFO] [stdout] help: there is a method `unwrap_err` with a similar name, but with different arguments
[INFO] [stdout]    --> /rustc/3154cc1a3e6424e44f438a95007d043ed5ceaaf6/library/core/src/result.rs:1323:4
[INFO] [stdout] 
[INFO] [stdout] 
[INFO] [stderr] warning: build failed, waiting for other jobs to finish...
[INFO] [stdout] error[E0599]: no method named `test_unwrap` found for enum `Result<T, E>` in the current scope
[INFO] [stdout]    --> tests/integration_smoke.rs:205:44
[INFO] [stdout]     |
[INFO] [stdout] 205 |     let passport = sample_passport(22, 23).test_unwrap("build passport for portable expiration");
[INFO] [stdout]     |                                            ^^^^^^^^^^^
[INFO] [stdout]     |
[INFO] [stdout] help: there is a method `unwrap` with a similar name, but with different arguments
[INFO] [stdout]    --> /rustc/3154cc1a3e6424e44f438a95007d043ed5ceaaf6/library/core/src/result.rs:1226:4
[INFO] [stdout] 
[INFO] [stdout] 
[INFO] [stdout] error[E0599]: no method named `test_unwrap` found for enum `Result<T, E>` in the current scope
[INFO] [stdout]    --> tests/integration_smoke.rs:214:6
[INFO] [stdout]     |
[INFO] [stdout] 207 |     let sd_jwt = issue_chio_passport_sd_jwt_vc(
[INFO] [stdout] 208 |         &passport,
[INFO] [stdout] 209 |         "https://trust.example.com",
[INFO] [stdout] 210 |         &issuer,
[INFO] [stdout] 211 |         1_710_000_100,
[INFO] [stdout] 212 |         None,
[INFO] [stdout] 213 |     )
[INFO] [stdout] 214 |     .test_unwrap("issue portable sd-jwt");
[INFO] [stdout]     |      ^^^^^^^^^^^
[INFO] [stdout]     |
[INFO] [stdout] help: there is a method `unwrap` with a similar name, but with different arguments
[INFO] [stdout]    --> /rustc/3154cc1a3e6424e44f438a95007d043ed5ceaaf6/library/core/src/result.rs:1226:4
[INFO] [stdout] 
[INFO] [stdout] 
[INFO] [stdout] error[E0599]: no method named `test_unwrap_err` found for enum `Result<T, E>` in the current scope
[INFO] [stdout]    --> tests/integration_smoke.rs:217:14
[INFO] [stdout]     |
[INFO] [stdout] 216 |         verify_chio_passport_sd_jwt_vc(&sd_jwt.compact, &issuer.public_key(), 1_710_086_400)
[INFO] [stdout] 217 |             .test_unwrap_err("portable sd-jwt should expire at exact exp");
[INFO] [stdout]     |              ^^^^^^^^^^^^^^^
[INFO] [stdout]     |
[INFO] [stdout] help: there is a method `unwrap_err` with a similar name, but with different arguments
[INFO] [stdout]    --> /rustc/3154cc1a3e6424e44f438a95007d043ed5ceaaf6/library/core/src/result.rs:1323:4
[INFO] [stdout] 
[INFO] [stdout] 
[INFO] [stdout] error[E0599]: no method named `test_unwrap` found for enum `Result<T, E>` in the current scope
[INFO] [stdout]    --> tests/integration_smoke.rs:227:6
[INFO] [stdout]     |
[INFO] [stdout] 220 |     let jwt_vc = issue_chio_passport_jwt_vc_json(
[INFO] [stdout] 221 |         &passport,
[INFO] [stdout] 222 |         "https://trust.example.com",
[INFO] [stdout] 223 |         &issuer,
[INFO] [stdout] 224 |         1_710_000_100,
[INFO] [stdout] 225 |         None,
[INFO] [stdout] 226 |     )
[INFO] [stdout] 227 |     .test_unwrap("issue portable jwt vc");
[INFO] [stdout]     |      ^^^^^^^^^^^
[INFO] [stdout]     |
[INFO] [stdout] help: there is a method `unwrap` with a similar name, but with different arguments
[INFO] [stdout]    --> /rustc/3154cc1a3e6424e44f438a95007d043ed5ceaaf6/library/core/src/result.rs:1226:4
[INFO] [stdout] 
[INFO] [stdout] 
[INFO] [stdout] error[E0599]: no method named `test_unwrap_err` found for enum `Result<T, E>` in the current scope
[INFO] [stdout]    --> tests/integration_smoke.rs:230:14
[INFO] [stdout]     |
[INFO] [stdout] 229 |         verify_chio_passport_jwt_vc_json(&jwt_vc.compact, &issuer.public_key(), 1_710_086_400)
[INFO] [stdout] 230 |             .test_unwrap_err("portable jwt vc should expire at exact exp");
[INFO] [stdout]     |              ^^^^^^^^^^^^^^^
[INFO] [stdout]     |
[INFO] [stdout] help: there is a method `unwrap_err` with a similar name, but with different arguments
[INFO] [stdout]    --> /rustc/3154cc1a3e6424e44f438a95007d043ed5ceaaf6/library/core/src/result.rs:1323:4
[INFO] [stdout] 
[INFO] [stdout] 
[INFO] [stdout] error[E0599]: no method named `test_unwrap` found for enum `Result<T, E>` in the current scope
[INFO] [stdout]    --> tests/integration_smoke.rs:247:6
[INFO] [stdout]     |
[INFO] [stdout] 240 |     let credential = issue_reputation_credential(
[INFO] [stdout] 241 |         &issuer,
[INFO] [stdout] 242 |         sample_scorecard(&holder.public_key().to_hex()),
[INFO] [stdout] 243 |         sample_evidence(),
[INFO] [stdout] 244 |         1_710_000_000,
[INFO] [stdout] 245 |         1_710_086_400,
[INFO] [stdout] 246 |     )
[INFO] [stdout] 247 |     .test_unwrap("issue reputation credential");
[INFO] [stdout]     |      ^^^^^^^^^^^
[INFO] [stdout]     |
[INFO] [stdout] help: there is a method `unwrap` with a similar name, but with different arguments
[INFO] [stdout]    --> /rustc/3154cc1a3e6424e44f438a95007d043ed5ceaaf6/library/core/src/result.rs:1226:4
[INFO] [stdout] 
[INFO] [stdout] 
[INFO] [stdout] error[E0599]: no method named `test_unwrap` found for enum `Result<T, E>` in the current scope
[INFO] [stdout]    --> tests/integration_smoke.rs:249:73
[INFO] [stdout]     |
[INFO] [stdout] 249 |         build_agent_passport(&holder_did.to_string(), vec![credential]).test_unwrap("passport");
[INFO] [stdout]     |                                                                         ^^^^^^^^^^^
[INFO] [stdout]     |
[INFO] [stdout] help: there is a method `unwrap` with a similar name, but with different arguments
[INFO] [stdout]    --> /rustc/3154cc1a3e6424e44f438a95007d043ed5ceaaf6/library/core/src/result.rs:1226:4
[INFO] [stdout] 
[INFO] [stdout] 
[INFO] [stdout] error[E0599]: no method named `test_unwrap` found for enum `Result<T, E>` in the current scope
[INFO] [stdout]    --> tests/integration_smoke.rs:257:6
[INFO] [stdout]     |
[INFO] [stdout] 250 |     let portable = issue_chio_passport_sd_jwt_vc(
[INFO] [stdout] 251 |         &passport,
[INFO] [stdout] 252 |         "https://trust.example.com",
[INFO] [stdout] 253 |         &issuer,
[INFO] [stdout] 254 |         1_710_000_100,
[INFO] [stdout] 255 |         None,
[INFO] [stdout] 256 |     )
[INFO] [stdout] 257 |     .test_unwrap("portable credential");
[INFO] [stdout]     |      ^^^^^^^^^^^
[INFO] [stdout]     |
[INFO] [stdout] help: there is a method `unwrap` with a similar name, but with different arguments
[INFO] [stdout]    --> /rustc/3154cc1a3e6424e44f438a95007d043ed5ceaaf6/library/core/src/result.rs:1226:4
[INFO] [stdout] 
[INFO] [stdout] 
[INFO] [stdout] error[E0599]: no method named `test_unwrap` found for enum `Result<T, E>` in the current scope
[INFO] [stdout]    --> tests/integration_smoke.rs:285:58
[INFO] [stdout]     |
[INFO] [stdout] 285 |         sign_oid4vp_request_object(&request, &authority).test_unwrap("sign request object");
[INFO] [stdout]     |                                                          ^^^^^^^^^^^
[INFO] [stdout]     |
[INFO] [stdout] help: there is a method `unwrap` with a similar name, but with different arguments
[INFO] [stdout]    --> /rustc/3154cc1a3e6424e44f438a95007d043ed5ceaaf6/library/core/src/result.rs:1226:4
[INFO] [stdout] 
[INFO] [stdout] 
[INFO] [stdout] error[E0599]: no method named `test_unwrap_err` found for enum `Result<T, E>` in the current scope
[INFO] [stdout]    --> tests/integration_smoke.rs:288:14
[INFO] [stdout]     |
[INFO] [stdout] 287 |         verify_signed_oid4vp_request_object(&request_jwt, &authority.public_key(), request.exp)
[INFO] [stdout] 288 |             .test_unwrap_err("OID4VP request should expire at exact exp");
[INFO] [stdout]     |              ^^^^^^^^^^^^^^^
[INFO] [stdout]     |
[INFO] [stdout] help: there is a method `unwrap_err` with a similar name, but with different arguments
[INFO] [stdout]    --> /rustc/3154cc1a3e6424e44f438a95007d043ed5ceaaf6/library/core/src/result.rs:1323:4
[INFO] [stdout] 
[INFO] [stdout] 
[INFO] [stdout] error[E0599]: no method named `test_unwrap` found for enum `Result<T, E>` in the current scope
[INFO] [stdout]    --> tests/integration_smoke.rs:299:6
[INFO] [stdout]     |
[INFO] [stdout] 293 |     let response_jwt = respond_to_oid4vp_request(
[INFO] [stdout] 294 |         &holder,
[INFO] [stdout] 295 |         &portable.compact,
[INFO] [stdout] 296 |         &long_lived_request,
[INFO] [stdout] 297 |         1_710_000_200,
[INFO] [stdout] 298 |     )
[INFO] [stdout] 299 |     .test_unwrap("respond to oid4vp request");
[INFO] [stdout]     |      ^^^^^^^^^^^
[INFO] [stdout]     |
[INFO] [stdout] help: there is a method `unwrap` with a similar name, but with different arguments
[INFO] [stdout]    --> /rustc/3154cc1a3e6424e44f438a95007d043ed5ceaaf6/library/core/src/result.rs:1226:4
[INFO] [stdout] 
[INFO] [stdout] 
[INFO] [stdout] error[E0599]: no method named `test_unwrap_err` found for enum `Result<T, E>` in the current scope
[INFO] [stdout]    --> tests/integration_smoke.rs:306:6
[INFO] [stdout]     |
[INFO] [stdout] 300 |     let response_error = verify_oid4vp_direct_post_response(
[INFO] [stdout] 301 |         &response_jwt,
[INFO] [stdout] 302 |         &long_lived_request,
[INFO] [stdout] 303 |         &issuer.public_key(),
[INFO] [stdout] 304 |         1_710_000_500,
[INFO] [stdout] 305 |     )
[INFO] [stdout] 306 |     .test_unwrap_err("OID4VP response should expire at exact exp");
[INFO] [stdout]     |      ^^^^^^^^^^^^^^^
[INFO] [stdout]     |
[INFO] [stdout] help: there is a method `unwrap_err` with a similar name, but with different arguments
[INFO] [stdout]    --> /rustc/3154cc1a3e6424e44f438a95007d043ed5ceaaf6/library/core/src/result.rs:1323:4
[INFO] [stdout] 
[INFO] [stdout] 
[INFO] [stdout] error[E0599]: no method named `test_unwrap` found for enum `Result<T, E>` in the current scope
[INFO] [stdout]    --> tests/integration_smoke.rs:321:6
[INFO] [stdout]     |
[INFO] [stdout] 313 |     let document = create_signed_passport_verifier_policy(
[INFO] [stdout] 314 |         &signer,
[INFO] [stdout] 315 |         "rp-default",
[INFO] [stdout] 316 |         "https://verifier.example.com",
[INFO] [stdout] 317 |         1_710_000_000,
[INFO] [stdout] 318 |         1_710_000_300,
[INFO] [stdout] 319 |         PassportVerifierPolicy::default(),
[INFO] [stdout] 320 |     )
[INFO] [stdout] 321 |     .test_unwrap("sign verifier policy");
[INFO] [stdout]     |      ^^^^^^^^^^^
[INFO] [stdout]     |
[INFO] [stdout] help: there is a method `unwrap` with a similar name, but with different arguments
[INFO] [stdout]    --> /rustc/3154cc1a3e6424e44f438a95007d043ed5ceaaf6/library/core/src/result.rs:1226:4
[INFO] [stdout] 
[INFO] [stdout] 
[INFO] [stdout] error[E0599]: no method named `test_unwrap` found for enum `Result<T, E>` in the current scope
[INFO] [stdout]    --> tests/integration_smoke.rs:324:10
[INFO] [stdout]     |
[INFO] [stdout] 323 |     ensure_signed_passport_verifier_policy_active(&document, 1_710_000_000)
[INFO] [stdout] 324 |         .test_unwrap("created_at boundary should be valid");
[INFO] [stdout]     |          ^^^^^^^^^^^
[INFO] [stdout]     |
[INFO] [stdout] help: there is a method `unwrap` with a similar name, but with different arguments
[INFO] [stdout]    --> /rustc/3154cc1a3e6424e44f438a95007d043ed5ceaaf6/library/core/src/result.rs:1226:4
[INFO] [stdout] 
[INFO] [stdout] 
[INFO] [stdout] error[E0599]: no method named `test_unwrap` found for enum `Result<T, E>` in the current scope
[INFO] [stdout]    --> tests/integration_smoke.rs:326:10
[INFO] [stdout]     |
[INFO] [stdout] 325 |     ensure_signed_passport_verifier_policy_active(&document, 1_710_000_300)
[INFO] [stdout] 326 |         .test_unwrap("expires_at boundary should be valid");
[INFO] [stdout]     |          ^^^^^^^^^^^
[INFO] [stdout]     |
[INFO] [stdout] help: there is a method `unwrap` with a similar name, but with different arguments
[INFO] [stdout]    --> /rustc/3154cc1a3e6424e44f438a95007d043ed5ceaaf6/library/core/src/result.rs:1226:4
[INFO] [stdout] 
[INFO] [stdout] 
[INFO] [stdout] Some errors have detailed explanations: E0433, E0599.
[INFO] [stdout] 
[INFO] [stdout] For more information about an error, try `rustc --explain E0433`.
[INFO] [stdout] 
[INFO] [stderr] error: could not compile `chio-credentials` (test "integration_smoke") due to 27 previous errors
[INFO] running `Command { std: "docker" "inspect" "5c198c3fb3bda69a991634f662e4c05d720404ba1e2e99cae2d2fcc821e61b5a", kill_on_drop: false }`
[INFO] running `Command { std: "docker" "rm" "-f" "5c198c3fb3bda69a991634f662e4c05d720404ba1e2e99cae2d2fcc821e61b5a", kill_on_drop: false }`
[INFO] [stdout] 5c198c3fb3bda69a991634f662e4c05d720404ba1e2e99cae2d2fcc821e61b5a
