[INFO] fetching crate chio-core-types 0.1.2...
[INFO] checking chio-core-types-0.1.2 against 3154cc1a3e6424e44f438a95007d043ed5ceaaf6 for pr-133502-30
[INFO] extracting crate chio-core-types 0.1.2 into /workspace/builds/worker-6-tc2/source
[INFO] started tweaking crates.io crate chio-core-types 0.1.2
[INFO] removed 0 missing tests
[INFO] finished tweaking crates.io crate chio-core-types 0.1.2
[INFO] tweaked toml for crates.io crate chio-core-types 0.1.2 written to /workspace/builds/worker-6-tc2/source/Cargo.toml
[INFO] validating manifest of crates.io crate chio-core-types 0.1.2 on toolchain 3154cc1a3e6424e44f438a95007d043ed5ceaaf6
[INFO] running `Command { std: CARGO_HOME="/workspace/cargo-home" RUSTUP_HOME="/workspace/rustup-home" "/workspace/cargo-home/bin/cargo" "+3154cc1a3e6424e44f438a95007d043ed5ceaaf6" "metadata" "--manifest-path" "Cargo.toml" "--no-deps", kill_on_drop: false }`
[INFO] crate crates.io crate chio-core-types 0.1.2 already has a lockfile, it will not be regenerated
[INFO] running `Command { std: CARGO_HOME="/workspace/cargo-home" RUSTUP_HOME="/workspace/rustup-home" "/workspace/cargo-home/bin/cargo" "+3154cc1a3e6424e44f438a95007d043ed5ceaaf6" "fetch" "--manifest-path" "Cargo.toml", kill_on_drop: false }`
[INFO] running `Command { std: "docker" "create" "-v" "/var/lib/crater-agent-workspace/builds/worker-6-tc2/source:/opt/rustwide/workdir:ro,Z" "-v" "/var/lib/crater-agent-workspace/builds/worker-6-tc2/target:/opt/rustwide/target:rw,Z" "-v" "/var/lib/crater-agent-workspace/cargo-home:/opt/rustwide/cargo-home:ro,Z" "-v" "/var/lib/crater-agent-workspace/rustup-home:/opt/rustwide/rustup-home:ro,Z" "-m" "1610612736" "--network" "none" "ghcr.io/rust-lang/crates-build-env/linux@sha256:77db811e55d90add9212f6832c23229e3de5f1c1f9905e8cb07319ea15df73ac" "sleep" "infinity", kill_on_drop: false }`
[INFO] [stdout] 4637c27ab3a8f7e78d4739d84d1c565370d0ada3110e3b56f049220c67aa063e
[INFO] running `Command { std: "docker" "start" "4637c27ab3a8f7e78d4739d84d1c565370d0ada3110e3b56f049220c67aa063e", kill_on_drop: false }`
[INFO] running `Command { std: "docker" "inspect" "4637c27ab3a8f7e78d4739d84d1c565370d0ada3110e3b56f049220c67aa063e", kill_on_drop: false }`
[INFO] running `Command { std: "docker" "exec" "-e" "SOURCE_DIR=/opt/rustwide/workdir" "-e" "CARGO_HOME=/opt/rustwide/cargo-home" "-e" "RUSTUP_HOME=/opt/rustwide/rustup-home" "-e" "CARGO_TARGET_DIR=/opt/rustwide/target" "-w" "/opt/rustwide/workdir" "--user" "0:0" "4637c27ab3a8f7e78d4739d84d1c565370d0ada3110e3b56f049220c67aa063e" "/opt/rustwide/cargo-home/bin/cargo" "+3154cc1a3e6424e44f438a95007d043ed5ceaaf6" "metadata" "--no-deps" "--format-version=1", kill_on_drop: false }`
[INFO] running `Command { std: "docker" "inspect" "4637c27ab3a8f7e78d4739d84d1c565370d0ada3110e3b56f049220c67aa063e", kill_on_drop: false }`
[INFO] running `Command { std: "docker" "exec" "-e" "SOURCE_DIR=/opt/rustwide/workdir" "-e" "CARGO_HOME=/opt/rustwide/cargo-home" "-e" "RUSTUP_HOME=/opt/rustwide/rustup-home" "-e" "CARGO_TARGET_DIR=/opt/rustwide/target" "-e" "CARGO_INCREMENTAL=0" "-e" "RUST_BACKTRACE=full" "-e" "RUSTFLAGS=--cap-lints=forbid" "-e" "RUSTDOCFLAGS=--cap-lints=forbid" "-w" "/opt/rustwide/workdir" "--user" "0:0" "4637c27ab3a8f7e78d4739d84d1c565370d0ada3110e3b56f049220c67aa063e" "/opt/rustwide/cargo-home/bin/cargo" "+3154cc1a3e6424e44f438a95007d043ed5ceaaf6" "check" "--frozen" "--all" "--all-targets" "--message-format=json", kill_on_drop: false }`
[INFO] [stderr]    Compiling proc-macro2 v1.0.106
[INFO] [stderr]    Compiling quote v1.0.45
[INFO] [stderr]    Compiling unicode-ident v1.0.24
[INFO] [stderr]    Compiling libc v0.2.183
[INFO] [stderr]     Checking cfg-if v1.0.4
[INFO] [stderr]     Checking stable_deref_trait v1.2.1
[INFO] [stderr]    Compiling version_check v0.9.5
[INFO] [stderr]    Compiling autocfg v1.5.0
[INFO] [stderr]    Compiling getrandom v0.3.4
[INFO] [stderr]    Compiling serde_core v1.0.228
[INFO] [stderr]     Checking litemap v0.8.1
[INFO] [stderr]     Checking memchr v2.8.0
[INFO] [stderr]     Checking writeable v0.6.2
[INFO] [stderr]     Checking smallvec v1.15.1
[INFO] [stderr]    Compiling icu_properties_data v2.1.2
[INFO] [stderr]    Compiling zerocopy v0.8.42
[INFO] [stderr]     Checking typenum v1.20.0
[INFO] [stderr]    Compiling icu_normalizer_data v2.1.1
[INFO] [stderr]    Compiling serde v1.0.228
[INFO] [stderr]    Compiling zmij v1.0.21
[INFO] [stderr]    Compiling semver v1.0.27
[INFO] [stderr]     Checking once_cell v1.21.4
[INFO] [stderr]    Compiling rustix v1.1.4
[INFO] [stderr]    Compiling serde_json v1.0.149
[INFO] [stderr]    Compiling getrandom v0.4.2
[INFO] [stderr]    Compiling generic-array v0.14.7
[INFO] [stderr]    Compiling num-traits v0.2.19
[INFO] [stderr]     Checking regex-syntax v0.8.10
[INFO] [stderr]    Compiling parking_lot_core v0.9.12
[INFO] [stderr]    Compiling ref-cast v1.0.25
[INFO] [stderr]     Checking percent-encoding v2.3.2
[INFO] [stderr]    Compiling rustc_version v0.4.1
[INFO] [stderr]    Compiling ahash v0.8.12
[INFO] [stderr]     Checking utf8_iter v1.0.4
[INFO] [stderr]     Checking aho-corasick v1.1.4
[INFO] [stderr]     Checking bitflags v2.11.0
[INFO] [stderr]     Checking equivalent v1.0.2
[INFO] [stderr]     Checking scopeguard v1.2.0
[INFO] [stderr]     Checking foldhash v0.2.0
[INFO] [stderr]     Checking allocator-api2 v0.2.21
[INFO] [stderr]     Checking bit-vec v0.8.0
[INFO] [stderr]     Checking linux-raw-sys v0.12.1
[INFO] [stderr]     Checking itoa v1.0.17
[INFO] [stderr]     Checking cpufeatures v0.2.17
[INFO] [stderr]    Compiling curve25519-dalek v4.1.3
[INFO] [stderr]     Checking lock_api v0.4.14
[INFO] [stderr]     Checking fastrand v2.3.0
[INFO] [stderr]    Compiling thiserror v1.0.69
[INFO] [stderr]     Checking bit-set v0.8.0
[INFO] [stderr]     Checking signature v2.2.0
[INFO] [stderr]    Compiling unicode-general-category v1.1.0
[INFO] [stderr]     Checking zeroize v1.9.0
[INFO] [stderr]     Checking subtle v2.6.1
[INFO] [stderr]     Checking borrow-or-share v0.2.4
[INFO] [stderr]     Checking ed25519 v2.2.3
[INFO] [stderr]    Compiling syn v2.0.117
[INFO] [stderr]     Checking hashbrown v0.16.1
[INFO] [stderr]     Checking form_urlencoded v1.2.2
[INFO] [stderr]     Checking quick-error v1.2.3
[INFO] [stderr]     Checking lazy_static v1.5.0
[INFO] [stderr]     Checking outref v0.5.2
[INFO] [stderr]     Checking micromap v0.3.0
[INFO] [stderr]     Checking vsimd v0.8.0
[INFO] [stderr]     Checking fnv v1.0.7
[INFO] [stderr]     Checking data-encoding v2.11.0
[INFO] [stderr]     Checking unarray v0.1.4
[INFO] [stderr]     Checking bytecount v0.6.9
[INFO] [stderr]     Checking ryu v1.0.23
[INFO] [stderr]     Checking hex v0.4.3
[INFO] [stderr]     Checking getrandom v0.2.17
[INFO] [stderr]     Checking wait-timeout v0.2.1
[INFO] [stderr]     Checking num-integer v0.1.46
[INFO] [stderr]     Checking rand_core v0.9.5
[INFO] [stderr]     Checking num-complex v0.4.6
[INFO] [stderr]     Checking rand_core v0.6.4
[INFO] [stderr]     Checking num-cmp v0.1.0
[INFO] [stderr]     Checking uuid-simd v0.8.0
[INFO] [stderr]     Checking parking_lot v0.12.5
[INFO] [stderr]     Checking rand_xorshift v0.4.0
[INFO] [stderr]     Checking rand v0.9.2
[INFO] [stderr]     Checking num-bigint v0.4.6
[INFO] [stderr]     Checking num-iter v0.1.45
[INFO] [stderr]     Checking regress v0.10.5
[INFO] [stderr]     Checking block-buffer v0.10.4
[INFO] [stderr]     Checking crypto-common v0.1.7
[INFO] [stderr]     Checking digest v0.10.7
[INFO] [stderr]     Checking regex-automata v0.4.14
[INFO] [stderr]     Checking sha2 v0.10.9
[INFO] [stderr]     Checking tempfile v3.27.0
[INFO] [stderr]     Checking rusty-fork v0.3.1
[INFO] [stderr]     Checking num-rational v0.4.2
[INFO] [stderr]     Checking num v0.4.3
[INFO] [stderr]     Checking fraction v0.15.3
[INFO] [stderr]     Checking fancy-regex v0.17.0
[INFO] [stderr]     Checking regex v1.12.3
[INFO] [stderr]    Compiling synstructure v0.13.2
[INFO] [stderr]     Checking ppv-lite86 v0.2.21
[INFO] [stderr]    Compiling zerofrom-derive v0.1.6
[INFO] [stderr]    Compiling yoke-derive v0.8.1
[INFO] [stderr]    Compiling zerovec-derive v0.11.2
[INFO] [stderr]    Compiling displaydoc v0.2.5
[INFO] [stderr]    Compiling serde_derive v1.0.228
[INFO] [stderr]    Compiling ref-cast-impl v1.0.25
[INFO] [stderr]    Compiling curve25519-dalek-derive v0.1.1
[INFO] [stderr]    Compiling thiserror-impl v1.0.69
[INFO] [stderr]     Checking rand_chacha v0.9.0
[INFO] [stderr]     Checking proptest v1.10.0
[INFO] [stderr]     Checking zerofrom v0.1.6
[INFO] [stderr]     Checking yoke v0.8.1
[INFO] [stderr]     Checking zerovec v0.11.5
[INFO] [stderr]     Checking zerotrie v0.2.3
[INFO] [stderr]     Checking ed25519-dalek v2.2.0
[INFO] [stderr]     Checking tinystr v0.8.2
[INFO] [stderr]     Checking potential_utf v0.1.4
[INFO] [stderr]     Checking icu_collections v2.1.1
[INFO] [stderr]     Checking icu_locale_core v2.1.1
[INFO] [stderr]     Checking icu_provider v2.1.1
[INFO] [stderr]     Checking icu_properties v2.1.2
[INFO] [stderr]     Checking icu_normalizer v2.1.1
[INFO] [stderr]     Checking fluent-uri v0.4.1
[INFO] [stderr]     Checking email_address v0.2.9
[INFO] [stderr]     Checking referencing v0.46.0
[INFO] [stderr]     Checking idna_adapter v1.2.1
[INFO] [stderr]     Checking idna v1.1.0
[INFO] [stderr]     Checking url v2.5.8
[INFO] [stderr]     Checking jsonschema v0.46.0
[INFO] [stderr]     Checking chio-core-types v0.1.2 (/opt/rustwide/workdir)
[INFO] [stdout] error: couldn't read `tests/../../../../tests/bindings/vectors/canonical/v1.json`: No such file or directory (os error 2)
[INFO] [stdout]  --> tests/canonical_bytes_vectors.rs:9:5
[INFO] [stdout]   |
[INFO] [stdout] 9 |     include_str!("../../../../tests/bindings/vectors/canonical/v1.json");
[INFO] [stdout]   |     ^^^^^^^^^^^^^^^^^^^^^^^^^^^^^^^^^^^^^^^^^^^^^^^^^^^^^^^^^^^^^^^^^^^^
[INFO] [stdout] 
[INFO] [stdout] 
[INFO] [stdout] error: couldn't read `/opt/rustwide/workdir/../../../spec/schemas/registry.json`: No such file or directory (os error 2)
[INFO] [stdout]    --> tests/signed_artifact_schema.rs:257:60
[INFO] [stdout]     |
[INFO] [stdout] 257 |       let registry: serde_json::Value = serde_json::from_str(include_str!(concat!(
[INFO] [stdout]     |  ____________________________________________________________^
[INFO] [stdout] 258 | |         env!("CARGO_MANIFEST_DIR"),
[INFO] [stdout] 259 | |         "/../../../spec/schemas/registry.json"
[INFO] [stdout] 260 | |     )))
[INFO] [stdout]     | |______^
[INFO] [stdout] 
[INFO] [stdout] 
[INFO] [stdout] error: couldn't read `/opt/rustwide/workdir/../../../spec/schemas/chio-econsim/v1/fixtures/qualification-matrix.positive.json`: No such file or directory (os error 2)
[INFO] [stdout]    --> tests/signed_artifact_schema.rs:285:56
[INFO] [stdout]     |
[INFO] [stdout] 285 |       let body: serde_json::Value = serde_json::from_str(include_str!(concat!(
[INFO] [stdout]     |  ________________________________________________________^
[INFO] [stdout] 286 | |         env!("CARGO_MANIFEST_DIR"),
[INFO] [stdout] 287 | |         "/../../../spec/schemas/chio-econsim/v1/fixtures/qualification-matrix.positive.json"
[INFO] [stdout] 288 | |     )))
[INFO] [stdout]     | |______^
[INFO] [stdout] 
[INFO] [stdout] 
[INFO] [stdout] error: couldn't read `/opt/rustwide/workdir/../../../spec/schemas/registry.json`: No such file or directory (os error 2)
[INFO] [stdout]    --> tests/signed_artifact_schema.rs:303:60
[INFO] [stdout]     |
[INFO] [stdout] 303 |       let registry: serde_json::Value = serde_json::from_str(include_str!(concat!(
[INFO] [stdout]     |  ____________________________________________________________^
[INFO] [stdout] 304 | |         env!("CARGO_MANIFEST_DIR"),
[INFO] [stdout] 305 | |         "/../../../spec/schemas/registry.json"
[INFO] [stdout] 306 | |     )))
[INFO] [stdout]     | |______^
[INFO] [stdout] 
[INFO] [stdout] 
[INFO] [stdout] error: couldn't read `/opt/rustwide/workdir/../../../spec/schemas/registry.json`: No such file or directory (os error 2)
[INFO] [stdout]    --> tests/signed_artifact_schema.rs:367:60
[INFO] [stdout]     |
[INFO] [stdout] 367 |       let registry: serde_json::Value = serde_json::from_str(include_str!(concat!(
[INFO] [stdout]     |  ____________________________________________________________^
[INFO] [stdout] 368 | |         env!("CARGO_MANIFEST_DIR"),
[INFO] [stdout] 369 | |         "/../../../spec/schemas/registry.json"
[INFO] [stdout] 370 | |     )))
[INFO] [stdout]     | |______^
[INFO] [stdout] 
[INFO] [stdout] 
[INFO] [stdout] error: couldn't read `/opt/rustwide/workdir/../../../spec/schemas/registry.json`: No such file or directory (os error 2)
[INFO] [stdout]    --> tests/signed_artifact_schema.rs:553:60
[INFO] [stdout]     |
[INFO] [stdout] 553 |       let registry: serde_json::Value = serde_json::from_str(include_str!(concat!(
[INFO] [stdout]     |  ____________________________________________________________^
[INFO] [stdout] 554 | |         env!("CARGO_MANIFEST_DIR"),
[INFO] [stdout] 555 | |         "/../../../spec/schemas/registry.json"
[INFO] [stdout] 556 | |     )))
[INFO] [stdout]     | |______^
[INFO] [stdout] 
[INFO] [stdout] 
[INFO] [stdout] error: couldn't read `/opt/rustwide/workdir/../../../spec/schemas/registry.json`: No such file or directory (os error 2)
[INFO] [stdout]    --> tests/signed_artifact_schema.rs:661:60
[INFO] [stdout]     |
[INFO] [stdout] 661 |       let registry: serde_json::Value = serde_json::from_str(include_str!(concat!(
[INFO] [stdout]     |  ____________________________________________________________^
[INFO] [stdout] 662 | |         env!("CARGO_MANIFEST_DIR"),
[INFO] [stdout] 663 | |         "/../../../spec/schemas/registry.json"
[INFO] [stdout] 664 | |     )))
[INFO] [stdout]     | |______^
[INFO] [stdout] 
[INFO] [stdout] 
[INFO] [stdout] error: couldn't read `/opt/rustwide/workdir/../../../spec/schemas/registry.json`: No such file or directory (os error 2)
[INFO] [stdout]    --> tests/signed_artifact_schema.rs:699:60
[INFO] [stdout]     |
[INFO] [stdout] 699 |       let registry: serde_json::Value = serde_json::from_str(include_str!(concat!(
[INFO] [stdout]     |  ____________________________________________________________^
[INFO] [stdout] 700 | |         env!("CARGO_MANIFEST_DIR"),
[INFO] [stdout] 701 | |         "/../../../spec/schemas/registry.json"
[INFO] [stdout] 702 | |     )))
[INFO] [stdout]     | |______^
[INFO] [stdout] 
[INFO] [stdout] 
[INFO] [stdout] error: couldn't read `/opt/rustwide/workdir/../../../spec/schemas/registry.json`: No such file or directory (os error 2)
[INFO] [stdout]    --> tests/signed_artifact_schema.rs:761:60
[INFO] [stdout]     |
[INFO] [stdout] 761 |       let registry: serde_json::Value = serde_json::from_str(include_str!(concat!(
[INFO] [stdout]     |  ____________________________________________________________^
[INFO] [stdout] 762 | |         env!("CARGO_MANIFEST_DIR"),
[INFO] [stdout] 763 | |         "/../../../spec/schemas/registry.json"
[INFO] [stdout] 764 | |     )))
[INFO] [stdout]     | |______^
[INFO] [stdout] 
[INFO] [stdout] 
[INFO] [stdout] error[E0433]: cannot find module or crate `chio_test_support` in this scope
[INFO] [stdout]   --> tests/canonical_signature_boundary.rs:11:5
[INFO] [stdout]    |
[INFO] [stdout] 11 | use chio_test_support::ctx::TestUnwrap;
[INFO] [stdout]    |     ^^^^^^^^^^^^^^^^^ use of unresolved module or unlinked crate `chio_test_support`
[INFO] [stdout]    |
[INFO] [stdout]    = help: if you wanted to use a crate named `chio_test_support`, use `cargo add chio_test_support` to add it to your `Cargo.toml`
[INFO] [stdout] 
[INFO] [stdout] 
[INFO] [stdout] error[E0433]: cannot find module or crate `chio_test_support` in this scope
[INFO] [stdout]  --> tests/claim_registry_integrity.rs:1:5
[INFO] [stdout]   |
[INFO] [stdout] 1 | use chio_test_support::prelude::*;
[INFO] [stdout]   |     ^^^^^^^^^^^^^^^^^ use of unresolved module or unlinked crate `chio_test_support`
[INFO] [stdout]   |
[INFO] [stdout]   = help: if you wanted to use a crate named `chio_test_support`, use `cargo add chio_test_support` to add it to your `Cargo.toml`
[INFO] [stdout] 
[INFO] [stdout] 
[INFO] [stderr] error: could not compile `chio-core-types` (test "canonical_bytes_vectors") due to 1 previous error
[INFO] [stderr] warning: build failed, waiting for other jobs to finish...
[INFO] [stdout] error[E0599]: no method named `test_unwrap` found for enum `Result<T, E>` in the current scope
[INFO] [stdout]   --> tests/canonical_signature_boundary.rs:21:14
[INFO] [stdout]    |
[INFO] [stdout] 20 |         action: ToolCallAction::from_parameters(json!({"b": 2, "a": 1}))
[INFO] [stdout] 21 |             .test_unwrap("build receipt action"),
[INFO] [stdout]    |              ^^^^^^^^^^^
[INFO] [stdout]    |
[INFO] [stdout] help: there is a method `unwrap` with a similar name, but with different arguments
[INFO] [stdout]   --> /rustc/3154cc1a3e6424e44f438a95007d043ed5ceaaf6/library/core/src/result.rs:1226:4
[INFO] [stdout] 
[INFO] [stdout] 
[INFO] [stdout] error[E0433]: cannot find module or crate `chio_spec_codegen` in this scope
[INFO] [stdout]   --> tests/_generated_check.rs:23:32
[INFO] [stdout]    |
[INFO] [stdout] 23 | const CANONICAL_HEADER: &str = chio_spec_codegen::GENERATED_HEADER;
[INFO] [stdout]    |                                ^^^^^^^^^^^^^^^^^ use of unresolved module or unlinked crate `chio_spec_codegen`
[INFO] [stdout]    |
[INFO] [stdout]    = help: if you wanted to use a crate named `chio_spec_codegen`, use `cargo add chio_spec_codegen` to add it to your `Cargo.toml`
[INFO] [stdout] 
[INFO] [stdout] 
[INFO] [stdout] error[E0599]: no method named `test_unwrap` found for enum `Result<T, E>` in the current scope
[INFO] [stdout]   --> tests/canonical_signature_boundary.rs:45:50
[INFO] [stdout]    |
[INFO] [stdout] 45 |     let left_bytes = canonical_json_bytes(&left).test_unwrap("canonicalize left json");
[INFO] [stdout]    |                                                  ^^^^^^^^^^^
[INFO] [stdout]    |
[INFO] [stdout] help: there is a method `unwrap` with a similar name, but with different arguments
[INFO] [stdout]   --> /rustc/3154cc1a3e6424e44f438a95007d043ed5ceaaf6/library/core/src/result.rs:1226:4
[INFO] [stdout] 
[INFO] [stdout] 
[INFO] [stdout] error[E0599]: no method named `test_expect` found for enum `Option<T>` in the current scope
[INFO] [stdout]   --> tests/claim_registry_integrity.rs:10:10
[INFO] [stdout]    |
[INFO] [stdout]  6 |     PathBuf::from(env!("CARGO_MANIFEST_DIR"))
[INFO] [stdout]  7 |         .parent()
[INFO] [stdout]  8 |         .and_then(|core_dir| core_dir.parent())
[INFO] [stdout]  9 |         .and_then(|crates_dir| crates_dir.parent())
[INFO] [stdout] 10 |         .test_expect("workspace root is parent of crates/core/chio-core-types")
[INFO] [stdout]    |          ^^^^^^^^^^^
[INFO] [stdout]    |
[INFO] [stdout] help: there is a method `expect` with a similar name
[INFO] [stdout]    |
[INFO] [stdout] 10 -         .test_expect("workspace root is parent of crates/core/chio-core-types")
[INFO] [stdout] 10 +         .expect("workspace root is parent of crates/core/chio-core-types")
[INFO] [stdout]    |
[INFO] [stdout] 
[INFO] [stdout] 
[INFO] [stdout] error[E0599]: no method named `test_unwrap` found for enum `Result<T, E>` in the current scope
[INFO] [stdout]   --> tests/canonical_signature_boundary.rs:46:52
[INFO] [stdout]    |
[INFO] [stdout] 46 |     let right_bytes = canonical_json_bytes(&right).test_unwrap("canonicalize right json");
[INFO] [stdout]    |                                                    ^^^^^^^^^^^
[INFO] [stdout]    |
[INFO] [stdout] help: there is a method `unwrap` with a similar name, but with different arguments
[INFO] [stdout]   --> /rustc/3154cc1a3e6424e44f438a95007d043ed5ceaaf6/library/core/src/result.rs:1226:4
[INFO] [stdout] 
[INFO] [stdout] 
[INFO] [stdout] error[E0599]: no method named `test_expect` found for enum `Option<T>` in the current scope
[INFO] [stdout]   --> tests/claim_registry_integrity.rs:22:10
[INFO] [stdout]    |
[INFO] [stdout] 20 |     let live_manifests = proof_manifest["manifests"]
[INFO] [stdout] 21 |         .as_array()
[INFO] [stdout] 22 |         .test_expect("proof manifest has manifests array")
[INFO] [stdout]    |          ^^^^^^^^^^^
[INFO] [stdout]    |
[INFO] [stdout] help: there is a method `expect` with a similar name
[INFO] [stdout]    |
[INFO] [stdout] 22 -         .test_expect("proof manifest has manifests array")
[INFO] [stdout] 22 +         .expect("proof manifest has manifests array")
[INFO] [stdout]    |
[INFO] [stdout] 
[INFO] [stdout] 
[INFO] [stdout] error[E0599]: no method named `test_unwrap` found for enum `Result<T, E>` in the current scope
[INFO] [stdout]   --> tests/canonical_signature_boundary.rs:54:71
[INFO] [stdout]    |
[INFO] [stdout] 54 |     let receipt = ChioReceipt::sign(receipt_body(&keypair), &keypair).test_unwrap("sign receipt");
[INFO] [stdout]    |                                                                       ^^^^^^^^^^^
[INFO] [stdout]    |
[INFO] [stdout] help: there is a method `unwrap` with a similar name, but with different arguments
[INFO] [stdout]   --> /rustc/3154cc1a3e6424e44f438a95007d043ed5ceaaf6/library/core/src/result.rs:1226:4
[INFO] [stdout] 
[INFO] [stdout] 
[INFO] [stdout] error[E0599]: no method named `test_expect` found for enum `Option<T>` in the current scope
[INFO] [stdout]   --> tests/claim_registry_integrity.rs:39:10
[INFO] [stdout]    |
[INFO] [stdout] 37 |     for claim in claim_registry["claims"]
[INFO] [stdout] 38 |         .as_array()
[INFO] [stdout] 39 |         .test_expect("claim registry has claims array")
[INFO] [stdout]    |          ^^^^^^^^^^^
[INFO] [stdout]    |
[INFO] [stdout] help: there is a method `expect` with a similar name
[INFO] [stdout]    |
[INFO] [stdout] 39 -         .test_expect("claim registry has claims array")
[INFO] [stdout] 39 +         .expect("claim registry has claims array")
[INFO] [stdout]    |
[INFO] [stdout] 
[INFO] [stdout] 
[INFO] [stdout] For more information about this error, try `rustc --explain E0433`.
[INFO] [stdout] 
[INFO] [stderr] error: could not compile `chio-core-types` (test "signed_artifact_schema") due to 8 previous errors
[INFO] [stdout] error[E0599]: no method named `test_unwrap` found for enum `Result<T, E>` in the current scope
[INFO] [stdout]   --> tests/canonical_signature_boundary.rs:57:47
[INFO] [stdout]    |
[INFO] [stdout] 57 |         canonical_json_bytes(&receipt.body()).test_unwrap("canonicalize receipt body");
[INFO] [stdout]    |                                               ^^^^^^^^^^^
[INFO] [stdout]    |
[INFO] [stdout] help: there is a method `unwrap` with a similar name, but with different arguments
[INFO] [stdout]   --> /rustc/3154cc1a3e6424e44f438a95007d043ed5ceaaf6/library/core/src/result.rs:1226:4
[INFO] [stdout] 
[INFO] [stdout] 
[INFO] [stderr] error: could not compile `chio-core-types` (test "_generated_check") due to 1 previous error
[INFO] [stdout] error[E0599]: no method named `test_expect` found for enum `Option<T>` in the current scope
[INFO] [stdout]   --> tests/claim_registry_integrity.rs:81:10
[INFO] [stdout]    |
[INFO] [stdout] 79 |     for manifest in proof_manifest["manifests"]
[INFO] [stdout] 80 |         .as_array()
[INFO] [stdout] 81 |         .test_expect("proof manifest has manifests array")
[INFO] [stdout]    |          ^^^^^^^^^^^
[INFO] [stdout]    |
[INFO] [stdout] help: there is a method `expect` with a similar name
[INFO] [stdout]    |
[INFO] [stdout] 81 -         .test_expect("proof manifest has manifests array")
[INFO] [stdout] 81 +         .expect("proof manifest has manifests array")
[INFO] [stdout]    |
[INFO] [stdout] 
[INFO] [stdout] 
[INFO] [stdout] error[E0599]: no method named `test_unwrap` found for enum `Result<T, E>` in the current scope
[INFO] [stdout]   --> tests/canonical_signature_boundary.rs:59:49
[INFO] [stdout]    |
[INFO] [stdout] 59 |         std::str::from_utf8(&signed_body_bytes).test_unwrap("receipt body is utf8");
[INFO] [stdout]    |                                                 ^^^^^^^^^^^
[INFO] [stdout]    |
[INFO] [stdout] help: there is a method `unwrap` with a similar name, but with different arguments
[INFO] [stdout]   --> /rustc/3154cc1a3e6424e44f438a95007d043ed5ceaaf6/library/core/src/result.rs:1226:4
[INFO] [stdout] 
[INFO] [stdout] 
[INFO] [stdout] error[E0599]: no method named `test_expect` found for enum `Result<T, E>` in the current scope
[INFO] [stdout]    --> tests/claim_registry_integrity.rs:107:53
[INFO] [stdout]     |
[INFO] [stdout] 107 |                 std::fs::read_to_string(&test_file).test_expect("rust_test ref file is readable");
[INFO] [stdout]     |                                                     ^^^^^^^^^^^
[INFO] [stdout]     |
[INFO] [stdout] help: there is a method `expect` with a similar name
[INFO] [stdout]     |
[INFO] [stdout] 107 -                 std::fs::read_to_string(&test_file).test_expect("rust_test ref file is readable");
[INFO] [stdout] 107 +                 std::fs::read_to_string(&test_file).expect("rust_test ref file is readable");
[INFO] [stdout]     |
[INFO] [stdout] 
[INFO] [stdout] 
[INFO] [stdout] error[E0599]: no method named `test_unwrap` found for enum `Result<T, E>` in the current scope
[INFO] [stdout]   --> tests/canonical_signature_boundary.rs:70:71
[INFO] [stdout]    |
[INFO] [stdout] 70 |     let receipt = ChioReceipt::sign(receipt_body(&keypair), &keypair).test_unwrap("sign receipt");
[INFO] [stdout]    |                                                                       ^^^^^^^^^^^
[INFO] [stdout]    |
[INFO] [stdout] help: there is a method `unwrap` with a similar name, but with different arguments
[INFO] [stdout]   --> /rustc/3154cc1a3e6424e44f438a95007d043ed5ceaaf6/library/core/src/result.rs:1226:4
[INFO] [stdout] 
[INFO] [stdout] 
[INFO] [stdout] error[E0599]: no method named `test_expect` found for enum `Option<T>` in the current scope
[INFO] [stdout]    --> tests/claim_registry_integrity.rs:129:10
[INFO] [stdout]     |
[INFO] [stdout] 127 |     let claim_ids = claim_registry["claims"]
[INFO] [stdout] 128 |         .as_array()
[INFO] [stdout] 129 |         .test_expect("claim registry has claims array")
[INFO] [stdout]     |          ^^^^^^^^^^^
[INFO] [stdout]     |
[INFO] [stdout] help: there is a method `expect` with a similar name
[INFO] [stdout]     |
[INFO] [stdout] 129 -         .test_expect("claim registry has claims array")
[INFO] [stdout] 129 +         .expect("claim registry has claims array")
[INFO] [stdout]     |
[INFO] [stdout] 
[INFO] [stdout] 
[INFO] [stdout] error[E0599]: no method named `test_unwrap` found for enum `Result<T, E>` in the current scope
[INFO] [stdout]    --> tests/canonical_signature_boundary.rs:105:10
[INFO] [stdout]     |
[INFO] [stdout] 104 |     let handle = ReceiptSigningHandle::from_content(&content_unordered)
[INFO] [stdout] 105 |         .test_unwrap("build handle from content");
[INFO] [stdout]     |          ^^^^^^^^^^^
[INFO] [stdout]     |
[INFO] [stdout] help: there is a method `unwrap` with a similar name, but with different arguments
[INFO] [stdout]    --> /rustc/3154cc1a3e6424e44f438a95007d043ed5ceaaf6/library/core/src/result.rs:1226:4
[INFO] [stdout] 
[INFO] [stdout] 
[INFO] [stdout] error[E0599]: no method named `test_expect` found for enum `Option<T>` in the current scope
[INFO] [stdout]    --> tests/claim_registry_integrity.rs:135:10
[INFO] [stdout]     |
[INFO] [stdout] 133 |     let manifest_claim_refs = proof_manifest["manifests"]
[INFO] [stdout] 134 |         .as_array()
[INFO] [stdout] 135 |         .test_expect("proof manifest has manifests array")
[INFO] [stdout]     |          ^^^^^^^^^^^
[INFO] [stdout]     |
[INFO] [stdout] help: there is a method `expect` with a similar name
[INFO] [stdout]     |
[INFO] [stdout] 135 -         .test_expect("proof manifest has manifests array")
[INFO] [stdout] 135 +         .expect("proof manifest has manifests array")
[INFO] [stdout]     |
[INFO] [stdout] 
[INFO] [stdout] 
[INFO] [stdout] error[E0599]: no method named `test_unwrap` found for enum `Result<T, E>` in the current scope
[INFO] [stdout]    --> tests/canonical_signature_boundary.rs:108:57
[INFO] [stdout]     |
[INFO] [stdout] 108 |         &canonical_json_bytes(&json!({"a": 1, "b": 2})).test_unwrap("canonicalize ordered content"),
[INFO] [stdout]     |                                                         ^^^^^^^^^^^
[INFO] [stdout]     |
[INFO] [stdout] help: there is a method `unwrap` with a similar name, but with different arguments
[INFO] [stdout]    --> /rustc/3154cc1a3e6424e44f438a95007d043ed5ceaaf6/library/core/src/result.rs:1226:4
[INFO] [stdout] 
[INFO] [stdout] 
[INFO] [stdout] error[E0599]: no method named `test_expect` found for enum `Option<T>` in the current scope
[INFO] [stdout]    --> tests/claim_registry_integrity.rs:171:10
[INFO] [stdout]     |
[INFO] [stdout] 169 |     let claim_ids = claim_registry["claims"]
[INFO] [stdout] 170 |         .as_array()
[INFO] [stdout] 171 |         .test_expect("claim registry has claims array")
[INFO] [stdout]     |          ^^^^^^^^^^^
[INFO] [stdout]     |
[INFO] [stdout] help: there is a method `expect` with a similar name
[INFO] [stdout]     |
[INFO] [stdout] 171 -         .test_expect("claim registry has claims array")
[INFO] [stdout] 171 +         .expect("claim registry has claims array")
[INFO] [stdout]     |
[INFO] [stdout] 
[INFO] [stdout] 
[INFO] [stdout] error[E0599]: no method named `test_unwrap` found for enum `Result<T, E>` in the current scope
[INFO] [stdout]    --> tests/canonical_signature_boundary.rs:120:62
[INFO] [stdout]     |
[INFO] [stdout] 120 |     let handle = ReceiptSigningHandle::from_content(&secret).test_unwrap("build handle");
[INFO] [stdout]     |                                                              ^^^^^^^^^^^
[INFO] [stdout]     |
[INFO] [stdout] help: there is a method `unwrap` with a similar name, but with different arguments
[INFO] [stdout]    --> /rustc/3154cc1a3e6424e44f438a95007d043ed5ceaaf6/library/core/src/result.rs:1226:4
[INFO] [stdout] 
[INFO] [stdout] 
[INFO] [stdout] error[E0599]: no method named `test_expect` found for enum `Option<T>` in the current scope
[INFO] [stdout]    --> tests/claim_registry_integrity.rs:177:10
[INFO] [stdout]     |
[INFO] [stdout] 175 |     let manifest_claim_refs = proof_manifest["manifests"]
[INFO] [stdout] 176 |         .as_array()
[INFO] [stdout] 177 |         .test_expect("proof manifest has manifests array")
[INFO] [stdout]     |          ^^^^^^^^^^^
[INFO] [stdout]     |
[INFO] [stdout] help: there is a method `expect` with a similar name
[INFO] [stdout]     |
[INFO] [stdout] 177 -         .test_expect("proof manifest has manifests array")
[INFO] [stdout] 177 +         .expect("proof manifest has manifests array")
[INFO] [stdout]     |
[INFO] [stdout] 
[INFO] [stdout] 
[INFO] [stdout] error[E0599]: no method named `test_unwrap` found for enum `Result<T, E>` in the current scope
[INFO] [stdout]    --> tests/canonical_signature_boundary.rs:125:10
[INFO] [stdout]     |
[INFO] [stdout] 124 |     let canonical = String::from_utf8(handle.canonical_content().to_vec())
[INFO] [stdout] 125 |         .test_unwrap("canonical content is utf8");
[INFO] [stdout]     |          ^^^^^^^^^^^
[INFO] [stdout]     |
[INFO] [stdout] help: there is a method `unwrap` with a similar name, but with different arguments
[INFO] [stdout]    --> /rustc/3154cc1a3e6424e44f438a95007d043ed5ceaaf6/library/core/src/result.rs:1226:4
[INFO] [stdout] 
[INFO] [stdout] 
[INFO] [stdout] error[E0599]: no method named `test_expect` found for enum `Option<T>` in the current scope
[INFO] [stdout]    --> tests/claim_registry_integrity.rs:214:10
[INFO] [stdout]     |
[INFO] [stdout] 212 |     let claim_ids = claim_registry["claims"]
[INFO] [stdout] 213 |         .as_array()
[INFO] [stdout] 214 |         .test_expect("claim registry has claims array")
[INFO] [stdout]     |          ^^^^^^^^^^^
[INFO] [stdout]     |
[INFO] [stdout] help: there is a method `expect` with a similar name
[INFO] [stdout]     |
[INFO] [stdout] 214 -         .test_expect("claim registry has claims array")
[INFO] [stdout] 214 +         .expect("claim registry has claims array")
[INFO] [stdout]     |
[INFO] [stdout] 
[INFO] [stdout] 
[INFO] [stdout] error[E0599]: no method named `test_unwrap` found for enum `Result<T, E>` in the current scope
[INFO] [stdout]    --> tests/canonical_signature_boundary.rs:164:65
[INFO] [stdout]     |
[INFO] [stdout] 164 |     let handle = ReceiptSigningHandle::from_content(&content_a).test_unwrap("handle over A");
[INFO] [stdout]     |                                                                 ^^^^^^^^^^^
[INFO] [stdout]     |
[INFO] [stdout] help: there is a method `unwrap` with a similar name, but with different arguments
[INFO] [stdout]    --> /rustc/3154cc1a3e6424e44f438a95007d043ed5ceaaf6/library/core/src/result.rs:1226:4
[INFO] [stdout] 
[INFO] [stdout] 
[INFO] [stdout] error[E0599]: no method named `test_expect` found for enum `Option<T>` in the current scope
[INFO] [stdout]    --> tests/claim_registry_integrity.rs:220:10
[INFO] [stdout]     |
[INFO] [stdout] 218 |     let manifest_claim_refs = proof_manifest["manifests"]
[INFO] [stdout] 219 |         .as_array()
[INFO] [stdout] 220 |         .test_expect("proof manifest has manifests array")
[INFO] [stdout]     |          ^^^^^^^^^^^
[INFO] [stdout]     |
[INFO] [stdout] help: there is a method `expect` with a similar name
[INFO] [stdout]     |
[INFO] [stdout] 220 -         .test_expect("proof manifest has manifests array")
[INFO] [stdout] 220 +         .expect("proof manifest has manifests array")
[INFO] [stdout]     |
[INFO] [stdout] 
[INFO] [stdout] 
[INFO] [stdout] error[E0599]: no method named `test_unwrap` found for enum `Result<T, E>` in the current scope
[INFO] [stdout]    --> tests/canonical_signature_boundary.rs:165:63
[INFO] [stdout]     |
[INFO] [stdout] 165 |     let hash_b = sha256_hex(&canonical_json_bytes(&content_b).test_unwrap("canonicalize B"));
[INFO] [stdout]     |                                                               ^^^^^^^^^^^
[INFO] [stdout]     |
[INFO] [stdout] help: there is a method `unwrap` with a similar name, but with different arguments
[INFO] [stdout]    --> /rustc/3154cc1a3e6424e44f438a95007d043ed5ceaaf6/library/core/src/result.rs:1226:4
[INFO] [stdout] 
[INFO] [stdout] 
[INFO] [stdout] error[E0599]: no method named `test_expect` found for enum `Result<T, E>` in the current scope
[INFO] [stdout]    --> tests/claim_registry_integrity.rs:230:14
[INFO] [stdout]     |
[INFO] [stdout] 229 |         std::fs::read_to_string(root.join("crates/platform/chio-commerce-order/src/lib.rs"))
[INFO] [stdout] 230 |             .test_expect("commerce verifier source is readable");
[INFO] [stdout]     |              ^^^^^^^^^^^
[INFO] [stdout]     |
[INFO] [stdout] help: there is a method `expect` with a similar name
[INFO] [stdout]     |
[INFO] [stdout] 230 -             .test_expect("commerce verifier source is readable");
[INFO] [stdout] 230 +             .expect("commerce verifier source is readable");
[INFO] [stdout]     |
[INFO] [stdout] 
[INFO] [stdout] 
[INFO] [stdout] error[E0599]: no method named `test_unwrap` found for enum `Result<T, E>` in the current scope
[INFO] [stdout]    --> tests/canonical_signature_boundary.rs:180:63
[INFO] [stdout]     |
[INFO] [stdout] 180 |     let handle = ReceiptSigningHandle::from_content(&content).test_unwrap("handle over content");
[INFO] [stdout]     |                                                               ^^^^^^^^^^^
[INFO] [stdout]     |
[INFO] [stdout] help: there is a method `unwrap` with a similar name, but with different arguments
[INFO] [stdout]    --> /rustc/3154cc1a3e6424e44f438a95007d043ed5ceaaf6/library/core/src/result.rs:1226:4
[INFO] [stdout] 
[INFO] [stdout] 
[INFO] [stdout] error[E0599]: no method named `test_expect` found for enum `Option<T>` in the current scope
[INFO] [stdout]    --> tests/claim_registry_integrity.rs:276:10
[INFO] [stdout]     |
[INFO] [stdout] 274 |     let registered_schemas = schema_registry["artifacts"]
[INFO] [stdout] 275 |         .as_array()
[INFO] [stdout] 276 |         .test_expect("schema registry has artifacts array")
[INFO] [stdout]     |          ^^^^^^^^^^^
[INFO] [stdout]     |
[INFO] [stdout] help: there is a method `expect` with a similar name
[INFO] [stdout]     |
[INFO] [stdout] 276 -         .test_expect("schema registry has artifacts array")
[INFO] [stdout] 276 +         .expect("schema registry has artifacts array")
[INFO] [stdout]     |
[INFO] [stdout] 
[INFO] [stdout] 
[INFO] [stdout] error[E0599]: no method named `test_unwrap` found for enum `Result<T, E>` in the current scope
[INFO] [stdout]    --> tests/canonical_signature_boundary.rs:185:63
[INFO] [stdout]     |
[INFO] [stdout] 185 |         ChioReceipt::sign_with_handle(body, &keypair, handle).test_unwrap("sign with handle");
[INFO] [stdout]     |                                                               ^^^^^^^^^^^
[INFO] [stdout]     |
[INFO] [stdout] help: there is a method `unwrap` with a similar name, but with different arguments
[INFO] [stdout]    --> /rustc/3154cc1a3e6424e44f438a95007d043ed5ceaaf6/library/core/src/result.rs:1226:4
[INFO] [stdout] 
[INFO] [stdout] 
[INFO] [stdout] error[E0599]: no method named `test_unwrap` found for enum `Result<T, E>` in the current scope
[INFO] [stdout]    --> tests/canonical_signature_boundary.rs:198:63
[INFO] [stdout]     |
[INFO] [stdout] 198 |     let handle = ReceiptSigningHandle::from_content(&content).test_unwrap("handle over content");
[INFO] [stdout]     |                                                               ^^^^^^^^^^^
[INFO] [stdout]     |
[INFO] [stdout] help: there is a method `unwrap` with a similar name, but with different arguments
[INFO] [stdout]    --> /rustc/3154cc1a3e6424e44f438a95007d043ed5ceaaf6/library/core/src/result.rs:1226:4
[INFO] [stdout] 
[INFO] [stdout] 
[INFO] [stdout] error[E0599]: no method named `test_expect` found for enum `Option<T>` in the current scope
[INFO] [stdout]    --> tests/claim_registry_integrity.rs:362:10
[INFO] [stdout]     |
[INFO] [stdout] 360 |     for node in evidence_graph["nodes"]
[INFO] [stdout] 361 |         .as_array()
[INFO] [stdout] 362 |         .test_expect("Agent Web evidence graph has nodes")
[INFO] [stdout]     |          ^^^^^^^^^^^
[INFO] [stdout]     |
[INFO] [stdout] help: there is a method `expect` with a similar name
[INFO] [stdout]     |
[INFO] [stdout] 362 -         .test_expect("Agent Web evidence graph has nodes")
[INFO] [stdout] 362 +         .expect("Agent Web evidence graph has nodes")
[INFO] [stdout]     |
[INFO] [stdout] 
[INFO] [stdout] 
[INFO] [stdout] error[E0599]: no method named `test_unwrap` found for enum `Result<T, E>` in the current scope
[INFO] [stdout]    --> tests/canonical_signature_boundary.rs:215:63
[INFO] [stdout]     |
[INFO] [stdout] 215 |     let handle = ReceiptSigningHandle::from_content(&content).test_unwrap("handle over content");
[INFO] [stdout]     |                                                               ^^^^^^^^^^^
[INFO] [stdout]     |
[INFO] [stdout] help: there is a method `unwrap` with a similar name, but with different arguments
[INFO] [stdout]    --> /rustc/3154cc1a3e6424e44f438a95007d043ed5ceaaf6/library/core/src/result.rs:1226:4
[INFO] [stdout] 
[INFO] [stdout] 
[INFO] [stdout] error[E0599]: no method named `test_expect` found for enum `Option<T>` in the current scope
[INFO] [stdout]    --> tests/claim_registry_integrity.rs:808:10
[INFO] [stdout]     |
[INFO] [stdout] 806 |     for manifest in proof_manifest["manifests"]
[INFO] [stdout] 807 |         .as_array()
[INFO] [stdout] 808 |         .test_expect("proof manifest has manifests array")
[INFO] [stdout]     |          ^^^^^^^^^^^
[INFO] [stdout]     |
[INFO] [stdout] help: there is a method `expect` with a similar name
[INFO] [stdout]     |
[INFO] [stdout] 808 -         .test_expect("proof manifest has manifests array")
[INFO] [stdout] 808 +         .expect("proof manifest has manifests array")
[INFO] [stdout]     |
[INFO] [stdout] 
[INFO] [stdout] 
[INFO] [stdout] error[E0599]: no method named `test_unwrap` found for enum `Result<T, E>` in the current scope
[INFO] [stdout]    --> tests/canonical_signature_boundary.rs:220:10
[INFO] [stdout]     |
[INFO] [stdout] 219 |     let receipt = ChioReceipt::sign_with_backend_using_handle(body, &backend, handle)
[INFO] [stdout] 220 |         .test_unwrap("backend sign with handle");
[INFO] [stdout]     |          ^^^^^^^^^^^
[INFO] [stdout]     |
[INFO] [stdout] help: there is a method `unwrap` with a similar name, but with different arguments
[INFO] [stdout]    --> /rustc/3154cc1a3e6424e44f438a95007d043ed5ceaaf6/library/core/src/result.rs:1226:4
[INFO] [stdout] 
[INFO] [stdout] 
[INFO] [stdout] error[E0599]: no method named `test_unwrap` found for enum `Result<T, E>` in the current scope
[INFO] [stdout]    --> tests/canonical_signature_boundary.rs:230:71
[INFO] [stdout]     |
[INFO] [stdout] 230 |     let receipt = ChioReceipt::sign(receipt_body(&keypair), &keypair).test_unwrap("sign receipt");
[INFO] [stdout]     |                                                                       ^^^^^^^^^^^
[INFO] [stdout]     |
[INFO] [stdout] help: there is a method `unwrap` with a similar name, but with different arguments
[INFO] [stdout]    --> /rustc/3154cc1a3e6424e44f438a95007d043ed5ceaaf6/library/core/src/result.rs:1226:4
[INFO] [stdout] 
[INFO] [stdout] 
[INFO] [stdout] error[E0599]: no method named `test_expect` found for enum `Option<T>` in the current scope
[INFO] [stdout]    --> tests/claim_registry_integrity.rs:849:10
[INFO] [stdout]     |
[INFO] [stdout] 847 |     let manifest = proof_manifest["manifests"]
[INFO] [stdout] 848 |         .as_array()
[INFO] [stdout] 849 |         .test_expect("proof manifest has manifests array")
[INFO] [stdout]     |          ^^^^^^^^^^^
[INFO] [stdout]     |
[INFO] [stdout] help: there is a method `expect` with a similar name
[INFO] [stdout]     |
[INFO] [stdout] 849 -         .test_expect("proof manifest has manifests array")
[INFO] [stdout] 849 +         .expect("proof manifest has manifests array")
[INFO] [stdout]     |
[INFO] [stdout] 
[INFO] [stdout] 
[INFO] [stdout] error[E0599]: no method named `test_unwrap` found for enum `Result<T, E>` in the current scope
[INFO] [stdout]    --> tests/canonical_signature_boundary.rs:232:57
[INFO] [stdout]     |
[INFO] [stdout] 232 |     let pretty = serde_json::to_string_pretty(&receipt).test_unwrap("serialize pretty receipt");
[INFO] [stdout]     |                                                         ^^^^^^^^^^^
[INFO] [stdout]     |
[INFO] [stdout] help: there is a method `unwrap` with a similar name, but with different arguments
[INFO] [stdout]    --> /rustc/3154cc1a3e6424e44f438a95007d043ed5ceaaf6/library/core/src/result.rs:1226:4
[INFO] [stdout] 
[INFO] [stdout] 
[INFO] [stdout] error[E0599]: no method named `test_unwrap` found for enum `Result<T, E>` in the current scope
[INFO] [stdout]    --> tests/canonical_signature_boundary.rs:233:51
[INFO] [stdout]     |
[INFO] [stdout] 233 |     let compact = serde_json::to_string(&receipt).test_unwrap("serialize compact receipt");
[INFO] [stdout]     |                                                   ^^^^^^^^^^^
[INFO] [stdout]     |
[INFO] [stdout] help: there is a method `unwrap` with a similar name, but with different arguments
[INFO] [stdout]    --> /rustc/3154cc1a3e6424e44f438a95007d043ed5ceaaf6/library/core/src/result.rs:1226:4
[INFO] [stdout] 
[INFO] [stdout] 
[INFO] [stdout] error[E0599]: no method named `test_expect` found for enum `Option<T>` in the current scope
[INFO] [stdout]    --> tests/claim_registry_integrity.rs:880:10
[INFO] [stdout]     |
[INFO] [stdout] 878 |     proof_manifest["manifests"]
[INFO] [stdout] 879 |         .as_array()
[INFO] [stdout] 880 |         .test_expect("proof manifest has manifests array")
[INFO] [stdout]     |          ^^^^^^^^^^^
[INFO] [stdout]     |
[INFO] [stdout] help: there is a method `expect` with a similar name
[INFO] [stdout]     |
[INFO] [stdout] 880 -         .test_expect("proof manifest has manifests array")
[INFO] [stdout] 880 +         .expect("proof manifest has manifests array")
[INFO] [stdout]     |
[INFO] [stdout] 
[INFO] [stdout] 
[INFO] [stdout] error[E0599]: no method named `test_unwrap` found for enum `Result<T, E>` in the current scope
[INFO] [stdout]    --> tests/canonical_signature_boundary.rs:235:39
[INFO] [stdout]     |
[INFO] [stdout] 235 |         serde_json::from_str(&pretty).test_unwrap("parse pretty receipt");
[INFO] [stdout]     |                                       ^^^^^^^^^^^
[INFO] [stdout]     |
[INFO] [stdout] help: there is a method `unwrap` with a similar name, but with different arguments
[INFO] [stdout]    --> /rustc/3154cc1a3e6424e44f438a95007d043ed5ceaaf6/library/core/src/result.rs:1226:4
[INFO] [stdout] 
[INFO] [stdout] 
[INFO] [stdout] error[E0599]: no method named `test_expect` found for enum `Result<T, E>` in the current scope
[INFO] [stdout]    --> tests/claim_registry_integrity.rs:905:37
[INFO] [stdout]     |
[INFO] [stdout] 905 |     let bytes = std::fs::read(path).test_expect("json file reads");
[INFO] [stdout]     |                                     ^^^^^^^^^^^
[INFO] [stdout]     |
[INFO] [stdout] help: there is a method `expect` with a similar name
[INFO] [stdout]     |
[INFO] [stdout] 905 -     let bytes = std::fs::read(path).test_expect("json file reads");
[INFO] [stdout] 905 +     let bytes = std::fs::read(path).expect("json file reads");
[INFO] [stdout]     |
[INFO] [stdout] 
[INFO] [stdout] 
[INFO] [stdout] error[E0599]: no method named `test_unwrap` found for enum `Result<T, E>` in the current scope
[INFO] [stdout]    --> tests/canonical_signature_boundary.rs:237:40
[INFO] [stdout]     |
[INFO] [stdout] 237 |         serde_json::from_str(&compact).test_unwrap("parse compact receipt");
[INFO] [stdout]     |                                        ^^^^^^^^^^^
[INFO] [stdout]     |
[INFO] [stdout] help: there is a method `unwrap` with a similar name, but with different arguments
[INFO] [stdout]    --> /rustc/3154cc1a3e6424e44f438a95007d043ed5ceaaf6/library/core/src/result.rs:1226:4
[INFO] [stdout] 
[INFO] [stdout] 
[INFO] [stdout] error[E0599]: no method named `test_expect` found for enum `Result<T, E>` in the current scope
[INFO] [stdout]    --> tests/claim_registry_integrity.rs:906:36
[INFO] [stdout]     |
[INFO] [stdout] 906 |     serde_json::from_slice(&bytes).test_expect("json file parses")
[INFO] [stdout]     |                                    ^^^^^^^^^^^
[INFO] [stdout]     |
[INFO] [stdout] help: there is a method `expect` with a similar name
[INFO] [stdout]     |
[INFO] [stdout] 906 -     serde_json::from_slice(&bytes).test_expect("json file parses")
[INFO] [stdout] 906 +     serde_json::from_slice(&bytes).expect("json file parses")
[INFO] [stdout]     |
[INFO] [stdout] 
[INFO] [stdout] 
[INFO] [stdout] Some errors have detailed explanations: E0433, E0599.
[INFO] [stdout] 
[INFO] [stdout] For more information about an error, try `rustc --explain E0433`.
[INFO] [stdout] 
[INFO] [stdout] Some errors have detailed explanations: E0433, E0599.
[INFO] [stdout] 
[INFO] [stdout] For more information about an error, try `rustc --explain E0433`.
[INFO] [stdout] 
[INFO] [stderr] error: could not compile `chio-core-types` (test "canonical_signature_boundary") due to 24 previous errors
[INFO] [stderr] error: could not compile `chio-core-types` (test "claim_registry_integrity") due to 20 previous errors
[INFO] running `Command { std: "docker" "inspect" "4637c27ab3a8f7e78d4739d84d1c565370d0ada3110e3b56f049220c67aa063e", kill_on_drop: false }`
[INFO] running `Command { std: "docker" "rm" "-f" "4637c27ab3a8f7e78d4739d84d1c565370d0ada3110e3b56f049220c67aa063e", kill_on_drop: false }`
[INFO] [stdout] 4637c27ab3a8f7e78d4739d84d1c565370d0ada3110e3b56f049220c67aa063e
