[INFO] fetching crate chio-conformance 0.1.2...
[INFO] checking chio-conformance-0.1.2 against 3154cc1a3e6424e44f438a95007d043ed5ceaaf6+rustflags=-Znext-solver=coherence for pr-133502-30
[INFO] extracting crate chio-conformance 0.1.2 into /workspace/builds/worker-6-tc1/source
[INFO] started tweaking crates.io crate chio-conformance 0.1.2
[INFO] finished tweaking crates.io crate chio-conformance 0.1.2
[INFO] tweaked toml for crates.io crate chio-conformance 0.1.2 written to /workspace/builds/worker-6-tc1/source/Cargo.toml
[INFO] validating manifest of crates.io crate chio-conformance 0.1.2 on toolchain 3154cc1a3e6424e44f438a95007d043ed5ceaaf6
[INFO] running `Command { std: CARGO_HOME="/workspace/cargo-home" RUSTUP_HOME="/workspace/rustup-home" "/workspace/cargo-home/bin/cargo" "+3154cc1a3e6424e44f438a95007d043ed5ceaaf6" "metadata" "--manifest-path" "Cargo.toml" "--no-deps", kill_on_drop: false }`
[INFO] crate crates.io crate chio-conformance 0.1.2 already has a lockfile, it will not be regenerated
[INFO] running `Command { std: CARGO_HOME="/workspace/cargo-home" RUSTUP_HOME="/workspace/rustup-home" "/workspace/cargo-home/bin/cargo" "+3154cc1a3e6424e44f438a95007d043ed5ceaaf6" "fetch" "--manifest-path" "Cargo.toml", kill_on_drop: false }`
[INFO] [stderr]     Updating crates.io index
[INFO] [stderr]  Downloading crates ...
[INFO] [stderr]   Downloaded wat v1.246.2
[INFO] [stderr]   Downloaded wast v246.0.2
[INFO] [stderr]   Downloaded rsqlite-vfs v0.1.0
[INFO] [stderr]   Downloaded hashlink v0.11.0
[INFO] [stderr]   Downloaded wasm-encoder v0.246.2
[INFO] [stderr]   Downloaded wasmparser v0.246.2
[INFO] [stderr]   Downloaded proptest v1.10.0
[INFO] [stderr]   Downloaded sqlite-wasm-rs v0.5.2
[INFO] [stderr]   Downloaded aws-lc-fips-sys v0.13.14
[INFO] [stderr]   Downloaded referencing v0.46.0
[INFO] [stderr]   Downloaded micromap v0.3.0
[INFO] [stderr]   Downloaded jsonschema v0.46.0
[INFO] [stderr]   Downloaded iroh v1.0.1
[INFO] [stderr]   Downloaded noq-udp v1.0.1
[INFO] [stderr]   Downloaded noq-proto v1.0.1
[INFO] [stderr]   Downloaded noq v1.0.1
[INFO] [stderr]   Downloaded netlink-proto v0.12.0
[INFO] [stderr]   Downloaded netlink-packet-core v0.8.1
[INFO] [stderr]   Downloaded cordyceps v0.3.4
[INFO] [stderr]   Downloaded iroh-relay v1.0.1
[INFO] [stderr]   Downloaded vergen-lib v9.1.0
[INFO] [stderr]   Downloaded vergen-gitcl v9.1.0
[INFO] [stderr]   Downloaded vergen v9.1.0
[INFO] [stderr]   Downloaded lru v0.18.0
[INFO] [stderr]   Downloaded toml_parser v1.1.1+spec-1.1.0
[INFO] [stderr]   Downloaded toml_edit v0.25.9+spec-1.1.0
[INFO] [stderr]   Downloaded iroh-base v1.0.1
[INFO] [stderr]   Downloaded iroh-dns v1.0.1
[INFO] [stderr]   Downloaded ed25519-dalek v3.0.0-rc.0
[INFO] [stderr]   Downloaded cmov v0.5.3
[INFO] [stderr]   Downloaded hybrid-array v0.4.11
[INFO] [stderr]   Downloaded der v0.8.0
[INFO] [stderr]   Downloaded data-encoding-macro v0.1.20
[INFO] [stderr]   Downloaded curve25519-dalek v5.0.0-rc.0
[INFO] [stderr]   Downloaded data-encoding-macro-internal v0.1.18
[INFO] [stderr]   Downloaded moka v0.12.15
[INFO] [stderr]   Downloaded uuid v1.22.0
[INFO] [stderr]   Downloaded frost-rerandomized v3.0.0
[INFO] [stderr]   Downloaded frost-core v3.0.0
[INFO] [stderr]   Downloaded serdect v0.2.0
[INFO] [stderr]   Downloaded const-crc32-nostd v1.3.1
[INFO] [stderr]   Downloaded chio-workflow-preflight v0.1.2
[INFO] [stderr]   Downloaded frost-ed25519 v3.0.0
[INFO] [stderr]   Downloaded coset v0.4.2
[INFO] [stderr]   Downloaded chio-workflow v0.1.2
[INFO] [stderr]   Downloaded chio-core v0.1.2
[INFO] [stderr]   Downloaded chio-fiscal v0.1.2
[INFO] [stderr]   Downloaded chio-web3 v0.1.2
[INFO] [stderr]   Downloaded chio-credit v0.1.2
[INFO] [stderr]   Downloaded chio-underwriting v0.1.2
[INFO] [stderr]   Downloaded chio-listing v0.1.2
[INFO] [stderr]   Downloaded chio-appraisal v0.1.2
[INFO] [stderr]   Downloaded chio-core-types v0.1.2
[INFO] [stderr]   Downloaded chio-metrics-spec v0.1.2
[INFO] [stderr]   Downloaded rlp v0.5.2
[INFO] [stderr]   Downloaded uint v0.9.5
[INFO] [stderr]   Downloaded parity-scale-codec-derive v3.7.5
[INFO] [stderr]   Downloaded fixed-hash v0.8.0
[INFO] [stderr]   Downloaded chio-fincred v0.1.2
[INFO] [stderr]   Downloaded primitive-types v0.12.2
[INFO] [stderr]   Downloaded enum-ordinalize v4.3.2
[INFO] [stderr]   Downloaded ruint v1.20.0
[INFO] [stderr]   Downloaded ruint-macro v1.2.1
[INFO] [stderr]   Downloaded ark-serialize v0.6.0
[INFO] [stderr]   Downloaded impl-codec v0.6.0
[INFO] [stderr]   Downloaded chio-pheromone v0.1.2
[INFO] [stderr]   Downloaded chio-governance v0.1.2
[INFO] [stderr]   Downloaded parity-scale-codec v3.7.5
[INFO] [stderr]   Downloaded fastrlp v0.3.1
[INFO] [stderr]   Downloaded enum-ordinalize-derive v4.3.2
[INFO] [stderr]   Downloaded ark-std v0.6.0
[INFO] [stderr]   Downloaded chio-revocation-oracle v0.1.2
[INFO] [stderr]   Downloaded rs_merkle v1.5.0
[INFO] [stderr]   Downloaded chio-open-market v0.1.2
[INFO] [stderr]   Downloaded chio-did v0.1.2
[INFO] [stderr]   Downloaded alloy-primitives v1.5.7
[INFO] [stderr]   Downloaded impl-trait-for-tuples v0.2.3
[INFO] [stderr]   Downloaded fastrlp v0.4.0
[INFO] [stderr]   Downloaded ark-ff v0.6.0
[INFO] [stderr]   Downloaded ark-serialize-derive v0.6.0
[INFO] [stderr]   Downloaded ark-ff-macros v0.6.0
[INFO] [stderr]   Downloaded ark-ff-asm v0.6.0
[INFO] [stderr]   Downloaded ark-ff v0.5.0
[INFO] [stderr]   Downloaded ark-std v0.5.0
[INFO] [stderr]   Downloaded ark-serialize v0.5.0
[INFO] [stderr]   Downloaded ark-ff-macros v0.5.0
[INFO] [stderr]   Downloaded ark-ff-asm v0.5.0
[INFO] [stderr]   Downloaded chio-federation v0.1.2
[INFO] [stderr]   Downloaded alloy-rlp v0.3.13
[INFO] [stderr]   Downloaded keccak-asm v0.1.6
[INFO] [stderr]   Downloaded alloy-rlp-derive v0.3.13
[INFO] [stderr]   Downloaded rapidhash v4.4.1
[INFO] [stderr]   Downloaded sha3-asm v0.1.6
[INFO] [stderr]   Downloaded chio-disclosure-lineage v0.1.2
[INFO] [stderr]   Downloaded affinidi-bbs v0.1.0
[INFO] [stderr]   Downloaded pairing v0.23.0
[INFO] [stderr]   Downloaded const-hex v1.18.1
[INFO] [stderr]   Downloaded chio-autonomy v0.1.2
[INFO] [stderr]   Downloaded chio-selective-disclosure v0.1.2
[INFO] [stderr]   Downloaded chio-market v0.1.2
[INFO] [stderr]   Downloaded bls12_381_plus v0.8.13
[INFO] [stderr]   Downloaded chio-weights v0.1.2
[INFO] [stderr]   Downloaded sigstore_protobuf_specs v0.5.1
[INFO] [stderr]   Downloaded chio-kernel v0.1.2
[INFO] [stderr]   Downloaded chio-lineage v0.1.2
[INFO] [stderr]   Downloaded typed-path v0.9.3
[INFO] [stderr]   Downloaded snafu-derive v0.8.9
[INFO] [stderr]   Downloaded which v8.0.2
[INFO] [stderr]   Downloaded prost-reflect-build v0.16.0
[INFO] [stderr]   Downloaded prost-build v0.14.3
[INFO] [stderr]   Downloaded serde_json_canonicalizer v0.3.2
[INFO] [stderr]   Downloaded tough v0.22.0
[INFO] [stderr]   Downloaded snafu v0.8.9
[INFO] [stderr]   Downloaded sigstore-protobuf-specs-derive v0.0.1
[INFO] [stderr]   Downloaded prost-reflect v0.16.3
[INFO] [stderr]   Downloaded prost-reflect-derive v0.16.0
[INFO] [stderr]   Downloaded scrypt v0.12.0
[INFO] [stderr]   Downloaded salsa20 v0.11.0
[INFO] [stderr]   Downloaded chio-attest-verify v0.1.2
[INFO] [stderr]   Downloaded sigstore v0.14.0
[INFO] [stderr]   Downloaded getset v0.1.6
[INFO] [stderr]   Downloaded oci-spec v0.9.0
[INFO] [stderr]   Downloaded crypto_secretbox v0.1.1
[INFO] [stderr]   Downloaded hex-literal v1.1.0
[INFO] [stderr]   Downloaded chio-tool-call-fabric v0.1.2
[INFO] [stderr]   Downloaded chio-supervisor v0.1.2
[INFO] [stderr]   Downloaded chio-settle v0.1.2
[INFO] [stderr]   Downloaded secp256k1 v0.31.1
[INFO] [stderr]   Downloaded bitcoin_hashes v0.14.1
[INFO] [stderr]   Downloaded bitcoin-io v0.1.4
[INFO] [stderr]   Downloaded hex-conservative v0.2.2
[INFO] [stderr]   Downloaded alloy v1.8.3
[INFO] [stderr]   Downloaded alloy-trie v0.9.5
[INFO] [stderr]   Downloaded alloy-serde v1.8.3
[INFO] [stderr]   Downloaded chio-web3-bindings v0.1.2
[INFO] [stderr]   Downloaded nybbles v0.4.8
[INFO] [stderr]   Downloaded alloy-eip7702 v0.6.3
[INFO] [stderr]   Downloaded oci-client v0.17.0
[INFO] [stderr]   Downloaded alloy-eip7928 v0.3.3
[INFO] [stderr]   Downloaded alloy-eip2930 v0.2.3
[INFO] [stderr]   Downloaded alloy-eip2124 v0.2.0
[INFO] [stderr]   Downloaded alloy-sol-types v1.5.7
[INFO] [stderr]   Downloaded alloy-sol-macro v1.5.7
[INFO] [stderr]   Downloaded alloy-sol-macro-input v1.5.7
[INFO] [stderr]   Downloaded chio-data-guards-redactors-default v0.1.2
[INFO] [stderr]   Downloaded base64urlsafedata v0.5.2
[INFO] [stderr]   Downloaded alloy-consensus v1.8.3
[INFO] [stderr]   Downloaded alloy-tx-macros v1.8.3
[INFO] [stderr]   Downloaded chio-log-redact v0.1.2
[INFO] [stderr]   Downloaded webauthn-rs-proto v0.5.2
[INFO] [stderr]   Downloaded webauthn-rs v0.5.2
[INFO] [stderr]   Downloaded alloy-core v1.5.7
[INFO] [stderr]   Downloaded syn-solidity v1.5.7
[INFO] [stderr]   Downloaded alloy-json-abi v1.5.7
[INFO] [stderr]   Downloaded alloy-sol-type-parser v1.5.7
[INFO] [stderr]   Downloaded webauthn-attestation-ca v0.5.2
[INFO] [stderr]   Downloaded chio-bounded v0.1.2
[INFO] [stderr]   Downloaded alloy-sol-macro-expander v1.5.7
[INFO] [stderr]   Downloaded alloy-dyn-abi v1.5.7
[INFO] [stderr]   Downloaded chio-egress-contract v0.1.2
[INFO] [stderr]   Downloaded serde_cbor_2 v0.12.0-dev
[INFO] [stderr]   Downloaded openssl-sys v0.9.114
[INFO] [stderr]   Downloaded secp256k1 v0.30.0
[INFO] [stderr]   Downloaded chio-link v0.1.2
[INFO] [stderr]   Downloaded chio-kernel-core v0.1.2
[INFO] [stderr]   Downloaded alloy-eips v1.8.3
[INFO] [stderr]   Downloaded chio-custody-hw v0.1.2
[INFO] [stderr]   Downloaded webauthn-rs-core v0.5.2
[INFO] [stderr]   Downloaded openssl v0.10.78
[INFO] [stderr]   Downloaded alloy-genesis v1.8.3
[INFO] [stderr]   Downloaded blst v0.3.16
[INFO] [stderr]   Downloaded secp256k1-sys v0.11.0
[INFO] [stderr]   Downloaded c-kzg v2.1.7
[INFO] [stderr]   Downloaded secp256k1-sys v0.10.1
[INFO] running `Command { std: "docker" "create" "-v" "/var/lib/crater-agent-workspace/builds/worker-6-tc1/source:/opt/rustwide/workdir:ro,Z" "-v" "/var/lib/crater-agent-workspace/builds/worker-6-tc1/target:/opt/rustwide/target:rw,Z" "-v" "/var/lib/crater-agent-workspace/cargo-home:/opt/rustwide/cargo-home:ro,Z" "-v" "/var/lib/crater-agent-workspace/rustup-home:/opt/rustwide/rustup-home:ro,Z" "-m" "1610612736" "--network" "none" "ghcr.io/rust-lang/crates-build-env/linux@sha256:77db811e55d90add9212f6832c23229e3de5f1c1f9905e8cb07319ea15df73ac" "sleep" "infinity", kill_on_drop: false }`
[INFO] [stdout] a87f49cedc4b738826c7d4b97d788855cbed302a55937d2625100c80abdd5960
[INFO] running `Command { std: "docker" "start" "a87f49cedc4b738826c7d4b97d788855cbed302a55937d2625100c80abdd5960", kill_on_drop: false }`
[INFO] running `Command { std: "docker" "inspect" "a87f49cedc4b738826c7d4b97d788855cbed302a55937d2625100c80abdd5960", kill_on_drop: false }`
[INFO] running `Command { std: "docker" "exec" "-e" "SOURCE_DIR=/opt/rustwide/workdir" "-e" "CARGO_HOME=/opt/rustwide/cargo-home" "-e" "RUSTUP_HOME=/opt/rustwide/rustup-home" "-e" "CARGO_TARGET_DIR=/opt/rustwide/target" "-w" "/opt/rustwide/workdir" "--user" "0:0" "a87f49cedc4b738826c7d4b97d788855cbed302a55937d2625100c80abdd5960" "/opt/rustwide/cargo-home/bin/cargo" "+3154cc1a3e6424e44f438a95007d043ed5ceaaf6" "metadata" "--no-deps" "--format-version=1", kill_on_drop: false }`
[INFO] running `Command { std: "docker" "inspect" "a87f49cedc4b738826c7d4b97d788855cbed302a55937d2625100c80abdd5960", kill_on_drop: false }`
[INFO] running `Command { std: "docker" "exec" "-e" "SOURCE_DIR=/opt/rustwide/workdir" "-e" "CARGO_HOME=/opt/rustwide/cargo-home" "-e" "RUSTUP_HOME=/opt/rustwide/rustup-home" "-e" "CARGO_TARGET_DIR=/opt/rustwide/target" "-e" "CARGO_INCREMENTAL=0" "-e" "RUST_BACKTRACE=full" "-e" "RUSTFLAGS=--cap-lints=forbid -Znext-solver=coherence" "-e" "RUSTDOCFLAGS=--cap-lints=forbid" "-w" "/opt/rustwide/workdir" "--user" "0:0" "a87f49cedc4b738826c7d4b97d788855cbed302a55937d2625100c80abdd5960" "/opt/rustwide/cargo-home/bin/cargo" "+3154cc1a3e6424e44f438a95007d043ed5ceaaf6" "check" "--frozen" "--all" "--all-targets" "--message-format=json", kill_on_drop: false }`
[INFO] [stderr]    Compiling syn v2.0.117
[INFO] [stderr]    Compiling libc v0.2.183
[INFO] [stderr]     Checking typenum v1.20.0
[INFO] [stderr]     Checking const-oid v0.9.6
[INFO] [stderr]    Compiling generic-array v0.14.7
[INFO] [stderr]    Compiling serde_json v1.0.149
[INFO] [stderr]    Compiling portable-atomic v1.13.1
[INFO] [stderr]     Checking flagset v0.4.7
[INFO] [stderr]    Compiling num-traits v0.2.19
[INFO] [stderr]    Compiling curve25519-dalek v4.1.3
[INFO] [stderr]    Compiling unicode-segmentation v1.13.2
[INFO] [stderr]    Compiling aws-lc-rs v1.16.2
[INFO] [stderr]     Checking bitflags v2.11.0
[INFO] [stderr]    Compiling getrandom v0.4.2
[INFO] [stderr]    Compiling zerocopy v0.8.42
[INFO] [stderr]     Checking either v1.15.0
[INFO] [stderr]    Compiling rustls v0.23.37
[INFO] [stderr]     Checking base16ct v0.2.0
[INFO] [stderr]    Compiling anyhow v1.0.103
[INFO] [stderr]    Compiling serde_core v1.0.228
[INFO] [stderr]    Compiling ruint-macro v1.2.1
[INFO] [stderr]     Checking cmov v0.5.3
[INFO] [stderr]     Checking lazy_static v1.5.0
[INFO] [stderr]    Compiling heapless v0.7.17
[INFO] [stderr]     Checking hash32 v0.2.1
[INFO] [stderr]    Compiling proc-macro-error-attr2 v2.0.0
[INFO] [stderr]     Checking ctutils v0.4.2
[INFO] [stderr]    Compiling serde v1.0.228
[INFO] [stderr]     Checking aho-corasick v1.1.4
[INFO] [stderr]    Compiling convert_case v0.10.0
[INFO] [stderr]     Checking keccak v0.1.6
[INFO] [stderr]     Checking hybrid-array v0.4.11
[INFO] [stderr]     Checking time v0.3.47
[INFO] [stderr]     Checking ruint v1.20.0
[INFO] [stderr]     Checking itertools v0.14.0
[INFO] [stderr]     Checking indexmap v2.13.0
[INFO] [stderr]     Checking num-integer v0.1.46
[INFO] [stderr]     Checking const-hex v1.18.1
[INFO] [stderr]    Compiling crypto-common v0.1.7
[INFO] [stderr]    Compiling block-buffer v0.10.4
[INFO] [stderr]     Checking num-bigint v0.4.6
[INFO] [stderr]     Checking base64 v0.21.7
[INFO] [stderr]     Checking const-crc32-nostd v1.3.1
[INFO] [stderr]    Compiling winnow v0.7.15
[INFO] [stderr]    Compiling memchr v2.8.0
[INFO] [stderr]    Compiling digest v0.10.7
[INFO] [stderr]    Compiling rustc-hash v2.1.1
[INFO] [stderr]     Checking getrandom v0.2.17
[INFO] [stderr]    Compiling jobserver v0.1.34
[INFO] [stderr]     Checking parking_lot_core v0.9.12
[INFO] [stderr]     Checking errno v0.3.14
[INFO] [stderr]     Checking mio v1.1.1
[INFO] [stderr]     Checking socket2 v0.6.3
[INFO] [stderr]     Checking signal-hook-registry v1.4.8
[INFO] [stderr]     Checking rand_core v0.6.4
[INFO] [stderr]     Checking parking_lot v0.12.5
[INFO] [stderr]     Checking crypto-common v0.2.2
[INFO] [stderr]     Checking block-buffer v0.12.0
[INFO] [stderr]     Checking socket2 v0.5.10
[INFO] [stderr]     Checking ff v0.13.1
[INFO] [stderr]    Compiling sha3 v0.10.8
[INFO] [stderr]     Checking regex-automata v0.4.14
[INFO] [stderr]    Compiling cc v1.2.57
[INFO] [stderr]     Checking group v0.13.0
[INFO] [stderr]     Checking uuid v1.22.0
[INFO] [stderr]     Checking num-iter v0.1.45
[INFO] [stderr]     Checking signature v3.0.0
[INFO] [stderr]     Checking chio-metrics-spec v0.1.2
[INFO] [stderr]     Checking rustix v1.1.4
[INFO] [stderr]     Checking rusticata-macros v4.1.0
[INFO] [stderr]     Checking ordered-float v2.10.1
[INFO] [stderr]    Compiling num-bigint-dig v0.8.6
[INFO] [stderr]     Checking inout v0.2.2
[INFO] [stderr]     Checking unicode-normalization v0.1.25
[INFO] [stderr]     Checking pem v3.0.6
[INFO] [stderr]    Compiling const_format_proc_macros v0.2.34
[INFO] [stderr]    Compiling openssl v0.10.78
[INFO] [stderr]    Compiling pastey v0.1.1
[INFO] [stderr]    Compiling oid-registry v0.7.1
[INFO] [stderr]     Checking phc v0.6.1
[INFO] [stderr]     Checking serde_path_to_error v0.1.20
[INFO] [stderr]     Checking bstr v1.12.1
[INFO] [stderr]    Compiling webauthn-attestation-ca v0.5.2
[INFO] [stderr]     Checking strum v0.27.2
[INFO] [stderr]     Checking digest v0.11.2
[INFO] [stderr]     Checking cipher v0.5.2
[INFO] [stderr]     Checking password-hash v0.6.1
[INFO] [stderr]     Checking itertools v0.10.5
[INFO] [stderr]     Checking arc-swap v1.9.1
[INFO] [stderr]     Checking chacha20 v0.10.0
[INFO] [stderr]     Checking http-auth v0.1.10
[INFO] [stderr]     Checking const_format v0.2.35
[INFO] [stderr]     Checking half v1.8.3
[INFO] [stderr]     Checking sha2 v0.11.0
[INFO] [stderr]     Checking hmac v0.13.0
[INFO] [stderr]     Checking salsa20 v0.11.0
[INFO] [stderr]     Checking pbkdf2 v0.13.0
[INFO] [stderr]     Checking ryu-js v1.0.3
[INFO] [stderr]     Checking ciborium-io v0.2.2
[INFO] [stderr]    Compiling webauthn-rs-core v0.5.2
[INFO] [stderr]     Checking typed-path v0.9.3
[INFO] [stderr]     Checking rand v0.10.1
[INFO] [stderr]    Compiling chio-attest-verify v0.1.2
[INFO] [stderr]     Checking hex-literal v1.1.0
[INFO] [stderr]     Checking sharded-slab v0.1.7
[INFO] [stderr]     Checking hashlink v0.11.0
[INFO] [stderr]    Compiling cmake v0.1.58
[INFO] [stderr]     Checking pem-rfc7468 v1.0.0
[INFO] [stderr]     Checking getrandom v0.3.4
[INFO] [stderr]    Compiling vergen-lib v9.1.0
[INFO] [stderr]     Checking hashbrown v0.14.5
[INFO] [stderr]    Compiling n0-future v0.3.2
[INFO] [stderr]    Compiling vergen v9.1.0
[INFO] [stderr]     Checking lru v0.16.3
[INFO] [stderr]    Compiling curve25519-dalek v5.0.0-rc.0
[INFO] [stderr]     Checking chunked_transfer v1.5.0
[INFO] [stderr]     Checking spin v0.10.1
[INFO] [stderr]     Checking diatomic-waker v0.2.3
[INFO] [stderr]     Checking base16ct v1.0.0
[INFO] [stderr]    Compiling winnow v1.0.1
[INFO] [stderr]     Checking cordyceps v0.3.4
[INFO] [stderr]     Checking chio-bounded v0.1.2
[INFO] [stderr]     Checking ascii v1.1.0
[INFO] [stderr]    Compiling crossbeam-epoch v0.9.20
[INFO] [stderr]    Compiling deranged v0.5.8
[INFO] [stderr]     Checking futures-lite v2.6.1
[INFO] [stderr]    Compiling noq-udp v1.0.1
[INFO] [stderr]     Checking scrypt v0.12.0
[INFO] [stderr]    Compiling vergen-gitcl v9.1.0
[INFO] [stderr]     Checking tiny_http v0.12.0
[INFO] [stderr]    Compiling data-encoding v2.11.0
[INFO] [stderr]    Compiling num_threads v0.1.7
[INFO] [stderr]     Checking futures-buffered v0.2.13
[INFO] [stderr]     Checking netlink-packet-core v0.8.1
[INFO] [stderr]     Checking tagptr v0.2.0
[INFO] [stderr]    Compiling ring v0.17.14
[INFO] [stderr]    Compiling aws-lc-sys v0.39.1
[INFO] [stderr]    Compiling openssl-sys v0.9.114
[INFO] [stderr]    Compiling libsqlite3-sys v0.37.0
[INFO] [stderr]    Compiling secp256k1-sys v0.11.0
[INFO] [stderr]    Compiling blake3 v1.8.5
[INFO] [stderr]     Checking rand_core v0.9.5
[INFO] [stderr]    Compiling iroh-dns v1.0.1
[INFO] [stderr]     Checking regex v1.12.3
[INFO] [stderr]     Checking globset v0.4.18
[INFO] [stderr]    Compiling noq v1.0.1
[INFO] [stderr]     Checking rand_pcg v0.10.2
[INFO] [stderr]     Checking sorted-index-buffer v0.2.1
[INFO] [stderr]     Checking identity-hash v0.1.0
[INFO] [stderr]     Checking lru-slab v0.1.2
[INFO] [stderr]    Compiling netdev v0.45.0
[INFO] [stderr]     Checking bit-vec v0.8.0
[INFO] [stderr]     Checking netlink-packet-route v0.31.0
[INFO] [stderr]     Checking num-rational v0.4.2
[INFO] [stderr]     Checking num-complex v0.4.6
[INFO] [stderr]    Compiling netwatch v0.19.1
[INFO] [stderr]     Checking bit-set v0.8.0
[INFO] [stderr]     Checking hashbrown v0.17.0
[INFO] [stderr]     Checking simple-dns v0.11.3
[INFO] [stderr]     Checking leb128fmt v0.1.0
[INFO] [stderr]    Compiling unicode-general-category v1.1.0
[INFO] [stderr]     Checking borrow-or-share v0.2.4
[INFO] [stderr]     Checking simdutf8 v0.1.5
[INFO] [stderr]     Checking mac-addr v0.3.0
[INFO] [stderr]     Checking wasm-encoder v0.246.2
[INFO] [stderr]     Checking wait-timeout v0.2.1
[INFO] [stderr]     Checking seize v0.5.1
[INFO] [stderr]     Checking num v0.4.3
[INFO] [stderr]    Compiling iroh v1.0.1
[INFO] [stderr]     Checking serde_bytes v0.11.19
[INFO] [stderr]    Compiling toml_parser v1.1.1+spec-1.1.0
[INFO] [stderr]     Checking bumpalo v3.20.2
[INFO] [stderr]     Checking vsimd v0.8.0
[INFO] [stderr]     Checking micromap v0.3.0
[INFO] [stderr]     Checking quick-error v1.2.3
[INFO] [stderr]    Compiling synstructure v0.13.2
[INFO] [stderr]    Compiling darling_core v0.20.11
[INFO] [stderr]    Compiling proc-macro-error2 v2.0.1
[INFO] [stderr]    Compiling macro-string v0.1.4
[INFO] [stderr]    Compiling darling_core v0.23.0
[INFO] [stderr]    Compiling syn-solidity v1.5.7
[INFO] [stderr]    Compiling toml_edit v0.25.9+spec-1.1.0
[INFO] [stderr]     Checking lru v0.18.0
[INFO] [stderr]     Checking outref v0.5.2
[INFO] [stderr] error: could not compile `syn` (lib)
[INFO] [stderr] 
[INFO] [stderr] Caused by:
[INFO] [stderr]   process didn't exit successfully: `/opt/rustwide/rustup-home/toolchains/3154cc1a3e6424e44f438a95007d043ed5ceaaf6/bin/rustc --crate-name syn --edition=2021 /opt/rustwide/cargo-home/registry/src/index.crates.io-1949cf8c6b5b557f/syn-2.0.117/src/lib.rs --error-format=json --json=diagnostic-rendered-ansi,artifacts,future-incompat,unused-externs-silent --crate-type lib --emit=dep-info,metadata,link -Z embed-metadata=no -C embed-bitcode=no --cfg 'feature="clone-impls"' --cfg 'feature="default"' --cfg 'feature="derive"' --cfg 'feature="extra-traits"' --cfg 'feature="fold"' --cfg 'feature="full"' --cfg 'feature="parsing"' --cfg 'feature="printing"' --cfg 'feature="proc-macro"' --cfg 'feature="visit"' --cfg 'feature="visit-mut"' --check-cfg 'cfg(docsrs,test)' --check-cfg 'cfg(feature, values("clone-impls", "default", "derive", "extra-traits", "fold", "full", "parsing", "printing", "proc-macro", "test", "visit", "visit-mut"))' -C metadata=38efe9c620ca8d0f -C extra-filename=-4020a71ff87b7d40 --out-dir /opt/rustwide/target/debug/build/syn/4020a71ff87b7d40/out -L dependency=/opt/rustwide/target/debug/build/proc-macro2/f6f4bc4dc2357b71/out -L dependency=/opt/rustwide/target/debug/build/unicode-ident/69fd460968039056/out --extern proc_macro2=/opt/rustwide/target/debug/build/proc-macro2/f6f4bc4dc2357b71/out/libproc_macro2-f6f4bc4dc2357b71.rmeta --extern quote=/opt/rustwide/target/debug/build/quote/8ca9dc53dd246f82/out/libquote-8ca9dc53dd246f82.rmeta --extern unicode_ident=/opt/rustwide/target/debug/build/unicode-ident/69fd460968039056/out/libunicode_ident-69fd460968039056.rmeta --cap-lints allow --cap-lints=forbid -Znext-solver=coherence --force-warn=unused_crate_dependencies` (signal: 9, SIGKILL: kill)
[INFO] [stderr] warning: build failed, waiting for other jobs to finish...
[INFO] [stderr] error: could not compile `openssl-sys` (lib)
[INFO] [stderr] 
[INFO] [stderr] Caused by:
[INFO] [stderr]   process didn't exit successfully: `/opt/rustwide/rustup-home/toolchains/3154cc1a3e6424e44f438a95007d043ed5ceaaf6/bin/rustc --crate-name openssl_sys --edition=2021 /opt/rustwide/cargo-home/registry/src/index.crates.io-1949cf8c6b5b557f/openssl-sys-0.9.114/src/lib.rs --error-format=json --json=diagnostic-rendered-ansi,artifacts,future-incompat,unused-externs-silent --crate-type lib --emit=dep-info,metadata -C embed-bitcode=no -C debuginfo=2 --check-cfg 'cfg(docsrs,test)' --check-cfg 'cfg(feature, values("aws-lc", "aws-lc-fips", "bindgen", "bssl-sys", "openssl-src", "unstable_boringssl", "vendored"))' -C metadata=04280a60e1765517 -C extra-filename=-ab5d54144a52e615 --out-dir /opt/rustwide/target/debug/build/openssl-sys/ab5d54144a52e615/out --extern libc=/opt/rustwide/target/debug/build/libc/4f9d614c3ab95320/out/liblibc-4f9d614c3ab95320.rmeta --cap-lints allow --cap-lints=forbid -Znext-solver=coherence --force-warn=unused_crate_dependencies -l ssl -l crypto --cfg 'osslconf="OPENSSL_NO_IDEA"' --cfg 'osslconf="OPENSSL_NO_SSL3_METHOD"' --cfg openssl --cfg ossl101 --cfg ossl102 --cfg ossl102f --cfg ossl102h --cfg ossl110 --cfg ossl110f --cfg ossl110g --cfg ossl110h --cfg ossl111 --cfg ossl111b --cfg ossl111c --cfg ossl111d --cfg ossl300 --cfg ossl320 --cfg ossl330 --cfg ossl340 --cfg ossl350 --check-cfg 'cfg(osslconf, values("OPENSSL_NO_OCB", "OPENSSL_NO_SM4", "OPENSSL_NO_SEED", "OPENSSL_NO_CHACHA", "OPENSSL_NO_CAST", "OPENSSL_NO_IDEA", "OPENSSL_NO_CAMELLIA", "OPENSSL_NO_RC4", "OPENSSL_NO_BF", "OPENSSL_NO_PSK", "OPENSSL_NO_DEPRECATED_3_0", "OPENSSL_NO_SCRYPT", "OPENSSL_NO_SM3", "OPENSSL_NO_RMD160", "OPENSSL_NO_EC2M", "OPENSSL_NO_OCSP", "OPENSSL_NO_CMS", "OPENSSL_NO_COMP", "OPENSSL_NO_SOCK", "OPENSSL_NO_STDIO", "OPENSSL_NO_EC", "OPENSSL_NO_SSL3_METHOD", "OPENSSL_NO_KRB5", "OPENSSL_NO_TLSEXT", "OPENSSL_NO_SRP", "OPENSSL_NO_SRTP", "OPENSSL_NO_RFC3779", "OPENSSL_NO_SHA", "OPENSSL_NO_NEXTPROTONEG", "OPENSSL_NO_ENGINE", "OPENSSL_NO_BUF_FREELISTS", "OPENSSL_NO_RC2"))' --check-cfg 'cfg(openssl)' --check-cfg 'cfg(libressl)' --check-cfg 'cfg(boringssl)' --check-cfg 'cfg(awslc)' --check-cfg 'cfg(awslc_pregenerated)' --check-cfg 'cfg(libressl250)' --check-cfg 'cfg(libressl251)' --check-cfg 'cfg(libressl252)' --check-cfg 'cfg(libressl261)' --check-cfg 'cfg(libressl270)' --check-cfg 'cfg(libressl271)' --check-cfg 'cfg(libressl273)' --check-cfg 'cfg(libressl280)' --check-cfg 'cfg(libressl281)' --check-cfg 'cfg(libressl291)' --check-cfg 'cfg(libressl310)' --check-cfg 'cfg(libressl321)' --check-cfg 'cfg(libressl332)' --check-cfg 'cfg(libressl340)' --check-cfg 'cfg(libressl350)' --check-cfg 'cfg(libressl360)' --check-cfg 'cfg(libressl361)' --check-cfg 'cfg(libressl370)' --check-cfg 'cfg(libressl380)' --check-cfg 'cfg(libressl381)' --check-cfg 'cfg(libressl382)' --check-cfg 'cfg(libressl390)' --check-cfg 'cfg(libressl400)' --check-cfg 'cfg(libressl410)' --check-cfg 'cfg(libressl420)' --check-cfg 'cfg(libressl430)' --check-cfg 'cfg(ossl101)' --check-cfg 'cfg(ossl102)' --check-cfg 'cfg(ossl102f)' --check-cfg 'cfg(ossl102h)' --check-cfg 'cfg(ossl110)' --check-cfg 'cfg(ossl110f)' --check-cfg 'cfg(ossl110g)' --check-cfg 'cfg(ossl110h)' --check-cfg 'cfg(ossl111)' --check-cfg 'cfg(ossl111b)' --check-cfg 'cfg(ossl111c)' --check-cfg 'cfg(ossl111d)' --check-cfg 'cfg(ossl300)' --check-cfg 'cfg(ossl310)' --check-cfg 'cfg(ossl320)' --check-cfg 'cfg(ossl330)' --check-cfg 'cfg(ossl340)' --check-cfg 'cfg(ossl400)'` (signal: 9, SIGKILL: kill)
[INFO] [stderr] warning: secp256k1-sys@0.11.0: cc: fatal error: Killed signal terminated program cc1
[INFO] [stderr] warning: secp256k1-sys@0.11.0: compilation terminated.
[INFO] [stderr] warning: secp256k1-sys@0.11.0: ToolExecError: command did not execute successfully (status code exit status: 1): LC_ALL="C" "cc" "-O0" "-ffunction-sections" "-fdata-sections" "-fPIC" "-g" "-gdwarf-4" "-fno-omit-frame-pointer" "-m64" "-I" "depend/secp256k1/" "-I" "depend/secp256k1/include" "-I" "depend/secp256k1/src" "-Wall" "-Wextra" "-Wno-unused-function" "-Wno-unused-parameter" "-DSECP256K1_API=" "-DENABLE_MODULE_ECDH=1" "-DENABLE_MODULE_SCHNORRSIG=1" "-DENABLE_MODULE_EXTRAKEYS=1" "-DENABLE_MODULE_ELLSWIFT=1" "-Dprintf(...)=" "-DECMULT_GEN_PREC_BITS=4" "-DECMULT_WINDOW_SIZE=15" "-DUSE_EXTERNAL_DEFAULT_CALLBACKS=1" "-DENABLE_MODULE_RECOVERY=1" "-o" "/opt/rustwide/target/debug/build/secp256k1-sys/0c9741c940411037/out/fce6141bfa9bf74c-precomputed_ecmult.o" "-c" "depend/secp256k1/src/precomputed_ecmult.c"
[INFO] [stderr] warning: secp256k1-sys@0.11.0: In file included from depend/secp256k1/src/secp256k1.c:39:
[INFO] [stderr] warning: secp256k1-sys@0.11.0: depend/secp256k1/src/hsort_impl.h: In function 'rustsecp256k1_v0_11_heap_swap64':
[INFO] [stderr] warning: secp256k1-sys@0.11.0: depend/secp256k1/src/hsort_impl.h:30:5: error: implicit declaration of function 'memmove' [-Wimplicit-function-declaration]
[INFO] [stderr] warning: secp256k1-sys@0.11.0:    30 |     memmove(a, b, len);
[INFO] [stderr] warning: secp256k1-sys@0.11.0:       |     ^~~~~~~
[INFO] [stderr] warning: secp256k1-sys@0.11.0: depend/secp256k1/src/hsort_impl.h:11:1: note: include '<string.h>' or provide a declaration of 'memmove'
[INFO] [stderr] warning: secp256k1-sys@0.11.0:    10 | #include "hsort.h"
[INFO] [stderr] warning: secp256k1-sys@0.11.0:   +++ |+#include <string.h>
[INFO] [stderr] warning: secp256k1-sys@0.11.0:    11 | 
[INFO] [stderr] warning: secp256k1-sys@0.11.0: depend/secp256k1/src/hsort_impl.h:30:5: warning: incompatible implicit declaration of built-in function 'memmove' [-Wbuiltin-declaration-mismatch]
[INFO] [stderr] warning: secp256k1-sys@0.11.0:    30 |     memmove(a, b, len);
[INFO] [stderr] warning: secp256k1-sys@0.11.0:       |     ^~~~~~~
[INFO] [stderr] warning: secp256k1-sys@0.11.0: depend/secp256k1/src/hsort_impl.h:30:5: note: include '<string.h>' or provide a declaration of 'memmove'
[INFO] [stderr] warning: secp256k1-sys@0.11.0: ToolExecError: command did not execute successfully (status code exit status: 1): LC_ALL="C" "cc" "-O0" "-ffunction-sections" "-fdata-sections" "-fPIC" "-g" "-gdwarf-4" "-fno-omit-frame-pointer" "-m64" "-I" "depend/secp256k1/" "-I" "depend/secp256k1/include" "-I" "depend/secp256k1/src" "-I" "wasm/wasm-sysroot" "-Wall" "-Wextra" "-Wno-unused-function" "-Wno-unused-parameter" "-DSECP256K1_API=" "-DENABLE_MODULE_ECDH=1" "-DENABLE_MODULE_SCHNORRSIG=1" "-DENABLE_MODULE_EXTRAKEYS=1" "-DENABLE_MODULE_ELLSWIFT=1" "-Dprintf(...)=" "-DECMULT_GEN_PREC_BITS=4" "-DECMULT_WINDOW_SIZE=15" "-DUSE_EXTERNAL_DEFAULT_CALLBACKS=1" "-DENABLE_MODULE_RECOVERY=1" "-o" "/opt/rustwide/target/debug/build/secp256k1-sys/0c9741c940411037/out/fce6141bfa9bf74c-secp256k1.o" "-c" "depend/secp256k1/src/secp256k1.c"
[INFO] [stderr] error: failed to run custom build command for `secp256k1-sys v0.11.0`
[INFO] [stderr] note: To improve backtraces for build dependencies, set the CARGO_PROFILE_DEV_BUILD_OVERRIDE_DEBUG=true environment variable to enable debug information generation.
[INFO] [stderr] 
[INFO] [stderr] Caused by:
[INFO] [stderr]   process didn't exit successfully: `/opt/rustwide/target/debug/build/secp256k1-sys/3147836d60a64903/out/build_script_build` (exit status: 1)
[INFO] [stderr]   --- stdout
[INFO] [stderr]   cargo:rerun-if-env-changed=CC_FORCE_DISABLE
[INFO] [stderr]   CC_FORCE_DISABLE = None
[INFO] [stderr]   cargo:rerun-if-env-changed=CC_x86_64-unknown-linux-gnu
[INFO] [stderr]   CC_x86_64-unknown-linux-gnu = None
[INFO] [stderr]   cargo:rerun-if-env-changed=CC_x86_64_unknown_linux_gnu
[INFO] [stderr]   CC_x86_64_unknown_linux_gnu = None
[INFO] [stderr]   cargo:rerun-if-env-changed=HOST_CC
[INFO] [stderr]   HOST_CC = None
[INFO] [stderr]   cargo:rerun-if-env-changed=CC
[INFO] [stderr]   CC = None
[INFO] [stderr]   cargo:rerun-if-env-changed=CC_ENABLE_DEBUG_OUTPUT
[INFO] [stderr]   cargo:rerun-if-env-changed=CRATE_CC_NO_DEFAULTS
[INFO] [stderr]   CRATE_CC_NO_DEFAULTS = None
[INFO] [stderr]   cargo:rerun-if-env-changed=CFLAGS
[INFO] [stderr]   CFLAGS = None
[INFO] [stderr]   cargo:rerun-if-env-changed=HOST_CFLAGS
[INFO] [stderr]   HOST_CFLAGS = None
[INFO] [stderr]   cargo:rerun-if-env-changed=CFLAGS_x86_64_unknown_linux_gnu
[INFO] [stderr]   CFLAGS_x86_64_unknown_linux_gnu = None
[INFO] [stderr]   cargo:rerun-if-env-changed=CFLAGS_x86_64-unknown-linux-gnu
[INFO] [stderr]   CFLAGS_x86_64-unknown-linux-gnu = None
[INFO] [stderr]   cargo:rerun-if-env-changed=CC_ENABLE_DEBUG_OUTPUT
[INFO] [stderr]   cargo:rerun-if-env-changed=CRATE_CC_NO_DEFAULTS
[INFO] [stderr]   CRATE_CC_NO_DEFAULTS = None
[INFO] [stderr]   cargo:rerun-if-env-changed=CFLAGS
[INFO] [stderr]   CFLAGS = None
[INFO] [stderr]   cargo:rerun-if-env-changed=HOST_CFLAGS
[INFO] [stderr]   HOST_CFLAGS = None
[INFO] [stderr]   cargo:rerun-if-env-changed=CFLAGS_x86_64_unknown_linux_gnu
[INFO] [stderr]   CFLAGS_x86_64_unknown_linux_gnu = None
[INFO] [stderr]   cargo:rerun-if-env-changed=CFLAGS_x86_64-unknown-linux-gnu
[INFO] [stderr]   CFLAGS_x86_64-unknown-linux-gnu = None
[INFO] [stderr]   cargo:rerun-if-env-changed=CC_ENABLE_DEBUG_OUTPUT
[INFO] [stderr]   cargo:rerun-if-env-changed=CRATE_CC_NO_DEFAULTS
[INFO] [stderr]   CRATE_CC_NO_DEFAULTS = None
[INFO] [stderr]   cargo:rerun-if-env-changed=CFLAGS
[INFO] [stderr]   CFLAGS = None
[INFO] [stderr]   cargo:rerun-if-env-changed=HOST_CFLAGS
[INFO] [stderr]   HOST_CFLAGS = None
[INFO] [stderr]   cargo:rerun-if-env-changed=CFLAGS_x86_64_unknown_linux_gnu
[INFO] [stderr]   CFLAGS_x86_64_unknown_linux_gnu = None
[INFO] [stderr]   cargo:rerun-if-env-changed=CFLAGS_x86_64-unknown-linux-gnu
[INFO] [stderr]   CFLAGS_x86_64-unknown-linux-gnu = None
[INFO] [stderr]   cargo:rerun-if-env-changed=CC_x86_64-unknown-linux-gnu
[INFO] [stderr]   CC_x86_64-unknown-linux-gnu = None
[INFO] [stderr]   cargo:rerun-if-env-changed=CC_x86_64_unknown_linux_gnu
[INFO] [stderr]   CC_x86_64_unknown_linux_gnu = None
[INFO] [stderr]   cargo:rerun-if-env-changed=HOST_CC
[INFO] [stderr]   HOST_CC = None
[INFO] [stderr]   cargo:rerun-if-env-changed=CC
[INFO] [stderr]   CC = None
[INFO] [stderr]   cargo:rerun-if-env-changed=CRATE_CC_NO_DEFAULTS
[INFO] [stderr]   CRATE_CC_NO_DEFAULTS = None
[INFO] [stderr]   cargo:rerun-if-env-changed=CFLAGS
[INFO] [stderr]   CFLAGS = None
[INFO] [stderr]   cargo:rerun-if-env-changed=HOST_CFLAGS
[INFO] [stderr]   HOST_CFLAGS = None
[INFO] [stderr]   cargo:rerun-if-env-changed=CFLAGS_x86_64_unknown_linux_gnu
[INFO] [stderr]   CFLAGS_x86_64_unknown_linux_gnu = None
[INFO] [stderr]   cargo:rerun-if-env-changed=CFLAGS_x86_64-unknown-linux-gnu
[INFO] [stderr]   CFLAGS_x86_64-unknown-linux-gnu = None
[INFO] [stderr]   cargo:rerun-if-env-changed=CC_x86_64-unknown-linux-gnu
[INFO] [stderr]   CC_x86_64-unknown-linux-gnu = None
[INFO] [stderr]   cargo:rerun-if-env-changed=CC_x86_64_unknown_linux_gnu
[INFO] [stderr]   CC_x86_64_unknown_linux_gnu = None
[INFO] [stderr]   cargo:rerun-if-env-changed=HOST_CC
[INFO] [stderr]   HOST_CC = None
[INFO] [stderr]   cargo:rerun-if-env-changed=CC
[INFO] [stderr]   CC = None
[INFO] [stderr]   cargo:rerun-if-env-changed=CRATE_CC_NO_DEFAULTS
[INFO] [stderr]   CRATE_CC_NO_DEFAULTS = None
[INFO] [stderr]   cargo:rerun-if-env-changed=CFLAGS
[INFO] [stderr]   CFLAGS = None
[INFO] [stderr]   cargo:rerun-if-env-changed=HOST_CFLAGS
[INFO] [stderr]   HOST_CFLAGS = None
[INFO] [stderr]   cargo:rerun-if-env-changed=CFLAGS_x86_64_unknown_linux_gnu
[INFO] [stderr]   CFLAGS_x86_64_unknown_linux_gnu = None
[INFO] [stderr]   cargo:rerun-if-env-changed=CFLAGS_x86_64-unknown-linux-gnu
[INFO] [stderr]   CFLAGS_x86_64-unknown-linux-gnu = None
[INFO] [stderr]   cargo:rerun-if-env-changed=CC_x86_64-unknown-linux-gnu
[INFO] [stderr]   CC_x86_64-unknown-linux-gnu = None
[INFO] [stderr]   cargo:rerun-if-env-changed=CC_x86_64_unknown_linux_gnu
[INFO] [stderr]   CC_x86_64_unknown_linux_gnu = None
[INFO] [stderr]   cargo:rerun-if-env-changed=HOST_CC
[INFO] [stderr]   HOST_CC = None
[INFO] [stderr]   cargo:rerun-if-env-changed=CC
[INFO] [stderr]   CC = None
[INFO] [stderr]   cargo:rerun-if-env-changed=CRATE_CC_NO_DEFAULTS
[INFO] [stderr]   CRATE_CC_NO_DEFAULTS = None
[INFO] [stderr]   cargo:rerun-if-env-changed=CFLAGS
[INFO] [stderr]   CFLAGS = None
[INFO] [stderr]   cargo:rerun-if-env-changed=HOST_CFLAGS
[INFO] [stderr]   HOST_CFLAGS = None
[INFO] [stderr]   cargo:rerun-if-env-changed=CFLAGS_x86_64_unknown_linux_gnu
[INFO] [stderr]   CFLAGS_x86_64_unknown_linux_gnu = None
[INFO] [stderr]   cargo:rerun-if-env-changed=CFLAGS_x86_64-unknown-linux-gnu
[INFO] [stderr]   CFLAGS_x86_64-unknown-linux-gnu = None
[INFO] [stderr]   cargo:warning=cc: fatal error: Killed signal terminated program cc1
[INFO] [stderr]   cargo:warning=compilation terminated.
[INFO] [stderr]   exit status: 0
[INFO] [stderr]   exit status: 0
[INFO] [stderr]   exit status: 1
[INFO] [stderr]   cargo:warning=ToolExecError: command did not execute successfully (status code exit status: 1): LC_ALL="C" "cc" "-O0" "-ffunction-sections" "-fdata-sections" "-fPIC" "-g" "-gdwarf-4" "-fno-omit-frame-pointer" "-m64" "-I" "depend/secp256k1/" "-I" "depend/secp256k1/include" "-I" "depend/secp256k1/src" "-Wall" "-Wextra" "-Wno-unused-function" "-Wno-unused-parameter" "-DSECP256K1_API=" "-DENABLE_MODULE_ECDH=1" "-DENABLE_MODULE_SCHNORRSIG=1" "-DENABLE_MODULE_EXTRAKEYS=1" "-DENABLE_MODULE_ELLSWIFT=1" "-Dprintf(...)=" "-DECMULT_GEN_PREC_BITS=4" "-DECMULT_WINDOW_SIZE=15" "-DUSE_EXTERNAL_DEFAULT_CALLBACKS=1" "-DENABLE_MODULE_RECOVERY=1" "-o" "/opt/rustwide/target/debug/build/secp256k1-sys/0c9741c940411037/out/fce6141bfa9bf74c-precomputed_ecmult.o" "-c" "depend/secp256k1/src/precomputed_ecmult.c"
[INFO] [stderr]   exit status: 0
[INFO] [stderr]   cargo:rerun-if-env-changed=CC_FORCE_DISABLE
[INFO] [stderr]   CC_FORCE_DISABLE = None
[INFO] [stderr]   cargo:rerun-if-env-changed=CC_x86_64-unknown-linux-gnu
[INFO] [stderr]   CC_x86_64-unknown-linux-gnu = None
[INFO] [stderr]   cargo:rerun-if-env-changed=CC_x86_64_unknown_linux_gnu
[INFO] [stderr]   CC_x86_64_unknown_linux_gnu = None
[INFO] [stderr]   cargo:rerun-if-env-changed=HOST_CC
[INFO] [stderr]   HOST_CC = None
[INFO] [stderr]   cargo:rerun-if-env-changed=CC
[INFO] [stderr]   CC = None
[INFO] [stderr]   cargo:rerun-if-env-changed=CRATE_CC_NO_DEFAULTS
[INFO] [stderr]   CRATE_CC_NO_DEFAULTS = None
[INFO] [stderr]   cargo:rerun-if-env-changed=CFLAGS
[INFO] [stderr]   CFLAGS = None
[INFO] [stderr]   cargo:rerun-if-env-changed=HOST_CFLAGS
[INFO] [stderr]   HOST_CFLAGS = None
[INFO] [stderr]   cargo:rerun-if-env-changed=CFLAGS_x86_64_unknown_linux_gnu
[INFO] [stderr]   CFLAGS_x86_64_unknown_linux_gnu = None
[INFO] [stderr]   cargo:rerun-if-env-changed=CFLAGS_x86_64-unknown-linux-gnu
[INFO] [stderr]   CFLAGS_x86_64-unknown-linux-gnu = None
[INFO] [stderr]   cargo:rerun-if-env-changed=CC_x86_64-unknown-linux-gnu
[INFO] [stderr]   CC_x86_64-unknown-linux-gnu = None
[INFO] [stderr]   cargo:rerun-if-env-changed=CC_x86_64_unknown_linux_gnu
[INFO] [stderr]   CC_x86_64_unknown_linux_gnu = None
[INFO] [stderr]   cargo:rerun-if-env-changed=HOST_CC
[INFO] [stderr]   HOST_CC = None
[INFO] [stderr]   cargo:rerun-if-env-changed=CC
[INFO] [stderr]   CC = None
[INFO] [stderr]   cargo:rerun-if-env-changed=CRATE_CC_NO_DEFAULTS
[INFO] [stderr]   CRATE_CC_NO_DEFAULTS = None
[INFO] [stderr]   cargo:rerun-if-env-changed=CFLAGS
[INFO] [stderr]   CFLAGS = None
[INFO] [stderr]   cargo:rerun-if-env-changed=HOST_CFLAGS
[INFO] [stderr]   HOST_CFLAGS = None
[INFO] [stderr]   cargo:rerun-if-env-changed=CFLAGS_x86_64_unknown_linux_gnu
[INFO] [stderr]   CFLAGS_x86_64_unknown_linux_gnu = None
[INFO] [stderr]   cargo:rerun-if-env-changed=CFLAGS_x86_64-unknown-linux-gnu
[INFO] [stderr]   CFLAGS_x86_64-unknown-linux-gnu = None
[INFO] [stderr]   cargo:rerun-if-env-changed=CC_x86_64-unknown-linux-gnu
[INFO] [stderr]   CC_x86_64-unknown-linux-gnu = None
[INFO] [stderr]   cargo:rerun-if-env-changed=CC_x86_64_unknown_linux_gnu
[INFO] [stderr]   CC_x86_64_unknown_linux_gnu = None
[INFO] [stderr]   cargo:rerun-if-env-changed=HOST_CC
[INFO] [stderr]   HOST_CC = None
[INFO] [stderr]   cargo:rerun-if-env-changed=CC
[INFO] [stderr]   CC = None
[INFO] [stderr]   cargo:rerun-if-env-changed=CRATE_CC_NO_DEFAULTS
[INFO] [stderr]   CRATE_CC_NO_DEFAULTS = None
[INFO] [stderr]   cargo:rerun-if-env-changed=CFLAGS
[INFO] [stderr]   CFLAGS = None
[INFO] [stderr]   cargo:rerun-if-env-changed=HOST_CFLAGS
[INFO] [stderr]   HOST_CFLAGS = None
[INFO] [stderr]   cargo:rerun-if-env-changed=CFLAGS_x86_64_unknown_linux_gnu
[INFO] [stderr]   CFLAGS_x86_64_unknown_linux_gnu = None
[INFO] [stderr]   cargo:rerun-if-env-changed=CFLAGS_x86_64-unknown-linux-gnu
[INFO] [stderr]   CFLAGS_x86_64-unknown-linux-gnu = None
[INFO] [stderr]   cargo:rerun-if-env-changed=CC_x86_64-unknown-linux-gnu
[INFO] [stderr]   CC_x86_64-unknown-linux-gnu = None
[INFO] [stderr]   cargo:rerun-if-env-changed=CC_x86_64_unknown_linux_gnu
[INFO] [stderr]   CC_x86_64_unknown_linux_gnu = None
[INFO] [stderr]   cargo:rerun-if-env-changed=HOST_CC
[INFO] [stderr]   HOST_CC = None
[INFO] [stderr]   cargo:rerun-if-env-changed=CC
[INFO] [stderr]   CC = None
[INFO] [stderr]   cargo:rerun-if-env-changed=CRATE_CC_NO_DEFAULTS
[INFO] [stderr]   CRATE_CC_NO_DEFAULTS = None
[INFO] [stderr]   cargo:rerun-if-env-changed=CFLAGS
[INFO] [stderr]   CFLAGS = None
[INFO] [stderr]   cargo:rerun-if-env-changed=HOST_CFLAGS
[INFO] [stderr]   HOST_CFLAGS = None
[INFO] [stderr]   cargo:rerun-if-env-changed=CFLAGS_x86_64_unknown_linux_gnu
[INFO] [stderr]   CFLAGS_x86_64_unknown_linux_gnu = None
[INFO] [stderr]   cargo:rerun-if-env-changed=CFLAGS_x86_64-unknown-linux-gnu
[INFO] [stderr]   CFLAGS_x86_64-unknown-linux-gnu = None
[INFO] [stderr]   cargo:warning=In file included from depend/secp256k1/src/secp256k1.c:39:
[INFO] [stderr]   cargo:warning=depend/secp256k1/src/hsort_impl.h: In function 'rustsecp256k1_v0_11_heap_swap64':
[INFO] [stderr]   cargo:warning=depend/secp256k1/src/hsort_impl.h:30:5: error: implicit declaration of function 'memmove' [-Wimplicit-function-declaration]
[INFO] [stderr]   cargo:warning=   30 |     memmove(a, b, len);
[INFO] [stderr]   cargo:warning=      |     ^~~~~~~
[INFO] [stderr]   cargo:warning=depend/secp256k1/src/hsort_impl.h:11:1: note: include '<string.h>' or provide a declaration of 'memmove'
[INFO] [stderr]   cargo:warning=   10 | #include "hsort.h"
[INFO] [stderr]   cargo:warning=  +++ |+#include <string.h>
[INFO] [stderr]   cargo:warning=   11 | 
[INFO] [stderr]   cargo:warning=depend/secp256k1/src/hsort_impl.h:30:5: warning: incompatible implicit declaration of built-in function 'memmove' [-Wbuiltin-declaration-mismatch]
[INFO] [stderr]   cargo:warning=   30 |     memmove(a, b, len);
[INFO] [stderr]   cargo:warning=      |     ^~~~~~~
[INFO] [stderr]   cargo:warning=depend/secp256k1/src/hsort_impl.h:30:5: note: include '<string.h>' or provide a declaration of 'memmove'
[INFO] [stderr]   exit status: 0
[INFO] [stderr]   exit status: 0
[INFO] [stderr]   exit status: 1
[INFO] [stderr]   cargo:warning=ToolExecError: command did not execute successfully (status code exit status: 1): LC_ALL="C" "cc" "-O0" "-ffunction-sections" "-fdata-sections" "-fPIC" "-g" "-gdwarf-4" "-fno-omit-frame-pointer" "-m64" "-I" "depend/secp256k1/" "-I" "depend/secp256k1/include" "-I" "depend/secp256k1/src" "-I" "wasm/wasm-sysroot" "-Wall" "-Wextra" "-Wno-unused-function" "-Wno-unused-parameter" "-DSECP256K1_API=" "-DENABLE_MODULE_ECDH=1" "-DENABLE_MODULE_SCHNORRSIG=1" "-DENABLE_MODULE_EXTRAKEYS=1" "-DENABLE_MODULE_ELLSWIFT=1" "-Dprintf(...)=" "-DECMULT_GEN_PREC_BITS=4" "-DECMULT_WINDOW_SIZE=15" "-DUSE_EXTERNAL_DEFAULT_CALLBACKS=1" "-DENABLE_MODULE_RECOVERY=1" "-o" "/opt/rustwide/target/debug/build/secp256k1-sys/0c9741c940411037/out/fce6141bfa9bf74c-secp256k1.o" "-c" "depend/secp256k1/src/secp256k1.c"
[INFO] [stderr]   exit status: 0
[INFO] [stderr] 
[INFO] [stderr]   --- stderr
[INFO] [stderr] 
[INFO] [stderr] 
[INFO] [stderr]   error occurred in cc-rs: command did not execute successfully (status code exit status: 1): LC_ALL="C" "cc" "-O0" "-ffunction-sections" "-fdata-sections" "-fPIC" "-g" "-gdwarf-4" "-fno-omit-frame-pointer" "-m64" "-I" "depend/secp256k1/" "-I" "depend/secp256k1/include" "-I" "depend/secp256k1/src" "-I" "wasm/wasm-sysroot" "-Wall" "-Wextra" "-Wno-unused-function" "-Wno-unused-parameter" "-DSECP256K1_API=" "-DENABLE_MODULE_ECDH=1" "-DENABLE_MODULE_SCHNORRSIG=1" "-DENABLE_MODULE_EXTRAKEYS=1" "-DENABLE_MODULE_ELLSWIFT=1" "-Dprintf(...)=" "-DECMULT_GEN_PREC_BITS=4" "-DECMULT_WINDOW_SIZE=15" "-DUSE_EXTERNAL_DEFAULT_CALLBACKS=1" "-DENABLE_MODULE_RECOVERY=1" "-o" "/opt/rustwide/target/debug/build/secp256k1-sys/0c9741c940411037/out/fce6141bfa9bf74c-secp256k1.o" "-c" "depend/secp256k1/src/secp256k1.c"
[INFO] [stderr] 
[INFO] [stderr] 
[INFO] running `Command { std: "docker" "inspect" "a87f49cedc4b738826c7d4b97d788855cbed302a55937d2625100c80abdd5960", kill_on_drop: false }`
[INFO] running `Command { std: "docker" "rm" "-f" "a87f49cedc4b738826c7d4b97d788855cbed302a55937d2625100c80abdd5960", kill_on_drop: false }`
[INFO] [stdout] a87f49cedc4b738826c7d4b97d788855cbed302a55937d2625100c80abdd5960
