[INFO] fetching crate chio-commerce-order 0.1.2...
[INFO] checking chio-commerce-order-0.1.2 against 3154cc1a3e6424e44f438a95007d043ed5ceaaf6+rustflags=-Znext-solver=coherence for pr-133502-30
[INFO] extracting crate chio-commerce-order 0.1.2 into /workspace/builds/worker-3-tc1/source
[INFO] started tweaking crates.io crate chio-commerce-order 0.1.2
[INFO] removed 0 missing tests
[INFO] finished tweaking crates.io crate chio-commerce-order 0.1.2
[INFO] tweaked toml for crates.io crate chio-commerce-order 0.1.2 written to /workspace/builds/worker-3-tc1/source/Cargo.toml
[INFO] validating manifest of crates.io crate chio-commerce-order 0.1.2 on toolchain 3154cc1a3e6424e44f438a95007d043ed5ceaaf6
[INFO] running `Command { std: CARGO_HOME="/workspace/cargo-home" RUSTUP_HOME="/workspace/rustup-home" "/workspace/cargo-home/bin/cargo" "+3154cc1a3e6424e44f438a95007d043ed5ceaaf6" "metadata" "--manifest-path" "Cargo.toml" "--no-deps", kill_on_drop: false }`
[INFO] crate crates.io crate chio-commerce-order 0.1.2 already has a lockfile, it will not be regenerated
[INFO] running `Command { std: CARGO_HOME="/workspace/cargo-home" RUSTUP_HOME="/workspace/rustup-home" "/workspace/cargo-home/bin/cargo" "+3154cc1a3e6424e44f438a95007d043ed5ceaaf6" "fetch" "--manifest-path" "Cargo.toml", kill_on_drop: false }`
[INFO] [stderr]     Blocking waiting for file lock on package cache
[INFO] [stderr]     Updating crates.io index
[INFO] [stderr]     Blocking waiting for file lock on package cache
[INFO] [stderr]  Downloading crates ...
[INFO] [stderr]   Downloaded chio-risk-comptroller v0.1.2
[INFO] [stderr]   Downloaded chio-transaction-passport v0.1.2
[INFO] running `Command { std: "docker" "create" "-v" "/var/lib/crater-agent-workspace/builds/worker-3-tc1/source:/opt/rustwide/workdir:ro,Z" "-v" "/var/lib/crater-agent-workspace/builds/worker-3-tc1/target:/opt/rustwide/target:rw,Z" "-v" "/var/lib/crater-agent-workspace/cargo-home:/opt/rustwide/cargo-home:ro,Z" "-v" "/var/lib/crater-agent-workspace/rustup-home:/opt/rustwide/rustup-home:ro,Z" "-m" "1610612736" "--network" "none" "ghcr.io/rust-lang/crates-build-env/linux@sha256:77db811e55d90add9212f6832c23229e3de5f1c1f9905e8cb07319ea15df73ac" "sleep" "infinity", kill_on_drop: false }`
[INFO] [stdout] 8727d11eb23c5c06208289cef0d75b5bc917c39c3cc794fbd998a42c73414663
[INFO] running `Command { std: "docker" "start" "8727d11eb23c5c06208289cef0d75b5bc917c39c3cc794fbd998a42c73414663", kill_on_drop: false }`
[INFO] running `Command { std: "docker" "inspect" "8727d11eb23c5c06208289cef0d75b5bc917c39c3cc794fbd998a42c73414663", kill_on_drop: false }`
[INFO] running `Command { std: "docker" "exec" "-e" "SOURCE_DIR=/opt/rustwide/workdir" "-e" "CARGO_HOME=/opt/rustwide/cargo-home" "-e" "RUSTUP_HOME=/opt/rustwide/rustup-home" "-e" "CARGO_TARGET_DIR=/opt/rustwide/target" "-w" "/opt/rustwide/workdir" "--user" "0:0" "8727d11eb23c5c06208289cef0d75b5bc917c39c3cc794fbd998a42c73414663" "/opt/rustwide/cargo-home/bin/cargo" "+3154cc1a3e6424e44f438a95007d043ed5ceaaf6" "metadata" "--no-deps" "--format-version=1", kill_on_drop: false }`
[INFO] running `Command { std: "docker" "inspect" "8727d11eb23c5c06208289cef0d75b5bc917c39c3cc794fbd998a42c73414663", kill_on_drop: false }`
[INFO] running `Command { std: "docker" "exec" "-e" "SOURCE_DIR=/opt/rustwide/workdir" "-e" "CARGO_HOME=/opt/rustwide/cargo-home" "-e" "RUSTUP_HOME=/opt/rustwide/rustup-home" "-e" "CARGO_TARGET_DIR=/opt/rustwide/target" "-e" "CARGO_INCREMENTAL=0" "-e" "RUST_BACKTRACE=full" "-e" "RUSTFLAGS=--cap-lints=forbid -Znext-solver=coherence" "-e" "RUSTDOCFLAGS=--cap-lints=forbid" "-w" "/opt/rustwide/workdir" "--user" "0:0" "8727d11eb23c5c06208289cef0d75b5bc917c39c3cc794fbd998a42c73414663" "/opt/rustwide/cargo-home/bin/cargo" "+3154cc1a3e6424e44f438a95007d043ed5ceaaf6" "check" "--frozen" "--all" "--all-targets" "--message-format=json", kill_on_drop: false }`
[INFO] [stderr]     Checking litemap v0.8.1
[INFO] [stderr]     Checking typenum v1.20.0
[INFO] [stderr]     Checking writeable v0.6.2
[INFO] [stderr]    Compiling icu_normalizer_data v2.1.1
[INFO] [stderr]    Compiling icu_properties_data v2.1.2
[INFO] [stderr]    Compiling semver v1.0.27
[INFO] [stderr]    Compiling libc v0.2.183
[INFO] [stderr]     Checking signature v2.2.0
[INFO] [stderr]     Checking percent-encoding v2.3.2
[INFO] [stderr]    Compiling num-traits v0.2.19
[INFO] [stderr]    Compiling serde_json v1.0.149
[INFO] [stderr]     Checking zeroize v1.9.0
[INFO] [stderr]    Compiling zerovec-derive v0.11.2
[INFO] [stderr]    Compiling curve25519-dalek-derive v0.1.1
[INFO] [stderr]    Compiling zerofrom-derive v0.1.6
[INFO] [stderr]    Compiling yoke-derive v0.8.1
[INFO] [stderr]     Checking ed25519 v2.2.3
[INFO] [stderr]     Checking form_urlencoded v1.2.2
[INFO] [stderr]    Compiling thiserror-impl v1.0.69
[INFO] [stderr]     Checking itoa v1.0.17
[INFO] [stderr]     Checking serde v1.0.228
[INFO] [stderr]    Compiling rustc_version v0.4.1
[INFO] [stderr]    Compiling curve25519-dalek v4.1.3
[INFO] [stderr]     Checking chrono v0.4.44
[INFO] [stderr]     Checking generic-array v0.14.7
[INFO] [stderr]     Checking zerofrom v0.1.6
[INFO] [stderr]     Checking yoke v0.8.1
[INFO] [stderr]     Checking thiserror v1.0.69
[INFO] [stderr]     Checking zerovec v0.11.5
[INFO] [stderr]     Checking zerotrie v0.2.3
[INFO] [stderr]     Checking crypto-common v0.1.7
[INFO] [stderr]     Checking block-buffer v0.10.4
[INFO] [stderr]     Checking digest v0.10.7
[INFO] [stderr]     Checking sha2 v0.10.9
[INFO] [stderr]     Checking getrandom v0.2.17
[INFO] [stderr]     Checking tinystr v0.8.2
[INFO] [stderr]     Checking potential_utf v0.1.4
[INFO] [stderr]     Checking rand_core v0.6.4
[INFO] [stderr]     Checking icu_collections v2.1.1
[INFO] [stderr]     Checking icu_locale_core v2.1.1
[INFO] [stderr]     Checking ed25519-dalek v2.2.0
[INFO] [stderr]     Checking icu_provider v2.1.1
[INFO] [stderr]     Checking icu_properties v2.1.2
[INFO] [stderr]     Checking icu_normalizer v2.1.1
[INFO] [stderr]     Checking idna_adapter v1.2.1
[INFO] [stderr]     Checking idna v1.1.0
[INFO] [stderr]     Checking url v2.5.8
[INFO] [stderr]     Checking chio-core-types v0.1.2
[INFO] [stderr]     Checking chio-transaction-passport v0.1.2
[INFO] [stderr]     Checking chio-risk-comptroller v0.1.2
[INFO] [stderr]     Checking chio-commerce-order v0.1.2 (/opt/rustwide/workdir)
[INFO] [stdout] error[E0433]: cannot find module or crate `chio_test_support` in this scope
[INFO] [stdout]   --> tests/commerce_order.rs:10:5
[INFO] [stdout]    |
[INFO] [stdout] 10 | use chio_test_support::prelude::*;
[INFO] [stdout]    |     ^^^^^^^^^^^^^^^^^ use of unresolved module or unlinked crate `chio_test_support`
[INFO] [stdout]    |
[INFO] [stdout]    = help: if you wanted to use a crate named `chio_test_support`, use `cargo add chio_test_support` to add it to your `Cargo.toml`
[INFO] [stdout] 
[INFO] [stdout] 
[INFO] [stdout] error[E0599]: no method named `test_expect` found for enum `Option<T>` in the current scope
[INFO] [stdout]   --> tests/commerce_order.rs:17:10
[INFO] [stdout]    |
[INFO] [stdout] 13 |     PathBuf::from(env!("CARGO_MANIFEST_DIR"))
[INFO] [stdout] 14 |         .parent()
[INFO] [stdout] 15 |         .and_then(|crates_dir| crates_dir.parent())
[INFO] [stdout] 16 |         .and_then(|workspace| workspace.parent())
[INFO] [stdout] 17 |         .test_expect("workspace root is parent of crates/platform/chio-commerce-order")
[INFO] [stdout]    |          ^^^^^^^^^^^
[INFO] [stdout]    |
[INFO] [stdout] help: there is a method `expect` with a similar name
[INFO] [stdout]    |
[INFO] [stdout] 17 -         .test_expect("workspace root is parent of crates/platform/chio-commerce-order")
[INFO] [stdout] 17 +         .expect("workspace root is parent of crates/platform/chio-commerce-order")
[INFO] [stdout]    |
[INFO] [stdout] 
[INFO] [stdout] 
[INFO] [stdout] error[E0599]: no method named `test_expect` found for enum `Result<T, E>` in the current scope
[INFO] [stdout]   --> tests/commerce_order.rs:32:25
[INFO] [stdout]    |
[INFO] [stdout] 32 |     std::fs::read(path).test_expect("fixture file reads")
[INFO] [stdout]    |                         ^^^^^^^^^^^
[INFO] [stdout]    |
[INFO] [stdout] help: there is a method `expect` with a similar name
[INFO] [stdout]    |
[INFO] [stdout] 32 -     std::fs::read(path).test_expect("fixture file reads")
[INFO] [stdout] 32 +     std::fs::read(path).expect("fixture file reads")
[INFO] [stdout]    |
[INFO] [stdout] 
[INFO] [stdout] 
[INFO] [stdout] error[E0599]: no method named `test_expect` found for enum `Result<T, E>` in the current scope
[INFO] [stdout]   --> tests/commerce_order.rs:41:6
[INFO] [stdout]    |
[INFO] [stdout] 36 |     std::fs::read(
[INFO] [stdout] 37 |         workspace_root()
[INFO] [stdout] 38 |             .join("fixtures/proof-room/enterprise-export/open-appeal-claim-payout")
[INFO] [stdout] 39 |             .join("risk-comptroller-report.json"),
[INFO] [stdout] 40 |     )
[INFO] [stdout] 41 |     .test_expect("enterprise risk comptroller report reads")
[INFO] [stdout]    |      ^^^^^^^^^^^
[INFO] [stdout]    |
[INFO] [stdout] help: there is a method `expect` with a similar name
[INFO] [stdout]    |
[INFO] [stdout] 41 -     .test_expect("enterprise risk comptroller report reads")
[INFO] [stdout] 41 +     .expect("enterprise risk comptroller report reads")
[INFO] [stdout]    |
[INFO] [stdout] 
[INFO] [stdout] 
[INFO] [stdout] error[E0599]: no method named `test_expect` found for enum `Result<T, E>` in the current scope
[INFO] [stdout]   --> tests/commerce_order.rs:70:10
[INFO] [stdout]    |
[INFO] [stdout] 69 |     PublicKey::from_hex("3f0dda81e6abbcc5f17c359df8517177769d2dfff3d4ce942e7ce9a82dfb0db2")
[INFO] [stdout] 70 |         .test_expect("enterprise risk comptroller signer key parses")
[INFO] [stdout]    |          ^^^^^^^^^^^
[INFO] [stdout]    |
[INFO] [stdout] help: there is a method `expect` with a similar name
[INFO] [stdout]    |
[INFO] [stdout] 70 -         .test_expect("enterprise risk comptroller signer key parses")
[INFO] [stdout] 70 +         .expect("enterprise risk comptroller signer key parses")
[INFO] [stdout]    |
[INFO] [stdout] 
[INFO] [stdout] 
[INFO] [stdout] error[E0599]: no method named `test_expect` found for enum `Result<T, E>` in the current scope
[INFO] [stdout]    --> tests/commerce_order.rs:108:53
[INFO] [stdout]     |
[INFO] [stdout] 108 |     chio_core_types::canonical_json_bytes(&payload).test_expect("payload canonicalizes")
[INFO] [stdout]     |                                                     ^^^^^^^^^^^
[INFO] [stdout]     |
[INFO] [stdout] help: there is a method `expect` with a similar name
[INFO] [stdout]     |
[INFO] [stdout] 108 -     chio_core_types::canonical_json_bytes(&payload).test_expect("payload canonicalizes")
[INFO] [stdout] 108 +     chio_core_types::canonical_json_bytes(&payload).expect("payload canonicalizes")
[INFO] [stdout]     |
[INFO] [stdout] 
[INFO] [stdout] 
[INFO] [stdout] error[E0599]: no method named `test_expect` found for enum `Result<T, E>` in the current scope
[INFO] [stdout]    --> tests/commerce_order.rs:125:53
[INFO] [stdout]     |
[INFO] [stdout] 125 |     chio_core_types::canonical_json_bytes(&payload).test_expect("payload canonicalizes")
[INFO] [stdout]     |                                                     ^^^^^^^^^^^
[INFO] [stdout]     |
[INFO] [stdout] help: there is a method `expect` with a similar name
[INFO] [stdout]     |
[INFO] [stdout] 125 -     chio_core_types::canonical_json_bytes(&payload).test_expect("payload canonicalizes")
[INFO] [stdout] 125 +     chio_core_types::canonical_json_bytes(&payload).expect("payload canonicalizes")
[INFO] [stdout]     |
[INFO] [stdout] 
[INFO] [stdout] 
[INFO] [stdout] error[E0599]: no method named `test_expect` found for enum `Result<T, E>` in the current scope
[INFO] [stdout]    --> tests/commerce_order.rs:130:56
[INFO] [stdout]     |
[INFO] [stdout] 130 |         chio_core_types::canonical_json_bytes(context).test_expect("order context canonicalizes");
[INFO] [stdout]     |                                                        ^^^^^^^^^^^
[INFO] [stdout]     |
[INFO] [stdout] help: there is a method `expect` with a similar name
[INFO] [stdout]     |
[INFO] [stdout] 130 -         chio_core_types::canonical_json_bytes(context).test_expect("order context canonicalizes");
[INFO] [stdout] 130 +         chio_core_types::canonical_json_bytes(context).expect("order context canonicalizes");
[INFO] [stdout]     |
[INFO] [stdout] 
[INFO] [stdout] 
[INFO] [stdout] error[E0599]: no method named `test_expect` found for enum `Result<T, E>` in the current scope
[INFO] [stdout]    --> tests/commerce_order.rs:138:48
[INFO] [stdout]     |
[INFO] [stdout] 138 |         serde_json::from_slice(&context_bytes).test_expect("order context parses");
[INFO] [stdout]     |                                                ^^^^^^^^^^^
[INFO] [stdout]     |
[INFO] [stdout] help: there is a method `expect` with a similar name
[INFO] [stdout]     |
[INFO] [stdout] 138 -         serde_json::from_slice(&context_bytes).test_expect("order context parses");
[INFO] [stdout] 138 +         serde_json::from_slice(&context_bytes).expect("order context parses");
[INFO] [stdout]     |
[INFO] [stdout] 
[INFO] [stdout] 
[INFO] [stdout] error[E0599]: no method named `test_expect` found for enum `Result<T, E>` in the current scope
[INFO] [stdout]    --> tests/commerce_order.rs:174:49
[INFO] [stdout]     |
[INFO] [stdout] 174 |         serde_json::from_slice(event_log_bytes).test_expect("event log parses");
[INFO] [stdout]     |                                                 ^^^^^^^^^^^
[INFO] [stdout]     |
[INFO] [stdout] help: there is a method `expect` with a similar name
[INFO] [stdout]     |
[INFO] [stdout] 174 -         serde_json::from_slice(event_log_bytes).test_expect("event log parses");
[INFO] [stdout] 174 +         serde_json::from_slice(event_log_bytes).expect("event log parses");
[INFO] [stdout]     |
[INFO] [stdout] 
[INFO] [stdout] 
[INFO] [stdout] error[E0599]: no method named `test_expect` found for enum `Option<T>` in the current scope
[INFO] [stdout]    --> tests/commerce_order.rs:189:10
[INFO] [stdout]     |
[INFO] [stdout] 187 |     let receipt_ref = event["authority_receipt_ref"]
[INFO] [stdout] 188 |         .as_str()
[INFO] [stdout] 189 |         .test_expect("event authority receipt ref")
[INFO] [stdout]     |          ^^^^^^^^^^^
[INFO] [stdout]     |
[INFO] [stdout] help: there is a method `expect` with a similar name
[INFO] [stdout]     |
[INFO] [stdout] 189 -         .test_expect("event authority receipt ref")
[INFO] [stdout] 189 +         .expect("event authority receipt ref")
[INFO] [stdout]     |
[INFO] [stdout] 
[INFO] [stdout] 
[INFO] [stdout] error[E0599]: no method named `test_expect` found for enum `Option<T>` in the current scope
[INFO] [stdout]    --> tests/commerce_order.rs:199:18
[INFO] [stdout]     |
[INFO] [stdout] 197 |             tool_name: event["transition"]
[INFO] [stdout] 198 |                 .as_str()
[INFO] [stdout] 199 |                 .test_expect("event transition")
[INFO] [stdout]     |                  ^^^^^^^^^^^
[INFO] [stdout]     |
[INFO] [stdout] help: there is a method `expect` with a similar name
[INFO] [stdout]     |
[INFO] [stdout] 199 -                 .test_expect("event transition")
[INFO] [stdout] 199 +                 .expect("event transition")
[INFO] [stdout]     |
[INFO] [stdout] 
[INFO] [stdout] 
[INFO] [stdout] error[E0599]: no method named `test_expect` found for enum `Result<T, E>` in the current scope
[INFO] [stdout]    --> tests/commerce_order.rs:207:14
[INFO] [stdout]     |
[INFO] [stdout] 201 |             action: ToolCallAction::from_parameters(serde_json::json!({
[INFO] [stdout] 202 |                 "authority_receipt_ref": receipt_ref,
[INFO] [stdout] 203 |                 "event_id": event["event_id"],
[INFO] [stdout] 204 |                 "order_id": event["order_id"],
[INFO] [stdout] 205 |                 "transition": event["transition"],
[INFO] [stdout] 206 |             }))
[INFO] [stdout] 207 |             .test_expect("authority receipt action hashes"),
[INFO] [stdout]     |              ^^^^^^^^^^^
[INFO] [stdout]     |
[INFO] [stdout] help: there is a method `expect` with a similar name
[INFO] [stdout]     |
[INFO] [stdout] 207 -             .test_expect("authority receipt action hashes"),
[INFO] [stdout] 207 +             .expect("authority receipt action hashes"),
[INFO] [stdout]     |
[INFO] [stdout] 
[INFO] [stdout] 
[INFO] [stdout] error[E0599]: no method named `test_expect` found for enum `Option<T>` in the current scope
[INFO] [stdout]    --> tests/commerce_order.rs:217:22
[INFO] [stdout]     |
[INFO] [stdout] 215 |                 actor_id: event["actor"]
[INFO] [stdout] 216 |                     .as_str()
[INFO] [stdout] 217 |                     .test_expect("event actor")
[INFO] [stdout]     |                      ^^^^^^^^^^^
[INFO] [stdout]     |
[INFO] [stdout] help: there is a method `expect` with a similar name
[INFO] [stdout]     |
[INFO] [stdout] 217 -                     .test_expect("event actor")
[INFO] [stdout] 217 +                     .expect("event actor")
[INFO] [stdout]     |
[INFO] [stdout] 
[INFO] [stdout] 
[INFO] [stdout] error[E0599]: no method named `test_expect` found for enum `Option<T>` in the current scope
[INFO] [stdout]    --> tests/commerce_order.rs:223:18
[INFO] [stdout]     |
[INFO] [stdout] 221 |             content_hash: event["event_sha256"]
[INFO] [stdout] 222 |                 .as_str()
[INFO] [stdout] 223 |                 .test_expect("event digest")
[INFO] [stdout]     |                  ^^^^^^^^^^^
[INFO] [stdout]     |
[INFO] [stdout] help: there is a method `expect` with a similar name
[INFO] [stdout]     |
[INFO] [stdout] 223 -                 .test_expect("event digest")
[INFO] [stdout] 223 +                 .expect("event digest")
[INFO] [stdout]     |
[INFO] [stdout] 
[INFO] [stdout] 
[INFO] [stdout] error[E0599]: no method named `test_expect` found for enum `Result<T, E>` in the current scope
[INFO] [stdout]    --> tests/commerce_order.rs:235:6
[INFO] [stdout]     |
[INFO] [stdout] 191 |     let receipt = ChioReceipt::sign(
[INFO] [stdout] 192 |         ChioReceiptBody {
[INFO] [stdout] 193 |             id: receipt_ref.clone(),
[INFO] [stdout] 194 |             timestamp: 1_781_072_000,
[INFO] [stdout] 195 |             capability_id: format!("cap-{receipt_ref}"),
[INFO] [stdout] 196 |             tool_server: "chio-commerce-order-authority".to_string(),
[INFO] [stdout] 197 |             tool_name: event["transition"]
[INFO] [stdout] 198 |                 .as_str()
[INFO] [stdout] 199 |                 .test_expect("event transition")
[INFO] [stdout] 200 |                 .to_string(),
[INFO] [stdout] 201 |             action: ToolCallAction::from_parameters(serde_json::json!({
[INFO] [stdout] 202 |                 "authority_receipt_ref": receipt_ref,
[INFO] [stdout] 203 |                 "event_id": event["event_id"],
[INFO] [stdout] 204 |                 "order_id": event["order_id"],
[INFO] [stdout] 205 |                 "transition": event["transition"],
[INFO] [stdout] 206 |             }))
[INFO] [stdout] 207 |             .test_expect("authority receipt action hashes"),
[INFO] [stdout] 208 |             decision: Some(Decision::Allow),
[INFO] [stdout] 209 |             receipt_kind: ReceiptKind::MediatedDecision,
[INFO] [stdout] 210 |             boundary_class: BoundaryClass::Prevent,
[INFO] [stdout] 211 |             observation_outcome: None,
[INFO] [stdout] 212 |             tool_origin: ToolOrigin::CallerExecuted,
[INFO] [stdout] 213 |             redaction_mode: RedactionMode::None,
[INFO] [stdout] 214 |             actor_chain: vec![ActorRef {
[INFO] [stdout] 215 |                 actor_id: event["actor"]
[INFO] [stdout] 216 |                     .as_str()
[INFO] [stdout] 217 |                     .test_expect("event actor")
[INFO] [stdout] 218 |                     .to_string(),
[INFO] [stdout] 219 |                 actor_kind: Some("agent".to_string()),
[INFO] [stdout] 220 |             }],
[INFO] [stdout] 221 |             content_hash: event["event_sha256"]
[INFO] [stdout] 222 |                 .as_str()
[INFO] [stdout] 223 |                 .test_expect("event digest")
[INFO] [stdout] 224 |                 .to_string(),
[INFO] [stdout] 225 |             policy_hash: sha256_hex(b"chio.commerce.event-authority.v1"),
[INFO] [stdout] 226 |             evidence: Vec::new(),
[INFO] [stdout] 227 |             metadata: None,
[INFO] [stdout] 228 |             trust_level: TrustLevel::Mediated,
[INFO] [stdout] 229 |             tenant_id: None,
[INFO] [stdout] 230 |             kernel_key: commerce_event_authority_receipt_key(),
[INFO] [stdout] 231 |             bbs_projection_version: None,
[INFO] [stdout] 232 |         },
[INFO] [stdout] 233 |         &commerce_event_authority_receipt_signer(),
[INFO] [stdout] 234 |     )
[INFO] [stdout] 235 |     .test_expect("authority receipt signs");
[INFO] [stdout]     |      ^^^^^^^^^^^
[INFO] [stdout]     |
[INFO] [stdout] help: there is a method `expect` with a similar name
[INFO] [stdout]     |
[INFO] [stdout] 235 -     .test_expect("authority receipt signs");
[INFO] [stdout] 235 +     .expect("authority receipt signs");
[INFO] [stdout]     |
[INFO] [stdout] 
[INFO] [stdout] 
[INFO] [stdout] error[E0599]: no method named `test_expect` found for enum `Result<T, E>` in the current scope
[INFO] [stdout]    --> tests/commerce_order.rs:236:59
[INFO] [stdout]     |
[INFO] [stdout] 236 |     let mut receipt_value = serde_json::to_value(receipt).test_expect("receipt serializes");
[INFO] [stdout]     |                                                           ^^^^^^^^^^^
[INFO] [stdout]     |
[INFO] [stdout] help: there is a method `expect` with a similar name
[INFO] [stdout]     |
[INFO] [stdout] 236 -     let mut receipt_value = serde_json::to_value(receipt).test_expect("receipt serializes");
[INFO] [stdout] 236 +     let mut receipt_value = serde_json::to_value(receipt).expect("receipt serializes");
[INFO] [stdout]     |
[INFO] [stdout] 
[INFO] [stdout] 
[INFO] [stdout] error[E0599]: no method named `test_expect` found for enum `Result<T, E>` in the current scope
[INFO] [stdout]    --> tests/commerce_order.rs:240:59
[INFO] [stdout]     |
[INFO] [stdout] 240 |         receipt_bytes: serde_json::to_vec(&receipt_value).test_expect("receipt JSON serializes"),
[INFO] [stdout]     |                                                           ^^^^^^^^^^^
[INFO] [stdout]     |
[INFO] [stdout] help: there is a method `expect` with a similar name
[INFO] [stdout]     |
[INFO] [stdout] 240 -         receipt_bytes: serde_json::to_vec(&receipt_value).test_expect("receipt JSON serializes"),
[INFO] [stdout] 240 +         receipt_bytes: serde_json::to_vec(&receipt_value).expect("receipt JSON serializes"),
[INFO] [stdout]     |
[INFO] [stdout] 
[INFO] [stdout] 
[INFO] [stdout] error[E0599]: no method named `test_expect` found for enum `Result<T, E>` in the current scope
[INFO] [stdout]    --> tests/commerce_order.rs:246:40
[INFO] [stdout]     |
[INFO] [stdout] 246 |         serde_json::from_slice(&bytes).test_expect("provider trust artifact parses");
[INFO] [stdout]     |                                        ^^^^^^^^^^^
[INFO] [stdout]     |
[INFO] [stdout] help: there is a method `expect` with a similar name
[INFO] [stdout]     |
[INFO] [stdout] 246 -         serde_json::from_slice(&bytes).test_expect("provider trust artifact parses");
[INFO] [stdout] 246 +         serde_json::from_slice(&bytes).expect("provider trust artifact parses");
[INFO] [stdout]     |
[INFO] [stdout] 
[INFO] [stdout] 
[INFO] [stdout] error[E0599]: no method named `test_expect` found for enum `Result<T, E>` in the current scope
[INFO] [stdout]    --> tests/commerce_order.rs:248:32
[INFO] [stdout]     |
[INFO] [stdout] 248 |     serde_json::to_vec(&value).test_expect("provider trust artifact serializes")
[INFO] [stdout]     |                                ^^^^^^^^^^^
[INFO] [stdout]     |
[INFO] [stdout] help: there is a method `expect` with a similar name
[INFO] [stdout]     |
[INFO] [stdout] 248 -     serde_json::to_vec(&value).test_expect("provider trust artifact serializes")
[INFO] [stdout] 248 +     serde_json::to_vec(&value).expect("provider trust artifact serializes")
[INFO] [stdout]     |
[INFO] [stdout] 
[INFO] [stdout] 
[INFO] [stdout] error[E0599]: no method named `test_expect` found for enum `Option<T>` in the current scope
[INFO] [stdout]    --> tests/commerce_order.rs:254:10
[INFO] [stdout]     |
[INFO] [stdout] 252 |     value
[INFO] [stdout] 253 |         .as_object_mut()
[INFO] [stdout] 254 |         .test_expect("provider trust artifact object")
[INFO] [stdout]     |          ^^^^^^^^^^^
[INFO] [stdout]     |
[INFO] [stdout] help: there is a method `expect` with a similar name
[INFO] [stdout]     |
[INFO] [stdout] 254 -         .test_expect("provider trust artifact object")
[INFO] [stdout] 254 +         .expect("provider trust artifact object")
[INFO] [stdout]     |
[INFO] [stdout] 
[INFO] [stdout] 
[INFO] [stdout] error[E0599]: no method named `test_expect` found for enum `Result<T, E>` in the current scope
[INFO] [stdout]    --> tests/commerce_order.rs:258:10
[INFO] [stdout]     |
[INFO] [stdout] 256 |     let (signature, _) = commerce_provider_trust_signer()
[INFO] [stdout] 257 |         .sign_canonical(value)
[INFO] [stdout] 258 |         .test_expect("provider trust artifact signs");
[INFO] [stdout]     |          ^^^^^^^^^^^
[INFO] [stdout]     |
[INFO] [stdout] help: there is a method `expect` with a similar name
[INFO] [stdout]     |
[INFO] [stdout] 258 -         .test_expect("provider trust artifact signs");
[INFO] [stdout] 258 +         .expect("provider trust artifact signs");
[INFO] [stdout]     |
[INFO] [stdout] 
[INFO] [stdout] 
[INFO] [stdout] error[E0599]: no method named `test_expect` found for enum `Option<T>` in the current scope
[INFO] [stdout]    --> tests/commerce_order.rs:265:10
[INFO] [stdout]     |
[INFO] [stdout] 263 |     let payment_object = payment_lifecycle
[INFO] [stdout] 264 |         .as_object_mut()
[INFO] [stdout] 265 |         .test_expect("payment lifecycle object");
[INFO] [stdout]     |          ^^^^^^^^^^^
[INFO] [stdout]     |
[INFO] [stdout] help: there is a method `expect` with a similar name
[INFO] [stdout]     |
[INFO] [stdout] 265 -         .test_expect("payment lifecycle object");
[INFO] [stdout] 265 +         .expect("payment lifecycle object");
[INFO] [stdout]     |
[INFO] [stdout] 
[INFO] [stdout] 
[INFO] [stdout] error[E0599]: no method named `test_expect` found for enum `Option<T>` in the current scope
[INFO] [stdout]    --> tests/commerce_order.rs:286:10
[INFO] [stdout]     |
[INFO] [stdout] 284 |     payment_lifecycle
[INFO] [stdout] 285 |         .as_object_mut()
[INFO] [stdout] 286 |         .test_expect("payment lifecycle object")
[INFO] [stdout]     |          ^^^^^^^^^^^
[INFO] [stdout]     |
[INFO] [stdout] help: there is a method `expect` with a similar name
[INFO] [stdout]     |
[INFO] [stdout] 286 -         .test_expect("payment lifecycle object")
[INFO] [stdout] 286 +         .expect("payment lifecycle object")
[INFO] [stdout]     |
[INFO] [stdout] 
[INFO] [stdout] 
[INFO] [stdout] error[E0599]: no method named `test_expect` found for enum `Result<T, E>` in the current scope
[INFO] [stdout]    --> tests/commerce_order.rs:290:10
[INFO] [stdout]     |
[INFO] [stdout] 288 |     let (signature, _) = commerce_payment_signer()
[INFO] [stdout] 289 |         .sign_canonical(payment_lifecycle)
[INFO] [stdout] 290 |         .test_expect("payment lifecycle signs");
[INFO] [stdout]     |          ^^^^^^^^^^^
[INFO] [stdout]     |
[INFO] [stdout] help: there is a method `expect` with a similar name
[INFO] [stdout]     |
[INFO] [stdout] 290 -         .test_expect("payment lifecycle signs");
[INFO] [stdout] 290 +         .expect("payment lifecycle signs");
[INFO] [stdout]     |
[INFO] [stdout] 
[INFO] [stdout] 
[INFO] [stdout] error[E0599]: no method named `test_expect` found for enum `Result<T, E>` in the current scope
[INFO] [stdout]    --> tests/commerce_order.rs:307:57
[INFO] [stdout]     |
[INFO] [stdout] 307 |         serde_json::from_slice(&bundle.event_log_bytes).test_expect("event log parses");
[INFO] [stdout]     |                                                         ^^^^^^^^^^^
[INFO] [stdout]     |
[INFO] [stdout] help: there is a method `expect` with a similar name
[INFO] [stdout]     |
[INFO] [stdout] 307 -         serde_json::from_slice(&bundle.event_log_bytes).test_expect("event log parses");
[INFO] [stdout] 307 +         serde_json::from_slice(&bundle.event_log_bytes).expect("event log parses");
[INFO] [stdout]     |
[INFO] [stdout] 
[INFO] [stdout] 
[INFO] [stdout] error[E0599]: no method named `test_expect` found for enum `Result<T, E>` in the current scope
[INFO] [stdout]    --> tests/commerce_order.rs:312:61
[INFO] [stdout]     |
[INFO] [stdout] 312 |     bundle.event_log_bytes = serde_json::to_vec(&event_log).test_expect("event log serializes");
[INFO] [stdout]     |                                                             ^^^^^^^^^^^
[INFO] [stdout]     |
[INFO] [stdout] help: there is a method `expect` with a similar name
[INFO] [stdout]     |
[INFO] [stdout] 312 -     bundle.event_log_bytes = serde_json::to_vec(&event_log).test_expect("event log serializes");
[INFO] [stdout] 312 +     bundle.event_log_bytes = serde_json::to_vec(&event_log).expect("event log serializes");
[INFO] [stdout]     |
[INFO] [stdout] 
[INFO] [stdout] 
[INFO] [stdout] error[E0599]: no method named `test_expect` found for enum `Option<T>` in the current scope
[INFO] [stdout]    --> tests/commerce_order.rs:323:10
[INFO] [stdout]     |
[INFO] [stdout] 321 |     let events = event_log["events"]
[INFO] [stdout] 322 |         .as_array_mut()
[INFO] [stdout] 323 |         .test_expect("event log events array");
[INFO] [stdout]     |          ^^^^^^^^^^^
[INFO] [stdout]     |
[INFO] [stdout] help: there is a method `expect` with a similar name
[INFO] [stdout]     |
[INFO] [stdout] 323 -         .test_expect("event log events array");
[INFO] [stdout] 323 +         .expect("event log events array");
[INFO] [stdout]     |
[INFO] [stdout] 
[INFO] [stdout] 
[INFO] [stdout] error[E0599]: no method named `test_expect` found for enum `Result<T, E>` in the current scope
[INFO] [stdout]    --> tests/commerce_order.rs:333:58
[INFO] [stdout]     |
[INFO] [stdout] 333 |             chio_core_types::canonical_json_bytes(event).test_expect("event canonicalizes");
[INFO] [stdout]     |                                                          ^^^^^^^^^^^
[INFO] [stdout]     |
[INFO] [stdout] help: there is a method `expect` with a similar name
[INFO] [stdout]     |
[INFO] [stdout] 333 -             chio_core_types::canonical_json_bytes(event).test_expect("event canonicalizes");
[INFO] [stdout] 333 +             chio_core_types::canonical_json_bytes(event).expect("event canonicalizes");
[INFO] [stdout]     |
[INFO] [stdout] 
[INFO] [stdout] 
[INFO] [stdout] error[E0599]: no method named `test_expect` found for enum `Result<T, E>` in the current scope
[INFO] [stdout]    --> tests/commerce_order.rs:344:14
[INFO] [stdout]     |
[INFO] [stdout] 343 |         serde_json::from_slice(&bundle.payment_lifecycle_bytes)
[INFO] [stdout] 344 |             .test_expect("payment lifecycle parses");
[INFO] [stdout]     |              ^^^^^^^^^^^
[INFO] [stdout]     |
[INFO] [stdout] help: there is a method `expect` with a similar name
[INFO] [stdout]     |
[INFO] [stdout] 344 -             .test_expect("payment lifecycle parses");
[INFO] [stdout] 344 +             .expect("payment lifecycle parses");
[INFO] [stdout]     |
[INFO] [stdout] 
[INFO] [stdout] 
[INFO] [stdout] error[E0599]: no method named `test_expect` found for enum `Result<T, E>` in the current scope
[INFO] [stdout]    --> tests/commerce_order.rs:348:48
[INFO] [stdout]     |
[INFO] [stdout] 348 |         serde_json::to_vec(&payment_lifecycle).test_expect("payment lifecycle serializes");
[INFO] [stdout]     |                                                ^^^^^^^^^^^
[INFO] [stdout]     |
[INFO] [stdout] help: there is a method `expect` with a similar name
[INFO] [stdout]     |
[INFO] [stdout] 348 -         serde_json::to_vec(&payment_lifecycle).test_expect("payment lifecycle serializes");
[INFO] [stdout] 348 +         serde_json::to_vec(&payment_lifecycle).expect("payment lifecycle serializes");
[INFO] [stdout]     |
[INFO] [stdout] 
[INFO] [stdout] 
[INFO] [stdout] error[E0599]: no method named `test_expect` found for enum `Result<T, E>` in the current scope
[INFO] [stdout]    --> tests/commerce_order.rs:358:14
[INFO] [stdout]     |
[INFO] [stdout] 357 |         serde_json::from_slice(&bundle.payment_lifecycle_bytes)
[INFO] [stdout] 358 |             .test_expect("payment lifecycle parses");
[INFO] [stdout]     |              ^^^^^^^^^^^
[INFO] [stdout]     |
[INFO] [stdout] help: there is a method `expect` with a similar name
[INFO] [stdout]     |
[INFO] [stdout] 358 -             .test_expect("payment lifecycle parses");
[INFO] [stdout] 358 +             .expect("payment lifecycle parses");
[INFO] [stdout]     |
[INFO] [stdout] 
[INFO] [stdout] 
[INFO] [stdout] error[E0599]: no method named `test_expect` found for enum `Result<T, E>` in the current scope
[INFO] [stdout]    --> tests/commerce_order.rs:361:48
[INFO] [stdout]     |
[INFO] [stdout] 361 |         serde_json::to_vec(&payment_lifecycle).test_expect("payment lifecycle serializes");
[INFO] [stdout]     |                                                ^^^^^^^^^^^
[INFO] [stdout]     |
[INFO] [stdout] help: there is a method `expect` with a similar name
[INFO] [stdout]     |
[INFO] [stdout] 361 -         serde_json::to_vec(&payment_lifecycle).test_expect("payment lifecycle serializes");
[INFO] [stdout] 361 +         serde_json::to_vec(&payment_lifecycle).expect("payment lifecycle serializes");
[INFO] [stdout]     |
[INFO] [stdout] 
[INFO] [stdout] 
[INFO] [stdout] error[E0599]: no method named `test_expect` found for enum `Result<T, E>` in the current scope
[INFO] [stdout]    --> tests/commerce_order.rs:370:62
[INFO] [stdout]     |
[INFO] [stdout] 370 |         serde_json::from_slice(&bundle.mandate_ledger_bytes).test_expect("mandate ledger parses");
[INFO] [stdout]     |                                                              ^^^^^^^^^^^
[INFO] [stdout]     |
[INFO] [stdout] help: there is a method `expect` with a similar name
[INFO] [stdout]     |
[INFO] [stdout] 370 -         serde_json::from_slice(&bundle.mandate_ledger_bytes).test_expect("mandate ledger parses");
[INFO] [stdout] 370 +         serde_json::from_slice(&bundle.mandate_ledger_bytes).expect("mandate ledger parses");
[INFO] [stdout]     |
[INFO] [stdout] 
[INFO] [stdout] 
[INFO] [stdout] error[E0599]: no method named `test_expect` found for enum `Result<T, E>` in the current scope
[INFO] [stdout]    --> tests/commerce_order.rs:373:45
[INFO] [stdout]     |
[INFO] [stdout] 373 |         serde_json::to_vec(&mandate_ledger).test_expect("mandate ledger serializes");
[INFO] [stdout]     |                                             ^^^^^^^^^^^
[INFO] [stdout]     |
[INFO] [stdout] help: there is a method `expect` with a similar name
[INFO] [stdout]     |
[INFO] [stdout] 373 -         serde_json::to_vec(&mandate_ledger).test_expect("mandate ledger serializes");
[INFO] [stdout] 373 +         serde_json::to_vec(&mandate_ledger).expect("mandate ledger serializes");
[INFO] [stdout]     |
[INFO] [stdout] 
[INFO] [stdout] 
[INFO] [stdout] error[E0599]: no method named `test_expect` found for enum `Result<T, E>` in the current scope
[INFO] [stdout]    --> tests/commerce_order.rs:383:14
[INFO] [stdout]     |
[INFO] [stdout] 382 |         serde_json::from_slice(&bundle.settlement_packet_bytes)
[INFO] [stdout] 383 |             .test_expect("settlement packet parses");
[INFO] [stdout]     |              ^^^^^^^^^^^
[INFO] [stdout]     |
[INFO] [stdout] help: there is a method `expect` with a similar name
[INFO] [stdout]     |
[INFO] [stdout] 383 -             .test_expect("settlement packet parses");
[INFO] [stdout] 383 +             .expect("settlement packet parses");
[INFO] [stdout]     |
[INFO] [stdout] 
[INFO] [stdout] 
[INFO] [stdout] error[E0599]: no method named `test_expect` found for enum `Result<T, E>` in the current scope
[INFO] [stdout]    --> tests/commerce_order.rs:386:48
[INFO] [stdout]     |
[INFO] [stdout] 386 |         serde_json::to_vec(&settlement_packet).test_expect("settlement packet serializes");
[INFO] [stdout]     |                                                ^^^^^^^^^^^
[INFO] [stdout]     |
[INFO] [stdout] help: there is a method `expect` with a similar name
[INFO] [stdout]     |
[INFO] [stdout] 386 -         serde_json::to_vec(&settlement_packet).test_expect("settlement packet serializes");
[INFO] [stdout] 386 +         serde_json::to_vec(&settlement_packet).expect("settlement packet serializes");
[INFO] [stdout]     |
[INFO] [stdout] 
[INFO] [stdout] 
[INFO] [stdout] error[E0599]: no method named `test_expect` found for enum `Result<T, E>` in the current scope
[INFO] [stdout]    --> tests/commerce_order.rs:396:14
[INFO] [stdout]     |
[INFO] [stdout] 395 |         serde_json::from_slice(&bundle.provider_passport_bytes)
[INFO] [stdout] 396 |             .test_expect("provider passport parses");
[INFO] [stdout]     |              ^^^^^^^^^^^
[INFO] [stdout]     |
[INFO] [stdout] help: there is a method `expect` with a similar name
[INFO] [stdout]     |
[INFO] [stdout] 396 -             .test_expect("provider passport parses");
[INFO] [stdout] 396 +             .expect("provider passport parses");
[INFO] [stdout]     |
[INFO] [stdout] 
[INFO] [stdout] 
[INFO] [stdout] error[E0599]: no method named `test_expect` found for enum `Result<T, E>` in the current scope
[INFO] [stdout]    --> tests/commerce_order.rs:399:48
[INFO] [stdout]     |
[INFO] [stdout] 399 |         serde_json::to_vec(&provider_passport).test_expect("provider passport serializes");
[INFO] [stdout]     |                                                ^^^^^^^^^^^
[INFO] [stdout]     |
[INFO] [stdout] help: there is a method `expect` with a similar name
[INFO] [stdout]     |
[INFO] [stdout] 399 -         serde_json::to_vec(&provider_passport).test_expect("provider passport serializes");
[INFO] [stdout] 399 +         serde_json::to_vec(&provider_passport).expect("provider passport serializes");
[INFO] [stdout]     |
[INFO] [stdout] 
[INFO] [stdout] 
[INFO] [stdout] error[E0599]: no method named `test_expect` found for enum `Result<T, E>` in the current scope
[INFO] [stdout]    --> tests/commerce_order.rs:419:14
[INFO] [stdout]     |
[INFO] [stdout] 418 |         serde_json::from_slice(&bundle.reputation_snapshot_bytes)
[INFO] [stdout] 419 |             .test_expect("reputation snapshot parses");
[INFO] [stdout]     |              ^^^^^^^^^^^
[INFO] [stdout]     |
[INFO] [stdout] help: there is a method `expect` with a similar name
[INFO] [stdout]     |
[INFO] [stdout] 419 -             .test_expect("reputation snapshot parses");
[INFO] [stdout] 419 +             .expect("reputation snapshot parses");
[INFO] [stdout]     |
[INFO] [stdout] 
[INFO] [stdout] 
[INFO] [stdout] error[E0599]: no method named `test_expect` found for enum `Result<T, E>` in the current scope
[INFO] [stdout]    --> tests/commerce_order.rs:422:50
[INFO] [stdout]     |
[INFO] [stdout] 422 |         serde_json::to_vec(&reputation_snapshot).test_expect("reputation snapshot serializes");
[INFO] [stdout]     |                                                  ^^^^^^^^^^^
[INFO] [stdout]     |
[INFO] [stdout] help: there is a method `expect` with a similar name
[INFO] [stdout]     |
[INFO] [stdout] 422 -         serde_json::to_vec(&reputation_snapshot).test_expect("reputation snapshot serializes");
[INFO] [stdout] 422 +         serde_json::to_vec(&reputation_snapshot).expect("reputation snapshot serializes");
[INFO] [stdout]     |
[INFO] [stdout] 
[INFO] [stdout] 
[INFO] [stdout] error[E0599]: no method named `test_expect` found for enum `Option<T>` in the current scope
[INFO] [stdout]    --> tests/commerce_order.rs:440:14
[INFO] [stdout]     |
[INFO] [stdout] 438 |         let events = event_log["events"]
[INFO] [stdout] 439 |             .as_array_mut()
[INFO] [stdout] 440 |             .test_expect("event log events array");
[INFO] [stdout]     |              ^^^^^^^^^^^
[INFO] [stdout]     |
[INFO] [stdout] help: there is a method `expect` with a similar name
[INFO] [stdout]     |
[INFO] [stdout] 440 -             .test_expect("event log events array");
[INFO] [stdout] 440 +             .expect("event log events array");
[INFO] [stdout]     |
[INFO] [stdout] 
[INFO] [stdout] 
[INFO] [stdout] error[E0599]: no method named `test_expect` found for enum `Option<T>` in the current scope
[INFO] [stdout]    --> tests/commerce_order.rs:497:14
[INFO] [stdout]     |
[INFO] [stdout] 495 |         let events = event_log["events"]
[INFO] [stdout] 496 |             .as_array_mut()
[INFO] [stdout] 497 |             .test_expect("event log has events");
[INFO] [stdout]     |              ^^^^^^^^^^^
[INFO] [stdout]     |
[INFO] [stdout] help: there is a method `expect` with a similar name
[INFO] [stdout]     |
[INFO] [stdout] 497 -             .test_expect("event log has events");
[INFO] [stdout] 497 +             .expect("event log has events");
[INFO] [stdout]     |
[INFO] [stdout] 
[INFO] [stdout] 
[INFO] [stdout] error[E0599]: no method named `test_expect_err` found for enum `Result<T, E>` in the current scope
[INFO] [stdout]    --> tests/commerce_order.rs:543:10
[INFO] [stdout]     |
[INFO] [stdout] 542 |     let error = chio_commerce_order::verify_commerce_order(&bundle)
[INFO] [stdout] 543 |         .test_expect_err("marketplace-mode provider admission must bind trust-market evidence");
[INFO] [stdout]     |          ^^^^^^^^^^^^^^^
[INFO] [stdout]     |
[INFO] [stdout] help: there is a method `expect_err` with a similar name
[INFO] [stdout]     |
[INFO] [stdout] 543 -         .test_expect_err("marketplace-mode provider admission must bind trust-market evidence");
[INFO] [stdout] 543 +         .expect_err("marketplace-mode provider admission must bind trust-market evidence");
[INFO] [stdout]     |
[INFO] [stdout] 
[INFO] [stdout] 
[INFO] [stdout] error[E0599]: no method named `test_expect` found for enum `Option<T>` in the current scope
[INFO] [stdout]    --> tests/commerce_order.rs:557:14
[INFO] [stdout]     |
[INFO] [stdout] 555 |         let events = event_log["events"]
[INFO] [stdout] 556 |             .as_array_mut()
[INFO] [stdout] 557 |             .test_expect("event log has events");
[INFO] [stdout]     |              ^^^^^^^^^^^
[INFO] [stdout]     |
[INFO] [stdout] help: there is a method `expect` with a similar name
[INFO] [stdout]     |
[INFO] [stdout] 557 -             .test_expect("event log has events");
[INFO] [stdout] 557 +             .expect("event log has events");
[INFO] [stdout]     |
[INFO] [stdout] 
[INFO] [stdout] 
[INFO] [stdout] error[E0599]: no method named `test_expect_err` found for enum `Result<T, E>` in the current scope
[INFO] [stdout]    --> tests/commerce_order.rs:576:10
[INFO] [stdout]     |
[INFO] [stdout] 575 |     let error = chio_commerce_order::verify_commerce_order(&bundle)
[INFO] [stdout] 576 |         .test_expect_err("marketplace-mode settlement must bind trust-market evidence");
[INFO] [stdout]     |          ^^^^^^^^^^^^^^^
[INFO] [stdout]     |
[INFO] [stdout] help: there is a method `expect_err` with a similar name
[INFO] [stdout]     |
[INFO] [stdout] 576 -         .test_expect_err("marketplace-mode settlement must bind trust-market evidence");
[INFO] [stdout] 576 +         .expect_err("marketplace-mode settlement must bind trust-market evidence");
[INFO] [stdout]     |
[INFO] [stdout] 
[INFO] [stdout] 
[INFO] [stdout] error[E0599]: no method named `test_expect_err` found for enum `Result<T, E>` in the current scope
[INFO] [stdout]    --> tests/commerce_order.rs:591:10
[INFO] [stdout]     |
[INFO] [stdout] 590 |     let error = chio_commerce_order::verify_commerce_order(&bundle)
[INFO] [stdout] 591 |         .test_expect_err("marketplace-mode orders must bind verified trust-market context");
[INFO] [stdout]     |          ^^^^^^^^^^^^^^^
[INFO] [stdout]     |
[INFO] [stdout] help: there is a method `expect_err` with a similar name
[INFO] [stdout]     |
[INFO] [stdout] 591 -         .test_expect_err("marketplace-mode orders must bind verified trust-market context");
[INFO] [stdout] 591 +         .expect_err("marketplace-mode orders must bind verified trust-market context");
[INFO] [stdout]     |
[INFO] [stdout] 
[INFO] [stdout] 
[INFO] [stdout] error[E0599]: no method named `test_expect` found for enum `Option<T>` in the current scope
[INFO] [stdout]    --> tests/commerce_order.rs:607:10
[INFO] [stdout]     |
[INFO] [stdout] 603 |     bundle
[INFO] [stdout] 604 |         .order_context
[INFO] [stdout] 605 |         .trust_market_requirement
[INFO] [stdout] 606 |         .as_mut()
[INFO] [stdout] 607 |         .test_expect("trust-market requirement")
[INFO] [stdout]     |          ^^^^^^^^^^^
[INFO] [stdout]     |
[INFO] [stdout] help: there is a method `expect` with a similar name
[INFO] [stdout]     |
[INFO] [stdout] 607 -         .test_expect("trust-market requirement")
[INFO] [stdout] 607 +         .expect("trust-market requirement")
[INFO] [stdout]     |
[INFO] [stdout] 
[INFO] [stdout] 
[INFO] [stdout] error[E0599]: no method named `test_expect_err` found for enum `Result<T, E>` in the current scope
[INFO] [stdout]    --> tests/commerce_order.rs:612:10
[INFO] [stdout]     |
[INFO] [stdout] 611 |     let error = chio_commerce_order::verify_commerce_order(&bundle)
[INFO] [stdout] 612 |         .test_expect_err("marketplace refs must not self-disable trust-market verification");
[INFO] [stdout]     |          ^^^^^^^^^^^^^^^
[INFO] [stdout]     |
[INFO] [stdout] help: there is a method `expect_err` with a similar name
[INFO] [stdout]     |
[INFO] [stdout] 612 -         .test_expect_err("marketplace refs must not self-disable trust-market verification");
[INFO] [stdout] 612 +         .expect_err("marketplace refs must not self-disable trust-market verification");
[INFO] [stdout]     |
[INFO] [stdout] 
[INFO] [stdout] 
[INFO] [stdout] error[E0599]: no method named `test_expect` found for enum `Option<T>` in the current scope
[INFO] [stdout]    --> tests/commerce_order.rs:627:10
[INFO] [stdout]     |
[INFO] [stdout] 624 |     bundle
[INFO] [stdout] 625 |         .verified_trust_market_context
[INFO] [stdout] 626 |         .as_mut()
[INFO] [stdout] 627 |         .test_expect("verified trust-market context")
[INFO] [stdout]     |          ^^^^^^^^^^^
[INFO] [stdout]     |
[INFO] [stdout] help: there is a method `expect` with a similar name
[INFO] [stdout]     |
[INFO] [stdout] 627 -         .test_expect("verified trust-market context")
[INFO] [stdout] 627 +         .expect("verified trust-market context")
[INFO] [stdout]     |
[INFO] [stdout] 
[INFO] [stdout] 
[INFO] [stdout] error[E0599]: no method named `test_expect_err` found for enum `Result<T, E>` in the current scope
[INFO] [stdout]    --> tests/commerce_order.rs:631:10
[INFO] [stdout]     |
[INFO] [stdout] 630 |     let error = chio_commerce_order::verify_commerce_order(&bundle)
[INFO] [stdout] 631 |         .test_expect_err("selected trust-market provider must match the order provider");
[INFO] [stdout]     |          ^^^^^^^^^^^^^^^
[INFO] [stdout]     |
[INFO] [stdout] help: there is a method `expect_err` with a similar name
[INFO] [stdout]     |
[INFO] [stdout] 631 -         .test_expect_err("selected trust-market provider must match the order provider");
[INFO] [stdout] 631 +         .expect_err("selected trust-market provider must match the order provider");
[INFO] [stdout]     |
[INFO] [stdout] 
[INFO] [stdout] 
[INFO] [stdout] error[E0599]: no method named `test_expect_err` found for enum `Result<T, E>` in the current scope
[INFO] [stdout]    --> tests/commerce_order.rs:646:10
[INFO] [stdout]     |
[INFO] [stdout] 645 |     let error = chio_commerce_order::verify_commerce_order(&bundle)
[INFO] [stdout] 646 |         .test_expect_err("marketplace-mode orders must bind coverage and trust-market risk refs");
[INFO] [stdout]     |          ^^^^^^^^^^^^^^^
[INFO] [stdout]     |
[INFO] [stdout] help: there is a method `expect_err` with a similar name
[INFO] [stdout]     |
[INFO] [stdout] 646 -         .test_expect_err("marketplace-mode orders must bind coverage and trust-market risk refs");
[INFO] [stdout] 646 +         .expect_err("marketplace-mode orders must bind coverage and trust-market risk refs");
[INFO] [stdout]     |
[INFO] [stdout] 
[INFO] [stdout] 
[INFO] [stdout] error[E0599]: no method named `test_expect` found for enum `Result<T, E>` in the current scope
[INFO] [stdout]    --> tests/commerce_order.rs:660:10
[INFO] [stdout]     |
[INFO] [stdout] 659 |     let report = chio_commerce_order::verify_commerce_order(&bundle)
[INFO] [stdout] 660 |         .test_expect("verified trust-market context should bind marketplace refs");
[INFO] [stdout]     |          ^^^^^^^^^^^
[INFO] [stdout]     |
[INFO] [stdout] help: there is a method `expect` with a similar name
[INFO] [stdout]     |
[INFO] [stdout] 660 -         .test_expect("verified trust-market context should bind marketplace refs");
[INFO] [stdout] 660 +         .expect("verified trust-market context should bind marketplace refs");
[INFO] [stdout]     |
[INFO] [stdout] 
[INFO] [stdout] 
[INFO] [stdout] error[E0599]: no method named `test_expect_err` found for enum `Result<T, E>` in the current scope
[INFO] [stdout]    --> tests/commerce_order.rs:675:10
[INFO] [stdout]     |
[INFO] [stdout] 674 |     let error = chio_commerce_order::verify_commerce_order(&bundle)
[INFO] [stdout] 675 |         .test_expect_err("provider passport subject must match merchant");
[INFO] [stdout]     |          ^^^^^^^^^^^^^^^
[INFO] [stdout]     |
[INFO] [stdout] help: there is a method `expect_err` with a similar name
[INFO] [stdout]     |
[INFO] [stdout] 675 -         .test_expect_err("provider passport subject must match merchant");
[INFO] [stdout] 675 +         .expect_err("provider passport subject must match merchant");
[INFO] [stdout]     |
[INFO] [stdout] 
[INFO] [stdout] 
[INFO] [stdout] error[E0599]: no method named `test_expect_err` found for enum `Result<T, E>` in the current scope
[INFO] [stdout]    --> tests/commerce_order.rs:692:10
[INFO] [stdout]     |
[INFO] [stdout] 691 |     let error = chio_commerce_order::verify_commerce_order(&bundle)
[INFO] [stdout] 692 |         .test_expect_err("forged provider passport signature must fail");
[INFO] [stdout]     |          ^^^^^^^^^^^^^^^
[INFO] [stdout]     |
[INFO] [stdout] help: there is a method `expect_err` with a similar name
[INFO] [stdout]     |
[INFO] [stdout] 692 -         .test_expect_err("forged provider passport signature must fail");
[INFO] [stdout] 692 +         .expect_err("forged provider passport signature must fail");
[INFO] [stdout]     |
[INFO] [stdout] 
[INFO] [stdout] 
[INFO] [stdout] error[E0599]: no method named `test_expect_err` found for enum `Result<T, E>` in the current scope
[INFO] [stdout]    --> tests/commerce_order.rs:707:10
[INFO] [stdout]     |
[INFO] [stdout] 706 |     let error = chio_commerce_order::verify_commerce_order(&bundle)
[INFO] [stdout] 707 |         .test_expect_err("stale signed reputation snapshots must fail");
[INFO] [stdout]     |          ^^^^^^^^^^^^^^^
[INFO] [stdout]     |
[INFO] [stdout] help: there is a method `expect_err` with a similar name
[INFO] [stdout]     |
[INFO] [stdout] 707 -         .test_expect_err("stale signed reputation snapshots must fail");
[INFO] [stdout] 707 +         .expect_err("stale signed reputation snapshots must fail");
[INFO] [stdout]     |
[INFO] [stdout] 
[INFO] [stdout] 
[INFO] [stdout] error[E0599]: no method named `test_expect_err` found for enum `Result<T, E>` in the current scope
[INFO] [stdout]    --> tests/commerce_order.rs:725:10
[INFO] [stdout]     |
[INFO] [stdout] 724 |     let error = chio_commerce_order::verify_commerce_order(&bundle)
[INFO] [stdout] 725 |         .test_expect_err("accepted reputation snapshots must clear the floor");
[INFO] [stdout]     |          ^^^^^^^^^^^^^^^
[INFO] [stdout]     |
[INFO] [stdout] help: there is a method `expect_err` with a similar name
[INFO] [stdout]     |
[INFO] [stdout] 725 -         .test_expect_err("accepted reputation snapshots must clear the floor");
[INFO] [stdout] 725 +         .expect_err("accepted reputation snapshots must clear the floor");
[INFO] [stdout]     |
[INFO] [stdout] 
[INFO] [stdout] 
[INFO] [stdout] error[E0599]: no method named `test_expect` found for enum `Result<T, E>` in the current scope
[INFO] [stdout]    --> tests/commerce_order.rs:740:10
[INFO] [stdout]     |
[INFO] [stdout] 739 |     let report = chio_commerce_order::verify_commerce_order(&bundle)
[INFO] [stdout] 740 |         .test_expect("valid offline PSP commerce fixture should verify");
[INFO] [stdout]     |          ^^^^^^^^^^^
[INFO] [stdout]     |
[INFO] [stdout] help: there is a method `expect` with a similar name
[INFO] [stdout]     |
[INFO] [stdout] 740 -         .test_expect("valid offline PSP commerce fixture should verify");
[INFO] [stdout] 740 +         .expect("valid offline PSP commerce fixture should verify");
[INFO] [stdout]     |
[INFO] [stdout] 
[INFO] [stdout] 
[INFO] [stdout] error[E0599]: no method named `test_expect_err` found for enum `Result<T, E>` in the current scope
[INFO] [stdout]    --> tests/commerce_order.rs:772:10
[INFO] [stdout]     |
[INFO] [stdout] 771 |     let error = chio_commerce_order::verify_commerce_order(&bundle)
[INFO] [stdout] 772 |         .test_expect_err("event authority receipt refs must resolve to trusted signed receipts");
[INFO] [stdout]     |          ^^^^^^^^^^^^^^^
[INFO] [stdout]     |
[INFO] [stdout] help: there is a method `expect_err` with a similar name
[INFO] [stdout]     |
[INFO] [stdout] 772 -         .test_expect_err("event authority receipt refs must resolve to trusted signed receipts");
[INFO] [stdout] 772 +         .expect_err("event authority receipt refs must resolve to trusted signed receipts");
[INFO] [stdout]     |
[INFO] [stdout] 
[INFO] [stdout] 
[INFO] [stdout] error[E0599]: no method named `test_expect` found for enum `Option<T>` in the current scope
[INFO] [stdout]    --> tests/commerce_order.rs:785:18
[INFO] [stdout]     |
[INFO] [stdout] 783 |             let events = event_log["events"]
[INFO] [stdout] 784 |                 .as_array_mut()
[INFO] [stdout] 785 |                 .test_expect("event log events array");
[INFO] [stdout]     |                  ^^^^^^^^^^^
[INFO] [stdout]     |
[INFO] [stdout] help: there is a method `expect` with a similar name
[INFO] [stdout]     |
[INFO] [stdout] 785 -                 .test_expect("event log events array");
[INFO] [stdout] 785 +                 .expect("event log events array");
[INFO] [stdout]     |
[INFO] [stdout] 
[INFO] [stdout] 
[INFO] [stdout] error[E0599]: no method named `test_expect_err` found for enum `Result<T, E>` in the current scope
[INFO] [stdout]    --> tests/commerce_order.rs:795:10
[INFO] [stdout]     |
[INFO] [stdout] 794 |     let error = chio_commerce_order::verify_commerce_order(&bundle)
[INFO] [stdout] 795 |         .test_expect_err("commerce event actor must be present");
[INFO] [stdout]     |          ^^^^^^^^^^^^^^^
[INFO] [stdout]     |
[INFO] [stdout] help: there is a method `expect_err` with a similar name
[INFO] [stdout]     |
[INFO] [stdout] 795 -         .test_expect_err("commerce event actor must be present");
[INFO] [stdout] 795 +         .expect_err("commerce event actor must be present");
[INFO] [stdout]     |
[INFO] [stdout] 
[INFO] [stdout] 
[INFO] [stdout] error[E0599]: no method named `test_expect` found for enum `Option<T>` in the current scope
[INFO] [stdout]    --> tests/commerce_order.rs:808:18
[INFO] [stdout]     |
[INFO] [stdout] 806 |             let events = event_log["events"]
[INFO] [stdout] 807 |                 .as_array_mut()
[INFO] [stdout] 808 |                 .test_expect("event log events array");
[INFO] [stdout]     |                  ^^^^^^^^^^^
[INFO] [stdout]     |
[INFO] [stdout] help: there is a method `expect` with a similar name
[INFO] [stdout]     |
[INFO] [stdout] 808 -                 .test_expect("event log events array");
[INFO] [stdout] 808 +                 .expect("event log events array");
[INFO] [stdout]     |
[INFO] [stdout] 
[INFO] [stdout] 
[INFO] [stdout] error[E0599]: no method named `test_expect_err` found for enum `Result<T, E>` in the current scope
[INFO] [stdout]    --> tests/commerce_order.rs:818:10
[INFO] [stdout]     |
[INFO] [stdout] 817 |     let error = chio_commerce_order::verify_commerce_order(&bundle)
[INFO] [stdout] 818 |         .test_expect_err("commerce event digest must be present");
[INFO] [stdout]     |          ^^^^^^^^^^^^^^^
[INFO] [stdout]     |
[INFO] [stdout] help: there is a method `expect_err` with a similar name
[INFO] [stdout]     |
[INFO] [stdout] 818 -         .test_expect_err("commerce event digest must be present");
[INFO] [stdout] 818 +         .expect_err("commerce event digest must be present");
[INFO] [stdout]     |
[INFO] [stdout] 
[INFO] [stdout] 
[INFO] [stdout] error[E0599]: no method named `test_expect_err` found for enum `Result<T, E>` in the current scope
[INFO] [stdout]    --> tests/commerce_order.rs:837:10
[INFO] [stdout]     |
[INFO] [stdout] 836 |     let error = chio_commerce_order::verify_commerce_order(&bundle)
[INFO] [stdout] 837 |         .test_expect_err("coverage-required orders must bind a risk comptroller report");
[INFO] [stdout]     |          ^^^^^^^^^^^^^^^
[INFO] [stdout]     |
[INFO] [stdout] help: there is a method `expect_err` with a similar name
[INFO] [stdout]     |
[INFO] [stdout] 837 -         .test_expect_err("coverage-required orders must bind a risk comptroller report");
[INFO] [stdout] 837 +         .expect_err("coverage-required orders must bind a risk comptroller report");
[INFO] [stdout]     |
[INFO] [stdout] 
[INFO] [stdout] 
[INFO] [stdout] error[E0599]: no method named `test_expect` found for enum `Result<T, E>` in the current scope
[INFO] [stdout]    --> tests/commerce_order.rs:848:10
[INFO] [stdout]     |
[INFO] [stdout] 847 |     let report = chio_commerce_order::verify_commerce_order(&bundle)
[INFO] [stdout] 848 |         .test_expect("coverage-required order with bound risk report should verify");
[INFO] [stdout]     |          ^^^^^^^^^^^
[INFO] [stdout]     |
[INFO] [stdout] help: there is a method `expect` with a similar name
[INFO] [stdout]     |
[INFO] [stdout] 848 -         .test_expect("coverage-required order with bound risk report should verify");
[INFO] [stdout] 848 +         .expect("coverage-required order with bound risk report should verify");
[INFO] [stdout]     |
[INFO] [stdout] 
[INFO] [stdout] 
[INFO] [stdout] error[E0599]: no method named `test_expect` found for enum `Option<T>` in the current scope
[INFO] [stdout]    --> tests/commerce_order.rs:871:14
[INFO] [stdout]     |
[INFO] [stdout] 868 |         bundle
[INFO] [stdout] 869 |             .risk_comptroller_report_bytes
[INFO] [stdout] 870 |             .as_ref()
[INFO] [stdout] 871 |             .test_expect("risk report present"),
[INFO] [stdout]     |              ^^^^^^^^^^^
[INFO] [stdout]     |
[INFO] [stdout] help: there is a method `expect` with a similar name
[INFO] [stdout]     |
[INFO] [stdout] 871 -             .test_expect("risk report present"),
[INFO] [stdout] 871 +             .expect("risk report present"),
[INFO] [stdout]     |
[INFO] [stdout] 
[INFO] [stdout] 
[INFO] [stdout] error[E0599]: no method named `test_expect` found for enum `Result<T, E>` in the current scope
[INFO] [stdout]    --> tests/commerce_order.rs:873:6
[INFO] [stdout]     |
[INFO] [stdout] 867 |     let mut report: serde_json::Value = serde_json::from_slice(
[INFO] [stdout] 868 |         bundle
[INFO] [stdout] 869 |             .risk_comptroller_report_bytes
[INFO] [stdout] 870 |             .as_ref()
[INFO] [stdout] 871 |             .test_expect("risk report present"),
[INFO] [stdout] 872 |     )
[INFO] [stdout] 873 |     .test_expect("risk report parses");
[INFO] [stdout]     |      ^^^^^^^^^^^
[INFO] [stdout]     |
[INFO] [stdout] help: there is a method `expect` with a similar name
[INFO] [stdout]     |
[INFO] [stdout] 873 -     .test_expect("risk report parses");
[INFO] [stdout] 873 +     .expect("risk report parses");
[INFO] [stdout]     |
[INFO] [stdout] 
[INFO] [stdout] 
[INFO] [stdout] error[E0599]: no method named `test_expect` found for enum `Result<T, E>` in the current scope
[INFO] [stdout]    --> tests/commerce_order.rs:888:37
[INFO] [stdout]     |
[INFO] [stdout] 888 |         serde_json::to_vec(&report).test_expect("forged risk report serializes");
[INFO] [stdout]     |                                     ^^^^^^^^^^^
[INFO] [stdout]     |
[INFO] [stdout] help: there is a method `expect` with a similar name
[INFO] [stdout]     |
[INFO] [stdout] 888 -         serde_json::to_vec(&report).test_expect("forged risk report serializes");
[INFO] [stdout] 888 +         serde_json::to_vec(&report).expect("forged risk report serializes");
[INFO] [stdout]     |
[INFO] [stdout] 
[INFO] [stdout] 
[INFO] [stdout] error[E0599]: no method named `test_expect` found for enum `Option<T>` in the current scope
[INFO] [stdout]    --> tests/commerce_order.rs:893:10
[INFO] [stdout]     |
[INFO] [stdout] 889 |     bundle
[INFO] [stdout] 890 |         .order_context
[INFO] [stdout] 891 |         .coverage_requirement
[INFO] [stdout] 892 |         .as_mut()
[INFO] [stdout] 893 |         .test_expect("coverage requirement present")
[INFO] [stdout]     |          ^^^^^^^^^^^
[INFO] [stdout]     |
[INFO] [stdout] help: there is a method `expect` with a similar name
[INFO] [stdout]     |
[INFO] [stdout] 893 -         .test_expect("coverage requirement present")
[INFO] [stdout] 893 +         .expect("coverage requirement present")
[INFO] [stdout]     |
[INFO] [stdout] 
[INFO] [stdout] 
[INFO] [stdout] error[E0599]: no method named `test_expect_err` found for enum `Result<T, E>` in the current scope
[INFO] [stdout]    --> tests/commerce_order.rs:898:10
[INFO] [stdout]     |
[INFO] [stdout] 897 |     let error = chio_commerce_order::verify_commerce_order(&bundle)
[INFO] [stdout] 898 |         .test_expect_err("forged risk comptroller report signature must fail");
[INFO] [stdout]     |          ^^^^^^^^^^^^^^^
[INFO] [stdout]     |
[INFO] [stdout] help: there is a method `expect_err` with a similar name
[INFO] [stdout]     |
[INFO] [stdout] 898 -         .test_expect_err("forged risk comptroller report signature must fail");
[INFO] [stdout] 898 +         .expect_err("forged risk comptroller report signature must fail");
[INFO] [stdout]     |
[INFO] [stdout] 
[INFO] [stdout] 
[INFO] [stdout] error[E0599]: no method named `test_expect` found for enum `Result<T, E>` in the current scope
[INFO] [stdout]    --> tests/commerce_order.rs:913:10
[INFO] [stdout]     |
[INFO] [stdout] 912 |     let report = chio_commerce_order::verify_commerce_order(&bundle)
[INFO] [stdout] 913 |         .test_expect("valid offline PSP commerce fixture should verify");
[INFO] [stdout]     |          ^^^^^^^^^^^
[INFO] [stdout]     |
[INFO] [stdout] help: there is a method `expect` with a similar name
[INFO] [stdout]     |
[INFO] [stdout] 913 -         .test_expect("valid offline PSP commerce fixture should verify");
[INFO] [stdout] 913 +         .expect("valid offline PSP commerce fixture should verify");
[INFO] [stdout]     |
[INFO] [stdout] 
[INFO] [stdout] 
[INFO] [stdout] error[E0599]: no method named `test_expect_err` found for enum `Result<T, E>` in the current scope
[INFO] [stdout]    --> tests/commerce_order.rs:970:10
[INFO] [stdout]     |
[INFO] [stdout] 969 |     let error = chio_commerce_order::verify_commerce_order(&bundle)
[INFO] [stdout] 970 |         .test_expect_err("payment bound to wrong merchant must fail");
[INFO] [stdout]     |          ^^^^^^^^^^^^^^^
[INFO] [stdout]     |
[INFO] [stdout] help: there is a method `expect_err` with a similar name
[INFO] [stdout]     |
[INFO] [stdout] 970 -         .test_expect_err("payment bound to wrong merchant must fail");
[INFO] [stdout] 970 +         .expect_err("payment bound to wrong merchant must fail");
[INFO] [stdout]     |
[INFO] [stdout] 
[INFO] [stdout] 
[INFO] [stdout] error[E0599]: no method named `test_expect_err` found for enum `Result<T, E>` in the current scope
[INFO] [stdout]    --> tests/commerce_order.rs:983:10
[INFO] [stdout]     |
[INFO] [stdout] 982 |     let error = chio_commerce_order::verify_commerce_order(&bundle)
[INFO] [stdout] 983 |         .test_expect_err("payment transfer group must bind the same order");
[INFO] [stdout]     |          ^^^^^^^^^^^^^^^
[INFO] [stdout]     |
[INFO] [stdout] help: there is a method `expect_err` with a similar name
[INFO] [stdout]     |
[INFO] [stdout] 983 -         .test_expect_err("payment transfer group must bind the same order");
[INFO] [stdout] 983 +         .expect_err("payment transfer group must bind the same order");
[INFO] [stdout]     |
[INFO] [stdout] 
[INFO] [stdout] 
[INFO] [stdout] error[E0599]: no method named `test_expect` found for enum `Option<T>` in the current scope
[INFO] [stdout]    --> tests/commerce_order.rs:996:14
[INFO] [stdout]     |
[INFO] [stdout] 994 |         payment_lifecycle
[INFO] [stdout] 995 |             .as_object_mut()
[INFO] [stdout] 996 |             .test_expect("payment lifecycle object")
[INFO] [stdout]     |              ^^^^^^^^^^^
[INFO] [stdout]     |
[INFO] [stdout] help: there is a method `expect` with a similar name
[INFO] [stdout]     |
[INFO] [stdout] 996 -             .test_expect("payment lifecycle object")
[INFO] [stdout] 996 +             .expect("payment lifecycle object")
[INFO] [stdout]     |
[INFO] [stdout] 
[INFO] [stdout] 
[INFO] [stdout] error[E0599]: no method named `test_expect_err` found for enum `Result<T, E>` in the current scope
[INFO] [stdout]     --> tests/commerce_order.rs:1001:10
[INFO] [stdout]      |
[INFO] [stdout] 1000 |     let error = chio_commerce_order::verify_commerce_order(&bundle)
[INFO] [stdout] 1001 |         .test_expect_err("unsigned payment lifecycle must fail");
[INFO] [stdout]      |          ^^^^^^^^^^^^^^^
[INFO] [stdout]      |
[INFO] [stdout] help: there is a method `expect_err` with a similar name
[INFO] [stdout]      |
[INFO] [stdout] 1001 -         .test_expect_err("unsigned payment lifecycle must fail");
[INFO] [stdout] 1001 +         .expect_err("unsigned payment lifecycle must fail");
[INFO] [stdout]      |
[INFO] [stdout] 
[INFO] [stdout] 
[INFO] [stdout] error[E0599]: no method named `test_expect_err` found for enum `Result<T, E>` in the current scope
[INFO] [stdout]     --> tests/commerce_order.rs:1016:10
[INFO] [stdout]      |
[INFO] [stdout] 1015 |     let error = chio_commerce_order::verify_commerce_order(&bundle)
[INFO] [stdout] 1016 |         .test_expect_err("forged payment lifecycle signature must fail");
[INFO] [stdout]      |          ^^^^^^^^^^^^^^^
[INFO] [stdout]      |
[INFO] [stdout] help: there is a method `expect_err` with a similar name
[INFO] [stdout]      |
[INFO] [stdout] 1016 -         .test_expect_err("forged payment lifecycle signature must fail");
[INFO] [stdout] 1016 +         .expect_err("forged payment lifecycle signature must fail");
[INFO] [stdout]      |
[INFO] [stdout] 
[INFO] [stdout] 
[INFO] [stdout] error[E0599]: no method named `test_expect_err` found for enum `Result<T, E>` in the current scope
[INFO] [stdout]     --> tests/commerce_order.rs:1029:10
[INFO] [stdout]      |
[INFO] [stdout] 1028 |     let error = chio_commerce_order::verify_commerce_order(&bundle)
[INFO] [stdout] 1029 |         .test_expect_err("unsupported PSP object refs must fail");
[INFO] [stdout]      |          ^^^^^^^^^^^^^^^
[INFO] [stdout]      |
[INFO] [stdout] help: there is a method `expect_err` with a similar name
[INFO] [stdout]      |
[INFO] [stdout] 1029 -         .test_expect_err("unsupported PSP object refs must fail");
[INFO] [stdout] 1029 +         .expect_err("unsupported PSP object refs must fail");
[INFO] [stdout]      |
[INFO] [stdout] 
[INFO] [stdout] 
[INFO] [stdout] error[E0599]: no method named `test_expect_err` found for enum `Result<T, E>` in the current scope
[INFO] [stdout]     --> tests/commerce_order.rs:1045:10
[INFO] [stdout]      |
[INFO] [stdout] 1044 |     let error = chio_commerce_order::verify_commerce_order(&bundle)
[INFO] [stdout] 1045 |         .test_expect_err("payment quote digest mismatch must fail");
[INFO] [stdout]      |          ^^^^^^^^^^^^^^^
[INFO] [stdout]      |
[INFO] [stdout] help: there is a method `expect_err` with a similar name
[INFO] [stdout]      |
[INFO] [stdout] 1045 -         .test_expect_err("payment quote digest mismatch must fail");
[INFO] [stdout] 1045 +         .expect_err("payment quote digest mismatch must fail");
[INFO] [stdout]      |
[INFO] [stdout] 
[INFO] [stdout] 
[INFO] [stdout] error[E0599]: no method named `test_expect` found for enum `Option<T>` in the current scope
[INFO] [stdout]     --> tests/commerce_order.rs:1056:14
[INFO] [stdout]      |
[INFO] [stdout] 1054 |         let projections = mandate_ledger["protocol_projections"]
[INFO] [stdout] 1055 |             .as_array_mut()
[INFO] [stdout] 1056 |             .test_expect("mandate projections array");
[INFO] [stdout]      |              ^^^^^^^^^^^
[INFO] [stdout]      |
[INFO] [stdout] help: there is a method `expect` with a similar name
[INFO] [stdout]      |
[INFO] [stdout] 1056 -             .test_expect("mandate projections array");
[INFO] [stdout] 1056 +             .expect("mandate projections array");
[INFO] [stdout]      |
[INFO] [stdout] 
[INFO] [stdout] 
[INFO] [stdout] error[E0599]: no method named `test_expect_err` found for enum `Result<T, E>` in the current scope
[INFO] [stdout]     --> tests/commerce_order.rs:1061:10
[INFO] [stdout]      |
[INFO] [stdout] 1060 |     let error = chio_commerce_order::verify_commerce_order(&bundle)
[INFO] [stdout] 1061 |         .test_expect_err("missing x402 mandate projection must fail");
[INFO] [stdout]      |          ^^^^^^^^^^^^^^^
[INFO] [stdout]      |
[INFO] [stdout] help: there is a method `expect_err` with a similar name
[INFO] [stdout]      |
[INFO] [stdout] 1061 -         .test_expect_err("missing x402 mandate projection must fail");
[INFO] [stdout] 1061 +         .expect_err("missing x402 mandate projection must fail");
[INFO] [stdout]      |
[INFO] [stdout] 
[INFO] [stdout] 
[INFO] [stdout] error[E0599]: no method named `test_expect` found for enum `Option<T>` in the current scope
[INFO] [stdout]     --> tests/commerce_order.rs:1074:14
[INFO] [stdout]      |
[INFO] [stdout] 1072 |         let projections = mandate_ledger["protocol_projections"]
[INFO] [stdout] 1073 |             .as_array_mut()
[INFO] [stdout] 1074 |             .test_expect("mandate projections array");
[INFO] [stdout]      |              ^^^^^^^^^^^
[INFO] [stdout]      |
[INFO] [stdout] help: there is a method `expect` with a similar name
[INFO] [stdout]      |
[INFO] [stdout] 1074 -             .test_expect("mandate projections array");
[INFO] [stdout] 1074 +             .expect("mandate projections array");
[INFO] [stdout]      |
[INFO] [stdout] 
[INFO] [stdout] 
[INFO] [stdout] error[E0599]: no method named `test_expect_err` found for enum `Result<T, E>` in the current scope
[INFO] [stdout]     --> tests/commerce_order.rs:1081:10
[INFO] [stdout]      |
[INFO] [stdout] 1080 |     let error = chio_commerce_order::verify_commerce_order(&bundle)
[INFO] [stdout] 1081 |         .test_expect_err("missing Chio-native mandate projection must fail");
[INFO] [stdout]      |          ^^^^^^^^^^^^^^^
[INFO] [stdout]      |
[INFO] [stdout] help: there is a method `expect_err` with a similar name
[INFO] [stdout]      |
[INFO] [stdout] 1081 -         .test_expect_err("missing Chio-native mandate projection must fail");
[INFO] [stdout] 1081 +         .expect_err("missing Chio-native mandate projection must fail");
[INFO] [stdout]      |
[INFO] [stdout] 
[INFO] [stdout] 
[INFO] [stdout] error[E0599]: no method named `test_expect` found for enum `Option<T>` in the current scope
[INFO] [stdout]     --> tests/commerce_order.rs:1094:14
[INFO] [stdout]      |
[INFO] [stdout] 1092 |         let projections = mandate_ledger["protocol_projections"]
[INFO] [stdout] 1093 |             .as_array_mut()
[INFO] [stdout] 1094 |             .test_expect("mandate projections array");
[INFO] [stdout]      |              ^^^^^^^^^^^
[INFO] [stdout]      |
[INFO] [stdout] help: there is a method `expect` with a similar name
[INFO] [stdout]      |
[INFO] [stdout] 1094 -             .test_expect("mandate projections array");
[INFO] [stdout] 1094 +             .expect("mandate projections array");
[INFO] [stdout]      |
[INFO] [stdout] 
[INFO] [stdout] 
[INFO] [stdout] error[E0599]: no method named `test_expect_err` found for enum `Result<T, E>` in the current scope
[INFO] [stdout]     --> tests/commerce_order.rs:1106:10
[INFO] [stdout]      |
[INFO] [stdout] 1105 |     let error = chio_commerce_order::verify_commerce_order(&bundle)
[INFO] [stdout] 1106 |         .test_expect_err("AP2 mandate digest mismatch must fail");
[INFO] [stdout]      |          ^^^^^^^^^^^^^^^
[INFO] [stdout]      |
[INFO] [stdout] help: there is a method `expect_err` with a similar name
[INFO] [stdout]      |
[INFO] [stdout] 1106 -         .test_expect_err("AP2 mandate digest mismatch must fail");
[INFO] [stdout] 1106 +         .expect_err("AP2 mandate digest mismatch must fail");
[INFO] [stdout]      |
[INFO] [stdout] 
[INFO] [stdout] 
[INFO] [stdout] error[E0599]: no method named `test_expect_err` found for enum `Result<T, E>` in the current scope
[INFO] [stdout]     --> tests/commerce_order.rs:1119:10
[INFO] [stdout]      |
[INFO] [stdout] 1118 |     let error = chio_commerce_order::verify_commerce_order(&bundle)
[INFO] [stdout] 1119 |         .test_expect_err("AP2 payload digest mismatch must fail");
[INFO] [stdout]      |          ^^^^^^^^^^^^^^^
[INFO] [stdout]      |
[INFO] [stdout] help: there is a method `expect_err` with a similar name
[INFO] [stdout]      |
[INFO] [stdout] 1119 -         .test_expect_err("AP2 payload digest mismatch must fail");
[INFO] [stdout] 1119 +         .expect_err("AP2 payload digest mismatch must fail");
[INFO] [stdout]      |
[INFO] [stdout] 
[INFO] [stdout] 
[INFO] [stdout] error[E0599]: no method named `test_expect` found for enum `Option<T>` in the current scope
[INFO] [stdout]     --> tests/commerce_order.rs:1136:14
[INFO] [stdout]      |
[INFO] [stdout] 1134 |         let projections = mandate_ledger["protocol_projections"]
[INFO] [stdout] 1135 |             .as_array_mut()
[INFO] [stdout] 1136 |             .test_expect("mandate projections array");
[INFO] [stdout]      |              ^^^^^^^^^^^
[INFO] [stdout]      |
[INFO] [stdout] help: there is a method `expect` with a similar name
[INFO] [stdout]      |
[INFO] [stdout] 1136 -             .test_expect("mandate projections array");
[INFO] [stdout] 1136 +             .expect("mandate projections array");
[INFO] [stdout]      |
[INFO] [stdout] 
[INFO] [stdout] 
[INFO] [stdout] error[E0599]: no method named `test_expect_err` found for enum `Result<T, E>` in the current scope
[INFO] [stdout]     --> tests/commerce_order.rs:1147:10
[INFO] [stdout]      |
[INFO] [stdout] 1146 |     let error = chio_commerce_order::verify_commerce_order(&bundle)
[INFO] [stdout] 1147 |         .test_expect_err("AP2 payload semantic mismatch must fail");
[INFO] [stdout]      |          ^^^^^^^^^^^^^^^
[INFO] [stdout]      |
[INFO] [stdout] help: there is a method `expect_err` with a similar name
[INFO] [stdout]      |
[INFO] [stdout] 1147 -         .test_expect_err("AP2 payload semantic mismatch must fail");
[INFO] [stdout] 1147 +         .expect_err("AP2 payload semantic mismatch must fail");
[INFO] [stdout]      |
[INFO] [stdout] 
[INFO] [stdout] 
[INFO] [stdout] error[E0599]: no method named `test_expect` found for enum `Option<T>` in the current scope
[INFO] [stdout]     --> tests/commerce_order.rs:1160:14
[INFO] [stdout]      |
[INFO] [stdout] 1158 |         let projections = mandate_ledger["protocol_projections"]
[INFO] [stdout] 1159 |             .as_array_mut()
[INFO] [stdout] 1160 |             .test_expect("mandate projections array");
[INFO] [stdout]      |              ^^^^^^^^^^^
[INFO] [stdout]      |
[INFO] [stdout] help: there is a method `expect` with a similar name
[INFO] [stdout]      |
[INFO] [stdout] 1160 -             .test_expect("mandate projections array");
[INFO] [stdout] 1160 +             .expect("mandate projections array");
[INFO] [stdout]      |
[INFO] [stdout] 
[INFO] [stdout] 
[INFO] [stdout] error[E0599]: no method named `test_expect_err` found for enum `Result<T, E>` in the current scope
[INFO] [stdout]     --> tests/commerce_order.rs:1165:10
[INFO] [stdout]      |
[INFO] [stdout] 1164 |     let error = chio_commerce_order::verify_commerce_order(&bundle)
[INFO] [stdout] 1165 |         .test_expect_err("unsupported mandate protocol names must fail");
[INFO] [stdout]      |          ^^^^^^^^^^^^^^^
[INFO] [stdout]      |
[INFO] [stdout] help: there is a method `expect_err` with a similar name
[INFO] [stdout]      |
[INFO] [stdout] 1165 -         .test_expect_err("unsupported mandate protocol names must fail");
[INFO] [stdout] 1165 +         .expect_err("unsupported mandate protocol names must fail");
[INFO] [stdout]      |
[INFO] [stdout] 
[INFO] [stdout] 
[INFO] [stdout] error[E0599]: no method named `test_expect_err` found for enum `Result<T, E>` in the current scope
[INFO] [stdout]     --> tests/commerce_order.rs:1177:10
[INFO] [stdout]      |
[INFO] [stdout] 1176 |     let error = chio_commerce_order::verify_commerce_order(&bundle)
[INFO] [stdout] 1177 |         .test_expect_err("payment before budget reservation must fail");
[INFO] [stdout]      |          ^^^^^^^^^^^^^^^
[INFO] [stdout]      |
[INFO] [stdout] help: there is a method `expect_err` with a similar name
[INFO] [stdout]      |
[INFO] [stdout] 1177 -         .test_expect_err("payment before budget reservation must fail");
[INFO] [stdout] 1177 +         .expect_err("payment before budget reservation must fail");
[INFO] [stdout]      |
[INFO] [stdout] 
[INFO] [stdout] 
[INFO] [stdout] error[E0599]: no method named `test_expect` found for enum `Option<T>` in the current scope
[INFO] [stdout]     --> tests/commerce_order.rs:1188:14
[INFO] [stdout]      |
[INFO] [stdout] 1186 |         let events = event_log["events"]
[INFO] [stdout] 1187 |             .as_array_mut()
[INFO] [stdout] 1188 |             .test_expect("event log events array");
[INFO] [stdout]      |              ^^^^^^^^^^^
[INFO] [stdout]      |
[INFO] [stdout] help: there is a method `expect` with a similar name
[INFO] [stdout]      |
[INFO] [stdout] 1188 -             .test_expect("event log events array");
[INFO] [stdout] 1188 +             .expect("event log events array");
[INFO] [stdout]      |
[INFO] [stdout] 
[INFO] [stdout] 
[INFO] [stdout] error[E0599]: no method named `test_expect` found for enum `Result<T, E>` in the current scope
[INFO] [stdout]     --> tests/commerce_order.rs:1271:10
[INFO] [stdout]      |
[INFO] [stdout] 1270 |     let report = chio_commerce_order::verify_commerce_order(&bundle)
[INFO] [stdout] 1271 |         .test_expect("normative state path should verify");
[INFO] [stdout]      |          ^^^^^^^^^^^
[INFO] [stdout]      |
[INFO] [stdout] help: there is a method `expect` with a similar name
[INFO] [stdout]      |
[INFO] [stdout] 1271 -         .test_expect("normative state path should verify");
[INFO] [stdout] 1271 +         .expect("normative state path should verify");
[INFO] [stdout]      |
[INFO] [stdout] 
[INFO] [stdout] 
[INFO] [stdout] error[E0599]: no method named `test_expect` found for enum `Option<T>` in the current scope
[INFO] [stdout]     --> tests/commerce_order.rs:1282:14
[INFO] [stdout]      |
[INFO] [stdout] 1280 |         let events = event_log["events"]
[INFO] [stdout] 1281 |             .as_array_mut()
[INFO] [stdout] 1282 |             .test_expect("event log events array");
[INFO] [stdout]      |              ^^^^^^^^^^^
[INFO] [stdout]      |
[INFO] [stdout] help: there is a method `expect` with a similar name
[INFO] [stdout]      |
[INFO] [stdout] 1282 -             .test_expect("event log events array");
[INFO] [stdout] 1282 +             .expect("event log events array");
[INFO] [stdout]      |
[INFO] [stdout] 
[INFO] [stdout] 
[INFO] [stdout] error[E0599]: no method named `test_expect` found for enum `Result<T, E>` in the current scope
[INFO] [stdout]     --> tests/commerce_order.rs:1313:10
[INFO] [stdout]      |
[INFO] [stdout] 1312 |     let report = chio_commerce_order::verify_commerce_order(&bundle)
[INFO] [stdout] 1313 |         .test_expect("disputed refund path should verify");
[INFO] [stdout]      |          ^^^^^^^^^^^
[INFO] [stdout]      |
[INFO] [stdout] help: there is a method `expect` with a similar name
[INFO] [stdout]      |
[INFO] [stdout] 1313 -         .test_expect("disputed refund path should verify");
[INFO] [stdout] 1313 +         .expect("disputed refund path should verify");
[INFO] [stdout]      |
[INFO] [stdout] 
[INFO] [stdout] 
[INFO] [stdout] error[E0599]: no method named `test_expect` found for enum `Option<T>` in the current scope
[INFO] [stdout]     --> tests/commerce_order.rs:1324:14
[INFO] [stdout]      |
[INFO] [stdout] 1322 |         let events = event_log["events"]
[INFO] [stdout] 1323 |             .as_array_mut()
[INFO] [stdout] 1324 |             .test_expect("event log events array");
[INFO] [stdout]      |              ^^^^^^^^^^^
[INFO] [stdout]      |
[INFO] [stdout] help: there is a method `expect` with a similar name
[INFO] [stdout]      |
[INFO] [stdout] 1324 -             .test_expect("event log events array");
[INFO] [stdout] 1324 +             .expect("event log events array");
[INFO] [stdout]      |
[INFO] [stdout] 
[INFO] [stdout] 
[INFO] [stdout] error[E0599]: no method named `test_expect_err` found for enum `Result<T, E>` in the current scope
[INFO] [stdout]     --> tests/commerce_order.rs:1343:10
[INFO] [stdout]      |
[INFO] [stdout] 1342 |     let error = chio_commerce_order::verify_commerce_order(&bundle)
[INFO] [stdout] 1343 |         .test_expect_err("refund without dispute transition must fail");
[INFO] [stdout]      |          ^^^^^^^^^^^^^^^
[INFO] [stdout]      |
[INFO] [stdout] help: there is a method `expect_err` with a similar name
[INFO] [stdout]      |
[INFO] [stdout] 1343 -         .test_expect_err("refund without dispute transition must fail");
[INFO] [stdout] 1343 +         .expect_err("refund without dispute transition must fail");
[INFO] [stdout]      |
[INFO] [stdout] 
[INFO] [stdout] 
[INFO] [stdout] error[E0599]: no method named `test_expect_err` found for enum `Result<T, E>` in the current scope
[INFO] [stdout]     --> tests/commerce_order.rs:1358:10
[INFO] [stdout]      |
[INFO] [stdout] 1357 |     let error = chio_commerce_order::verify_commerce_order(&bundle)
[INFO] [stdout] 1358 |         .test_expect_err("payment replay event must not predate capture");
[INFO] [stdout]      |          ^^^^^^^^^^^^^^^
[INFO] [stdout]      |
[INFO] [stdout] help: there is a method `expect_err` with a similar name
[INFO] [stdout]      |
[INFO] [stdout] 1358 -         .test_expect_err("payment replay event must not predate capture");
[INFO] [stdout] 1358 +         .expect_err("payment replay event must not predate capture");
[INFO] [stdout]      |
[INFO] [stdout] 
[INFO] [stdout] 
[INFO] [stdout] error[E0599]: no method named `test_expect_err` found for enum `Result<T, E>` in the current scope
[INFO] [stdout]     --> tests/commerce_order.rs:1373:10
[INFO] [stdout]      |
[INFO] [stdout] 1372 |     let error = chio_commerce_order::verify_commerce_order(&bundle)
[INFO] [stdout] 1373 |         .test_expect_err("payment capture must follow mandate and budget authorization");
[INFO] [stdout]      |          ^^^^^^^^^^^^^^^
[INFO] [stdout]      |
[INFO] [stdout] help: there is a method `expect_err` with a similar name
[INFO] [stdout]      |
[INFO] [stdout] 1373 -         .test_expect_err("payment capture must follow mandate and budget authorization");
[INFO] [stdout] 1373 +         .expect_err("payment capture must follow mandate and budget authorization");
[INFO] [stdout]      |
[INFO] [stdout] 
[INFO] [stdout] 
[INFO] [stdout] error[E0599]: no method named `test_expect` found for enum `Option<T>` in the current scope
[INFO] [stdout]     --> tests/commerce_order.rs:1386:14
[INFO] [stdout]      |
[INFO] [stdout] 1384 |         let events = event_log["events"]
[INFO] [stdout] 1385 |             .as_array_mut()
[INFO] [stdout] 1386 |             .test_expect("event log events array");
[INFO] [stdout]      |              ^^^^^^^^^^^
[INFO] [stdout]      |
[INFO] [stdout] help: there is a method `expect` with a similar name
[INFO] [stdout]      |
[INFO] [stdout] 1386 -             .test_expect("event log events array");
[INFO] [stdout] 1386 +             .expect("event log events array");
[INFO] [stdout]      |
[INFO] [stdout] 
[INFO] [stdout] 
[INFO] [stdout] error[E0599]: no method named `test_expect_err` found for enum `Result<T, E>` in the current scope
[INFO] [stdout]     --> tests/commerce_order.rs:1404:10
[INFO] [stdout]      |
[INFO] [stdout] 1403 |     let error = chio_commerce_order::verify_commerce_order(&bundle)
[INFO] [stdout] 1404 |         .test_expect_err("double budget reservation must fail");
[INFO] [stdout]      |          ^^^^^^^^^^^^^^^
[INFO] [stdout]      |
[INFO] [stdout] help: there is a method `expect_err` with a similar name
[INFO] [stdout]      |
[INFO] [stdout] 1404 -         .test_expect_err("double budget reservation must fail");
[INFO] [stdout] 1404 +         .expect_err("double budget reservation must fail");
[INFO] [stdout]      |
[INFO] [stdout] 
[INFO] [stdout] 
[INFO] [stdout] error[E0599]: no method named `test_expect` found for enum `Option<T>` in the current scope
[INFO] [stdout]     --> tests/commerce_order.rs:1417:14
[INFO] [stdout]      |
[INFO] [stdout] 1415 |         let events = event_log["events"]
[INFO] [stdout] 1416 |             .as_array_mut()
[INFO] [stdout] 1417 |             .test_expect("event log events array");
[INFO] [stdout]      |              ^^^^^^^^^^^
[INFO] [stdout]      |
[INFO] [stdout] help: there is a method `expect` with a similar name
[INFO] [stdout]      |
[INFO] [stdout] 1417 -             .test_expect("event log events array");
[INFO] [stdout] 1417 +             .expect("event log events array");
[INFO] [stdout]      |
[INFO] [stdout] 
[INFO] [stdout] 
[INFO] [stdout] error[E0599]: no method named `test_expect_err` found for enum `Result<T, E>` in the current scope
[INFO] [stdout]     --> tests/commerce_order.rs:1423:10
[INFO] [stdout]      |
[INFO] [stdout] 1422 |     let error = chio_commerce_order::verify_commerce_order(&bundle)
[INFO] [stdout] 1423 |         .test_expect_err("duplicate event idempotency key must fail");
[INFO] [stdout]      |          ^^^^^^^^^^^^^^^
[INFO] [stdout]      |
[INFO] [stdout] help: there is a method `expect_err` with a similar name
[INFO] [stdout]      |
[INFO] [stdout] 1423 -         .test_expect_err("duplicate event idempotency key must fail");
[INFO] [stdout] 1423 +         .expect_err("duplicate event idempotency key must fail");
[INFO] [stdout]      |
[INFO] [stdout] 
[INFO] [stdout] 
[INFO] [stdout] error[E0599]: no method named `test_expect` found for enum `Option<T>` in the current scope
[INFO] [stdout]     --> tests/commerce_order.rs:1436:14
[INFO] [stdout]      |
[INFO] [stdout] 1434 |         let events = event_log["events"]
[INFO] [stdout] 1435 |             .as_array_mut()
[INFO] [stdout] 1436 |             .test_expect("event log events array");
[INFO] [stdout]      |              ^^^^^^^^^^^
[INFO] [stdout]      |
[INFO] [stdout] help: there is a method `expect` with a similar name
[INFO] [stdout]      |
[INFO] [stdout] 1436 -             .test_expect("event log events array");
[INFO] [stdout] 1436 +             .expect("event log events array");
[INFO] [stdout]      |
[INFO] [stdout] 
[INFO] [stdout] 
[INFO] [stdout] error[E0599]: no method named `test_expect_err` found for enum `Result<T, E>` in the current scope
[INFO] [stdout]     --> tests/commerce_order.rs:1445:10
[INFO] [stdout]      |
[INFO] [stdout] 1444 |     let error = chio_commerce_order::verify_commerce_order(&bundle)
[INFO] [stdout] 1445 |         .test_expect_err("intent event bound to wrong evidence must fail");
[INFO] [stdout]      |          ^^^^^^^^^^^^^^^
[INFO] [stdout]      |
[INFO] [stdout] help: there is a method `expect_err` with a similar name
[INFO] [stdout]      |
[INFO] [stdout] 1445 -         .test_expect_err("intent event bound to wrong evidence must fail");
[INFO] [stdout] 1445 +         .expect_err("intent event bound to wrong evidence must fail");
[INFO] [stdout]      |
[INFO] [stdout] 
[INFO] [stdout] 
[INFO] [stdout] error[E0599]: no method named `test_expect` found for enum `Option<T>` in the current scope
[INFO] [stdout]     --> tests/commerce_order.rs:1458:14
[INFO] [stdout]      |
[INFO] [stdout] 1456 |         let events = event_log["events"]
[INFO] [stdout] 1457 |             .as_array_mut()
[INFO] [stdout] 1458 |             .test_expect("event log events array");
[INFO] [stdout]      |              ^^^^^^^^^^^
[INFO] [stdout]      |
[INFO] [stdout] help: there is a method `expect` with a similar name
[INFO] [stdout]      |
[INFO] [stdout] 1458 -             .test_expect("event log events array");
[INFO] [stdout] 1458 +             .expect("event log events array");
[INFO] [stdout]      |
[INFO] [stdout] 
[INFO] [stdout] 
[INFO] [stdout] error[E0599]: no method named `test_expect_err` found for enum `Result<T, E>` in the current scope
[INFO] [stdout]     --> tests/commerce_order.rs:1467:10
[INFO] [stdout]      |
[INFO] [stdout] 1466 |     let error = chio_commerce_order::verify_commerce_order(&bundle)
[INFO] [stdout] 1467 |         .test_expect_err("provider event bound to wrong admission must fail");
[INFO] [stdout]      |          ^^^^^^^^^^^^^^^
[INFO] [stdout]      |
[INFO] [stdout] help: there is a method `expect_err` with a similar name
[INFO] [stdout]      |
[INFO] [stdout] 1467 -         .test_expect_err("provider event bound to wrong admission must fail");
[INFO] [stdout] 1467 +         .expect_err("provider event bound to wrong admission must fail");
[INFO] [stdout]      |
[INFO] [stdout] 
[INFO] [stdout] 
[INFO] [stdout] error[E0599]: no method named `test_expect` found for enum `Option<T>` in the current scope
[INFO] [stdout]     --> tests/commerce_order.rs:1480:14
[INFO] [stdout]      |
[INFO] [stdout] 1478 |         let events = event_log["events"]
[INFO] [stdout] 1479 |             .as_array_mut()
[INFO] [stdout] 1480 |             .test_expect("event log events array");
[INFO] [stdout]      |              ^^^^^^^^^^^
[INFO] [stdout]      |
[INFO] [stdout] help: there is a method `expect` with a similar name
[INFO] [stdout]      |
[INFO] [stdout] 1480 -             .test_expect("event log events array");
[INFO] [stdout] 1480 +             .expect("event log events array");
[INFO] [stdout]      |
[INFO] [stdout] 
[INFO] [stdout] 
[INFO] [stdout] error[E0599]: no method named `test_expect_err` found for enum `Result<T, E>` in the current scope
[INFO] [stdout]     --> tests/commerce_order.rs:1489:10
[INFO] [stdout]      |
[INFO] [stdout] 1488 |     let error = chio_commerce_order::verify_commerce_order(&bundle)
[INFO] [stdout] 1489 |         .test_expect_err("settlement dispatch event bound to wrong packet must fail");
[INFO] [stdout]      |          ^^^^^^^^^^^^^^^
[INFO] [stdout]      |
[INFO] [stdout] help: there is a method `expect_err` with a similar name
[INFO] [stdout]      |
[INFO] [stdout] 1489 -         .test_expect_err("settlement dispatch event bound to wrong packet must fail");
[INFO] [stdout] 1489 +         .expect_err("settlement dispatch event bound to wrong packet must fail");
[INFO] [stdout]      |
[INFO] [stdout] 
[INFO] [stdout] 
[INFO] [stdout] error[E0599]: no method named `test_expect_err` found for enum `Result<T, E>` in the current scope
[INFO] [stdout]     --> tests/commerce_order.rs:1502:10
[INFO] [stdout]      |
[INFO] [stdout] 1501 |     let error = chio_commerce_order::verify_commerce_order(&bundle)
[INFO] [stdout] 1502 |         .test_expect_err("settlement packet digest must be bound");
[INFO] [stdout]      |          ^^^^^^^^^^^^^^^
[INFO] [stdout]      |
[INFO] [stdout] help: there is a method `expect_err` with a similar name
[INFO] [stdout]      |
[INFO] [stdout] 1502 -         .test_expect_err("settlement packet digest must be bound");
[INFO] [stdout] 1502 +         .expect_err("settlement packet digest must be bound");
[INFO] [stdout]      |
[INFO] [stdout] 
[INFO] [stdout] 
[INFO] [stdout] error[E0599]: no method named `test_expect_err` found for enum `Result<T, E>` in the current scope
[INFO] [stdout]     --> tests/commerce_order.rs:1518:10
[INFO] [stdout]      |
[INFO] [stdout] 1517 |     let error = chio_commerce_order::verify_commerce_order(&bundle)
[INFO] [stdout] 1518 |         .test_expect_err("settlement dispatch receipt ref must resolve to signed receipt");
[INFO] [stdout]      |          ^^^^^^^^^^^^^^^
[INFO] [stdout]      |
[INFO] [stdout] help: there is a method `expect_err` with a similar name
[INFO] [stdout]      |
[INFO] [stdout] 1518 -         .test_expect_err("settlement dispatch receipt ref must resolve to signed receipt");
[INFO] [stdout] 1518 +         .expect_err("settlement dispatch receipt ref must resolve to signed receipt");
[INFO] [stdout]      |
[INFO] [stdout] 
[INFO] [stdout] 
[INFO] [stdout] error[E0599]: no method named `test_expect` found for enum `Result<T, E>` in the current scope
[INFO] [stdout]     --> tests/commerce_order.rs:1529:57
[INFO] [stdout]      |
[INFO] [stdout] 1529 |         serde_json::from_slice(&bundle.event_log_bytes).test_expect("event log parses");
[INFO] [stdout]      |                                                         ^^^^^^^^^^^
[INFO] [stdout]      |
[INFO] [stdout] help: there is a method `expect` with a similar name
[INFO] [stdout]      |
[INFO] [stdout] 1529 -         serde_json::from_slice(&bundle.event_log_bytes).test_expect("event log parses");
[INFO] [stdout] 1529 +         serde_json::from_slice(&bundle.event_log_bytes).expect("event log parses");
[INFO] [stdout]      |
[INFO] [stdout] 
[INFO] [stdout] 
[INFO] [stdout] error[E0599]: no method named `test_expect` found for enum `Result<T, E>` in the current scope
[INFO] [stdout]     --> tests/commerce_order.rs:1548:10
[INFO] [stdout]      |
[INFO] [stdout] 1547 |     let canonical = chio_core_types::canonical_json_bytes(&unused_dispatch_event)
[INFO] [stdout] 1548 |         .test_expect("unused dispatch event canonicalizes");
[INFO] [stdout]      |          ^^^^^^^^^^^
[INFO] [stdout]      |
[INFO] [stdout] help: there is a method `expect` with a similar name
[INFO] [stdout]      |
[INFO] [stdout] 1548 -         .test_expect("unused dispatch event canonicalizes");
[INFO] [stdout] 1548 +         .expect("unused dispatch event canonicalizes");
[INFO] [stdout]      |
[INFO] [stdout] 
[INFO] [stdout] 
[INFO] [stdout] error[E0599]: no method named `test_expect_err` found for enum `Result<T, E>` in the current scope
[INFO] [stdout]     --> tests/commerce_order.rs:1559:10
[INFO] [stdout]      |
[INFO] [stdout] 1558 |     let error = chio_commerce_order::verify_commerce_order(&bundle)
[INFO] [stdout] 1559 |         .test_expect_err("settlement packet must bind the replayed dispatch receipt");
[INFO] [stdout]      |          ^^^^^^^^^^^^^^^
[INFO] [stdout]      |
[INFO] [stdout] help: there is a method `expect_err` with a similar name
[INFO] [stdout]      |
[INFO] [stdout] 1559 -         .test_expect_err("settlement packet must bind the replayed dispatch receipt");
[INFO] [stdout] 1559 +         .expect_err("settlement packet must bind the replayed dispatch receipt");
[INFO] [stdout]      |
[INFO] [stdout] 
[INFO] [stdout] 
[INFO] [stdout] error[E0599]: no method named `test_expect_err` found for enum `Result<T, E>` in the current scope
[INFO] [stdout]     --> tests/commerce_order.rs:1574:10
[INFO] [stdout]      |
[INFO] [stdout] 1573 |     let error = chio_commerce_order::verify_commerce_order(&bundle)
[INFO] [stdout] 1574 |         .test_expect_err("settlement packet must bind the order");
[INFO] [stdout]      |          ^^^^^^^^^^^^^^^
[INFO] [stdout]      |
[INFO] [stdout] help: there is a method `expect_err` with a similar name
[INFO] [stdout]      |
[INFO] [stdout] 1574 -         .test_expect_err("settlement packet must bind the order");
[INFO] [stdout] 1574 +         .expect_err("settlement packet must bind the order");
[INFO] [stdout]      |
[INFO] [stdout] 
[INFO] [stdout] 
[INFO] [stdout] error[E0599]: no method named `test_expect_err` found for enum `Result<T, E>` in the current scope
[INFO] [stdout]     --> tests/commerce_order.rs:1589:10
[INFO] [stdout]      |
[INFO] [stdout] 1588 |     let error = chio_commerce_order::verify_commerce_order(&bundle)
[INFO] [stdout] 1589 |         .test_expect_err("settlement packet must bind the payment PSP");
[INFO] [stdout]      |          ^^^^^^^^^^^^^^^
[INFO] [stdout]      |
[INFO] [stdout] help: there is a method `expect_err` with a similar name
[INFO] [stdout]      |
[INFO] [stdout] 1589 -         .test_expect_err("settlement packet must bind the payment PSP");
[INFO] [stdout] 1589 +         .expect_err("settlement packet must bind the payment PSP");
[INFO] [stdout]      |
[INFO] [stdout] 
[INFO] [stdout] 
[INFO] [stdout] error[E0599]: no method named `test_expect` found for enum `Option<T>` in the current scope
[INFO] [stdout]     --> tests/commerce_order.rs:1600:14
[INFO] [stdout]      |
[INFO] [stdout] 1598 |         let events = event_log["events"]
[INFO] [stdout] 1599 |             .as_array_mut()
[INFO] [stdout] 1600 |             .test_expect("event log events array");
[INFO] [stdout]      |              ^^^^^^^^^^^
[INFO] [stdout]      |
[INFO] [stdout] help: there is a method `expect` with a similar name
[INFO] [stdout]      |
[INFO] [stdout] 1600 -             .test_expect("event log events array");
[INFO] [stdout] 1600 +             .expect("event log events array");
[INFO] [stdout]      |
[INFO] [stdout] 
[INFO] [stdout] 
[INFO] [stdout] error[E0599]: no method named `test_expect_err` found for enum `Result<T, E>` in the current scope
[INFO] [stdout]     --> tests/commerce_order.rs:1609:10
[INFO] [stdout]      |
[INFO] [stdout] 1608 |     let error = chio_commerce_order::verify_commerce_order(&bundle)
[INFO] [stdout] 1609 |         .test_expect_err("reconciliation event bound to wrong evidence must fail");
[INFO] [stdout]      |          ^^^^^^^^^^^^^^^
[INFO] [stdout]      |
[INFO] [stdout] help: there is a method `expect_err` with a similar name
[INFO] [stdout]      |
[INFO] [stdout] 1609 -         .test_expect_err("reconciliation event bound to wrong evidence must fail");
[INFO] [stdout] 1609 +         .expect_err("reconciliation event bound to wrong evidence must fail");
[INFO] [stdout]      |
[INFO] [stdout] 
[INFO] [stdout] 
[INFO] [stdout] error[E0599]: no method named `test_expect_err` found for enum `Result<T, E>` in the current scope
[INFO] [stdout]     --> tests/commerce_order.rs:1621:10
[INFO] [stdout]      |
[INFO] [stdout] 1620 |     let error = chio_commerce_order::verify_commerce_order(&bundle)
[INFO] [stdout] 1621 |         .test_expect_err("expired mandate must fail");
[INFO] [stdout]      |          ^^^^^^^^^^^^^^^
[INFO] [stdout]      |
[INFO] [stdout] help: there is a method `expect_err` with a similar name
[INFO] [stdout]      |
[INFO] [stdout] 1621 -         .test_expect_err("expired mandate must fail");
[INFO] [stdout] 1621 +         .expect_err("expired mandate must fail");
[INFO] [stdout]      |
[INFO] [stdout] 
[INFO] [stdout] 
[INFO] [stdout] error[E0599]: no method named `test_expect_err` found for enum `Result<T, E>` in the current scope
[INFO] [stdout]     --> tests/commerce_order.rs:1633:10
[INFO] [stdout]      |
[INFO] [stdout] 1632 |     let error = chio_commerce_order::verify_commerce_order(&bundle)
[INFO] [stdout] 1633 |         .test_expect_err("completed order with open dispute must fail");
[INFO] [stdout]      |          ^^^^^^^^^^^^^^^
[INFO] [stdout]      |
[INFO] [stdout] help: there is a method `expect_err` with a similar name
[INFO] [stdout]      |
[INFO] [stdout] 1633 -         .test_expect_err("completed order with open dispute must fail");
[INFO] [stdout] 1633 +         .expect_err("completed order with open dispute must fail");
[INFO] [stdout]      |
[INFO] [stdout] 
[INFO] [stdout] 
[INFO] [stdout] error[E0599]: no method named `test_expect_err` found for enum `Result<T, E>` in the current scope
[INFO] [stdout]     --> tests/commerce_order.rs:1654:10
[INFO] [stdout]      |
[INFO] [stdout] 1653 |     let error = chio_commerce_order::verify_commerce_order(&bundle)
[INFO] [stdout] 1654 |         .test_expect_err("quote event bound to wrong quote must fail");
[INFO] [stdout]      |          ^^^^^^^^^^^^^^^
[INFO] [stdout]      |
[INFO] [stdout] help: there is a method `expect_err` with a similar name
[INFO] [stdout]      |
[INFO] [stdout] 1654 -         .test_expect_err("quote event bound to wrong quote must fail");
[INFO] [stdout] 1654 +         .expect_err("quote event bound to wrong quote must fail");
[INFO] [stdout]      |
[INFO] [stdout] 
[INFO] [stdout] 
[INFO] [stdout] error[E0599]: no method named `test_expect_err` found for enum `Result<T, E>` in the current scope
[INFO] [stdout]     --> tests/commerce_order.rs:1670:10
[INFO] [stdout]      |
[INFO] [stdout] 1669 |     let error = chio_commerce_order::verify_commerce_order(&bundle)
[INFO] [stdout] 1670 |         .test_expect_err("unknown payment recovery status must fail closed");
[INFO] [stdout]      |          ^^^^^^^^^^^^^^^
[INFO] [stdout]      |
[INFO] [stdout] help: there is a method `expect_err` with a similar name
[INFO] [stdout]      |
[INFO] [stdout] 1670 -         .test_expect_err("unknown payment recovery status must fail closed");
[INFO] [stdout] 1670 +         .expect_err("unknown payment recovery status must fail closed");
[INFO] [stdout]      |
[INFO] [stdout] 
[INFO] [stdout] 
[INFO] [stdout] error[E0599]: no method named `test_expect_err` found for enum `Result<T, E>` in the current scope
[INFO] [stdout]     --> tests/commerce_order.rs:1684:10
[INFO] [stdout]      |
[INFO] [stdout] 1683 |     let error = chio_commerce_order::verify_commerce_order(&bundle)
[INFO] [stdout] 1684 |         .test_expect_err("refunded payment must not verify before completion");
[INFO] [stdout]      |          ^^^^^^^^^^^^^^^
[INFO] [stdout]      |
[INFO] [stdout] help: there is a method `expect_err` with a similar name
[INFO] [stdout]      |
[INFO] [stdout] 1684 -         .test_expect_err("refunded payment must not verify before completion");
[INFO] [stdout] 1684 +         .expect_err("refunded payment must not verify before completion");
[INFO] [stdout]      |
[INFO] [stdout] 
[INFO] [stdout] 
[INFO] [stdout] Some errors have detailed explanations: E0433, E0599.
[INFO] [stdout] 
[INFO] [stdout] For more information about an error, try `rustc --explain E0433`.
[INFO] [stdout] 
[INFO] [stderr] error: could not compile `chio-commerce-order` (test "commerce_order") due to 122 previous errors
[INFO] running `Command { std: "docker" "inspect" "8727d11eb23c5c06208289cef0d75b5bc917c39c3cc794fbd998a42c73414663", kill_on_drop: false }`
[INFO] running `Command { std: "docker" "rm" "-f" "8727d11eb23c5c06208289cef0d75b5bc917c39c3cc794fbd998a42c73414663", kill_on_drop: false }`
[INFO] [stdout] 8727d11eb23c5c06208289cef0d75b5bc917c39c3cc794fbd998a42c73414663
