[INFO] fetching crate chio-binding-helpers 0.1.2...
[INFO] checking chio-binding-helpers-0.1.2 against 3154cc1a3e6424e44f438a95007d043ed5ceaaf6 for pr-133502-30
[INFO] extracting crate chio-binding-helpers 0.1.2 into /workspace/builds/worker-2-tc2/source
[INFO] started tweaking crates.io crate chio-binding-helpers 0.1.2
[INFO] removed 0 missing tests
[INFO] finished tweaking crates.io crate chio-binding-helpers 0.1.2
[INFO] tweaked toml for crates.io crate chio-binding-helpers 0.1.2 written to /workspace/builds/worker-2-tc2/source/Cargo.toml
[INFO] validating manifest of crates.io crate chio-binding-helpers 0.1.2 on toolchain 3154cc1a3e6424e44f438a95007d043ed5ceaaf6
[INFO] running `Command { std: CARGO_HOME="/workspace/cargo-home" RUSTUP_HOME="/workspace/rustup-home" "/workspace/cargo-home/bin/cargo" "+3154cc1a3e6424e44f438a95007d043ed5ceaaf6" "metadata" "--manifest-path" "Cargo.toml" "--no-deps", kill_on_drop: false }`
[INFO] crate crates.io crate chio-binding-helpers 0.1.2 already has a lockfile, it will not be regenerated
[INFO] running `Command { std: CARGO_HOME="/workspace/cargo-home" RUSTUP_HOME="/workspace/rustup-home" "/workspace/cargo-home/bin/cargo" "+3154cc1a3e6424e44f438a95007d043ed5ceaaf6" "fetch" "--manifest-path" "Cargo.toml", kill_on_drop: false }`
[INFO] running `Command { std: "docker" "create" "-v" "/var/lib/crater-agent-workspace/builds/worker-2-tc2/source:/opt/rustwide/workdir:ro,Z" "-v" "/var/lib/crater-agent-workspace/builds/worker-2-tc2/target:/opt/rustwide/target:rw,Z" "-v" "/var/lib/crater-agent-workspace/cargo-home:/opt/rustwide/cargo-home:ro,Z" "-v" "/var/lib/crater-agent-workspace/rustup-home:/opt/rustwide/rustup-home:ro,Z" "-m" "1610612736" "--network" "none" "ghcr.io/rust-lang/crates-build-env/linux@sha256:77db811e55d90add9212f6832c23229e3de5f1c1f9905e8cb07319ea15df73ac" "sleep" "infinity", kill_on_drop: false }`
[INFO] [stdout] f62226fb66292c5d70af63334c61453fb346ff12b31b8c0972e2b8e0f652107a
[INFO] running `Command { std: "docker" "start" "f62226fb66292c5d70af63334c61453fb346ff12b31b8c0972e2b8e0f652107a", kill_on_drop: false }`
[INFO] running `Command { std: "docker" "inspect" "f62226fb66292c5d70af63334c61453fb346ff12b31b8c0972e2b8e0f652107a", kill_on_drop: false }`
[INFO] running `Command { std: "docker" "exec" "-e" "SOURCE_DIR=/opt/rustwide/workdir" "-e" "CARGO_HOME=/opt/rustwide/cargo-home" "-e" "RUSTUP_HOME=/opt/rustwide/rustup-home" "-e" "CARGO_TARGET_DIR=/opt/rustwide/target" "-w" "/opt/rustwide/workdir" "--user" "0:0" "f62226fb66292c5d70af63334c61453fb346ff12b31b8c0972e2b8e0f652107a" "/opt/rustwide/cargo-home/bin/cargo" "+3154cc1a3e6424e44f438a95007d043ed5ceaaf6" "metadata" "--no-deps" "--format-version=1", kill_on_drop: false }`
[INFO] running `Command { std: "docker" "inspect" "f62226fb66292c5d70af63334c61453fb346ff12b31b8c0972e2b8e0f652107a", kill_on_drop: false }`
[INFO] running `Command { std: "docker" "exec" "-e" "SOURCE_DIR=/opt/rustwide/workdir" "-e" "CARGO_HOME=/opt/rustwide/cargo-home" "-e" "RUSTUP_HOME=/opt/rustwide/rustup-home" "-e" "CARGO_TARGET_DIR=/opt/rustwide/target" "-e" "CARGO_INCREMENTAL=0" "-e" "RUST_BACKTRACE=full" "-e" "RUSTFLAGS=--cap-lints=forbid" "-e" "RUSTDOCFLAGS=--cap-lints=forbid" "-w" "/opt/rustwide/workdir" "--user" "0:0" "f62226fb66292c5d70af63334c61453fb346ff12b31b8c0972e2b8e0f652107a" "/opt/rustwide/cargo-home/bin/cargo" "+3154cc1a3e6424e44f438a95007d043ed5ceaaf6" "check" "--frozen" "--all" "--all-targets" "--message-format=json", kill_on_drop: false }`
[INFO] [stderr]    Compiling libc v0.2.183
[INFO] [stderr]    Compiling serde_json v1.0.149
[INFO] [stderr]    Compiling curve25519-dalek v4.1.3
[INFO] [stderr]     Checking percent-encoding v2.3.2
[INFO] [stderr]     Checking memchr v2.8.0
[INFO] [stderr]    Compiling heapless v0.7.17
[INFO] [stderr]     Checking either v1.15.0
[INFO] [stderr]     Checking const-crc32-nostd v1.3.1
[INFO] [stderr]    Compiling zerovec-derive v0.11.2
[INFO] [stderr]    Compiling zeroize_derive v1.5.0
[INFO] [stderr]    Compiling curve25519-dalek-derive v0.1.1
[INFO] [stderr]    Compiling zerofrom-derive v0.1.6
[INFO] [stderr]    Compiling yoke-derive v0.8.1
[INFO] [stderr]     Checking serde v1.0.228
[INFO] [stderr]     Checking thiserror v2.0.18
[INFO] [stderr]     Checking hash32 v0.2.1
[INFO] [stderr]    Compiling derive-getters v0.5.0
[INFO] [stderr]    Compiling visibility v0.1.1
[INFO] [stderr]     Checking cobs v0.3.0
[INFO] [stderr]     Checking rs_merkle v1.5.0
[INFO] [stderr]     Checking form_urlencoded v1.2.2
[INFO] [stderr]    Compiling unicode-segmentation v1.13.2
[INFO] [stderr]     Checking chio-metrics-spec v0.1.2
[INFO] [stderr]     Checking keccak v0.1.6
[INFO] [stderr]     Checking ruint v1.20.0
[INFO] [stderr]     Checking const-hex v1.18.1
[INFO] [stderr]     Checking itertools v0.14.0
[INFO] [stderr]     Checking sha3 v0.10.8
[INFO] [stderr]     Checking bytes v1.11.1
[INFO] [stderr]     Checking rustc-hash v2.1.1
[INFO] [stderr]     Checking zeroize v1.9.0
[INFO] [stderr]    Compiling convert_case v0.10.0
[INFO] [stderr]     Checking serdect v0.2.0
[INFO] [stderr]    Compiling derive_more-impl v2.1.1
[INFO] [stderr]     Checking zerofrom v0.1.6
[INFO] [stderr]     Checking yoke v0.8.1
[INFO] [stderr]     Checking zerovec v0.11.5
[INFO] [stderr]     Checking zerotrie v0.2.3
[INFO] [stderr]     Checking getrandom v0.2.17
[INFO] [stderr]     Checking rand_core v0.6.4
[INFO] [stderr]     Checking postcard v1.1.3
[INFO] [stderr]     Checking frost-core v3.0.0
[INFO] [stderr]     Checking tinystr v0.8.2
[INFO] [stderr]     Checking potential_utf v0.1.4
[INFO] [stderr]     Checking icu_collections v2.1.1
[INFO] [stderr]     Checking icu_locale_core v2.1.1
[INFO] [stderr]     Checking ed25519-dalek v2.2.0
[INFO] [stderr]     Checking icu_provider v2.1.1
[INFO] [stderr]     Checking frost-rerandomized v3.0.0
[INFO] [stderr]     Checking icu_normalizer v2.1.1
[INFO] [stderr]     Checking icu_properties v2.1.2
[INFO] [stderr]     Checking frost-ed25519 v3.0.0
[INFO] [stderr]     Checking idna_adapter v1.2.1
[INFO] [stderr]     Checking derive_more v2.1.1
[INFO] [stderr]     Checking idna v1.1.0
[INFO] [stderr]     Checking alloy-primitives v1.5.7
[INFO] [stderr]     Checking url v2.5.8
[INFO] [stderr]     Checking chio-core-types v0.1.2
[INFO] [stderr]     Checking chio-listing v0.1.2
[INFO] [stderr]     Checking chio-pheromone v0.1.2
[INFO] [stderr]     Checking chio-revocation-oracle v0.1.2
[INFO] [stderr]     Checking chio-did v0.1.2
[INFO] [stderr]     Checking chio-fincred v0.1.2
[INFO] [stderr]     Checking chio-fiscal v0.1.2
[INFO] [stderr]     Checking chio-governance v0.1.2
[INFO] [stderr]     Checking chio-appraisal v0.1.2
[INFO] [stderr]     Checking chio-open-market v0.1.2
[INFO] [stderr]     Checking chio-federation v0.1.2
[INFO] [stderr]     Checking chio-underwriting v0.1.2
[INFO] [stderr]     Checking chio-credit v0.1.2
[INFO] [stderr]     Checking chio-web3 v0.1.2
[INFO] [stderr]     Checking chio-market v0.1.2
[INFO] [stderr]     Checking chio-autonomy v0.1.2
[INFO] [stderr]     Checking chio-core v0.1.2
[INFO] [stderr]     Checking chio-manifest v0.1.2
[INFO] [stderr]     Checking chio-binding-helpers v0.1.2 (/opt/rustwide/workdir)
[INFO] [stdout] error[E0433]: cannot find module or crate `chio_test_support` in this scope
[INFO] [stdout]   --> tests/vector_fixtures.rs:38:5
[INFO] [stdout]    |
[INFO] [stdout] 38 | use chio_test_support::ctx::TestUnwrap;
[INFO] [stdout]    |     ^^^^^^^^^^^^^^^^^ use of unresolved module or unlinked crate `chio_test_support`
[INFO] [stdout]    |
[INFO] [stdout]    = help: if you wanted to use a crate named `chio_test_support`, use `cargo add chio_test_support` to add it to your `Cargo.toml`
[INFO] [stdout] 
[INFO] [stdout] 
[INFO] [stdout] error[E0599]: no method named `test_unwrap` found for enum `Option<T>` in the current scope
[INFO] [stdout]   --> tests/vector_fixtures.rs:45:10
[INFO] [stdout]    |
[INFO] [stdout] 41 |     Path::new(env!("CARGO_MANIFEST_DIR"))
[INFO] [stdout] 42 |         .parent()
[INFO] [stdout] 43 |         .and_then(Path::parent)
[INFO] [stdout] 44 |         .and_then(Path::parent)
[INFO] [stdout] 45 |         .test_unwrap("crate is nested under repo root")
[INFO] [stdout]    |          ^^^^^^^^^^^
[INFO] [stdout]    |
[INFO] [stdout] help: there is a method `unwrap` with a similar name, but with different arguments
[INFO] [stdout]   --> /rustc/3154cc1a3e6424e44f438a95007d043ed5ceaaf6/library/core/src/option.rs:1013:4
[INFO] [stdout] 
[INFO] [stdout] 
[INFO] [stdout] error[E0599]: no method named `test_unwrap` found for enum `Result<T, E>` in the current scope
[INFO] [stdout]   --> tests/vector_fixtures.rs:74:60
[INFO] [stdout]    |
[INFO] [stdout] 74 |     let mut rendered = serde_json::to_string_pretty(value).test_unwrap("serialize fixture");
[INFO] [stdout]    |                                                            ^^^^^^^^^^^
[INFO] [stdout]    |
[INFO] [stdout] help: there is a method `unwrap` with a similar name, but with different arguments
[INFO] [stdout]   --> /rustc/3154cc1a3e6424e44f438a95007d043ed5ceaaf6/library/core/src/result.rs:1226:4
[INFO] [stdout] 
[INFO] [stdout] 
[INFO] [stdout] error[E0599]: no method named `test_unwrap` found for enum `Result<T, E>` in the current scope
[INFO] [stdout]    --> tests/vector_fixtures.rs:221:38
[INFO] [stdout]     |
[INFO] [stdout] 221 |     body.id = chio_receipt_id(&body).test_unwrap(context);
[INFO] [stdout]     |                                      ^^^^^^^^^^^
[INFO] [stdout]     |
[INFO] [stdout] help: there is a method `unwrap` with a similar name, but with different arguments
[INFO] [stdout]    --> /rustc/3154cc1a3e6424e44f438a95007d043ed5ceaaf6/library/core/src/result.rs:1226:4
[INFO] [stdout] 
[INFO] [stdout] 
[INFO] [stdout] error[E0599]: no method named `test_unwrap` found for enum `Result<T, E>` in the current scope
[INFO] [stdout]    --> tests/vector_fixtures.rs:224:10
[INFO] [stdout]     |
[INFO] [stdout] 222 |     let (signature, _bytes) = keypair
[INFO] [stdout] 223 |         .sign_canonical(&body)
[INFO] [stdout] 224 |         .test_unwrap("sign invalid semantic receipt fixture");
[INFO] [stdout]     |          ^^^^^^^^^^^
[INFO] [stdout]     |
[INFO] [stdout] help: there is a method `unwrap` with a similar name, but with different arguments
[INFO] [stdout]    --> /rustc/3154cc1a3e6424e44f438a95007d043ed5ceaaf6/library/core/src/result.rs:1226:4
[INFO] [stdout] 
[INFO] [stdout] 
[INFO] [stdout] error[E0599]: no method named `test_unwrap` found for enum `Result<T, E>` in the current scope
[INFO] [stdout]    --> tests/vector_fixtures.rs:261:6
[INFO] [stdout]     |
[INFO] [stdout] 257 |     let allow_action = ToolCallAction::from_parameters(json!({
[INFO] [stdout] 258 |         "path": "/workspace/docs/roadmap.md",
[INFO] [stdout] 259 |         "mode": "read"
[INFO] [stdout] 260 |     }))
[INFO] [stdout] 261 |     .test_unwrap("allow action");
[INFO] [stdout]     |      ^^^^^^^^^^^
[INFO] [stdout]     |
[INFO] [stdout] help: there is a method `unwrap` with a similar name, but with different arguments
[INFO] [stdout]    --> /rustc/3154cc1a3e6424e44f438a95007d043ed5ceaaf6/library/core/src/result.rs:1226:4
[INFO] [stdout] 
[INFO] [stdout] 
[INFO] [stdout] error[E0599]: no method named `test_unwrap` found for enum `Result<T, E>` in the current scope
[INFO] [stdout]    --> tests/vector_fixtures.rs:271:6
[INFO] [stdout]     |
[INFO] [stdout] 262 |     let allow_receipt = ChioReceipt::sign(
[INFO] [stdout] 263 |         base_receipt_body(
[INFO] [stdout] 264 |             "rcpt-bindings-allow",
[INFO] [stdout] 265 |             allow_action,
[INFO] [stdout] 266 |             Decision::Allow,
[INFO] [stdout] 267 |             &keypair,
[INFO] [stdout] 268 |         ),
[INFO] [stdout] 269 |         &keypair,
[INFO] [stdout] 270 |     )
[INFO] [stdout] 271 |     .test_unwrap("allow receipt");
[INFO] [stdout]     |      ^^^^^^^^^^^
[INFO] [stdout]     |
[INFO] [stdout] help: there is a method `unwrap` with a similar name, but with different arguments
[INFO] [stdout]    --> /rustc/3154cc1a3e6424e44f438a95007d043ed5ceaaf6/library/core/src/result.rs:1226:4
[INFO] [stdout] 
[INFO] [stdout] 
[INFO] [stdout] error[E0599]: no method named `test_unwrap` found for enum `Result<T, E>` in the current scope
[INFO] [stdout]    --> tests/vector_fixtures.rs:272:61
[INFO] [stdout]     |
[INFO] [stdout] 272 |     let allow_verification = verify_receipt(&allow_receipt).test_unwrap("allow verification");
[INFO] [stdout]     |                                                             ^^^^^^^^^^^
[INFO] [stdout]     |
[INFO] [stdout] help: there is a method `unwrap` with a similar name, but with different arguments
[INFO] [stdout]    --> /rustc/3154cc1a3e6424e44f438a95007d043ed5ceaaf6/library/core/src/result.rs:1226:4
[INFO] [stdout] 
[INFO] [stdout] 
[INFO] [stdout] error[E0599]: no method named `test_unwrap` found for enum `Result<T, E>` in the current scope
[INFO] [stdout]    --> tests/vector_fixtures.rs:278:6
[INFO] [stdout]     |
[INFO] [stdout] 274 |     let deny_action = ToolCallAction::from_parameters(json!({
[INFO] [stdout] 275 |         "path": "/etc/shadow",
[INFO] [stdout] 276 |         "mode": "read"
[INFO] [stdout] 277 |     }))
[INFO] [stdout] 278 |     .test_unwrap("deny action");
[INFO] [stdout]     |      ^^^^^^^^^^^
[INFO] [stdout]     |
[INFO] [stdout] help: there is a method `unwrap` with a similar name, but with different arguments
[INFO] [stdout]    --> /rustc/3154cc1a3e6424e44f438a95007d043ed5ceaaf6/library/core/src/result.rs:1226:4
[INFO] [stdout] 
[INFO] [stdout] 
[INFO] [stdout] error[E0599]: no method named `test_unwrap` found for enum `Result<T, E>` in the current scope
[INFO] [stdout]    --> tests/vector_fixtures.rs:291:6
[INFO] [stdout]     |
[INFO] [stdout] 279 |     let deny_receipt = ChioReceipt::sign(
[INFO] [stdout] 280 |         base_receipt_body(
[INFO] [stdout] 281 |             "rcpt-bindings-deny",
[INFO] [stdout] 282 |             deny_action,
[INFO] [stdout] 283 |             Decision::Deny {
[INFO] [stdout] 284 |                 reason: "path is forbidden".to_string(),
[INFO] [stdout] 285 |                 guard: "ForbiddenPathGuard".to_string(),
[INFO] [stdout] 286 |             },
[INFO] [stdout] 287 |             &keypair,
[INFO] [stdout] 288 |         ),
[INFO] [stdout] 289 |         &keypair,
[INFO] [stdout] 290 |     )
[INFO] [stdout] 291 |     .test_unwrap("deny receipt");
[INFO] [stdout]     |      ^^^^^^^^^^^
[INFO] [stdout]     |
[INFO] [stdout] help: there is a method `unwrap` with a similar name, but with different arguments
[INFO] [stdout]    --> /rustc/3154cc1a3e6424e44f438a95007d043ed5ceaaf6/library/core/src/result.rs:1226:4
[INFO] [stdout] 
[INFO] [stdout] 
[INFO] [stdout] error[E0599]: no method named `test_unwrap` found for enum `Result<T, E>` in the current scope
[INFO] [stdout]    --> tests/vector_fixtures.rs:292:59
[INFO] [stdout]     |
[INFO] [stdout] 292 |     let deny_verification = verify_receipt(&deny_receipt).test_unwrap("deny verification");
[INFO] [stdout]     |                                                           ^^^^^^^^^^^
[INFO] [stdout]     |
[INFO] [stdout] help: there is a method `unwrap` with a similar name, but with different arguments
[INFO] [stdout]    --> /rustc/3154cc1a3e6424e44f438a95007d043ed5ceaaf6/library/core/src/result.rs:1226:4
[INFO] [stdout] 
[INFO] [stdout] 
[INFO] [stdout] error[E0599]: no method named `test_unwrap` found for enum `Result<T, E>` in the current scope
[INFO] [stdout]    --> tests/vector_fixtures.rs:298:6
[INFO] [stdout]     |
[INFO] [stdout] 294 |     let mut invalid_hash_action = ToolCallAction::from_parameters(json!({
[INFO] [stdout] 295 |         "path": "/workspace/docs/private.md",
[INFO] [stdout] 296 |         "mode": "read"
[INFO] [stdout] 297 |     }))
[INFO] [stdout] 298 |     .test_unwrap("invalid hash action");
[INFO] [stdout]     |      ^^^^^^^^^^^
[INFO] [stdout]     |
[INFO] [stdout] help: there is a method `unwrap` with a similar name, but with different arguments
[INFO] [stdout]    --> /rustc/3154cc1a3e6424e44f438a95007d043ed5ceaaf6/library/core/src/result.rs:1226:4
[INFO] [stdout] 
[INFO] [stdout] 
[INFO] [stdout] error[E0599]: no method named `test_unwrap` found for enum `Result<T, E>` in the current scope
[INFO] [stdout]    --> tests/vector_fixtures.rs:310:6
[INFO] [stdout]     |
[INFO] [stdout] 301 |     let invalid_hash_receipt = ChioReceipt::sign(
[INFO] [stdout] 302 |         base_receipt_body(
[INFO] [stdout] 303 |             "rcpt-bindings-invalid-hash",
[INFO] [stdout] 304 |             invalid_hash_action,
[INFO] [stdout] 305 |             Decision::Allow,
[INFO] [stdout] 306 |             &keypair,
[INFO] [stdout] 307 |         ),
[INFO] [stdout] 308 |         &keypair,
[INFO] [stdout] 309 |     )
[INFO] [stdout] 310 |     .test_unwrap("invalid hash receipt");
[INFO] [stdout]     |      ^^^^^^^^^^^
[INFO] [stdout]     |
[INFO] [stdout] help: there is a method `unwrap` with a similar name, but with different arguments
[INFO] [stdout]    --> /rustc/3154cc1a3e6424e44f438a95007d043ed5ceaaf6/library/core/src/result.rs:1226:4
[INFO] [stdout] 
[INFO] [stdout] 
[INFO] [stdout] error[E0599]: no method named `test_unwrap` found for enum `Result<T, E>` in the current scope
[INFO] [stdout]    --> tests/vector_fixtures.rs:312:47
[INFO] [stdout]     |
[INFO] [stdout] 312 |         verify_receipt(&invalid_hash_receipt).test_unwrap("invalid hash verification");
[INFO] [stdout]     |                                               ^^^^^^^^^^^
[INFO] [stdout]     |
[INFO] [stdout] help: there is a method `unwrap` with a similar name, but with different arguments
[INFO] [stdout]    --> /rustc/3154cc1a3e6424e44f438a95007d043ed5ceaaf6/library/core/src/result.rs:1226:4
[INFO] [stdout] 
[INFO] [stdout] 
[INFO] [stdout] error[E0599]: no method named `test_unwrap` found for enum `Result<T, E>` in the current scope
[INFO] [stdout]    --> tests/vector_fixtures.rs:321:14
[INFO] [stdout]     |
[INFO] [stdout] 317 |             ToolCallAction::from_parameters(json!({
[INFO] [stdout] 318 |                 "path": "/workspace/docs/roadmap.md",
[INFO] [stdout] 319 |                 "mode": "read"
[INFO] [stdout] 320 |             }))
[INFO] [stdout] 321 |             .test_unwrap("invalid signature action"),
[INFO] [stdout]     |              ^^^^^^^^^^^
[INFO] [stdout]     |
[INFO] [stdout] help: there is a method `unwrap` with a similar name, but with different arguments
[INFO] [stdout]    --> /rustc/3154cc1a3e6424e44f438a95007d043ed5ceaaf6/library/core/src/result.rs:1226:4
[INFO] [stdout] 
[INFO] [stdout] 
[INFO] [stdout] error[E0599]: no method named `test_unwrap` found for enum `Result<T, E>` in the current scope
[INFO] [stdout]    --> tests/vector_fixtures.rs:327:6
[INFO] [stdout]     |
[INFO] [stdout] 314 |     let mut invalid_signature_receipt = ChioReceipt::sign(
[INFO] [stdout] 315 |         base_receipt_body(
[INFO] [stdout] 316 |             "rcpt-bindings-invalid-signature",
[INFO] [stdout] 317 |             ToolCallAction::from_parameters(json!({
[INFO] [stdout] 318 |                 "path": "/workspace/docs/roadmap.md",
[INFO] [stdout] 319 |                 "mode": "read"
[INFO] [stdout] 320 |             }))
[INFO] [stdout] 321 |             .test_unwrap("invalid signature action"),
[INFO] [stdout] 322 |             Decision::Allow,
[INFO] [stdout] 323 |             &keypair,
[INFO] [stdout] 324 |         ),
[INFO] [stdout] 325 |         &keypair,
[INFO] [stdout] 326 |     )
[INFO] [stdout] 327 |     .test_unwrap("invalid signature receipt");
[INFO] [stdout]     |      ^^^^^^^^^^^
[INFO] [stdout]     |
[INFO] [stdout] help: there is a method `unwrap` with a similar name, but with different arguments
[INFO] [stdout]    --> /rustc/3154cc1a3e6424e44f438a95007d043ed5ceaaf6/library/core/src/result.rs:1226:4
[INFO] [stdout] 
[INFO] [stdout] 
[INFO] [stdout] error[E0599]: no method named `test_unwrap` found for enum `Result<T, E>` in the current scope
[INFO] [stdout]    --> tests/vector_fixtures.rs:330:52
[INFO] [stdout]     |
[INFO] [stdout] 330 |         verify_receipt(&invalid_signature_receipt).test_unwrap("invalid signature verification");
[INFO] [stdout]     |                                                    ^^^^^^^^^^^
[INFO] [stdout]     |
[INFO] [stdout] help: there is a method `unwrap` with a similar name, but with different arguments
[INFO] [stdout]    --> /rustc/3154cc1a3e6424e44f438a95007d043ed5ceaaf6/library/core/src/result.rs:1226:4
[INFO] [stdout] 
[INFO] [stdout] 
[INFO] [stdout] error[E0599]: no method named `test_unwrap` found for enum `Result<T, E>` in the current scope
[INFO] [stdout]    --> tests/vector_fixtures.rs:339:14
[INFO] [stdout]     |
[INFO] [stdout] 335 |             ToolCallAction::from_parameters(json!({
[INFO] [stdout] 336 |                 "path": "/workspace/docs/roadmap.md",
[INFO] [stdout] 337 |                 "mode": "read"
[INFO] [stdout] 338 |             }))
[INFO] [stdout] 339 |             .test_unwrap("trace action"),
[INFO] [stdout]     |              ^^^^^^^^^^^
[INFO] [stdout]     |
[INFO] [stdout] help: there is a method `unwrap` with a similar name, but with different arguments
[INFO] [stdout]    --> /rustc/3154cc1a3e6424e44f438a95007d043ed5ceaaf6/library/core/src/result.rs:1226:4
[INFO] [stdout] 
[INFO] [stdout] 
[INFO] [stdout] error[E0599]: no method named `test_unwrap` found for enum `Result<T, E>` in the current scope
[INFO] [stdout]    --> tests/vector_fixtures.rs:348:6
[INFO] [stdout]     |
[INFO] [stdout] 332 |     let trace_receipt = ChioReceipt::sign(
[INFO] [stdout] 333 |         observation_receipt_body(
[INFO] [stdout] 334 |             "rcpt-bindings-trace",
[INFO] [stdout] 335 |             ToolCallAction::from_parameters(json!({
[INFO] [stdout] 336 |                 "path": "/workspace/docs/roadmap.md",
[INFO] [stdout] 337 |                 "mode": "read"
[INFO] [stdout] 338 |             }))
[INFO] [stdout] 339 |             .test_unwrap("trace action"),
[INFO] [stdout] 340 |             ReceiptKind::TraceObservation,
[INFO] [stdout] 341 |             BoundaryClass::DetectOnly,
[INFO] [stdout] 342 |             ObservationOutcome::Observed,
[INFO] [stdout] 343 |             TrustLevel::Verified,
[INFO] [stdout] 344 |             &keypair,
[INFO] [stdout] 345 |         ),
[INFO] [stdout] 346 |         &keypair,
[INFO] [stdout] 347 |     )
[INFO] [stdout] 348 |     .test_unwrap("trace observation receipt");
[INFO] [stdout]     |      ^^^^^^^^^^^
[INFO] [stdout]     |
[INFO] [stdout] help: there is a method `unwrap` with a similar name, but with different arguments
[INFO] [stdout]    --> /rustc/3154cc1a3e6424e44f438a95007d043ed5ceaaf6/library/core/src/result.rs:1226:4
[INFO] [stdout] 
[INFO] [stdout] 
[INFO] [stdout] error[E0599]: no method named `test_unwrap` found for enum `Result<T, E>` in the current scope
[INFO] [stdout]    --> tests/vector_fixtures.rs:349:61
[INFO] [stdout]     |
[INFO] [stdout] 349 |     let trace_verification = verify_receipt(&trace_receipt).test_unwrap("trace verification");
[INFO] [stdout]     |                                                             ^^^^^^^^^^^
[INFO] [stdout]     |
[INFO] [stdout] help: there is a method `unwrap` with a similar name, but with different arguments
[INFO] [stdout]    --> /rustc/3154cc1a3e6424e44f438a95007d043ed5ceaaf6/library/core/src/result.rs:1226:4
[INFO] [stdout] 
[INFO] [stdout] 
[INFO] [stdout] error[E0599]: no method named `test_unwrap` found for enum `Result<T, E>` in the current scope
[INFO] [stdout]    --> tests/vector_fixtures.rs:358:14
[INFO] [stdout]     |
[INFO] [stdout] 354 |             ToolCallAction::from_parameters(json!({
[INFO] [stdout] 355 |                 "path": "/workspace/docs/private.md",
[INFO] [stdout] 356 |                 "mode": "read"
[INFO] [stdout] 357 |             }))
[INFO] [stdout] 358 |             .test_unwrap("advisory action"),
[INFO] [stdout]     |              ^^^^^^^^^^^
[INFO] [stdout]     |
[INFO] [stdout] help: there is a method `unwrap` with a similar name, but with different arguments
[INFO] [stdout]    --> /rustc/3154cc1a3e6424e44f438a95007d043ed5ceaaf6/library/core/src/result.rs:1226:4
[INFO] [stdout] 
[INFO] [stdout] 
[INFO] [stdout] error[E0599]: no method named `test_unwrap` found for enum `Result<T, E>` in the current scope
[INFO] [stdout]    --> tests/vector_fixtures.rs:367:6
[INFO] [stdout]     |
[INFO] [stdout] 351 |     let advisory_receipt = ChioReceipt::sign(
[INFO] [stdout] 352 |         observation_receipt_body(
[INFO] [stdout] 353 |             "rcpt-bindings-advisory",
[INFO] [stdout] 354 |             ToolCallAction::from_parameters(json!({
[INFO] [stdout] 355 |                 "path": "/workspace/docs/private.md",
[INFO] [stdout] 356 |                 "mode": "read"
[INFO] [stdout] 357 |             }))
[INFO] [stdout] 358 |             .test_unwrap("advisory action"),
[INFO] [stdout] 359 |             ReceiptKind::AdvisoryEvaluation,
[INFO] [stdout] 360 |             BoundaryClass::AdvisoryOnly,
[INFO] [stdout] 361 |             ObservationOutcome::Evaluated,
[INFO] [stdout] 362 |             TrustLevel::Advisory,
[INFO] [stdout] 363 |             &keypair,
[INFO] [stdout] 364 |         ),
[INFO] [stdout] 365 |         &keypair,
[INFO] [stdout] 366 |     )
[INFO] [stdout] 367 |     .test_unwrap("advisory evaluation receipt");
[INFO] [stdout]     |      ^^^^^^^^^^^
[INFO] [stdout]     |
[INFO] [stdout] help: there is a method `unwrap` with a similar name, but with different arguments
[INFO] [stdout]    --> /rustc/3154cc1a3e6424e44f438a95007d043ed5ceaaf6/library/core/src/result.rs:1226:4
[INFO] [stdout] 
[INFO] [stdout] 
[INFO] [stdout] error[E0599]: no method named `test_unwrap` found for enum `Result<T, E>` in the current scope
[INFO] [stdout]    --> tests/vector_fixtures.rs:369:43
[INFO] [stdout]     |
[INFO] [stdout] 369 |         verify_receipt(&advisory_receipt).test_unwrap("advisory verification");
[INFO] [stdout]     |                                           ^^^^^^^^^^^
[INFO] [stdout]     |
[INFO] [stdout] help: there is a method `unwrap` with a similar name, but with different arguments
[INFO] [stdout]    --> /rustc/3154cc1a3e6424e44f438a95007d043ed5ceaaf6/library/core/src/result.rs:1226:4
[INFO] [stdout] 
[INFO] [stdout] 
[INFO] [stdout] error[E0599]: no method named `test_unwrap` found for enum `Result<T, E>` in the current scope
[INFO] [stdout]    --> tests/vector_fixtures.rs:374:10
[INFO] [stdout]     |
[INFO] [stdout] 373 |     let trace_with_decision_verification = verify_receipt(&trace_with_decision_receipt)
[INFO] [stdout] 374 |         .test_unwrap("trace with decision verification");
[INFO] [stdout]     |          ^^^^^^^^^^^
[INFO] [stdout]     |
[INFO] [stdout] help: there is a method `unwrap` with a similar name, but with different arguments
[INFO] [stdout]    --> /rustc/3154cc1a3e6424e44f438a95007d043ed5ceaaf6/library/core/src/result.rs:1226:4
[INFO] [stdout] 
[INFO] [stdout] 
[INFO] [stdout] error[E0599]: no method named `test_unwrap` found for enum `Result<T, E>` in the current scope
[INFO] [stdout]    --> tests/vector_fixtures.rs:379:10
[INFO] [stdout]     |
[INFO] [stdout] 378 |     let mediated_missing_decision_verification = verify_receipt(&mediated_missing_decision_receipt)
[INFO] [stdout] 379 |         .test_unwrap("mediated missing decision verification");
[INFO] [stdout]     |          ^^^^^^^^^^^
[INFO] [stdout]     |
[INFO] [stdout] help: there is a method `unwrap` with a similar name, but with different arguments
[INFO] [stdout]    --> /rustc/3154cc1a3e6424e44f438a95007d043ed5ceaaf6/library/core/src/result.rs:1226:4
[INFO] [stdout] 
[INFO] [stdout] 
[INFO] [stdout] error[E0599]: no method named `test_unwrap` found for enum `Result<T, E>` in the current scope
[INFO] [stdout]    --> tests/vector_fixtures.rs:390:18
[INFO] [stdout]     |
[INFO] [stdout] 386 |                 ToolCallAction::from_parameters(json!({
[INFO] [stdout] 387 |                     "path": "/workspace/docs/private.md",
[INFO] [stdout] 388 |                     "mode": "read"
[INFO] [stdout] 389 |                 }))
[INFO] [stdout] 390 |                 .test_unwrap("advisory with decision action"),
[INFO] [stdout]     |                  ^^^^^^^^^^^
[INFO] [stdout]     |
[INFO] [stdout] help: there is a method `unwrap` with a similar name, but with different arguments
[INFO] [stdout]    --> /rustc/3154cc1a3e6424e44f438a95007d043ed5ceaaf6/library/core/src/result.rs:1226:4
[INFO] [stdout] 
[INFO] [stdout] 
[INFO] [stdout] error[E0599]: no method named `test_unwrap` found for enum `Result<T, E>` in the current scope
[INFO] [stdout]    --> tests/vector_fixtures.rs:402:10
[INFO] [stdout]     |
[INFO] [stdout] 401 |     let advisory_with_decision_verification = verify_receipt(&advisory_with_decision_receipt)
[INFO] [stdout] 402 |         .test_unwrap("advisory with decision verification");
[INFO] [stdout]     |          ^^^^^^^^^^^
[INFO] [stdout]     |
[INFO] [stdout] help: there is a method `unwrap` with a similar name, but with different arguments
[INFO] [stdout]    --> /rustc/3154cc1a3e6424e44f438a95007d043ed5ceaaf6/library/core/src/result.rs:1226:4
[INFO] [stdout] 
[INFO] [stdout] 
[INFO] [stdout] error[E0599]: no method named `test_unwrap` found for enum `Result<T, E>` in the current scope
[INFO] [stdout]    --> tests/vector_fixtures.rs:413:18
[INFO] [stdout]     |
[INFO] [stdout] 409 |                 ToolCallAction::from_parameters(json!({
[INFO] [stdout] 410 |                     "path": "/workspace/docs/roadmap.md",
[INFO] [stdout] 411 |                     "mode": "read"
[INFO] [stdout] 412 |                 }))
[INFO] [stdout] 413 |                 .test_unwrap("trace missing observation action"),
[INFO] [stdout]     |                  ^^^^^^^^^^^
[INFO] [stdout]     |
[INFO] [stdout] help: there is a method `unwrap` with a similar name, but with different arguments
[INFO] [stdout]    --> /rustc/3154cc1a3e6424e44f438a95007d043ed5ceaaf6/library/core/src/result.rs:1226:4
[INFO] [stdout] 
[INFO] [stdout] 
[INFO] [stdout] error[E0599]: no method named `test_unwrap` found for enum `Result<T, E>` in the current scope
[INFO] [stdout]    --> tests/vector_fixtures.rs:425:10
[INFO] [stdout]     |
[INFO] [stdout] 424 |     let trace_missing_observation_verification = verify_receipt(&trace_missing_observation_receipt)
[INFO] [stdout] 425 |         .test_unwrap("trace missing observation verification");
[INFO] [stdout]     |          ^^^^^^^^^^^
[INFO] [stdout]     |
[INFO] [stdout] help: there is a method `unwrap` with a similar name, but with different arguments
[INFO] [stdout]    --> /rustc/3154cc1a3e6424e44f438a95007d043ed5ceaaf6/library/core/src/result.rs:1226:4
[INFO] [stdout] 
[INFO] [stdout] 
[INFO] [stdout] error[E0599]: no method named `test_unwrap` found for enum `Result<T, E>` in the current scope
[INFO] [stdout]    --> tests/vector_fixtures.rs:436:18
[INFO] [stdout]     |
[INFO] [stdout] 432 |                 ToolCallAction::from_parameters(json!({
[INFO] [stdout] 433 |                     "path": "/workspace/docs/private.md",
[INFO] [stdout] 434 |                     "mode": "read"
[INFO] [stdout] 435 |                 }))
[INFO] [stdout] 436 |                 .test_unwrap("advisory missing observation action"),
[INFO] [stdout]     |                  ^^^^^^^^^^^
[INFO] [stdout]     |
[INFO] [stdout] help: there is a method `unwrap` with a similar name, but with different arguments
[INFO] [stdout]    --> /rustc/3154cc1a3e6424e44f438a95007d043ed5ceaaf6/library/core/src/result.rs:1226:4
[INFO] [stdout] 
[INFO] [stdout] 
[INFO] [stdout] error[E0599]: no method named `test_unwrap` found for enum `Result<T, E>` in the current scope
[INFO] [stdout]    --> tests/vector_fixtures.rs:449:14
[INFO] [stdout]     |
[INFO] [stdout] 448 |         verify_receipt(&advisory_missing_observation_receipt)
[INFO] [stdout] 449 |             .test_unwrap("advisory missing observation verification");
[INFO] [stdout]     |              ^^^^^^^^^^^
[INFO] [stdout]     |
[INFO] [stdout] help: there is a method `unwrap` with a similar name, but with different arguments
[INFO] [stdout]    --> /rustc/3154cc1a3e6424e44f438a95007d043ed5ceaaf6/library/core/src/result.rs:1226:4
[INFO] [stdout] 
[INFO] [stdout] 
[INFO] [stdout] error[E0599]: no method named `test_unwrap` found for enum `Result<T, E>` in the current scope
[INFO] [stdout]    --> tests/vector_fixtures.rs:460:18
[INFO] [stdout]     |
[INFO] [stdout] 456 |                 ToolCallAction::from_parameters(json!({
[INFO] [stdout] 457 |                     "path": "/workspace/docs/roadmap.md",
[INFO] [stdout] 458 |                     "mode": "read"
[INFO] [stdout] 459 |                 }))
[INFO] [stdout] 460 |                 .test_unwrap("mediated with observation action"),
[INFO] [stdout]     |                  ^^^^^^^^^^^
[INFO] [stdout]     |
[INFO] [stdout] help: there is a method `unwrap` with a similar name, but with different arguments
[INFO] [stdout]    --> /rustc/3154cc1a3e6424e44f438a95007d043ed5ceaaf6/library/core/src/result.rs:1226:4
[INFO] [stdout] 
[INFO] [stdout] 
[INFO] [stdout] error[E0599]: no method named `test_unwrap` found for enum `Result<T, E>` in the current scope
[INFO] [stdout]    --> tests/vector_fixtures.rs:469:10
[INFO] [stdout]     |
[INFO] [stdout] 468 |     let mediated_with_observation_verification = verify_receipt(&mediated_with_observation_receipt)
[INFO] [stdout] 469 |         .test_unwrap("mediated with observation verification");
[INFO] [stdout]     |          ^^^^^^^^^^^
[INFO] [stdout]     |
[INFO] [stdout] help: there is a method `unwrap` with a similar name, but with different arguments
[INFO] [stdout]    --> /rustc/3154cc1a3e6424e44f438a95007d043ed5ceaaf6/library/core/src/result.rs:1226:4
[INFO] [stdout] 
[INFO] [stdout] 
[INFO] [stdout] error[E0599]: no method named `test_unwrap` found for enum `Result<T, E>` in the current scope
[INFO] [stdout]    --> tests/vector_fixtures.rs:478:14
[INFO] [stdout]     |
[INFO] [stdout] 474 |             ToolCallAction::from_parameters(json!({
[INFO] [stdout] 475 |                 "path": "/workspace/docs/roadmap.md",
[INFO] [stdout] 476 |                 "mode": "read"
[INFO] [stdout] 477 |             }))
[INFO] [stdout] 478 |             .test_unwrap("trace wrong trust action"),
[INFO] [stdout]     |              ^^^^^^^^^^^
[INFO] [stdout]     |
[INFO] [stdout] help: there is a method `unwrap` with a similar name, but with different arguments
[INFO] [stdout]    --> /rustc/3154cc1a3e6424e44f438a95007d043ed5ceaaf6/library/core/src/result.rs:1226:4
[INFO] [stdout] 
[INFO] [stdout] 
[INFO] [stdout] error[E0599]: no method named `test_unwrap` found for enum `Result<T, E>` in the current scope
[INFO] [stdout]    --> tests/vector_fixtures.rs:489:52
[INFO] [stdout]     |
[INFO] [stdout] 489 |         verify_receipt(&trace_wrong_trust_receipt).test_unwrap("trace wrong trust verification");
[INFO] [stdout]     |                                                    ^^^^^^^^^^^
[INFO] [stdout]     |
[INFO] [stdout] help: there is a method `unwrap` with a similar name, but with different arguments
[INFO] [stdout]    --> /rustc/3154cc1a3e6424e44f438a95007d043ed5ceaaf6/library/core/src/result.rs:1226:4
[INFO] [stdout] 
[INFO] [stdout] 
[INFO] [stdout] error[E0599]: no method named `test_unwrap` found for enum `Result<T, E>` in the current scope
[INFO] [stdout]    --> tests/vector_fixtures.rs:498:14
[INFO] [stdout]     |
[INFO] [stdout] 494 |             ToolCallAction::from_parameters(json!({
[INFO] [stdout] 495 |                 "path": "/workspace/docs/roadmap.md",
[INFO] [stdout] 496 |                 "mode": "read"
[INFO] [stdout] 497 |             }))
[INFO] [stdout] 498 |             .test_unwrap("cannot see action"),
[INFO] [stdout]     |              ^^^^^^^^^^^
[INFO] [stdout]     |
[INFO] [stdout] help: there is a method `unwrap` with a similar name, but with different arguments
[INFO] [stdout]    --> /rustc/3154cc1a3e6424e44f438a95007d043ed5ceaaf6/library/core/src/result.rs:1226:4
[INFO] [stdout] 
[INFO] [stdout] 
[INFO] [stdout] error[E0599]: no method named `test_unwrap` found for enum `Result<T, E>` in the current scope
[INFO] [stdout]    --> tests/vector_fixtures.rs:509:53
[INFO] [stdout]     |
[INFO] [stdout] 509 |         verify_receipt(&cannot_see_runtime_receipt).test_unwrap("cannot see verification");
[INFO] [stdout]     |                                                     ^^^^^^^^^^^
[INFO] [stdout]     |
[INFO] [stdout] help: there is a method `unwrap` with a similar name, but with different arguments
[INFO] [stdout]    --> /rustc/3154cc1a3e6424e44f438a95007d043ed5ceaaf6/library/core/src/result.rs:1226:4
[INFO] [stdout] 
[INFO] [stdout] 
[INFO] [stdout] error[E0599]: no method named `test_unwrap` found for enum `Result<T, E>` in the current scope
[INFO] [stdout]    --> tests/vector_fixtures.rs:609:77
[INFO] [stdout]     |
[INFO] [stdout] 609 |         "receipt_body_canonical_json": receipt_body_canonical_json(receipt).test_unwrap("canonical receipt body"),
[INFO] [stdout]     |                                                                             ^^^^^^^^^^^
[INFO] [stdout]     |
[INFO] [stdout] help: there is a method `unwrap` with a similar name, but with different arguments
[INFO] [stdout]    --> /rustc/3154cc1a3e6424e44f438a95007d043ed5ceaaf6/library/core/src/result.rs:1226:4
[INFO] [stdout] 
[INFO] [stdout] 
[INFO] [stdout] error[E0599]: no method named `test_unwrap` found for enum `Result<T, E>` in the current scope
[INFO] [stdout]    --> tests/vector_fixtures.rs:707:60
[INFO] [stdout]     |
[INFO] [stdout] 707 |         sign_utf8_message_ed25519("hello chio", &seed_hex).test_unwrap("sign utf8 message");
[INFO] [stdout]     |                                                            ^^^^^^^^^^^
[INFO] [stdout]     |
[INFO] [stdout] help: there is a method `unwrap` with a similar name, but with different arguments
[INFO] [stdout]    --> /rustc/3154cc1a3e6424e44f438a95007d043ed5ceaaf6/library/core/src/result.rs:1226:4
[INFO] [stdout] 
[INFO] [stdout] 
[INFO] [stdout] error[E0599]: no method named `test_unwrap` found for enum `Result<T, E>` in the current scope
[INFO] [stdout]    --> tests/vector_fixtures.rs:709:63
[INFO] [stdout]     |
[INFO] [stdout] 709 |         sign_json_str_ed25519("{\"z\":1,\"a\":2}", &seed_hex).test_unwrap("sign json string");
[INFO] [stdout]     |                                                               ^^^^^^^^^^^
[INFO] [stdout]     |
[INFO] [stdout] help: there is a method `unwrap` with a similar name, but with different arguments
[INFO] [stdout]    --> /rustc/3154cc1a3e6424e44f438a95007d043ed5ceaaf6/library/core/src/result.rs:1226:4
[INFO] [stdout] 
[INFO] [stdout] 
[INFO] [stdout] error[E0599]: no method named `test_unwrap` found for enum `Result<T, E>` in the current scope
[INFO] [stdout]    --> tests/vector_fixtures.rs:747:61
[INFO] [stdout]     |
[INFO] [stdout] 747 |                 &canonicalize_json_str("{\"z\":2,\"a\":2}").test_unwrap("canonicalize tampered json"),
[INFO] [stdout]     |                                                             ^^^^^^^^^^^
[INFO] [stdout]     |
[INFO] [stdout] help: there is a method `unwrap` with a similar name, but with different arguments
[INFO] [stdout]    --> /rustc/3154cc1a3e6424e44f438a95007d043ed5ceaaf6/library/core/src/result.rs:1226:4
[INFO] [stdout] 
[INFO] [stdout] 
[INFO] [stdout] error[E0599]: no method named `test_unwrap` found for enum `Result<T, E>` in the current scope
[INFO] [stdout]    --> tests/vector_fixtures.rs:792:6
[INFO] [stdout]     |
[INFO] [stdout] 779 |     DelegationLink::sign(
[INFO] [stdout] 780 |         DelegationLinkBody {
[INFO] [stdout] 781 |             capability_id: capability_id.to_string(),
[INFO] [stdout] 782 |             delegator: delegator.public_key(),
[INFO] [stdout] 783 |             delegatee: delegatee.public_key(),
[INFO] [stdout] 784 |             attenuations: vec![],
[INFO] [stdout] 785 |             timestamp,
[INFO] [stdout] 786 |             scope_hash: None,
[INFO] [stdout] 787 |             aggregate_budget: None,
[INFO] [stdout] 788 |             cumulative_approval: None,
[INFO] [stdout] 789 |         },
[INFO] [stdout] 790 |         delegator,
[INFO] [stdout] 791 |     )
[INFO] [stdout] 792 |     .test_unwrap("delegation link")
[INFO] [stdout]     |      ^^^^^^^^^^^
[INFO] [stdout]     |
[INFO] [stdout] help: there is a method `unwrap` with a similar name, but with different arguments
[INFO] [stdout]    --> /rustc/3154cc1a3e6424e44f438a95007d043ed5ceaaf6/library/core/src/result.rs:1226:4
[INFO] [stdout] 
[INFO] [stdout] 
[INFO] [stdout] error[E0599]: no method named `test_unwrap` found for enum `Result<T, E>` in the current scope
[INFO] [stdout]    --> tests/vector_fixtures.rs:827:86
[INFO] [stdout]     |
[INFO] [stdout] 827 |         "capability_body_canonical_json": capability_body_canonical_json(capability).test_unwrap("canonical capability body"),
[INFO] [stdout]     |                                                                                      ^^^^^^^^^^^
[INFO] [stdout]     |
[INFO] [stdout] help: there is a method `unwrap` with a similar name, but with different arguments
[INFO] [stdout]    --> /rustc/3154cc1a3e6424e44f438a95007d043ed5ceaaf6/library/core/src/result.rs:1226:4
[INFO] [stdout] 
[INFO] [stdout] 
[INFO] [stdout] error[E0599]: no method named `test_unwrap` found for enum `Result<T, E>` in the current scope
[INFO] [stdout]    --> tests/vector_fixtures.rs:855:6
[INFO] [stdout]     |
[INFO] [stdout] 844 |     let valid_capability = CapabilityToken::sign(
[INFO] [stdout] 845 |         base_capability_body(
[INFO] [stdout] 846 |             "cap-bindings-valid",
[INFO] [stdout] 847 |             &issuer,
[INFO] [stdout] 848 |             &subject,
[INFO] [stdout] 849 |             1710000200,
[INFO] [stdout] 850 |             1710000800,
[INFO] [stdout] 851 |             vec![valid_delegation_link],
[INFO] [stdout] 852 |         ),
[INFO] [stdout] 853 |         &issuer,
[INFO] [stdout] 854 |     )
[INFO] [stdout] 855 |     .test_unwrap("valid capability");
[INFO] [stdout]     |      ^^^^^^^^^^^
[INFO] [stdout]     |
[INFO] [stdout] help: there is a method `unwrap` with a similar name, but with different arguments
[INFO] [stdout]    --> /rustc/3154cc1a3e6424e44f438a95007d043ed5ceaaf6/library/core/src/result.rs:1226:4
[INFO] [stdout] 
[INFO] [stdout] 
[INFO] [stdout] error[E0599]: no method named `test_unwrap` found for enum `Result<T, E>` in the current scope
[INFO] [stdout]    --> tests/vector_fixtures.rs:858:10
[INFO] [stdout]     |
[INFO] [stdout] 857 |     let valid_verification = verify_capability(&valid_capability, valid_verify_at, Some(4))
[INFO] [stdout] 858 |         .test_unwrap("valid capability verification");
[INFO] [stdout]     |          ^^^^^^^^^^^
[INFO] [stdout]     |
[INFO] [stdout] help: there is a method `unwrap` with a similar name, but with different arguments
[INFO] [stdout]    --> /rustc/3154cc1a3e6424e44f438a95007d043ed5ceaaf6/library/core/src/result.rs:1226:4
[INFO] [stdout] 
[INFO] [stdout] 
[INFO] [stdout] error[E0599]: no method named `test_unwrap` found for enum `Result<T, E>` in the current scope
[INFO] [stdout]    --> tests/vector_fixtures.rs:871:6
[INFO] [stdout]     |
[INFO] [stdout] 860 |     let expired_capability = CapabilityToken::sign(
[INFO] [stdout] 861 |         base_capability_body(
[INFO] [stdout] 862 |             "cap-bindings-expired",
[INFO] [stdout] 863 |             &issuer,
[INFO] [stdout] 864 |             &subject,
[INFO] [stdout] 865 |             1710000000,
[INFO] [stdout] 866 |             1710000100,
[INFO] [stdout] 867 |             vec![],
[INFO] [stdout] 868 |         ),
[INFO] [stdout] 869 |         &issuer,
[INFO] [stdout] 870 |     )
[INFO] [stdout] 871 |     .test_unwrap("expired capability");
[INFO] [stdout]     |      ^^^^^^^^^^^
[INFO] [stdout]     |
[INFO] [stdout] help: there is a method `unwrap` with a similar name, but with different arguments
[INFO] [stdout]    --> /rustc/3154cc1a3e6424e44f438a95007d043ed5ceaaf6/library/core/src/result.rs:1226:4
[INFO] [stdout] 
[INFO] [stdout] 
[INFO] [stdout] error[E0599]: no method named `test_unwrap` found for enum `Result<T, E>` in the current scope
[INFO] [stdout]    --> tests/vector_fixtures.rs:874:10
[INFO] [stdout]     |
[INFO] [stdout] 873 |     let expired_verification = verify_capability(&expired_capability, expired_verify_at, Some(4))
[INFO] [stdout] 874 |         .test_unwrap("expired capability verification");
[INFO] [stdout]     |          ^^^^^^^^^^^
[INFO] [stdout]     |
[INFO] [stdout] help: there is a method `unwrap` with a similar name, but with different arguments
[INFO] [stdout]    --> /rustc/3154cc1a3e6424e44f438a95007d043ed5ceaaf6/library/core/src/result.rs:1226:4
[INFO] [stdout] 
[INFO] [stdout] 
[INFO] [stdout] error[E0599]: no method named `test_unwrap` found for enum `Result<T, E>` in the current scope
[INFO] [stdout]    --> tests/vector_fixtures.rs:887:6
[INFO] [stdout]     |
[INFO] [stdout] 876 |     let not_yet_valid_capability = CapabilityToken::sign(
[INFO] [stdout] 877 |         base_capability_body(
[INFO] [stdout] 878 |             "cap-bindings-not-yet-valid",
[INFO] [stdout] 879 |             &issuer,
[INFO] [stdout] 880 |             &subject,
[INFO] [stdout] 881 |             1710000600,
[INFO] [stdout] 882 |             1710001200,
[INFO] [stdout] 883 |             vec![],
[INFO] [stdout] 884 |         ),
[INFO] [stdout] 885 |         &issuer,
[INFO] [stdout] 886 |     )
[INFO] [stdout] 887 |     .test_unwrap("not yet valid capability");
[INFO] [stdout]     |      ^^^^^^^^^^^
[INFO] [stdout]     |
[INFO] [stdout] help: there is a method `unwrap` with a similar name, but with different arguments
[INFO] [stdout]    --> /rustc/3154cc1a3e6424e44f438a95007d043ed5ceaaf6/library/core/src/result.rs:1226:4
[INFO] [stdout] 
[INFO] [stdout] 
[INFO] [stdout] error[E0599]: no method named `test_unwrap` found for enum `Result<T, E>` in the current scope
[INFO] [stdout]    --> tests/vector_fixtures.rs:891:14
[INFO] [stdout]     |
[INFO] [stdout] 890 |         verify_capability(&not_yet_valid_capability, not_yet_valid_verify_at, Some(4))
[INFO] [stdout] 891 |             .test_unwrap("not yet valid capability verification");
[INFO] [stdout]     |              ^^^^^^^^^^^
[INFO] [stdout]     |
[INFO] [stdout] help: there is a method `unwrap` with a similar name, but with different arguments
[INFO] [stdout]    --> /rustc/3154cc1a3e6424e44f438a95007d043ed5ceaaf6/library/core/src/result.rs:1226:4
[INFO] [stdout] 
[INFO] [stdout] 
[INFO] [stdout] error[E0599]: no method named `test_unwrap` found for enum `Result<T, E>` in the current scope
[INFO] [stdout]    --> tests/vector_fixtures.rs:904:6
[INFO] [stdout]     |
[INFO] [stdout] 893 |     let mut tampered_capability = CapabilityToken::sign(
[INFO] [stdout] 894 |         base_capability_body(
[INFO] [stdout] 895 |             "cap-bindings-invalid-signature",
[INFO] [stdout] 896 |             &issuer,
[INFO] [stdout] 897 |             &subject,
[INFO] [stdout] 898 |             1710000200,
[INFO] [stdout] 899 |             1710000800,
[INFO] [stdout] 900 |             vec![],
[INFO] [stdout] 901 |         ),
[INFO] [stdout] 902 |         &issuer,
[INFO] [stdout] 903 |     )
[INFO] [stdout] 904 |     .test_unwrap("tampered capability");
[INFO] [stdout]     |      ^^^^^^^^^^^
[INFO] [stdout]     |
[INFO] [stdout] help: there is a method `unwrap` with a similar name, but with different arguments
[INFO] [stdout]    --> /rustc/3154cc1a3e6424e44f438a95007d043ed5ceaaf6/library/core/src/result.rs:1226:4
[INFO] [stdout] 
[INFO] [stdout] 
[INFO] [stdout] error[E0599]: no method named `test_unwrap` found for enum `Result<T, E>` in the current scope
[INFO] [stdout]    --> tests/vector_fixtures.rs:909:14
[INFO] [stdout]     |
[INFO] [stdout] 908 |         verify_capability(&tampered_capability, tampered_verify_at, Some(4))
[INFO] [stdout] 909 |             .test_unwrap("tampered capability verification");
[INFO] [stdout]     |              ^^^^^^^^^^^
[INFO] [stdout]     |
[INFO] [stdout] help: there is a method `unwrap` with a similar name, but with different arguments
[INFO] [stdout]    --> /rustc/3154cc1a3e6424e44f438a95007d043ed5ceaaf6/library/core/src/result.rs:1226:4
[INFO] [stdout] 
[INFO] [stdout] 
[INFO] [stdout] error[E0599]: no method named `test_unwrap` found for enum `Result<T, E>` in the current scope
[INFO] [stdout]    --> tests/vector_fixtures.rs:925:6
[INFO] [stdout]     |
[INFO] [stdout] 914 |     let broken_chain_capability = CapabilityToken::sign(
[INFO] [stdout] 915 |         base_capability_body(
[INFO] [stdout] 916 |             "cap-bindings-broken-chain",
[INFO] [stdout] 917 |             &issuer,
[INFO] [stdout] 918 |             &subject,
[INFO] [stdout] 919 |             1710000200,
[INFO] [stdout] 920 |             1710000800,
[INFO] [stdout] 921 |             vec![invalid_delegation_link],
[INFO] [stdout] 922 |         ),
[INFO] [stdout] 923 |         &issuer,
[INFO] [stdout] 924 |     )
[INFO] [stdout] 925 |     .test_unwrap("broken chain capability");
[INFO] [stdout]     |      ^^^^^^^^^^^
[INFO] [stdout]     |
[INFO] [stdout] help: there is a method `unwrap` with a similar name, but with different arguments
[INFO] [stdout]    --> /rustc/3154cc1a3e6424e44f438a95007d043ed5ceaaf6/library/core/src/result.rs:1226:4
[INFO] [stdout] 
[INFO] [stdout] 
[INFO] [stdout] error[E0599]: no method named `test_unwrap` found for enum `Result<T, E>` in the current scope
[INFO] [stdout]    --> tests/vector_fixtures.rs:929:14
[INFO] [stdout]     |
[INFO] [stdout] 928 |         verify_capability(&broken_chain_capability, broken_chain_verify_at, Some(4))
[INFO] [stdout] 929 |             .test_unwrap("broken chain capability verification");
[INFO] [stdout]     |              ^^^^^^^^^^^
[INFO] [stdout]     |
[INFO] [stdout] help: there is a method `unwrap` with a similar name, but with different arguments
[INFO] [stdout]    --> /rustc/3154cc1a3e6424e44f438a95007d043ed5ceaaf6/library/core/src/result.rs:1226:4
[INFO] [stdout] 
[INFO] [stdout] 
[INFO] [stdout] error[E0599]: no method named `test_unwrap` found for enum `Result<T, E>` in the current scope
[INFO] [stdout]     --> tests/vector_fixtures.rs:1036:10
[INFO] [stdout]      |
[INFO] [stdout] 1034 |     let (signature, _bytes) = signer
[INFO] [stdout] 1035 |         .sign_canonical(&manifest)
[INFO] [stdout] 1036 |         .test_unwrap("manual manifest signature");
[INFO] [stdout]      |          ^^^^^^^^^^^
[INFO] [stdout]      |
[INFO] [stdout] help: there is a method `unwrap` with a similar name, but with different arguments
[INFO] [stdout]     --> /rustc/3154cc1a3e6424e44f438a95007d043ed5ceaaf6/library/core/src/result.rs:1226:4
[INFO] [stdout] 
[INFO] [stdout] 
[INFO] [stdout] error[E0599]: no method named `test_unwrap` found for enum `Result<T, E>` in the current scope
[INFO] [stdout]     --> tests/vector_fixtures.rs:1054:94
[INFO] [stdout]      |
[INFO] [stdout] 1054 |         "manifest_body_canonical_json": signed_manifest_body_canonical_json(signed_manifest).test_unwrap("canonical manifest body"),
[INFO] [stdout]      |                                                                                              ^^^^^^^^^^^
[INFO] [stdout]      |
[INFO] [stdout] help: there is a method `unwrap` with a similar name, but with different arguments
[INFO] [stdout]     --> /rustc/3154cc1a3e6424e44f438a95007d043ed5ceaaf6/library/core/src/result.rs:1226:4
[INFO] [stdout] 
[INFO] [stdout] 
[INFO] [stdout] error[E0599]: no method named `test_unwrap` found for enum `Result<T, E>` in the current scope
[INFO] [stdout]     --> tests/vector_fixtures.rs:1072:6
[INFO] [stdout]      |
[INFO] [stdout] 1068 |     let valid_signed_manifest = sign_manifest(
[INFO] [stdout] 1069 |         &sample_signed_manifest(server.public_key().to_hex(), &["file_read"]),
[INFO] [stdout] 1070 |         &server,
[INFO] [stdout] 1071 |     )
[INFO] [stdout] 1072 |     .test_unwrap("valid signed manifest");
[INFO] [stdout]      |      ^^^^^^^^^^^
[INFO] [stdout]      |
[INFO] [stdout] help: there is a method `unwrap` with a similar name, but with different arguments
[INFO] [stdout]     --> /rustc/3154cc1a3e6424e44f438a95007d043ed5ceaaf6/library/core/src/result.rs:1226:4
[INFO] [stdout] 
[INFO] [stdout] 
[INFO] [stdout] error[E0599]: no method named `test_unwrap` found for enum `Result<T, E>` in the current scope
[INFO] [stdout]     --> tests/vector_fixtures.rs:1074:56
[INFO] [stdout]      |
[INFO] [stdout] 1074 |         verify_signed_manifest(&valid_signed_manifest).test_unwrap("valid manifest verification");
[INFO] [stdout]      |                                                        ^^^^^^^^^^^
[INFO] [stdout]      |
[INFO] [stdout] help: there is a method `unwrap` with a similar name, but with different arguments
[INFO] [stdout]     --> /rustc/3154cc1a3e6424e44f438a95007d043ed5ceaaf6/library/core/src/result.rs:1226:4
[INFO] [stdout] 
[INFO] [stdout] 
[INFO] [stdout] error[E0599]: no method named `test_unwrap` found for enum `Result<T, E>` in the current scope
[INFO] [stdout]     --> tests/vector_fixtures.rs:1080:6
[INFO] [stdout]      |
[INFO] [stdout] 1076 |     let mut tampered_signed_manifest = sign_manifest(
[INFO] [stdout] 1077 |         &sample_signed_manifest(server.public_key().to_hex(), &["file_read"]),
[INFO] [stdout] 1078 |         &server,
[INFO] [stdout] 1079 |     )
[INFO] [stdout] 1080 |     .test_unwrap("tampered signed manifest");
[INFO] [stdout]      |      ^^^^^^^^^^^
[INFO] [stdout]      |
[INFO] [stdout] help: there is a method `unwrap` with a similar name, but with different arguments
[INFO] [stdout]     --> /rustc/3154cc1a3e6424e44f438a95007d043ed5ceaaf6/library/core/src/result.rs:1226:4
[INFO] [stdout] 
[INFO] [stdout] 
[INFO] [stdout] error[E0599]: no method named `test_unwrap` found for enum `Result<T, E>` in the current scope
[INFO] [stdout]     --> tests/vector_fixtures.rs:1083:10
[INFO] [stdout]      |
[INFO] [stdout] 1082 |     let tampered_verification = verify_signed_manifest(&tampered_signed_manifest)
[INFO] [stdout] 1083 |         .test_unwrap("tampered manifest verification");
[INFO] [stdout]      |          ^^^^^^^^^^^
[INFO] [stdout]      |
[INFO] [stdout] help: there is a method `unwrap` with a similar name, but with different arguments
[INFO] [stdout]     --> /rustc/3154cc1a3e6424e44f438a95007d043ed5ceaaf6/library/core/src/result.rs:1226:4
[INFO] [stdout] 
[INFO] [stdout] 
[INFO] [stdout] error[E0599]: no method named `test_unwrap` found for enum `Result<T, E>` in the current scope
[INFO] [stdout]     --> tests/vector_fixtures.rs:1090:10
[INFO] [stdout]      |
[INFO] [stdout] 1089 |     let mismatched_key_verification = verify_signed_manifest(&mismatched_key_signed_manifest)
[INFO] [stdout] 1090 |         .test_unwrap("mismatched key manifest verification");
[INFO] [stdout]      |          ^^^^^^^^^^^
[INFO] [stdout]      |
[INFO] [stdout] help: there is a method `unwrap` with a similar name, but with different arguments
[INFO] [stdout]     --> /rustc/3154cc1a3e6424e44f438a95007d043ed5ceaaf6/library/core/src/result.rs:1226:4
[INFO] [stdout] 
[INFO] [stdout] 
[INFO] [stdout] error[E0599]: no method named `test_unwrap` found for enum `Result<T, E>` in the current scope
[INFO] [stdout]     --> tests/vector_fixtures.rs:1097:10
[INFO] [stdout]      |
[INFO] [stdout] 1096 |     let duplicate_tool_verification = verify_signed_manifest(&duplicate_tool_signed_manifest)
[INFO] [stdout] 1097 |         .test_unwrap("duplicate tool manifest verification");
[INFO] [stdout]      |          ^^^^^^^^^^^
[INFO] [stdout]      |
[INFO] [stdout] help: there is a method `unwrap` with a similar name, but with different arguments
[INFO] [stdout]     --> /rustc/3154cc1a3e6424e44f438a95007d043ed5ceaaf6/library/core/src/result.rs:1226:4
[INFO] [stdout] 
[INFO] [stdout] 
[INFO] [stdout] error[E0599]: no method named `test_unwrap` found for enum `Result<T, E>` in the current scope
[INFO] [stdout]     --> tests/vector_fixtures.rs:1105:14
[INFO] [stdout]      |
[INFO] [stdout] 1104 |         verify_signed_manifest(&invalid_embedded_key_signed_manifest)
[INFO] [stdout] 1105 |             .test_unwrap("invalid embedded key manifest verification");
[INFO] [stdout]      |              ^^^^^^^^^^^
[INFO] [stdout]      |
[INFO] [stdout] help: there is a method `unwrap` with a similar name, but with different arguments
[INFO] [stdout]     --> /rustc/3154cc1a3e6424e44f438a95007d043ed5ceaaf6/library/core/src/result.rs:1226:4
[INFO] [stdout] 
[INFO] [stdout] 
[INFO] [stdout] error[E0599]: no method named `test_unwrap` found for enum `Result<T, E>` in the current scope
[INFO] [stdout]     --> tests/vector_fixtures.rs:1206:41
[INFO] [stdout]      |
[INFO] [stdout] 1206 |     let raw = fs::read_to_string(&path).test_unwrap("read capability fixture");
[INFO] [stdout]      |                                         ^^^^^^^^^^^
[INFO] [stdout]      |
[INFO] [stdout] help: there is a method `unwrap` with a similar name, but with different arguments
[INFO] [stdout]     --> /rustc/3154cc1a3e6424e44f438a95007d043ed5ceaaf6/library/core/src/result.rs:1226:4
[INFO] [stdout] 
[INFO] [stdout] 
[INFO] [stdout] error[E0599]: no method named `test_unwrap` found for enum `Result<T, E>` in the current scope
[INFO] [stdout]     --> tests/vector_fixtures.rs:1207:53
[INFO] [stdout]      |
[INFO] [stdout] 1207 |     let fixture: Value = serde_json::from_str(&raw).test_unwrap("parse capability fixture");
[INFO] [stdout]      |                                                     ^^^^^^^^^^^
[INFO] [stdout]      |
[INFO] [stdout] help: there is a method `unwrap` with a similar name, but with different arguments
[INFO] [stdout]     --> /rustc/3154cc1a3e6424e44f438a95007d043ed5ceaaf6/library/core/src/result.rs:1226:4
[INFO] [stdout] 
[INFO] [stdout] 
[INFO] [stdout] error[E0599]: no method named `test_unwrap` found for enum `Result<T, E>` in the current scope
[INFO] [stdout]     --> tests/vector_fixtures.rs:1220:55
[INFO] [stdout]      |
[INFO] [stdout] 1220 |             let keypair = Keypair::from_seed_hex(hex).test_unwrap("seed hex");
[INFO] [stdout]      |                                                       ^^^^^^^^^^^
[INFO] [stdout]      |
[INFO] [stdout] help: there is a method `unwrap` with a similar name, but with different arguments
[INFO] [stdout]     --> /rustc/3154cc1a3e6424e44f438a95007d043ed5ceaaf6/library/core/src/result.rs:1226:4
[INFO] [stdout] 
[INFO] [stdout] 
[INFO] [stdout] error[E0599]: no method named `test_unwrap` found for enum `Result<T, E>` in the current scope
[INFO] [stdout]     --> tests/vector_fixtures.rs:1238:64
[INFO] [stdout]      |
[INFO] [stdout] 1238 |             serde_json::from_value(case["capability"].clone()).test_unwrap("parse capability");
[INFO] [stdout]      |                                                                ^^^^^^^^^^^
[INFO] [stdout]      |
[INFO] [stdout] help: there is a method `unwrap` with a similar name, but with different arguments
[INFO] [stdout]     --> /rustc/3154cc1a3e6424e44f438a95007d043ed5ceaaf6/library/core/src/result.rs:1226:4
[INFO] [stdout] 
[INFO] [stdout] 
[INFO] [stdout] error[E0599]: no method named `test_unwrap` found for enum `Result<T, E>` in the current scope
[INFO] [stdout]     --> tests/vector_fixtures.rs:1239:69
[INFO] [stdout]      |
[INFO] [stdout] 1239 |         let resigned = CapabilityToken::sign(token.body(), keypair).test_unwrap("re-sign");
[INFO] [stdout]      |                                                                     ^^^^^^^^^^^
[INFO] [stdout]      |
[INFO] [stdout] help: there is a method `unwrap` with a similar name, but with different arguments
[INFO] [stdout]     --> /rustc/3154cc1a3e6424e44f438a95007d043ed5ceaaf6/library/core/src/result.rs:1226:4
[INFO] [stdout] 
[INFO] [stdout] 
[INFO] [stdout] error[E0599]: no method named `test_unwrap` found for enum `Result<T, E>` in the current scope
[INFO] [stdout]     --> tests/vector_fixtures.rs:1240:62
[INFO] [stdout]      |
[INFO] [stdout] 1240 |         let resigned_value = serde_json::to_value(&resigned).test_unwrap("serialize resigned");
[INFO] [stdout]      |                                                              ^^^^^^^^^^^
[INFO] [stdout]      |
[INFO] [stdout] help: there is a method `unwrap` with a similar name, but with different arguments
[INFO] [stdout]     --> /rustc/3154cc1a3e6424e44f438a95007d043ed5ceaaf6/library/core/src/result.rs:1226:4
[INFO] [stdout] 
[INFO] [stdout] 
[INFO] [stdout] error[E0599]: no method named `test_unwrap` found for enum `Result<T, E>` in the current scope
[INFO] [stdout]     --> tests/vector_fixtures.rs:1263:28
[INFO] [stdout]      |
[INFO] [stdout] 1263 |     fs::write(&path, text).test_unwrap("write capability fixture");
[INFO] [stdout]      |                            ^^^^^^^^^^^
[INFO] [stdout]      |
[INFO] [stdout] help: there is a method `unwrap` with a similar name, but with different arguments
[INFO] [stdout]     --> /rustc/3154cc1a3e6424e44f438a95007d043ed5ceaaf6/library/core/src/result.rs:1226:4
[INFO] [stdout] 
[INFO] [stdout] 
[INFO] [stdout] error[E0599]: no method named `test_unwrap` found for enum `Option<T>` in the current scope
[INFO] [stdout]     --> tests/vector_fixtures.rs:1273:45
[INFO] [stdout]      |
[INFO] [stdout] 1273 |     for case in fixture["cases"].as_array().test_unwrap("cases array") {
[INFO] [stdout]      |                                             ^^^^^^^^^^^
[INFO] [stdout]      |
[INFO] [stdout] help: there is a method `unwrap` with a similar name, but with different arguments
[INFO] [stdout]     --> /rustc/3154cc1a3e6424e44f438a95007d043ed5ceaaf6/library/core/src/option.rs:1013:4
[INFO] [stdout] 
[INFO] [stdout] 
[INFO] [stdout] error[E0599]: no method named `test_unwrap` found for enum `Result<T, E>` in the current scope
[INFO] [stdout]     --> tests/vector_fixtures.rs:1278:51
[INFO] [stdout]      |
[INFO] [stdout] 1278 |         let actual = canonicalize_json_str(input).test_unwrap("canonicalize case");
[INFO] [stdout]      |                                                   ^^^^^^^^^^^
[INFO] [stdout]      |
[INFO] [stdout] help: there is a method `unwrap` with a similar name, but with different arguments
[INFO] [stdout]     --> /rustc/3154cc1a3e6424e44f438a95007d043ed5ceaaf6/library/core/src/result.rs:1226:4
[INFO] [stdout] 
[INFO] [stdout] 
[INFO] [stdout] error[E0599]: no method named `test_unwrap` found for enum `Result<T, E>` in the current scope
[INFO] [stdout]     --> tests/vector_fixtures.rs:1287:58
[INFO] [stdout]      |
[INFO] [stdout] 1287 |     let raw = fs::read_to_string(hashing_fixture_path()).test_unwrap("read hashing fixture");
[INFO] [stdout]      |                                                          ^^^^^^^^^^^
[INFO] [stdout]      |
[INFO] [stdout] help: there is a method `unwrap` with a similar name, but with different arguments
[INFO] [stdout]     --> /rustc/3154cc1a3e6424e44f438a95007d043ed5ceaaf6/library/core/src/result.rs:1226:4
[INFO] [stdout] 
[INFO] [stdout] 
[INFO] [stdout] error[E0599]: no method named `test_unwrap` found for enum `Result<T, E>` in the current scope
[INFO] [stdout]     --> tests/vector_fixtures.rs:1288:53
[INFO] [stdout]      |
[INFO] [stdout] 1288 |     let fixture: Value = serde_json::from_str(&raw).test_unwrap("parse hashing fixture");
[INFO] [stdout]      |                                                     ^^^^^^^^^^^
[INFO] [stdout]      |
[INFO] [stdout] help: there is a method `unwrap` with a similar name, but with different arguments
[INFO] [stdout]     --> /rustc/3154cc1a3e6424e44f438a95007d043ed5ceaaf6/library/core/src/result.rs:1226:4
[INFO] [stdout] 
[INFO] [stdout] 
[INFO] [stdout] error[E0599]: no method named `test_unwrap` found for enum `Result<T, E>` in the current scope
[INFO] [stdout]     --> tests/vector_fixtures.rs:1300:58
[INFO] [stdout]      |
[INFO] [stdout] 1300 |     let raw = fs::read_to_string(receipt_fixture_path()).test_unwrap("read receipt fixture");
[INFO] [stdout]      |                                                          ^^^^^^^^^^^
[INFO] [stdout]      |
[INFO] [stdout] help: there is a method `unwrap` with a similar name, but with different arguments
[INFO] [stdout]     --> /rustc/3154cc1a3e6424e44f438a95007d043ed5ceaaf6/library/core/src/result.rs:1226:4
[INFO] [stdout] 
[INFO] [stdout] 
[INFO] [stdout] error[E0599]: no method named `test_unwrap` found for enum `Result<T, E>` in the current scope
[INFO] [stdout]     --> tests/vector_fixtures.rs:1301:53
[INFO] [stdout]      |
[INFO] [stdout] 1301 |     let fixture: Value = serde_json::from_str(&raw).test_unwrap("parse receipt fixture");
[INFO] [stdout]      |                                                     ^^^^^^^^^^^
[INFO] [stdout]      |
[INFO] [stdout] help: there is a method `unwrap` with a similar name, but with different arguments
[INFO] [stdout]     --> /rustc/3154cc1a3e6424e44f438a95007d043ed5ceaaf6/library/core/src/result.rs:1226:4
[INFO] [stdout] 
[INFO] [stdout] 
[INFO] [stdout] error[E0599]: no method named `test_unwrap` found for enum `Result<T, E>` in the current scope
[INFO] [stdout]     --> tests/vector_fixtures.rs:1304:61
[INFO] [stdout]      |
[INFO] [stdout] 1304 |             serde_json::from_value(case["receipt"].clone()).test_unwrap("parse receipt case");
[INFO] [stdout]      |                                                             ^^^^^^^^^^^
[INFO] [stdout]      |
[INFO] [stdout] help: there is a method `unwrap` with a similar name, but with different arguments
[INFO] [stdout]     --> /rustc/3154cc1a3e6424e44f438a95007d043ed5ceaaf6/library/core/src/result.rs:1226:4
[INFO] [stdout] 
[INFO] [stdout] 
[INFO] [stdout] error[E0599]: no method named `test_unwrap` found for enum `Result<T, E>` in the current scope
[INFO] [stdout]     --> tests/vector_fixtures.rs:1306:62
[INFO] [stdout]      |
[INFO] [stdout] 1306 |             serde_json::from_value(case["expected"].clone()).test_unwrap("parse expectation");
[INFO] [stdout]      |                                                              ^^^^^^^^^^^
[INFO] [stdout]      |
[INFO] [stdout] help: there is a method `unwrap` with a similar name, but with different arguments
[INFO] [stdout]     --> /rustc/3154cc1a3e6424e44f438a95007d043ed5ceaaf6/library/core/src/result.rs:1226:4
[INFO] [stdout] 
[INFO] [stdout] 
[INFO] [stdout] error[E0599]: no method named `test_unwrap` found for enum `Result<T, E>` in the current scope
[INFO] [stdout]     --> tests/vector_fixtures.rs:1307:47
[INFO] [stdout]      |
[INFO] [stdout] 1307 |         let actual = verify_receipt(&receipt).test_unwrap("verify receipt case");
[INFO] [stdout]      |                                               ^^^^^^^^^^^
[INFO] [stdout]      |
[INFO] [stdout] help: there is a method `unwrap` with a similar name, but with different arguments
[INFO] [stdout]     --> /rustc/3154cc1a3e6424e44f438a95007d043ed5ceaaf6/library/core/src/result.rs:1226:4
[INFO] [stdout] 
[INFO] [stdout] 
[INFO] [stdout] error[E0599]: no method named `test_unwrap` found for enum `Result<T, E>` in the current scope
[INFO] [stdout]     --> tests/vector_fixtures.rs:1308:58
[INFO] [stdout]      |
[INFO] [stdout] 1308 |         let actual_value = serde_json::to_value(&actual).test_unwrap("serialize verification");
[INFO] [stdout]      |                                                          ^^^^^^^^^^^
[INFO] [stdout]      |
[INFO] [stdout] help: there is a method `unwrap` with a similar name, but with different arguments
[INFO] [stdout]     --> /rustc/3154cc1a3e6424e44f438a95007d043ed5ceaaf6/library/core/src/result.rs:1226:4
[INFO] [stdout] 
[INFO] [stdout] 
[INFO] [stdout] error[E0599]: no method named `test_unwrap` found for enum `Result<T, E>` in the current scope
[INFO] [stdout]     --> tests/vector_fixtures.rs:1320:58
[INFO] [stdout]      |
[INFO] [stdout] 1320 |     let raw = fs::read_to_string(receipt_fixture_path()).test_unwrap("read receipt fixture");
[INFO] [stdout]      |                                                          ^^^^^^^^^^^
[INFO] [stdout]      |
[INFO] [stdout] help: there is a method `unwrap` with a similar name, but with different arguments
[INFO] [stdout]     --> /rustc/3154cc1a3e6424e44f438a95007d043ed5ceaaf6/library/core/src/result.rs:1226:4
[INFO] [stdout] 
[INFO] [stdout] 
[INFO] [stdout] error[E0599]: no method named `test_unwrap` found for enum `Result<T, E>` in the current scope
[INFO] [stdout]     --> tests/vector_fixtures.rs:1321:53
[INFO] [stdout]      |
[INFO] [stdout] 1321 |     let fixture: Value = serde_json::from_str(&raw).test_unwrap("parse receipt fixture");
[INFO] [stdout]      |                                                     ^^^^^^^^^^^
[INFO] [stdout]      |
[INFO] [stdout] help: there is a method `unwrap` with a similar name, but with different arguments
[INFO] [stdout]     --> /rustc/3154cc1a3e6424e44f438a95007d043ed5ceaaf6/library/core/src/result.rs:1226:4
[INFO] [stdout] 
[INFO] [stdout] 
[INFO] [stdout] error[E0599]: no method named `test_unwrap` found for enum `Result<T, E>` in the current scope
[INFO] [stdout]     --> tests/vector_fixtures.rs:1329:57
[INFO] [stdout]      |
[INFO] [stdout] 1329 |         serde_json::from_value(case["receipt"].clone()).test_unwrap("parse receipt case");
[INFO] [stdout]      |                                                         ^^^^^^^^^^^
[INFO] [stdout]      |
[INFO] [stdout] help: there is a method `unwrap` with a similar name, but with different arguments
[INFO] [stdout]     --> /rustc/3154cc1a3e6424e44f438a95007d043ed5ceaaf6/library/core/src/result.rs:1226:4
[INFO] [stdout] 
[INFO] [stdout] 
[INFO] [stdout] error[E0599]: no method named `test_unwrap` found for enum `Result<T, E>` in the current scope
[INFO] [stdout]     --> tests/vector_fixtures.rs:1332:14
[INFO] [stdout]      |
[INFO] [stdout] 1331 |         verify_receipt_with_trusted_signers(&receipt, std::slice::from_ref(&receipt.kernel_key))
[INFO] [stdout] 1332 |             .test_unwrap("verify receipt with trusted signer");
[INFO] [stdout]      |              ^^^^^^^^^^^
[INFO] [stdout]      |
[INFO] [stdout] help: there is a method `unwrap` with a similar name, but with different arguments
[INFO] [stdout]     --> /rustc/3154cc1a3e6424e44f438a95007d043ed5ceaaf6/library/core/src/result.rs:1226:4
[INFO] [stdout] 
[INFO] [stdout] 
[INFO] [stdout] error[E0599]: no method named `test_unwrap` found for enum `Result<T, E>` in the current scope
[INFO] [stdout]     --> tests/vector_fixtures.rs:1344:58
[INFO] [stdout]      |
[INFO] [stdout] 1344 |     let raw = fs::read_to_string(receipt_fixture_path()).test_unwrap("read receipt fixture");
[INFO] [stdout]      |                                                          ^^^^^^^^^^^
[INFO] [stdout]      |
[INFO] [stdout] help: there is a method `unwrap` with a similar name, but with different arguments
[INFO] [stdout]     --> /rustc/3154cc1a3e6424e44f438a95007d043ed5ceaaf6/library/core/src/result.rs:1226:4
[INFO] [stdout] 
[INFO] [stdout] 
[INFO] [stdout] error[E0599]: no method named `test_unwrap` found for enum `Result<T, E>` in the current scope
[INFO] [stdout]     --> tests/vector_fixtures.rs:1345:53
[INFO] [stdout]      |
[INFO] [stdout] 1345 |     let fixture: Value = serde_json::from_str(&raw).test_unwrap("parse receipt fixture");
[INFO] [stdout]      |                                                     ^^^^^^^^^^^
[INFO] [stdout]      |
[INFO] [stdout] help: there is a method `unwrap` with a similar name, but with different arguments
[INFO] [stdout]     --> /rustc/3154cc1a3e6424e44f438a95007d043ed5ceaaf6/library/core/src/result.rs:1226:4
[INFO] [stdout] 
[INFO] [stdout] 
[INFO] [stdout] error[E0599]: no method named `test_unwrap` found for enum `Result<T, E>` in the current scope
[INFO] [stdout]     --> tests/vector_fixtures.rs:1353:49
[INFO] [stdout]      |
[INFO] [stdout] 1353 |         serde_json::to_string(&case["receipt"]).test_unwrap("serialize receipt case");
[INFO] [stdout]      |                                                 ^^^^^^^^^^^
[INFO] [stdout]      |
[INFO] [stdout] help: there is a method `unwrap` with a similar name, but with different arguments
[INFO] [stdout]     --> /rustc/3154cc1a3e6424e44f438a95007d043ed5ceaaf6/library/core/src/result.rs:1226:4
[INFO] [stdout] 
[INFO] [stdout] 
[INFO] [stdout] error[E0599]: no method named `test_unwrap` found for enum `Result<T, E>` in the current scope
[INFO] [stdout]     --> tests/vector_fixtures.rs:1359:10
[INFO] [stdout]      |
[INFO] [stdout] 1358 |     let actual = verify_receipt_json_with_trusted_signer_hex(&receipt_json, &trusted_signer_hex)
[INFO] [stdout] 1359 |         .test_unwrap("verify receipt json with trusted signer hex");
[INFO] [stdout]      |          ^^^^^^^^^^^
[INFO] [stdout]      |
[INFO] [stdout] help: there is a method `unwrap` with a similar name, but with different arguments
[INFO] [stdout]     --> /rustc/3154cc1a3e6424e44f438a95007d043ed5ceaaf6/library/core/src/result.rs:1226:4
[INFO] [stdout] 
[INFO] [stdout] 
[INFO] [stdout] error[E0599]: no method named `test_unwrap` found for enum `Result<T, E>` in the current scope
[INFO] [stdout]     --> tests/vector_fixtures.rs:1374:58
[INFO] [stdout]      |
[INFO] [stdout] 1374 |     let raw = fs::read_to_string(signing_fixture_path()).test_unwrap("read signing fixture");
[INFO] [stdout]      |                                                          ^^^^^^^^^^^
[INFO] [stdout]      |
[INFO] [stdout] help: there is a method `unwrap` with a similar name, but with different arguments
[INFO] [stdout]     --> /rustc/3154cc1a3e6424e44f438a95007d043ed5ceaaf6/library/core/src/result.rs:1226:4
[INFO] [stdout] 
[INFO] [stdout] 
[INFO] [stdout] error[E0599]: no method named `test_unwrap` found for enum `Result<T, E>` in the current scope
[INFO] [stdout]     --> tests/vector_fixtures.rs:1375:53
[INFO] [stdout]      |
[INFO] [stdout] 1375 |     let fixture: Value = serde_json::from_str(&raw).test_unwrap("parse signing fixture");
[INFO] [stdout]      |                                                     ^^^^^^^^^^^
[INFO] [stdout]      |
[INFO] [stdout] help: there is a method `unwrap` with a similar name, but with different arguments
[INFO] [stdout]     --> /rustc/3154cc1a3e6424e44f438a95007d043ed5ceaaf6/library/core/src/result.rs:1226:4
[INFO] [stdout] 
[INFO] [stdout] 
[INFO] [stdout] error[E0599]: no method named `test_unwrap` found for enum `Result<T, E>` in the current scope
[INFO] [stdout]     --> tests/vector_fixtures.rs:1397:69
[INFO] [stdout]      |
[INFO] [stdout] 1397 |             let signed = sign_utf8_message_ed25519(input, seed_hex).test_unwrap("sign utf8 case");
[INFO] [stdout]      |                                                                     ^^^^^^^^^^^
[INFO] [stdout]      |
[INFO] [stdout] help: there is a method `unwrap` with a similar name, but with different arguments
[INFO] [stdout]     --> /rustc/3154cc1a3e6424e44f438a95007d043ed5ceaaf6/library/core/src/result.rs:1226:4
[INFO] [stdout] 
[INFO] [stdout] 
[INFO] [stdout] error[E0599]: no method named `test_unwrap` found for enum `Result<T, E>` in the current scope
[INFO] [stdout]     --> tests/vector_fixtures.rs:1411:14
[INFO] [stdout]      |
[INFO] [stdout] 1410 |         let actual = verify_utf8_message_ed25519(input, public_key_hex, signature_hex)
[INFO] [stdout] 1411 |             .test_unwrap("verify utf8 case");
[INFO] [stdout]      |              ^^^^^^^^^^^
[INFO] [stdout]      |
[INFO] [stdout] help: there is a method `unwrap` with a similar name, but with different arguments
[INFO] [stdout]     --> /rustc/3154cc1a3e6424e44f438a95007d043ed5ceaaf6/library/core/src/result.rs:1226:4
[INFO] [stdout] 
[INFO] [stdout] 
[INFO] [stdout] error[E0599]: no method named `test_unwrap` found for enum `Result<T, E>` in the current scope
[INFO] [stdout]     --> tests/vector_fixtures.rs:1435:42
[INFO] [stdout]      |
[INFO] [stdout] 1435 |             canonicalize_json_str(input).test_unwrap("canonicalize json case"),
[INFO] [stdout]      |                                          ^^^^^^^^^^^
[INFO] [stdout]      |
[INFO] [stdout] help: there is a method `unwrap` with a similar name, but with different arguments
[INFO] [stdout]     --> /rustc/3154cc1a3e6424e44f438a95007d043ed5ceaaf6/library/core/src/result.rs:1226:4
[INFO] [stdout] 
[INFO] [stdout] 
[INFO] [stdout] error[E0599]: no method named `test_unwrap` found for enum `Result<T, E>` in the current scope
[INFO] [stdout]     --> tests/vector_fixtures.rs:1442:65
[INFO] [stdout]      |
[INFO] [stdout] 1442 |             let signed = sign_json_str_ed25519(input, seed_hex).test_unwrap("sign json case");
[INFO] [stdout]      |                                                                 ^^^^^^^^^^^
[INFO] [stdout]      |
[INFO] [stdout] help: there is a method `unwrap` with a similar name, but with different arguments
[INFO] [stdout]     --> /rustc/3154cc1a3e6424e44f438a95007d043ed5ceaaf6/library/core/src/result.rs:1226:4
[INFO] [stdout] 
[INFO] [stdout] 
[INFO] [stdout] error[E0599]: no method named `test_unwrap` found for enum `Result<T, E>` in the current scope
[INFO] [stdout]     --> tests/vector_fixtures.rs:1461:14
[INFO] [stdout]      |
[INFO] [stdout] 1460 |         let actual = verify_json_str_signature_ed25519(input, public_key_hex, signature_hex)
[INFO] [stdout] 1461 |             .test_unwrap("verify json case");
[INFO] [stdout]      |              ^^^^^^^^^^^
[INFO] [stdout]      |
[INFO] [stdout] help: there is a method `unwrap` with a similar name, but with different arguments
[INFO] [stdout]     --> /rustc/3154cc1a3e6424e44f438a95007d043ed5ceaaf6/library/core/src/result.rs:1226:4
[INFO] [stdout] 
[INFO] [stdout] 
[INFO] [stdout] error[E0599]: no method named `test_unwrap` found for enum `Result<T, E>` in the current scope
[INFO] [stdout]     --> tests/vector_fixtures.rs:1472:61
[INFO] [stdout]      |
[INFO] [stdout] 1472 |     let raw = fs::read_to_string(capability_fixture_path()).test_unwrap("read capability fixture");
[INFO] [stdout]      |                                                             ^^^^^^^^^^^
[INFO] [stdout]      |
[INFO] [stdout] help: there is a method `unwrap` with a similar name, but with different arguments
[INFO] [stdout]     --> /rustc/3154cc1a3e6424e44f438a95007d043ed5ceaaf6/library/core/src/result.rs:1226:4
[INFO] [stdout] 
[INFO] [stdout] 
[INFO] [stdout] error[E0599]: no method named `test_unwrap` found for enum `Result<T, E>` in the current scope
[INFO] [stdout]     --> tests/vector_fixtures.rs:1473:53
[INFO] [stdout]      |
[INFO] [stdout] 1473 |     let fixture: Value = serde_json::from_str(&raw).test_unwrap("parse capability fixture");
[INFO] [stdout]      |                                                     ^^^^^^^^^^^
[INFO] [stdout]      |
[INFO] [stdout] help: there is a method `unwrap` with a similar name, but with different arguments
[INFO] [stdout]     --> /rustc/3154cc1a3e6424e44f438a95007d043ed5ceaaf6/library/core/src/result.rs:1226:4
[INFO] [stdout] 
[INFO] [stdout] 
[INFO] [stdout] error[E0599]: no method named `test_unwrap` found for enum `Result<T, E>` in the current scope
[INFO] [stdout]     --> tests/vector_fixtures.rs:1476:64
[INFO] [stdout]      |
[INFO] [stdout] 1476 |             serde_json::from_value(case["capability"].clone()).test_unwrap("parse capability case");
[INFO] [stdout]      |                                                                ^^^^^^^^^^^
[INFO] [stdout]      |
[INFO] [stdout] help: there is a method `unwrap` with a similar name, but with different arguments
[INFO] [stdout]     --> /rustc/3154cc1a3e6424e44f438a95007d043ed5ceaaf6/library/core/src/result.rs:1226:4
[INFO] [stdout] 
[INFO] [stdout] 
[INFO] [stdout] error[E0599]: no method named `test_unwrap` found for enum `Result<T, E>` in the current scope
[INFO] [stdout]     --> tests/vector_fixtures.rs:1479:14
[INFO] [stdout]      |
[INFO] [stdout] 1478 |         let expected: CapabilityVerification = serde_json::from_value(case["expected"].clone())
[INFO] [stdout] 1479 |             .test_unwrap("parse capability expectation");
[INFO] [stdout]      |              ^^^^^^^^^^^
[INFO] [stdout]      |
[INFO] [stdout] help: there is a method `unwrap` with a similar name, but with different arguments
[INFO] [stdout]     --> /rustc/3154cc1a3e6424e44f438a95007d043ed5ceaaf6/library/core/src/result.rs:1226:4
[INFO] [stdout] 
[INFO] [stdout] 
[INFO] [stdout] error[E0599]: no method named `test_unwrap` found for enum `Result<T, E>` in the current scope
[INFO] [stdout]     --> tests/vector_fixtures.rs:1484:61
[INFO] [stdout]      |
[INFO] [stdout] 1484 |             verify_capability(&capability, verify_at, None).test_unwrap("verify capability case");
[INFO] [stdout]      |                                                             ^^^^^^^^^^^
[INFO] [stdout]      |
[INFO] [stdout] help: there is a method `unwrap` with a similar name, but with different arguments
[INFO] [stdout]     --> /rustc/3154cc1a3e6424e44f438a95007d043ed5ceaaf6/library/core/src/result.rs:1226:4
[INFO] [stdout] 
[INFO] [stdout] 
[INFO] [stdout] error[E0599]: no method named `test_unwrap` found for enum `Result<T, E>` in the current scope
[INFO] [stdout]     --> tests/vector_fixtures.rs:1505:22
[INFO] [stdout]      |
[INFO] [stdout] 1504 |                 serde_json::from_value(depth_expected_value)
[INFO] [stdout] 1505 |                     .test_unwrap("parse depth-aware capability expectation");
[INFO] [stdout]      |                      ^^^^^^^^^^^
[INFO] [stdout]      |
[INFO] [stdout] help: there is a method `unwrap` with a similar name, but with different arguments
[INFO] [stdout]     --> /rustc/3154cc1a3e6424e44f438a95007d043ed5ceaaf6/library/core/src/result.rs:1226:4
[INFO] [stdout] 
[INFO] [stdout] 
[INFO] [stdout] error[E0599]: no method named `test_unwrap` found for enum `Result<T, E>` in the current scope
[INFO] [stdout]     --> tests/vector_fixtures.rs:1507:18
[INFO] [stdout]      |
[INFO] [stdout] 1506 |             let actual_with_depth = verify_capability(&capability, verify_at, Some(max_depth))
[INFO] [stdout] 1507 |                 .test_unwrap("verify capability case (max depth)");
[INFO] [stdout]      |                  ^^^^^^^^^^^
[INFO] [stdout]      |
[INFO] [stdout] help: there is a method `unwrap` with a similar name, but with different arguments
[INFO] [stdout]     --> /rustc/3154cc1a3e6424e44f438a95007d043ed5ceaaf6/library/core/src/result.rs:1226:4
[INFO] [stdout] 
[INFO] [stdout] 
[INFO] [stdout] error[E0599]: no method named `test_unwrap` found for enum `Result<T, E>` in the current scope
[INFO] [stdout]     --> tests/vector_fixtures.rs:1520:64
[INFO] [stdout]      |
[INFO] [stdout] 1520 |     let raw = std::fs::read_to_string(manifest_fixture_path()).test_unwrap("read manifest fixture");
[INFO] [stdout]      |                                                                ^^^^^^^^^^^
[INFO] [stdout]      |
[INFO] [stdout] help: there is a method `unwrap` with a similar name, but with different arguments
[INFO] [stdout]     --> /rustc/3154cc1a3e6424e44f438a95007d043ed5ceaaf6/library/core/src/result.rs:1226:4
[INFO] [stdout] 
[INFO] [stdout] 
[INFO] [stdout] error[E0599]: no method named `test_unwrap` found for enum `Result<T, E>` in the current scope
[INFO] [stdout]     --> tests/vector_fixtures.rs:1521:53
[INFO] [stdout]      |
[INFO] [stdout] 1521 |     let fixture: Value = serde_json::from_str(&raw).test_unwrap("parse manifest fixture");
[INFO] [stdout]      |                                                     ^^^^^^^^^^^
[INFO] [stdout]      |
[INFO] [stdout] help: there is a method `unwrap` with a similar name, but with different arguments
[INFO] [stdout]     --> /rustc/3154cc1a3e6424e44f438a95007d043ed5ceaaf6/library/core/src/result.rs:1226:4
[INFO] [stdout] 
[INFO] [stdout] 
[INFO] [stdout] error[E0599]: no method named `test_unwrap` found for enum `Result<T, E>` in the current scope
[INFO] [stdout]     --> tests/vector_fixtures.rs:1525:18
[INFO] [stdout]      |
[INFO] [stdout] 1524 |             serde_json::from_value(case["signed_manifest"].clone())
[INFO] [stdout] 1525 |                 .test_unwrap("parse signed manifest case");
[INFO] [stdout]      |                  ^^^^^^^^^^^
[INFO] [stdout]      |
[INFO] [stdout] help: there is a method `unwrap` with a similar name, but with different arguments
[INFO] [stdout]     --> /rustc/3154cc1a3e6424e44f438a95007d043ed5ceaaf6/library/core/src/result.rs:1226:4
[INFO] [stdout] 
[INFO] [stdout] 
[INFO] [stdout] error[E0599]: no method named `test_unwrap` found for enum `Result<T, E>` in the current scope
[INFO] [stdout]     --> tests/vector_fixtures.rs:1527:14
[INFO] [stdout]      |
[INFO] [stdout] 1526 |         let expected: ManifestVerification = serde_json::from_value(case["expected"].clone())
[INFO] [stdout] 1527 |             .test_unwrap("parse manifest expectation");
[INFO] [stdout]      |              ^^^^^^^^^^^
[INFO] [stdout]      |
[INFO] [stdout] help: there is a method `unwrap` with a similar name, but with different arguments
[INFO] [stdout]     --> /rustc/3154cc1a3e6424e44f438a95007d043ed5ceaaf6/library/core/src/result.rs:1226:4
[INFO] [stdout] 
[INFO] [stdout] 
[INFO] [stdout] error[E0599]: no method named `test_unwrap` found for enum `Result<T, E>` in the current scope
[INFO] [stdout]     --> tests/vector_fixtures.rs:1529:54
[INFO] [stdout]      |
[INFO] [stdout] 1529 |             verify_signed_manifest(&signed_manifest).test_unwrap("verify signed manifest case");
[INFO] [stdout]      |                                                      ^^^^^^^^^^^
[INFO] [stdout]      |
[INFO] [stdout] help: there is a method `unwrap` with a similar name, but with different arguments
[INFO] [stdout]     --> /rustc/3154cc1a3e6424e44f438a95007d043ed5ceaaf6/library/core/src/result.rs:1226:4
[INFO] [stdout] 
[INFO] [stdout] 
[INFO] [stdout] Some errors have detailed explanations: E0433, E0599.
[INFO] [stdout] 
[INFO] [stdout] For more information about an error, try `rustc --explain E0433`.
[INFO] [stdout] 
[INFO] [stderr] error: could not compile `chio-binding-helpers` (test "vector_fixtures") due to 106 previous errors
[INFO] running `Command { std: "docker" "inspect" "f62226fb66292c5d70af63334c61453fb346ff12b31b8c0972e2b8e0f652107a", kill_on_drop: false }`
[INFO] running `Command { std: "docker" "rm" "-f" "f62226fb66292c5d70af63334c61453fb346ff12b31b8c0972e2b8e0f652107a", kill_on_drop: false }`
[INFO] [stdout] f62226fb66292c5d70af63334c61453fb346ff12b31b8c0972e2b8e0f652107a
