[INFO] fetching crate chio-appraisal 0.1.2...
[INFO] checking chio-appraisal-0.1.2 against 3154cc1a3e6424e44f438a95007d043ed5ceaaf6 for pr-133502-30
[INFO] extracting crate chio-appraisal 0.1.2 into /workspace/builds/worker-3-tc2/source
[INFO] started tweaking crates.io crate chio-appraisal 0.1.2
[INFO] removed 0 missing tests
[INFO] finished tweaking crates.io crate chio-appraisal 0.1.2
[INFO] tweaked toml for crates.io crate chio-appraisal 0.1.2 written to /workspace/builds/worker-3-tc2/source/Cargo.toml
[INFO] validating manifest of crates.io crate chio-appraisal 0.1.2 on toolchain 3154cc1a3e6424e44f438a95007d043ed5ceaaf6
[INFO] running `Command { std: CARGO_HOME="/workspace/cargo-home" RUSTUP_HOME="/workspace/rustup-home" "/workspace/cargo-home/bin/cargo" "+3154cc1a3e6424e44f438a95007d043ed5ceaaf6" "metadata" "--manifest-path" "Cargo.toml" "--no-deps", kill_on_drop: false }`
[INFO] crate crates.io crate chio-appraisal 0.1.2 already has a lockfile, it will not be regenerated
[INFO] running `Command { std: CARGO_HOME="/workspace/cargo-home" RUSTUP_HOME="/workspace/rustup-home" "/workspace/cargo-home/bin/cargo" "+3154cc1a3e6424e44f438a95007d043ed5ceaaf6" "fetch" "--manifest-path" "Cargo.toml", kill_on_drop: false }`
[INFO] running `Command { std: "docker" "create" "-v" "/var/lib/crater-agent-workspace/builds/worker-3-tc2/source:/opt/rustwide/workdir:ro,Z" "-v" "/var/lib/crater-agent-workspace/builds/worker-3-tc2/target:/opt/rustwide/target:rw,Z" "-v" "/var/lib/crater-agent-workspace/cargo-home:/opt/rustwide/cargo-home:ro,Z" "-v" "/var/lib/crater-agent-workspace/rustup-home:/opt/rustwide/rustup-home:ro,Z" "-m" "1610612736" "--network" "none" "ghcr.io/rust-lang/crates-build-env/linux@sha256:77db811e55d90add9212f6832c23229e3de5f1c1f9905e8cb07319ea15df73ac" "sleep" "infinity", kill_on_drop: false }`
[INFO] [stdout] 4e5320ab5fc9dc6b932ea3d1a82e2bd431a2ac0c816a4eb01895983e740a0933
[INFO] running `Command { std: "docker" "start" "4e5320ab5fc9dc6b932ea3d1a82e2bd431a2ac0c816a4eb01895983e740a0933", kill_on_drop: false }`
[INFO] running `Command { std: "docker" "inspect" "4e5320ab5fc9dc6b932ea3d1a82e2bd431a2ac0c816a4eb01895983e740a0933", kill_on_drop: false }`
[INFO] running `Command { std: "docker" "exec" "-e" "SOURCE_DIR=/opt/rustwide/workdir" "-e" "CARGO_HOME=/opt/rustwide/cargo-home" "-e" "RUSTUP_HOME=/opt/rustwide/rustup-home" "-e" "CARGO_TARGET_DIR=/opt/rustwide/target" "-w" "/opt/rustwide/workdir" "--user" "0:0" "4e5320ab5fc9dc6b932ea3d1a82e2bd431a2ac0c816a4eb01895983e740a0933" "/opt/rustwide/cargo-home/bin/cargo" "+3154cc1a3e6424e44f438a95007d043ed5ceaaf6" "metadata" "--no-deps" "--format-version=1", kill_on_drop: false }`
[INFO] running `Command { std: "docker" "inspect" "4e5320ab5fc9dc6b932ea3d1a82e2bd431a2ac0c816a4eb01895983e740a0933", kill_on_drop: false }`
[INFO] running `Command { std: "docker" "exec" "-e" "SOURCE_DIR=/opt/rustwide/workdir" "-e" "CARGO_HOME=/opt/rustwide/cargo-home" "-e" "RUSTUP_HOME=/opt/rustwide/rustup-home" "-e" "CARGO_TARGET_DIR=/opt/rustwide/target" "-e" "CARGO_INCREMENTAL=0" "-e" "RUST_BACKTRACE=full" "-e" "RUSTFLAGS=--cap-lints=forbid" "-e" "RUSTDOCFLAGS=--cap-lints=forbid" "-w" "/opt/rustwide/workdir" "--user" "0:0" "4e5320ab5fc9dc6b932ea3d1a82e2bd431a2ac0c816a4eb01895983e740a0933" "/opt/rustwide/cargo-home/bin/cargo" "+3154cc1a3e6424e44f438a95007d043ed5ceaaf6" "check" "--frozen" "--all" "--all-targets" "--message-format=json", kill_on_drop: false }`
[INFO] [stderr]    Compiling proc-macro2 v1.0.106
[INFO] [stderr]    Compiling quote v1.0.45
[INFO] [stderr]    Compiling unicode-ident v1.0.24
[INFO] [stderr]     Checking stable_deref_trait v1.2.1
[INFO] [stderr]    Compiling version_check v0.9.5
[INFO] [stderr]     Checking typenum v1.20.0
[INFO] [stderr]     Checking writeable v0.6.2
[INFO] [stderr]     Checking litemap v0.8.1
[INFO] [stderr]    Compiling icu_properties_data v2.1.2
[INFO] [stderr]    Compiling icu_normalizer_data v2.1.1
[INFO] [stderr]    Compiling semver v1.0.27
[INFO] [stderr]    Compiling libc v0.2.183
[INFO] [stderr]     Checking cfg-if v1.0.4
[INFO] [stderr]    Compiling serde_core v1.0.228
[INFO] [stderr]     Checking smallvec v1.15.1
[INFO] [stderr]    Compiling zmij v1.0.21
[INFO] [stderr]     Checking cpufeatures v0.2.17
[INFO] [stderr]     Checking percent-encoding v2.3.2
[INFO] [stderr]    Compiling thiserror v1.0.69
[INFO] [stderr]     Checking utf8_iter v1.0.4
[INFO] [stderr]    Compiling serde v1.0.228
[INFO] [stderr]     Checking subtle v2.6.1
[INFO] [stderr]    Compiling serde_json v1.0.149
[INFO] [stderr]     Checking signature v2.2.0
[INFO] [stderr]     Checking zeroize v1.9.0
[INFO] [stderr]     Checking form_urlencoded v1.2.2
[INFO] [stderr]     Checking memchr v2.8.0
[INFO] [stderr]     Checking itoa v1.0.17
[INFO] [stderr]     Checking hex v0.4.3
[INFO] [stderr]     Checking ed25519 v2.2.3
[INFO] [stderr]    Compiling rustc_version v0.4.1
[INFO] [stderr]     Checking ryu v1.0.23
[INFO] [stderr]    Compiling generic-array v0.14.7
[INFO] [stderr]    Compiling curve25519-dalek v4.1.3
[INFO] [stderr]    Compiling syn v2.0.117
[INFO] [stderr]     Checking getrandom v0.2.17
[INFO] [stderr]     Checking rand_core v0.6.4
[INFO] [stderr]     Checking crypto-common v0.1.7
[INFO] [stderr]     Checking block-buffer v0.10.4
[INFO] [stderr]     Checking digest v0.10.7
[INFO] [stderr]     Checking sha2 v0.10.9
[INFO] [stderr]    Compiling synstructure v0.13.2
[INFO] [stderr]    Compiling zerovec-derive v0.11.2
[INFO] [stderr]    Compiling displaydoc v0.2.5
[INFO] [stderr]    Compiling curve25519-dalek-derive v0.1.1
[INFO] [stderr]    Compiling serde_derive v1.0.228
[INFO] [stderr]    Compiling thiserror-impl v1.0.69
[INFO] [stderr]    Compiling zerofrom-derive v0.1.6
[INFO] [stderr]    Compiling yoke-derive v0.8.1
[INFO] [stderr]     Checking zerofrom v0.1.6
[INFO] [stderr]     Checking yoke v0.8.1
[INFO] [stderr]     Checking zerovec v0.11.5
[INFO] [stderr]     Checking zerotrie v0.2.3
[INFO] [stderr]     Checking tinystr v0.8.2
[INFO] [stderr]     Checking potential_utf v0.1.4
[INFO] [stderr]     Checking icu_collections v2.1.1
[INFO] [stderr]     Checking icu_locale_core v2.1.1
[INFO] [stderr]     Checking ed25519-dalek v2.2.0
[INFO] [stderr]     Checking icu_provider v2.1.1
[INFO] [stderr]     Checking icu_properties v2.1.2
[INFO] [stderr]     Checking icu_normalizer v2.1.1
[INFO] [stderr]     Checking idna_adapter v1.2.1
[INFO] [stderr]     Checking idna v1.1.0
[INFO] [stderr]     Checking url v2.5.8
[INFO] [stderr]     Checking chio-core-types v0.1.2
[INFO] [stderr]     Checking chio-listing v0.1.2
[INFO] [stderr]     Checking chio-fiscal v0.1.2
[INFO] [stderr]     Checking chio-appraisal v0.1.2 (/opt/rustwide/workdir)
[INFO] [stdout] error[E0433]: cannot find module or crate `chio_test_support` in this scope
[INFO] [stdout]   --> src/tests.rs:15:5
[INFO] [stdout]    |
[INFO] [stdout] 15 | use chio_test_support::prelude::*;
[INFO] [stdout]    |     ^^^^^^^^^^^^^^^^^ use of unresolved module or unlinked crate `chio_test_support`
[INFO] [stdout]    |
[INFO] [stdout]    = help: if you wanted to use a crate named `chio_test_support`, use `cargo add chio_test_support` to add it to your `Cargo.toml`
[INFO] [stdout] 
[INFO] [stdout] 
[INFO] [stdout] error[E0599]: no method named `test_expect` found for enum `Result<T, E>` in the current scope
[INFO] [stdout]    --> src/tests.rs:131:70
[INFO] [stdout]     |
[INFO] [stdout] 131 |     SignedExportEnvelope::sign(sample_descriptor_document(), signer).test_expect("sign descriptor")
[INFO] [stdout]     |                                                                      ^^^^^^^^^^^
[INFO] [stdout]     |
[INFO] [stdout]     = note: the full name for the type has been written to '/opt/rustwide/target/debug/build/chio-appraisal/5760ffbf7cb8cb53/out/chio_appraisal-5760ffbf7cb8cb53.long-type-1612362947534093165.txt'
[INFO] [stdout]     = note: consider using `--verbose` to print the full type name to the console
[INFO] [stdout] help: there is a method `expect` with a similar name
[INFO] [stdout]     |
[INFO] [stdout] 131 -     SignedExportEnvelope::sign(sample_descriptor_document(), signer).test_expect("sign descriptor")
[INFO] [stdout] 131 +     SignedExportEnvelope::sign(sample_descriptor_document(), signer).expect("sign descriptor")
[INFO] [stdout]     |
[INFO] [stdout] 
[INFO] [stdout] 
[INFO] [stdout] error[E0599]: no method named `test_expect` found for enum `Result<T, E>` in the current scope
[INFO] [stdout]    --> src/tests.rs:138:10
[INFO] [stdout]     |
[INFO] [stdout] 137 |     SignedExportEnvelope::sign(sample_reference_value_set(), signer)
[INFO] [stdout] 138 |         .test_expect("sign reference values")
[INFO] [stdout]     |          ^^^^^^^^^^^
[INFO] [stdout]     |
[INFO] [stdout]     = note: the full name for the type has been written to '/opt/rustwide/target/debug/build/chio-appraisal/5760ffbf7cb8cb53/out/chio_appraisal-5760ffbf7cb8cb53.long-type-14437556797127949576.txt'
[INFO] [stdout]     = note: consider using `--verbose` to print the full type name to the console
[INFO] [stdout] help: there is a method `expect` with a similar name
[INFO] [stdout]     |
[INFO] [stdout] 138 -         .test_expect("sign reference values")
[INFO] [stdout] 138 +         .expect("sign reference values")
[INFO] [stdout]     |
[INFO] [stdout] 
[INFO] [stdout] 
[INFO] [stdout] error[E0599]: no method named `test_expect` found for enum `Result<T, E>` in the current scope
[INFO] [stdout]    --> src/tests.rs:170:10
[INFO] [stdout]     |
[INFO] [stdout] 169 |     let appraisal = derive_runtime_attestation_appraisal(&sample_evidence())
[INFO] [stdout] 170 |         .test_expect("derive sample appraisal");
[INFO] [stdout]     |          ^^^^^^^^^^^
[INFO] [stdout]     |
[INFO] [stdout] help: there is a method `expect` with a similar name
[INFO] [stdout]     |
[INFO] [stdout] 170 -         .test_expect("derive sample appraisal");
[INFO] [stdout] 170 +         .expect("derive sample appraisal");
[INFO] [stdout]     |
[INFO] [stdout] 
[INFO] [stdout] 
[INFO] [stdout] error[E0599]: no method named `test_expect` found for enum `Result<T, E>` in the current scope
[INFO] [stdout]    --> src/tests.rs:183:10
[INFO] [stdout]     |
[INFO] [stdout] 182 |     RuntimeAttestationAppraisalResult::from_report("did:chio:test:issuer", &report)
[INFO] [stdout] 183 |         .test_expect("result from sample report")
[INFO] [stdout]     |          ^^^^^^^^^^^
[INFO] [stdout]     |
[INFO] [stdout] help: there is a method `expect` with a similar name
[INFO] [stdout]     |
[INFO] [stdout] 183 -         .test_expect("result from sample report")
[INFO] [stdout] 183 +         .expect("result from sample report")
[INFO] [stdout]     |
[INFO] [stdout] 
[INFO] [stdout] 
[INFO] [stdout] error[E0599]: no method named `test_expect` found for enum `Result<T, E>` in the current scope
[INFO] [stdout]    --> src/tests.rs:189:74
[INFO] [stdout]     |
[INFO] [stdout] 189 |         verify_runtime_attestation_record(&sample_evidence(), None, 150).test_expect("record");
[INFO] [stdout]     |                                                                          ^^^^^^^^^^^
[INFO] [stdout]     |
[INFO] [stdout] help: there is a method `expect` with a similar name
[INFO] [stdout]     |
[INFO] [stdout] 189 -         verify_runtime_attestation_record(&sample_evidence(), None, 150).test_expect("record");
[INFO] [stdout] 189 +         verify_runtime_attestation_record(&sample_evidence(), None, 150).expect("record");
[INFO] [stdout]     |
[INFO] [stdout] 
[INFO] [stdout] 
[INFO] [stdout] error[E0599]: no method named `test_expect` found for enum `Result<T, E>` in the current scope
[INFO] [stdout]    --> src/tests.rs:234:14
[INFO] [stdout]     |
[INFO] [stdout] 233 |         verify_runtime_attestation_record(&sample_evidence(), Some(&sample_trust_policy()), 150)
[INFO] [stdout] 234 |             .test_expect("trusted record");
[INFO] [stdout]     |              ^^^^^^^^^^^
[INFO] [stdout]     |
[INFO] [stdout] help: there is a method `expect` with a similar name
[INFO] [stdout]     |
[INFO] [stdout] 234 -             .test_expect("trusted record");
[INFO] [stdout] 234 +             .expect("trusted record");
[INFO] [stdout]     |
[INFO] [stdout] 
[INFO] [stdout] 
[INFO] [stdout] error[E0599]: no method named `test_expect` found for enum `Result<T, E>` in the current scope
[INFO] [stdout]    --> src/tests.rs:260:14
[INFO] [stdout]     |
[INFO] [stdout] 259 |         verify_runtime_attestation_record(&evidence, Some(&sample_nitro_trust_policy()), 150)
[INFO] [stdout] 260 |             .test_expect("nitro record should verify across the trust boundary");
[INFO] [stdout]     |              ^^^^^^^^^^^
[INFO] [stdout]     |
[INFO] [stdout] help: there is a method `expect` with a similar name
[INFO] [stdout]     |
[INFO] [stdout] 260 -             .test_expect("nitro record should verify across the trust boundary");
[INFO] [stdout] 260 +             .expect("nitro record should verify across the trust boundary");
[INFO] [stdout]     |
[INFO] [stdout] 
[INFO] [stdout] 
[INFO] [stdout] error[E0599]: no method named `test_expect_err` found for enum `Result<T, E>` in the current scope
[INFO] [stdout]    --> src/tests.rs:284:14
[INFO] [stdout]     |
[INFO] [stdout] 283 |         validate_runtime_attestation_verifier_descriptor(&descriptor)
[INFO] [stdout] 284 |             .test_expect_err("invalid descriptor schema")
[INFO] [stdout]     |              ^^^^^^^^^^^^^^^
[INFO] [stdout]     |
[INFO] [stdout] help: there is a method `expect_err` with a similar name
[INFO] [stdout]     |
[INFO] [stdout] 284 -             .test_expect_err("invalid descriptor schema")
[INFO] [stdout] 284 +             .expect_err("invalid descriptor schema")
[INFO] [stdout]     |
[INFO] [stdout] 
[INFO] [stdout] 
[INFO] [stdout] error[E0599]: no method named `test_expect_err` found for enum `Result<T, E>` in the current scope
[INFO] [stdout]    --> src/tests.rs:293:14
[INFO] [stdout]     |
[INFO] [stdout] 292 |         validate_runtime_attestation_verifier_descriptor(&descriptor)
[INFO] [stdout] 293 |             .test_expect_err("empty descriptor id")
[INFO] [stdout]     |              ^^^^^^^^^^^^^^^
[INFO] [stdout]     |
[INFO] [stdout] help: there is a method `expect_err` with a similar name
[INFO] [stdout]     |
[INFO] [stdout] 293 -             .test_expect_err("empty descriptor id")
[INFO] [stdout] 293 +             .expect_err("empty descriptor id")
[INFO] [stdout]     |
[INFO] [stdout] 
[INFO] [stdout] 
[INFO] [stdout] error[E0599]: no method named `test_expect_err` found for enum `Result<T, E>` in the current scope
[INFO] [stdout]    --> src/tests.rs:302:14
[INFO] [stdout]     |
[INFO] [stdout] 301 |         validate_runtime_attestation_verifier_descriptor(&descriptor)
[INFO] [stdout] 302 |             .test_expect_err("empty verifier")
[INFO] [stdout]     |              ^^^^^^^^^^^^^^^
[INFO] [stdout]     |
[INFO] [stdout] help: there is a method `expect_err` with a similar name
[INFO] [stdout]     |
[INFO] [stdout] 302 -             .test_expect_err("empty verifier")
[INFO] [stdout] 302 +             .expect_err("empty verifier")
[INFO] [stdout]     |
[INFO] [stdout] 
[INFO] [stdout] 
[INFO] [stdout] error[E0599]: no method named `test_expect_err` found for enum `Result<T, E>` in the current scope
[INFO] [stdout]    --> src/tests.rs:311:14
[INFO] [stdout]     |
[INFO] [stdout] 310 |         validate_runtime_attestation_verifier_descriptor(&descriptor)
[INFO] [stdout] 311 |             .test_expect_err("empty adapter")
[INFO] [stdout]     |              ^^^^^^^^^^^^^^^
[INFO] [stdout]     |
[INFO] [stdout] help: there is a method `expect_err` with a similar name
[INFO] [stdout]     |
[INFO] [stdout] 311 -             .test_expect_err("empty adapter")
[INFO] [stdout] 311 +             .expect_err("empty adapter")
[INFO] [stdout]     |
[INFO] [stdout] 
[INFO] [stdout] 
[INFO] [stdout] error[E0599]: no method named `test_expect_err` found for enum `Result<T, E>` in the current scope
[INFO] [stdout]    --> src/tests.rs:320:14
[INFO] [stdout]     |
[INFO] [stdout] 319 |         validate_runtime_attestation_verifier_descriptor(&descriptor)
[INFO] [stdout] 320 |             .test_expect_err("inverted descriptor window")
[INFO] [stdout]     |              ^^^^^^^^^^^^^^^
[INFO] [stdout]     |
[INFO] [stdout] help: there is a method `expect_err` with a similar name
[INFO] [stdout]     |
[INFO] [stdout] 320 -             .test_expect_err("inverted descriptor window")
[INFO] [stdout] 320 +             .expect_err("inverted descriptor window")
[INFO] [stdout]     |
[INFO] [stdout] 
[INFO] [stdout] 
[INFO] [stdout] error[E0599]: no method named `test_expect_err` found for enum `Result<T, E>` in the current scope
[INFO] [stdout]    --> src/tests.rs:329:14
[INFO] [stdout]     |
[INFO] [stdout] 328 |         validate_runtime_attestation_verifier_descriptor(&descriptor)
[INFO] [stdout] 329 |             .test_expect_err("missing schemas")
[INFO] [stdout]     |              ^^^^^^^^^^^^^^^
[INFO] [stdout]     |
[INFO] [stdout] help: there is a method `expect_err` with a similar name
[INFO] [stdout]     |
[INFO] [stdout] 329 -             .test_expect_err("missing schemas")
[INFO] [stdout] 329 +             .expect_err("missing schemas")
[INFO] [stdout]     |
[INFO] [stdout] 
[INFO] [stdout] 
[INFO] [stdout] error[E0599]: no method named `test_expect_err` found for enum `Result<T, E>` in the current scope
[INFO] [stdout]    --> src/tests.rs:341:14
[INFO] [stdout]     |
[INFO] [stdout] 340 |         validate_runtime_attestation_verifier_descriptor(&descriptor)
[INFO] [stdout] 341 |             .test_expect_err("unsorted schemas")
[INFO] [stdout]     |              ^^^^^^^^^^^^^^^
[INFO] [stdout]     |
[INFO] [stdout] help: there is a method `expect_err` with a similar name
[INFO] [stdout]     |
[INFO] [stdout] 341 -             .test_expect_err("unsorted schemas")
[INFO] [stdout] 341 +             .expect_err("unsorted schemas")
[INFO] [stdout]     |
[INFO] [stdout] 
[INFO] [stdout] 
[INFO] [stdout] error[E0599]: no method named `test_expect_err` found for enum `Result<T, E>` in the current scope
[INFO] [stdout]    --> src/tests.rs:350:14
[INFO] [stdout]     |
[INFO] [stdout] 349 |         validate_runtime_attestation_verifier_descriptor(&descriptor)
[INFO] [stdout] 350 |             .test_expect_err("empty schema entry")
[INFO] [stdout]     |              ^^^^^^^^^^^^^^^
[INFO] [stdout]     |
[INFO] [stdout] help: there is a method `expect_err` with a similar name
[INFO] [stdout]     |
[INFO] [stdout] 350 -             .test_expect_err("empty schema entry")
[INFO] [stdout] 350 +             .expect_err("empty schema entry")
[INFO] [stdout]     |
[INFO] [stdout] 
[INFO] [stdout] 
[INFO] [stdout] error[E0599]: no method named `test_expect_err` found for enum `Result<T, E>` in the current scope
[INFO] [stdout]    --> src/tests.rs:359:14
[INFO] [stdout]     |
[INFO] [stdout] 358 |         validate_runtime_attestation_verifier_descriptor(&descriptor)
[INFO] [stdout] 359 |             .test_expect_err("wrong artifact schema")
[INFO] [stdout]     |              ^^^^^^^^^^^^^^^
[INFO] [stdout]     |
[INFO] [stdout] help: there is a method `expect_err` with a similar name
[INFO] [stdout]     |
[INFO] [stdout] 359 -             .test_expect_err("wrong artifact schema")
[INFO] [stdout] 359 +             .expect_err("wrong artifact schema")
[INFO] [stdout]     |
[INFO] [stdout] 
[INFO] [stdout] 
[INFO] [stdout] error[E0599]: no method named `test_expect_err` found for enum `Result<T, E>` in the current scope
[INFO] [stdout]    --> src/tests.rs:368:14
[INFO] [stdout]     |
[INFO] [stdout] 367 |         validate_runtime_attestation_verifier_descriptor(&descriptor)
[INFO] [stdout] 368 |             .test_expect_err("wrong result schema")
[INFO] [stdout]     |              ^^^^^^^^^^^^^^^
[INFO] [stdout]     |
[INFO] [stdout] help: there is a method `expect_err` with a similar name
[INFO] [stdout]     |
[INFO] [stdout] 368 -             .test_expect_err("wrong result schema")
[INFO] [stdout] 368 +             .expect_err("wrong result schema")
[INFO] [stdout]     |
[INFO] [stdout] 
[INFO] [stdout] 
[INFO] [stdout] error[E0599]: no method named `test_expect_err` found for enum `Result<T, E>` in the current scope
[INFO] [stdout]    --> src/tests.rs:377:14
[INFO] [stdout]     |
[INFO] [stdout] 376 |         validate_runtime_attestation_verifier_descriptor(&descriptor)
[INFO] [stdout] 377 |             .test_expect_err("missing signing keys")
[INFO] [stdout]     |              ^^^^^^^^^^^^^^^
[INFO] [stdout]     |
[INFO] [stdout] help: there is a method `expect_err` with a similar name
[INFO] [stdout]     |
[INFO] [stdout] 377 -             .test_expect_err("missing signing keys")
[INFO] [stdout] 377 +             .expect_err("missing signing keys")
[INFO] [stdout]     |
[INFO] [stdout] 
[INFO] [stdout] 
[INFO] [stdout] error[E0599]: no method named `test_expect_err` found for enum `Result<T, E>` in the current scope
[INFO] [stdout]    --> src/tests.rs:387:14
[INFO] [stdout]     |
[INFO] [stdout] 386 |         validate_runtime_attestation_verifier_descriptor(&descriptor)
[INFO] [stdout] 387 |             .test_expect_err("unsorted signing keys")
[INFO] [stdout]     |              ^^^^^^^^^^^^^^^
[INFO] [stdout]     |
[INFO] [stdout] help: there is a method `expect_err` with a similar name
[INFO] [stdout]     |
[INFO] [stdout] 387 -             .test_expect_err("unsorted signing keys")
[INFO] [stdout] 387 +             .expect_err("unsorted signing keys")
[INFO] [stdout]     |
[INFO] [stdout] 
[INFO] [stdout] 
[INFO] [stdout] error[E0599]: no method named `test_expect_err` found for enum `Result<T, E>` in the current scope
[INFO] [stdout]    --> src/tests.rs:396:14
[INFO] [stdout]     |
[INFO] [stdout] 395 |         validate_runtime_attestation_verifier_descriptor(&descriptor)
[INFO] [stdout] 396 |             .test_expect_err("empty signing key")
[INFO] [stdout]     |              ^^^^^^^^^^^^^^^
[INFO] [stdout]     |
[INFO] [stdout] help: there is a method `expect_err` with a similar name
[INFO] [stdout]     |
[INFO] [stdout] 396 -             .test_expect_err("empty signing key")
[INFO] [stdout] 396 +             .expect_err("empty signing key")
[INFO] [stdout]     |
[INFO] [stdout] 
[INFO] [stdout] 
[INFO] [stdout] error[E0599]: no method named `test_expect_err` found for enum `Result<T, E>` in the current scope
[INFO] [stdout]    --> src/tests.rs:405:14
[INFO] [stdout]     |
[INFO] [stdout] 404 |         validate_runtime_attestation_verifier_descriptor(&descriptor)
[INFO] [stdout] 405 |             .test_expect_err("empty reference_values_uri")
[INFO] [stdout]     |              ^^^^^^^^^^^^^^^
[INFO] [stdout]     |
[INFO] [stdout] help: there is a method `expect_err` with a similar name
[INFO] [stdout]     |
[INFO] [stdout] 405 -             .test_expect_err("empty reference_values_uri")
[INFO] [stdout] 405 +             .expect_err("empty reference_values_uri")
[INFO] [stdout]     |
[INFO] [stdout] 
[INFO] [stdout] 
[INFO] [stdout] error[E0599]: no method named `test_expect_err` found for enum `Result<T, E>` in the current scope
[INFO] [stdout]    --> src/tests.rs:414:14
[INFO] [stdout]     |
[INFO] [stdout] 413 |         verify_signed_runtime_attestation_verifier_descriptor(&signed, 50)
[INFO] [stdout] 414 |             .test_expect_err("descriptor not yet valid")
[INFO] [stdout]     |              ^^^^^^^^^^^^^^^
[INFO] [stdout]     |
[INFO] [stdout] help: there is a method `expect_err` with a similar name
[INFO] [stdout]     |
[INFO] [stdout] 414 -             .test_expect_err("descriptor not yet valid")
[INFO] [stdout] 414 +             .expect_err("descriptor not yet valid")
[INFO] [stdout]     |
[INFO] [stdout] 
[INFO] [stdout] 
[INFO] [stdout] error[E0599]: no method named `test_expect_err` found for enum `Result<T, E>` in the current scope
[INFO] [stdout]    --> src/tests.rs:420:14
[INFO] [stdout]     |
[INFO] [stdout] 419 |         verify_signed_runtime_attestation_verifier_descriptor(&signed, 400)
[INFO] [stdout] 420 |             .test_expect_err("descriptor expired")
[INFO] [stdout]     |              ^^^^^^^^^^^^^^^
[INFO] [stdout]     |
[INFO] [stdout] help: there is a method `expect_err` with a similar name
[INFO] [stdout]     |
[INFO] [stdout] 420 -             .test_expect_err("descriptor expired")
[INFO] [stdout] 420 +             .expect_err("descriptor expired")
[INFO] [stdout]     |
[INFO] [stdout] 
[INFO] [stdout] 
[INFO] [stdout] error[E0599]: no method named `test_expect_err` found for enum `Result<T, E>` in the current scope
[INFO] [stdout]    --> src/tests.rs:429:14
[INFO] [stdout]     |
[INFO] [stdout] 428 |         verify_signed_runtime_attestation_verifier_descriptor(&tampered, 150)
[INFO] [stdout] 429 |             .test_expect_err("descriptor signature failure")
[INFO] [stdout]     |              ^^^^^^^^^^^^^^^
[INFO] [stdout]     |
[INFO] [stdout] help: there is a method `expect_err` with a similar name
[INFO] [stdout]     |
[INFO] [stdout] 429 -             .test_expect_err("descriptor signature failure")
[INFO] [stdout] 429 +             .expect_err("descriptor signature failure")
[INFO] [stdout]     |
[INFO] [stdout] 
[INFO] [stdout] 
[INFO] [stdout] error[E0599]: no method named `test_expect_err` found for enum `Result<T, E>` in the current scope
[INFO] [stdout]    --> src/tests.rs:441:14
[INFO] [stdout]     |
[INFO] [stdout] 440 |         validate_runtime_attestation_reference_value_set(&reference_value_set)
[INFO] [stdout] 441 |             .test_expect_err("invalid reference-value schema")
[INFO] [stdout]     |              ^^^^^^^^^^^^^^^
[INFO] [stdout]     |
[INFO] [stdout] help: there is a method `expect_err` with a similar name
[INFO] [stdout]     |
[INFO] [stdout] 441 -             .test_expect_err("invalid reference-value schema")
[INFO] [stdout] 441 +             .expect_err("invalid reference-value schema")
[INFO] [stdout]     |
[INFO] [stdout] 
[INFO] [stdout] 
[INFO] [stdout] error[E0599]: no method named `test_expect_err` found for enum `Result<T, E>` in the current scope
[INFO] [stdout]    --> src/tests.rs:450:14
[INFO] [stdout]     |
[INFO] [stdout] 449 |         validate_runtime_attestation_reference_value_set(&reference_value_set)
[INFO] [stdout] 450 |             .test_expect_err("empty reference_value_id")
[INFO] [stdout]     |              ^^^^^^^^^^^^^^^
[INFO] [stdout]     |
[INFO] [stdout] help: there is a method `expect_err` with a similar name
[INFO] [stdout]     |
[INFO] [stdout] 450 -             .test_expect_err("empty reference_value_id")
[INFO] [stdout] 450 +             .expect_err("empty reference_value_id")
[INFO] [stdout]     |
[INFO] [stdout] 
[INFO] [stdout] 
[INFO] [stdout] error[E0599]: no method named `test_expect_err` found for enum `Result<T, E>` in the current scope
[INFO] [stdout]    --> src/tests.rs:459:14
[INFO] [stdout]     |
[INFO] [stdout] 458 |         validate_runtime_attestation_reference_value_set(&reference_value_set)
[INFO] [stdout] 459 |             .test_expect_err("empty descriptor_id")
[INFO] [stdout]     |              ^^^^^^^^^^^^^^^
[INFO] [stdout]     |
[INFO] [stdout] help: there is a method `expect_err` with a similar name
[INFO] [stdout]     |
[INFO] [stdout] 459 -             .test_expect_err("empty descriptor_id")
[INFO] [stdout] 459 +             .expect_err("empty descriptor_id")
[INFO] [stdout]     |
[INFO] [stdout] 
[INFO] [stdout] 
[INFO] [stdout] error[E0599]: no method named `test_expect_err` found for enum `Result<T, E>` in the current scope
[INFO] [stdout]    --> src/tests.rs:468:14
[INFO] [stdout]     |
[INFO] [stdout] 467 |         validate_runtime_attestation_reference_value_set(&reference_value_set)
[INFO] [stdout] 468 |             .test_expect_err("empty attestation schema")
[INFO] [stdout]     |              ^^^^^^^^^^^^^^^
[INFO] [stdout]     |
[INFO] [stdout] help: there is a method `expect_err` with a similar name
[INFO] [stdout]     |
[INFO] [stdout] 468 -             .test_expect_err("empty attestation schema")
[INFO] [stdout] 468 +             .expect_err("empty attestation schema")
[INFO] [stdout]     |
[INFO] [stdout] 
[INFO] [stdout] 
[INFO] [stdout] error[E0599]: no method named `test_expect_err` found for enum `Result<T, E>` in the current scope
[INFO] [stdout]    --> src/tests.rs:477:14
[INFO] [stdout]     |
[INFO] [stdout] 476 |         validate_runtime_attestation_reference_value_set(&reference_value_set)
[INFO] [stdout] 477 |             .test_expect_err("inverted reference-value window")
[INFO] [stdout]     |              ^^^^^^^^^^^^^^^
[INFO] [stdout]     |
[INFO] [stdout] help: there is a method `expect_err` with a similar name
[INFO] [stdout]     |
[INFO] [stdout] 477 -             .test_expect_err("inverted reference-value window")
[INFO] [stdout] 477 +             .expect_err("inverted reference-value window")
[INFO] [stdout]     |
[INFO] [stdout] 
[INFO] [stdout] 
[INFO] [stdout] error[E0599]: no method named `test_expect_err` found for enum `Result<T, E>` in the current scope
[INFO] [stdout]    --> src/tests.rs:486:14
[INFO] [stdout]     |
[INFO] [stdout] 485 |         validate_runtime_attestation_reference_value_set(&reference_value_set)
[INFO] [stdout] 486 |             .test_expect_err("empty source uri")
[INFO] [stdout]     |              ^^^^^^^^^^^^^^^
[INFO] [stdout]     |
[INFO] [stdout] help: there is a method `expect_err` with a similar name
[INFO] [stdout]     |
[INFO] [stdout] 486 -             .test_expect_err("empty source uri")
[INFO] [stdout] 486 +             .expect_err("empty source uri")
[INFO] [stdout]     |
[INFO] [stdout] 
[INFO] [stdout] 
[INFO] [stdout] error[E0599]: no method named `test_expect_err` found for enum `Result<T, E>` in the current scope
[INFO] [stdout]    --> src/tests.rs:495:14
[INFO] [stdout]     |
[INFO] [stdout] 494 |         validate_runtime_attestation_reference_value_set(&reference_value_set)
[INFO] [stdout] 495 |             .test_expect_err("missing measurements")
[INFO] [stdout]     |              ^^^^^^^^^^^^^^^
[INFO] [stdout]     |
[INFO] [stdout] help: there is a method `expect_err` with a similar name
[INFO] [stdout]     |
[INFO] [stdout] 495 -             .test_expect_err("missing measurements")
[INFO] [stdout] 495 +             .expect_err("missing measurements")
[INFO] [stdout]     |
[INFO] [stdout] 
[INFO] [stdout] 
[INFO] [stdout] error[E0599]: no method named `test_expect_err` found for enum `Result<T, E>` in the current scope
[INFO] [stdout]    --> src/tests.rs:504:14
[INFO] [stdout]     |
[INFO] [stdout] 503 |         validate_runtime_attestation_reference_value_set(&reference_value_set)
[INFO] [stdout] 504 |             .test_expect_err("active state with supersession")
[INFO] [stdout]     |              ^^^^^^^^^^^^^^^
[INFO] [stdout]     |
[INFO] [stdout] help: there is a method `expect_err` with a similar name
[INFO] [stdout]     |
[INFO] [stdout] 504 -             .test_expect_err("active state with supersession")
[INFO] [stdout] 504 +             .expect_err("active state with supersession")
[INFO] [stdout]     |
[INFO] [stdout] 
[INFO] [stdout] 
[INFO] [stdout] error[E0599]: no method named `test_expect_err` found for enum `Result<T, E>` in the current scope
[INFO] [stdout]    --> src/tests.rs:513:14
[INFO] [stdout]     |
[INFO] [stdout] 512 |         validate_runtime_attestation_reference_value_set(&reference_value_set)
[INFO] [stdout] 513 |             .test_expect_err("superseded without successor")
[INFO] [stdout]     |              ^^^^^^^^^^^^^^^
[INFO] [stdout]     |
[INFO] [stdout] help: there is a method `expect_err` with a similar name
[INFO] [stdout]     |
[INFO] [stdout] 513 -             .test_expect_err("superseded without successor")
[INFO] [stdout] 513 +             .expect_err("superseded without successor")
[INFO] [stdout]     |
[INFO] [stdout] 
[INFO] [stdout] 
[INFO] [stdout] error[E0599]: no method named `test_expect_err` found for enum `Result<T, E>` in the current scope
[INFO] [stdout]    --> src/tests.rs:523:14
[INFO] [stdout]     |
[INFO] [stdout] 522 |         validate_runtime_attestation_reference_value_set(&reference_value_set)
[INFO] [stdout] 523 |             .test_expect_err("self supersession")
[INFO] [stdout]     |              ^^^^^^^^^^^^^^^
[INFO] [stdout]     |
[INFO] [stdout] help: there is a method `expect_err` with a similar name
[INFO] [stdout]     |
[INFO] [stdout] 523 -             .test_expect_err("self supersession")
[INFO] [stdout] 523 +             .expect_err("self supersession")
[INFO] [stdout]     |
[INFO] [stdout] 
[INFO] [stdout] 
[INFO] [stdout] error[E0599]: no method named `test_expect_err` found for enum `Result<T, E>` in the current scope
[INFO] [stdout]    --> src/tests.rs:534:14
[INFO] [stdout]     |
[INFO] [stdout] 533 |         validate_runtime_attestation_reference_value_set(&reference_value_set)
[INFO] [stdout] 534 |             .test_expect_err("superseded with revoked_reason")
[INFO] [stdout]     |              ^^^^^^^^^^^^^^^
[INFO] [stdout]     |
[INFO] [stdout] help: there is a method `expect_err` with a similar name
[INFO] [stdout]     |
[INFO] [stdout] 534 -             .test_expect_err("superseded with revoked_reason")
[INFO] [stdout] 534 +             .expect_err("superseded with revoked_reason")
[INFO] [stdout]     |
[INFO] [stdout] 
[INFO] [stdout] 
[INFO] [stdout] error[E0599]: no method named `test_expect_err` found for enum `Result<T, E>` in the current scope
[INFO] [stdout]    --> src/tests.rs:545:14
[INFO] [stdout]     |
[INFO] [stdout] 544 |         validate_runtime_attestation_reference_value_set(&reference_value_set)
[INFO] [stdout] 545 |             .test_expect_err("revoked with superseded_by")
[INFO] [stdout]     |              ^^^^^^^^^^^^^^^
[INFO] [stdout]     |
[INFO] [stdout] help: there is a method `expect_err` with a similar name
[INFO] [stdout]     |
[INFO] [stdout] 545 -             .test_expect_err("revoked with superseded_by")
[INFO] [stdout] 545 +             .expect_err("revoked with superseded_by")
[INFO] [stdout]     |
[INFO] [stdout] 
[INFO] [stdout] 
[INFO] [stdout] error[E0599]: no method named `test_expect_err` found for enum `Result<T, E>` in the current scope
[INFO] [stdout]    --> src/tests.rs:555:14
[INFO] [stdout]     |
[INFO] [stdout] 554 |         validate_runtime_attestation_reference_value_set(&reference_value_set)
[INFO] [stdout] 555 |             .test_expect_err("revoked without reason")
[INFO] [stdout]     |              ^^^^^^^^^^^^^^^
[INFO] [stdout]     |
[INFO] [stdout] help: there is a method `expect_err` with a similar name
[INFO] [stdout]     |
[INFO] [stdout] 555 -             .test_expect_err("revoked without reason")
[INFO] [stdout] 555 +             .expect_err("revoked without reason")
[INFO] [stdout]     |
[INFO] [stdout] 
[INFO] [stdout] 
[INFO] [stdout] error[E0599]: no method named `test_expect_err` found for enum `Result<T, E>` in the current scope
[INFO] [stdout]    --> src/tests.rs:564:14
[INFO] [stdout]     |
[INFO] [stdout] 563 |         verify_signed_runtime_attestation_reference_value_set(&signed, 50)
[INFO] [stdout] 564 |             .test_expect_err("reference values not yet valid")
[INFO] [stdout]     |              ^^^^^^^^^^^^^^^
[INFO] [stdout]     |
[INFO] [stdout] help: there is a method `expect_err` with a similar name
[INFO] [stdout]     |
[INFO] [stdout] 564 -             .test_expect_err("reference values not yet valid")
[INFO] [stdout] 564 +             .expect_err("reference values not yet valid")
[INFO] [stdout]     |
[INFO] [stdout] 
[INFO] [stdout] 
[INFO] [stdout] error[E0599]: no method named `test_expect_err` found for enum `Result<T, E>` in the current scope
[INFO] [stdout]    --> src/tests.rs:570:14
[INFO] [stdout]     |
[INFO] [stdout] 569 |         verify_signed_runtime_attestation_reference_value_set(&signed, 400)
[INFO] [stdout] 570 |             .test_expect_err("reference values expired")
[INFO] [stdout]     |              ^^^^^^^^^^^^^^^
[INFO] [stdout]     |
[INFO] [stdout] help: there is a method `expect_err` with a similar name
[INFO] [stdout]     |
[INFO] [stdout] 570 -             .test_expect_err("reference values expired")
[INFO] [stdout] 570 +             .expect_err("reference values expired")
[INFO] [stdout]     |
[INFO] [stdout] 
[INFO] [stdout] 
[INFO] [stdout] error[E0599]: no method named `test_expect_err` found for enum `Result<T, E>` in the current scope
[INFO] [stdout]    --> src/tests.rs:579:14
[INFO] [stdout]     |
[INFO] [stdout] 578 |         verify_signed_runtime_attestation_reference_value_set(&tampered, 150)
[INFO] [stdout] 579 |             .test_expect_err("reference-value signature failure")
[INFO] [stdout]     |              ^^^^^^^^^^^^^^^
[INFO] [stdout]     |
[INFO] [stdout] help: there is a method `expect_err` with a similar name
[INFO] [stdout]     |
[INFO] [stdout] 579 -             .test_expect_err("reference-value signature failure")
[INFO] [stdout] 579 +             .expect_err("reference-value signature failure")
[INFO] [stdout]     |
[INFO] [stdout] 
[INFO] [stdout] 
[INFO] [stdout] error[E0599]: no method named `test_expect_err` found for enum `Result<T, E>` in the current scope
[INFO] [stdout]    --> src/tests.rs:594:10
[INFO] [stdout]     |
[INFO] [stdout] 593 |     assert!(validate_runtime_attestation_trust_bundle(&bundle, 150)
[INFO] [stdout] 594 |         .test_expect_err("invalid bundle schema")
[INFO] [stdout]     |          ^^^^^^^^^^^^^^^
[INFO] [stdout]     |
[INFO] [stdout] help: there is a method `expect_err` with a similar name
[INFO] [stdout]     |
[INFO] [stdout] 594 -         .test_expect_err("invalid bundle schema")
[INFO] [stdout] 594 +         .expect_err("invalid bundle schema")
[INFO] [stdout]     |
[INFO] [stdout] 
[INFO] [stdout] 
[INFO] [stdout] error[E0599]: no method named `test_expect_err` found for enum `Result<T, E>` in the current scope
[INFO] [stdout]    --> src/tests.rs:601:10
[INFO] [stdout]     |
[INFO] [stdout] 600 |     assert!(validate_runtime_attestation_trust_bundle(&bundle, 150)
[INFO] [stdout] 601 |         .test_expect_err("empty bundle id")
[INFO] [stdout]     |          ^^^^^^^^^^^^^^^
[INFO] [stdout]     |
[INFO] [stdout] help: there is a method `expect_err` with a similar name
[INFO] [stdout]     |
[INFO] [stdout] 601 -         .test_expect_err("empty bundle id")
[INFO] [stdout] 601 +         .expect_err("empty bundle id")
[INFO] [stdout]     |
[INFO] [stdout] 
[INFO] [stdout] 
[INFO] [stdout] error[E0599]: no method named `test_expect_err` found for enum `Result<T, E>` in the current scope
[INFO] [stdout]    --> src/tests.rs:608:10
[INFO] [stdout]     |
[INFO] [stdout] 607 |     assert!(validate_runtime_attestation_trust_bundle(&bundle, 150)
[INFO] [stdout] 608 |         .test_expect_err("empty bundle publisher")
[INFO] [stdout]     |          ^^^^^^^^^^^^^^^
[INFO] [stdout]     |
[INFO] [stdout] help: there is a method `expect_err` with a similar name
[INFO] [stdout]     |
[INFO] [stdout] 608 -         .test_expect_err("empty bundle publisher")
[INFO] [stdout] 608 +         .expect_err("empty bundle publisher")
[INFO] [stdout]     |
[INFO] [stdout] 
[INFO] [stdout] 
[INFO] [stdout] error[E0599]: no method named `test_expect_err` found for enum `Result<T, E>` in the current scope
[INFO] [stdout]    --> src/tests.rs:615:10
[INFO] [stdout]     |
[INFO] [stdout] 614 |     assert!(validate_runtime_attestation_trust_bundle(&bundle, 150)
[INFO] [stdout] 615 |         .test_expect_err("bundle version zero")
[INFO] [stdout]     |          ^^^^^^^^^^^^^^^
[INFO] [stdout]     |
[INFO] [stdout] help: there is a method `expect_err` with a similar name
[INFO] [stdout]     |
[INFO] [stdout] 615 -         .test_expect_err("bundle version zero")
[INFO] [stdout] 615 +         .expect_err("bundle version zero")
[INFO] [stdout]     |
[INFO] [stdout] 
[INFO] [stdout] 
[INFO] [stdout] error[E0599]: no method named `test_expect_err` found for enum `Result<T, E>` in the current scope
[INFO] [stdout]    --> src/tests.rs:622:10
[INFO] [stdout]     |
[INFO] [stdout] 621 |     assert!(validate_runtime_attestation_trust_bundle(&bundle, 150)
[INFO] [stdout] 622 |         .test_expect_err("inverted bundle window")
[INFO] [stdout]     |          ^^^^^^^^^^^^^^^
[INFO] [stdout]     |
[INFO] [stdout] help: there is a method `expect_err` with a similar name
[INFO] [stdout]     |
[INFO] [stdout] 622 -         .test_expect_err("inverted bundle window")
[INFO] [stdout] 622 +         .expect_err("inverted bundle window")
[INFO] [stdout]     |
[INFO] [stdout] 
[INFO] [stdout] 
[INFO] [stdout] error[E0599]: no method named `test_expect_err` found for enum `Result<T, E>` in the current scope
[INFO] [stdout]    --> src/tests.rs:628:10
[INFO] [stdout]     |
[INFO] [stdout] 627 |     assert!(validate_runtime_attestation_trust_bundle(&bundle, 50)
[INFO] [stdout] 628 |         .test_expect_err("bundle not yet valid")
[INFO] [stdout]     |          ^^^^^^^^^^^^^^^
[INFO] [stdout]     |
[INFO] [stdout] help: there is a method `expect_err` with a similar name
[INFO] [stdout]     |
[INFO] [stdout] 628 -         .test_expect_err("bundle not yet valid")
[INFO] [stdout] 628 +         .expect_err("bundle not yet valid")
[INFO] [stdout]     |
[INFO] [stdout] 
[INFO] [stdout] 
[INFO] [stdout] error[E0599]: no method named `test_expect_err` found for enum `Result<T, E>` in the current scope
[INFO] [stdout]    --> src/tests.rs:632:10
[INFO] [stdout]     |
[INFO] [stdout] 631 |     assert!(validate_runtime_attestation_trust_bundle(&bundle, 400)
[INFO] [stdout] 632 |         .test_expect_err("bundle expired")
[INFO] [stdout]     |          ^^^^^^^^^^^^^^^
[INFO] [stdout]     |
[INFO] [stdout] help: there is a method `expect_err` with a similar name
[INFO] [stdout]     |
[INFO] [stdout] 632 -         .test_expect_err("bundle expired")
[INFO] [stdout] 632 +         .expect_err("bundle expired")
[INFO] [stdout]     |
[INFO] [stdout] 
[INFO] [stdout] 
[INFO] [stdout] error[E0599]: no method named `test_expect_err` found for enum `Result<T, E>` in the current scope
[INFO] [stdout]    --> src/tests.rs:639:10
[INFO] [stdout]     |
[INFO] [stdout] 638 |     assert!(validate_runtime_attestation_trust_bundle(&bundle, 150)
[INFO] [stdout] 639 |         .test_expect_err("bundle without descriptors")
[INFO] [stdout]     |          ^^^^^^^^^^^^^^^
[INFO] [stdout]     |
[INFO] [stdout] help: there is a method `expect_err` with a similar name
[INFO] [stdout]     |
[INFO] [stdout] 639 -         .test_expect_err("bundle without descriptors")
[INFO] [stdout] 639 +         .expect_err("bundle without descriptors")
[INFO] [stdout]     |
[INFO] [stdout] 
[INFO] [stdout] 
[INFO] [stdout] error[E0599]: no method named `test_expect_err` found for enum `Result<T, E>` in the current scope
[INFO] [stdout]    --> src/tests.rs:646:10
[INFO] [stdout]     |
[INFO] [stdout] 645 |     assert!(validate_runtime_attestation_trust_bundle(&bundle, 150)
[INFO] [stdout] 646 |         .test_expect_err("duplicate descriptor ids")
[INFO] [stdout]     |          ^^^^^^^^^^^^^^^
[INFO] [stdout]     |
[INFO] [stdout] help: there is a method `expect_err` with a similar name
[INFO] [stdout]     |
[INFO] [stdout] 646 -         .test_expect_err("duplicate descriptor ids")
[INFO] [stdout] 646 +         .expect_err("duplicate descriptor ids")
[INFO] [stdout]     |
[INFO] [stdout] 
[INFO] [stdout] 
[INFO] [stdout] error[E0599]: no method named `test_expect_err` found for enum `Result<T, E>` in the current scope
[INFO] [stdout]    --> src/tests.rs:653:10
[INFO] [stdout]     |
[INFO] [stdout] 652 |     assert!(validate_runtime_attestation_trust_bundle(&bundle, 150)
[INFO] [stdout] 653 |         .test_expect_err("duplicate reference-value ids")
[INFO] [stdout]     |          ^^^^^^^^^^^^^^^
[INFO] [stdout]     |
[INFO] [stdout] help: there is a method `expect_err` with a similar name
[INFO] [stdout]     |
[INFO] [stdout] 653 -         .test_expect_err("duplicate reference-value ids")
[INFO] [stdout] 653 +         .expect_err("duplicate reference-value ids")
[INFO] [stdout]     |
[INFO] [stdout] 
[INFO] [stdout] 
[INFO] [stdout] error[E0599]: no method named `test_expect` found for enum `Result<T, E>` in the current scope
[INFO] [stdout]    --> src/tests.rs:661:10
[INFO] [stdout]     |
[INFO] [stdout] 660 |     bundle.reference_values = vec![SignedExportEnvelope::sign(unknown_reference, &signer)
[INFO] [stdout] 661 |         .test_expect("sign unknown reference")];
[INFO] [stdout]     |          ^^^^^^^^^^^
[INFO] [stdout]     |
[INFO] [stdout]     = note: the full name for the type has been written to '/opt/rustwide/target/debug/build/chio-appraisal/5760ffbf7cb8cb53/out/chio_appraisal-5760ffbf7cb8cb53.long-type-14437556797127949576.txt'
[INFO] [stdout]     = note: consider using `--verbose` to print the full type name to the console
[INFO] [stdout] help: there is a method `expect` with a similar name
[INFO] [stdout]     |
[INFO] [stdout] 661 -         .test_expect("sign unknown reference")];
[INFO] [stdout] 661 +         .expect("sign unknown reference")];
[INFO] [stdout]     |
[INFO] [stdout] 
[INFO] [stdout] 
[INFO] [stdout] error[E0599]: no method named `test_expect_err` found for enum `Result<T, E>` in the current scope
[INFO] [stdout]    --> src/tests.rs:663:10
[INFO] [stdout]     |
[INFO] [stdout] 662 |     assert!(validate_runtime_attestation_trust_bundle(&bundle, 150)
[INFO] [stdout] 663 |         .test_expect_err("unknown descriptor")
[INFO] [stdout]     |          ^^^^^^^^^^^^^^^
[INFO] [stdout]     |
[INFO] [stdout] help: there is a method `expect_err` with a similar name
[INFO] [stdout]     |
[INFO] [stdout] 663 -         .test_expect_err("unknown descriptor")
[INFO] [stdout] 663 +         .expect_err("unknown descriptor")
[INFO] [stdout]     |
[INFO] [stdout] 
[INFO] [stdout] 
[INFO] [stdout] error[E0599]: no method named `test_expect` found for enum `Result<T, E>` in the current scope
[INFO] [stdout]    --> src/tests.rs:673:14
[INFO] [stdout]     |
[INFO] [stdout] 672 |         SignedExportEnvelope::sign(schema_mismatch_reference, &signer)
[INFO] [stdout] 673 |             .test_expect("sign schema mismatch reference"),
[INFO] [stdout]     |              ^^^^^^^^^^^
[INFO] [stdout]     |
[INFO] [stdout]     = note: the full name for the type has been written to '/opt/rustwide/target/debug/build/chio-appraisal/5760ffbf7cb8cb53/out/chio_appraisal-5760ffbf7cb8cb53.long-type-14437556797127949576.txt'
[INFO] [stdout]     = note: consider using `--verbose` to print the full type name to the console
[INFO] [stdout] help: there is a method `expect` with a similar name
[INFO] [stdout]     |
[INFO] [stdout] 673 -             .test_expect("sign schema mismatch reference"),
[INFO] [stdout] 673 +             .expect("sign schema mismatch reference"),
[INFO] [stdout]     |
[INFO] [stdout] 
[INFO] [stdout] 
[INFO] [stdout] error[E0599]: no method named `test_expect_err` found for enum `Result<T, E>` in the current scope
[INFO] [stdout]    --> src/tests.rs:676:10
[INFO] [stdout]     |
[INFO] [stdout] 675 |     assert!(validate_runtime_attestation_trust_bundle(&bundle, 150)
[INFO] [stdout] 676 |         .test_expect_err("schema outside descriptor")
[INFO] [stdout]     |          ^^^^^^^^^^^^^^^
[INFO] [stdout]     |
[INFO] [stdout] help: there is a method `expect_err` with a similar name
[INFO] [stdout]     |
[INFO] [stdout] 676 -         .test_expect_err("schema outside descriptor")
[INFO] [stdout] 676 +         .expect_err("schema outside descriptor")
[INFO] [stdout]     |
[INFO] [stdout] 
[INFO] [stdout] 
[INFO] [stdout] error[E0599]: no method named `test_expect` found for enum `Result<T, E>` in the current scope
[INFO] [stdout]    --> src/tests.rs:686:10
[INFO] [stdout]     |
[INFO] [stdout] 685 |     bundle.reference_values = vec![SignedExportEnvelope::sign(superseded_reference, &signer)
[INFO] [stdout] 686 |         .test_expect("sign superseded reference")];
[INFO] [stdout]     |          ^^^^^^^^^^^
[INFO] [stdout]     |
[INFO] [stdout]     = note: the full name for the type has been written to '/opt/rustwide/target/debug/build/chio-appraisal/5760ffbf7cb8cb53/out/chio_appraisal-5760ffbf7cb8cb53.long-type-14437556797127949576.txt'
[INFO] [stdout]     = note: consider using `--verbose` to print the full type name to the console
[INFO] [stdout] help: there is a method `expect` with a similar name
[INFO] [stdout]     |
[INFO] [stdout] 686 -         .test_expect("sign superseded reference")];
[INFO] [stdout] 686 +         .expect("sign superseded reference")];
[INFO] [stdout]     |
[INFO] [stdout] 
[INFO] [stdout] 
[INFO] [stdout] error[E0599]: no method named `test_expect_err` found for enum `Result<T, E>` in the current scope
[INFO] [stdout]    --> src/tests.rs:688:10
[INFO] [stdout]     |
[INFO] [stdout] 687 |     assert!(validate_runtime_attestation_trust_bundle(&bundle, 150)
[INFO] [stdout] 688 |         .test_expect_err("missing superseded successor")
[INFO] [stdout]     |          ^^^^^^^^^^^^^^^
[INFO] [stdout]     |
[INFO] [stdout] help: there is a method `expect_err` with a similar name
[INFO] [stdout]     |
[INFO] [stdout] 688 -         .test_expect_err("missing superseded successor")
[INFO] [stdout] 688 +         .expect_err("missing superseded successor")
[INFO] [stdout]     |
[INFO] [stdout] 
[INFO] [stdout] 
[INFO] [stdout] error[E0599]: no method named `test_expect` found for enum `Result<T, E>` in the current scope
[INFO] [stdout]    --> src/tests.rs:693:10
[INFO] [stdout]     |
[INFO] [stdout] 692 |     let signed_bundle = SignedExportEnvelope::sign(sample_trust_bundle_document(&signer), &signer)
[INFO] [stdout] 693 |         .test_expect("sign trust bundle");
[INFO] [stdout]     |          ^^^^^^^^^^^
[INFO] [stdout]     |
[INFO] [stdout]     = note: the full name for the type has been written to '/opt/rustwide/target/debug/build/chio-appraisal/5760ffbf7cb8cb53/out/chio_appraisal-5760ffbf7cb8cb53.long-type-6391789208724127917.txt'
[INFO] [stdout]     = note: consider using `--verbose` to print the full type name to the console
[INFO] [stdout] help: there is a method `expect` with a similar name
[INFO] [stdout]     |
[INFO] [stdout] 693 -         .test_expect("sign trust bundle");
[INFO] [stdout] 693 +         .expect("sign trust bundle");
[INFO] [stdout]     |
[INFO] [stdout] 
[INFO] [stdout] 
[INFO] [stdout] error[E0599]: no method named `test_expect_err` found for enum `Result<T, E>` in the current scope
[INFO] [stdout]    --> src/tests.rs:698:14
[INFO] [stdout]     |
[INFO] [stdout] 697 |         verify_signed_runtime_attestation_trust_bundle(&tampered, 150)
[INFO] [stdout] 698 |             .test_expect_err("bundle signature failure")
[INFO] [stdout]     |              ^^^^^^^^^^^^^^^
[INFO] [stdout]     |
[INFO] [stdout] help: there is a method `expect_err` with a similar name
[INFO] [stdout]     |
[INFO] [stdout] 698 -             .test_expect_err("bundle signature failure")
[INFO] [stdout] 698 +             .expect_err("bundle signature failure")
[INFO] [stdout]     |
[INFO] [stdout] 
[INFO] [stdout] 
[INFO] [stdout] error[E0599]: no method named `test_expect` found for enum `Result<T, E>` in the current scope
[INFO] [stdout]    --> src/tests.rs:710:6
[INFO] [stdout]     |
[INFO] [stdout] 706 |     let signed_result = SignedRuntimeAttestationAppraisalResult::sign(
[INFO] [stdout] 707 |         sample_appraisal_result(),
[INFO] [stdout] 708 |         &crate::crypto::Keypair::generate(),
[INFO] [stdout] 709 |     )
[INFO] [stdout] 710 |     .test_expect("sign result");
[INFO] [stdout]     |      ^^^^^^^^^^^
[INFO] [stdout]     |
[INFO] [stdout]     = note: the full name for the type has been written to '/opt/rustwide/target/debug/build/chio-appraisal/5760ffbf7cb8cb53/out/chio_appraisal-5760ffbf7cb8cb53.long-type-8212843412529134720.txt'
[INFO] [stdout]     = note: consider using `--verbose` to print the full type name to the console
[INFO] [stdout] help: there is a method `expect` with a similar name
[INFO] [stdout]     |
[INFO] [stdout] 710 -     .test_expect("sign result");
[INFO] [stdout] 710 +     .expect("sign result");
[INFO] [stdout]     |
[INFO] [stdout] 
[INFO] [stdout] 
[INFO] [stdout] error[E0599]: no method named `test_expect` found for enum `Result<T, E>` in the current scope
[INFO] [stdout]    --> src/tests.rs:736:72
[INFO] [stdout]     |
[INFO] [stdout] 736 |         SignedRuntimeAttestationAppraisalResult::sign(result, &signer).test_expect("sign result");
[INFO] [stdout]     |                                                                        ^^^^^^^^^^^
[INFO] [stdout]     |
[INFO] [stdout]     = note: the full name for the type has been written to '/opt/rustwide/target/debug/build/chio-appraisal/5760ffbf7cb8cb53/out/chio_appraisal-5760ffbf7cb8cb53.long-type-8212843412529134720.txt'
[INFO] [stdout]     = note: consider using `--verbose` to print the full type name to the console
[INFO] [stdout] help: there is a method `expect` with a similar name
[INFO] [stdout]     |
[INFO] [stdout] 736 -         SignedRuntimeAttestationAppraisalResult::sign(result, &signer).test_expect("sign result");
[INFO] [stdout] 736 +         SignedRuntimeAttestationAppraisalResult::sign(result, &signer).expect("sign result");
[INFO] [stdout]     |
[INFO] [stdout] 
[INFO] [stdout] 
[INFO] [stdout] error[E0599]: no method named `test_expect` found for enum `Result<T, E>` in the current scope
[INFO] [stdout]    --> src/tests.rs:809:10
[INFO] [stdout]     |
[INFO] [stdout] 808 |     let appraisal = derive_runtime_attestation_appraisal(&sample_evidence())
[INFO] [stdout] 809 |         .test_expect("derive appraisal for result guard test");
[INFO] [stdout]     |          ^^^^^^^^^^^
[INFO] [stdout]     |
[INFO] [stdout] help: there is a method `expect` with a similar name
[INFO] [stdout]     |
[INFO] [stdout] 809 -         .test_expect("derive appraisal for result guard test");
[INFO] [stdout] 809 +         .expect("derive appraisal for result guard test");
[INFO] [stdout]     |
[INFO] [stdout] 
[INFO] [stdout] 
[INFO] [stdout] error[E0599]: no method named `test_expect_err` found for enum `Result<T, E>` in the current scope
[INFO] [stdout]    --> src/tests.rs:824:14
[INFO] [stdout]     |
[INFO] [stdout] 823 |         RuntimeAttestationAppraisalResult::from_report("  ", &report)
[INFO] [stdout] 824 |             .test_expect_err("empty issuer")
[INFO] [stdout]     |              ^^^^^^^^^^^^^^^
[INFO] [stdout]     |
[INFO] [stdout] help: there is a method `expect_err` with a similar name
[INFO] [stdout]     |
[INFO] [stdout] 824 -             .test_expect_err("empty issuer")
[INFO] [stdout] 824 +             .expect_err("empty issuer")
[INFO] [stdout]     |
[INFO] [stdout] 
[INFO] [stdout] 
[INFO] [stdout] error[E0599]: no method named `test_expect_err` found for enum `Result<T, E>` in the current scope
[INFO] [stdout]    --> src/tests.rs:830:14
[INFO] [stdout]     |
[INFO] [stdout] 829 |         RuntimeAttestationAppraisalResult::from_report(" did:chio:test:issuer", &report)
[INFO] [stdout] 830 |             .test_expect_err("spaced issuer")
[INFO] [stdout]     |              ^^^^^^^^^^^^^^^
[INFO] [stdout]     |
[INFO] [stdout] help: there is a method `expect_err` with a similar name
[INFO] [stdout]     |
[INFO] [stdout] 830 -             .test_expect_err("spaced issuer")
[INFO] [stdout] 830 +             .expect_err("spaced issuer")
[INFO] [stdout]     |
[INFO] [stdout] 
[INFO] [stdout] 
[INFO] [stdout] error[E0599]: no method named `test_expect_err` found for enum `Result<T, E>` in the current scope
[INFO] [stdout]    --> src/tests.rs:841:6
[INFO] [stdout]     |
[INFO] [stdout] 837 |     assert!(RuntimeAttestationAppraisalResult::from_report(
[INFO] [stdout] 838 |         "did:chio:test:issuer",
[INFO] [stdout] 839 |         &missing_artifact_report,
[INFO] [stdout] 840 |     )
[INFO] [stdout] 841 |     .test_expect_err("missing artifact")
[INFO] [stdout]     |      ^^^^^^^^^^^^^^^
[INFO] [stdout]     |
[INFO] [stdout] help: there is a method `expect_err` with a similar name
[INFO] [stdout]     |
[INFO] [stdout] 841 -     .test_expect_err("missing artifact")
[INFO] [stdout] 841 +     .expect_err("missing artifact")
[INFO] [stdout]     |
[INFO] [stdout] 
[INFO] [stdout] 
[INFO] [stdout] error[E0599]: no method named `test_expect` found for enum `Result<T, E>` in the current scope
[INFO] [stdout]    --> src/tests.rs:876:10
[INFO] [stdout]     |
[INFO] [stdout] 875 |     let appraisal = derive_runtime_attestation_appraisal(&evidence)
[INFO] [stdout] 876 |         .test_expect("aws nitro evidence should derive");
[INFO] [stdout]     |          ^^^^^^^^^^^
[INFO] [stdout]     |
[INFO] [stdout] help: there is a method `expect` with a similar name
[INFO] [stdout]     |
[INFO] [stdout] 876 -         .test_expect("aws nitro evidence should derive");
[INFO] [stdout] 876 +         .expect("aws nitro evidence should derive");
[INFO] [stdout]     |
[INFO] [stdout] 
[INFO] [stdout] 
[INFO] [stdout] error[E0599]: no method named `test_expect_err` found for enum `Result<T, E>` in the current scope
[INFO] [stdout]    --> src/tests.rs:902:10
[INFO] [stdout]     |
[INFO] [stdout] 901 |     let error = derive_runtime_attestation_appraisal(&unsupported)
[INFO] [stdout] 902 |         .test_expect_err("unsupported schema should fail");
[INFO] [stdout]     |          ^^^^^^^^^^^^^^^
[INFO] [stdout]     |
[INFO] [stdout] help: there is a method `expect_err` with a similar name
[INFO] [stdout]     |
[INFO] [stdout] 902 -         .test_expect_err("unsupported schema should fail");
[INFO] [stdout] 902 +         .expect_err("unsupported schema should fail");
[INFO] [stdout]     |
[INFO] [stdout] 
[INFO] [stdout] 
[INFO] [stdout] error[E0599]: no method named `test_expect` found for enum `std::option::Option<T>` in the current scope
[INFO] [stdout]    --> src/tests.rs:933:10
[INFO] [stdout]     |
[INFO] [stdout] 931 |     let artifact = appraisal
[INFO] [stdout] 932 |         .artifact
[INFO] [stdout] 933 |         .test_expect("accepted appraisal should carry artifact");
[INFO] [stdout]     |          ^^^^^^^^^^^
[INFO] [stdout]     |
[INFO] [stdout] help: there is a method `expect` with a similar name
[INFO] [stdout]     |
[INFO] [stdout] 933 -         .test_expect("accepted appraisal should carry artifact");
[INFO] [stdout] 933 +         .expect("accepted appraisal should carry artifact");
[INFO] [stdout]     |
[INFO] [stdout] 
[INFO] [stdout] 
[INFO] [stdout] error[E0599]: no method named `test_expect` found for enum `std::option::Option<T>` in the current scope
[INFO] [stdout]    --> src/tests.rs:982:10
[INFO] [stdout]     |
[INFO] [stdout] 980 |     let artifact = appraisal
[INFO] [stdout] 981 |         .artifact
[INFO] [stdout] 982 |         .test_expect("rejected appraisal should carry artifact");
[INFO] [stdout]     |          ^^^^^^^^^^^
[INFO] [stdout]     |
[INFO] [stdout] help: there is a method `expect` with a similar name
[INFO] [stdout]     |
[INFO] [stdout] 982 -         .test_expect("rejected appraisal should carry artifact");
[INFO] [stdout] 982 +         .expect("rejected appraisal should carry artifact");
[INFO] [stdout]     |
[INFO] [stdout] 
[INFO] [stdout] 
[INFO] [stdout] error[E0599]: no method named `test_expect` found for enum `Result<T, E>` in the current scope
[INFO] [stdout]     --> src/tests.rs:1023:10
[INFO] [stdout]      |
[INFO] [stdout] 1022 |     let appraisal = derive_runtime_attestation_appraisal(&evidence)
[INFO] [stdout] 1023 |         .test_expect("google evidence should derive a canonical appraisal");
[INFO] [stdout]      |          ^^^^^^^^^^^
[INFO] [stdout]      |
[INFO] [stdout] help: there is a method `expect` with a similar name
[INFO] [stdout]      |
[INFO] [stdout] 1023 -         .test_expect("google evidence should derive a canonical appraisal");
[INFO] [stdout] 1023 +         .expect("google evidence should derive a canonical appraisal");
[INFO] [stdout]      |
[INFO] [stdout] 
[INFO] [stdout] 
[INFO] [stdout] error[E0599]: no method named `test_expect` found for enum `Result<T, E>` in the current scope
[INFO] [stdout]     --> src/tests.rs:1068:18
[INFO] [stdout]      |
[INFO] [stdout] 1067 |             WorkloadIdentity::parse_spiffe_uri("spiffe://chio.example/workloads/enterprise")
[INFO] [stdout] 1068 |                 .test_expect("parse enterprise workload identity"),
[INFO] [stdout]      |                  ^^^^^^^^^^^
[INFO] [stdout]      |
[INFO] [stdout] help: there is a method `expect` with a similar name
[INFO] [stdout]      |
[INFO] [stdout] 1068 -                 .test_expect("parse enterprise workload identity"),
[INFO] [stdout] 1068 +                 .expect("parse enterprise workload identity"),
[INFO] [stdout]      |
[INFO] [stdout] 
[INFO] [stdout] 
[INFO] [stdout] error[E0599]: no method named `test_expect` found for enum `Result<T, E>` in the current scope
[INFO] [stdout]     --> src/tests.rs:1084:10
[INFO] [stdout]      |
[INFO] [stdout] 1083 |     let appraisal = derive_runtime_attestation_appraisal(&evidence)
[INFO] [stdout] 1084 |         .test_expect("enterprise evidence should derive a canonical appraisal");
[INFO] [stdout]      |          ^^^^^^^^^^^
[INFO] [stdout]      |
[INFO] [stdout] help: there is a method `expect` with a similar name
[INFO] [stdout]      |
[INFO] [stdout] 1084 -         .test_expect("enterprise evidence should derive a canonical appraisal");
[INFO] [stdout] 1084 +         .expect("enterprise evidence should derive a canonical appraisal");
[INFO] [stdout]      |
[INFO] [stdout] 
[INFO] [stdout] 
[INFO] [stdout] error[E0599]: no method named `test_expect` found for enum `Result<T, E>` in the current scope
[INFO] [stdout]     --> src/tests.rs:1215:6
[INFO] [stdout]      |
[INFO] [stdout] 1201 |     let descriptor = create_signed_runtime_attestation_verifier_descriptor(
[INFO] [stdout] 1202 |         RuntimeAttestationVerifierDescriptorArgs {
[INFO] [stdout] 1203 |             signer: &signer,
[INFO] [stdout] 1204 |             descriptor_id: "azure-prod".to_string(),
[INFO] [stdout] 1205 |             verifier: "https://maa.contoso.test".to_string(),
[INFO] [stdout] 1206 |             verifier_family: AttestationVerifierFamily::AzureMaa,
[INFO] [stdout] 1207 |             adapter: AZURE_MAA_VERIFIER_ADAPTER.to_string(),
[INFO] [stdout] 1208 |             attestation_schemas: vec![AZURE_MAA_ATTESTATION_SCHEMA.to_string()],
[INFO] [stdout] 1209 |             signing_key_fingerprints: vec!["sha256:azure-key-1".to_string()],
[INFO] [stdout] 1210 |             reference_values_uri: Some("https://maa.contoso.test/reference-values".to_string()),
[INFO] [stdout] 1211 |             issued_at: 100,
[INFO] [stdout] 1212 |             expires_at: 300,
[INFO] [stdout] 1213 |         },
[INFO] [stdout] 1214 |     )
[INFO] [stdout] 1215 |     .test_expect("descriptor");
[INFO] [stdout]      |      ^^^^^^^^^^^
[INFO] [stdout]      |
[INFO] [stdout]      = note: the full name for the type has been written to '/opt/rustwide/target/debug/build/chio-appraisal/5760ffbf7cb8cb53/out/chio_appraisal-5760ffbf7cb8cb53.long-type-1612362947534093165.txt'
[INFO] [stdout]      = note: consider using `--verbose` to print the full type name to the console
[INFO] [stdout] help: there is a method `expect` with a similar name
[INFO] [stdout]      |
[INFO] [stdout] 1215 -     .test_expect("descriptor");
[INFO] [stdout] 1215 +     .expect("descriptor");
[INFO] [stdout]      |
[INFO] [stdout] 
[INFO] [stdout] 
[INFO] [stdout] error[E0599]: no method named `test_expect` found for enum `Result<T, E>` in the current scope
[INFO] [stdout]     --> src/tests.rs:1232:6
[INFO] [stdout]      |
[INFO] [stdout] 1216 |     let reference_values = create_signed_runtime_attestation_reference_value_set(
[INFO] [stdout] 1217 |         RuntimeAttestationReferenceValueSetArgs {
[INFO] [stdout] 1218 |             signer: &signer,
[INFO] [stdout] 1219 |             reference_value_id: "azure-rv-1".to_string(),
[INFO] [stdout] 1220 |             descriptor_id: "azure-prod".to_string(),
[INFO] [stdout] 1221 |             verifier_family: AttestationVerifierFamily::AzureMaa,
[INFO] [stdout] 1222 |             attestation_schema: AZURE_MAA_ATTESTATION_SCHEMA.to_string(),
[INFO] [stdout] 1223 |             source_uri: Some("https://maa.contoso.test/reference-values/1".to_string()),
[INFO] [stdout] 1224 |             issued_at: 100,
[INFO] [stdout] 1225 |             expires_at: 300,
[INFO] [stdout] 1226 |             state: RuntimeAttestationReferenceValueState::Active,
[INFO] [stdout] 1227 |             superseded_by: None,
[INFO] [stdout] 1228 |             revoked_reason: None,
[INFO] [stdout] 1229 |             measurements: BTreeMap::from([("mrEnclave".to_string(), json!("abc123"))]),
[INFO] [stdout] 1230 |         },
[INFO] [stdout] 1231 |     )
[INFO] [stdout] 1232 |     .test_expect("reference values");
[INFO] [stdout]      |      ^^^^^^^^^^^
[INFO] [stdout]      |
[INFO] [stdout]      = note: the full name for the type has been written to '/opt/rustwide/target/debug/build/chio-appraisal/5760ffbf7cb8cb53/out/chio_appraisal-5760ffbf7cb8cb53.long-type-14437556797127949576.txt'
[INFO] [stdout]      = note: consider using `--verbose` to print the full type name to the console
[INFO] [stdout] help: there is a method `expect` with a similar name
[INFO] [stdout]      |
[INFO] [stdout] 1232 -     .test_expect("reference values");
[INFO] [stdout] 1232 +     .expect("reference values");
[INFO] [stdout]      |
[INFO] [stdout] 
[INFO] [stdout] 
[INFO] [stdout] error[E0599]: no method named `test_expect` found for enum `Result<T, E>` in the current scope
[INFO] [stdout]     --> src/tests.rs:1244:10
[INFO] [stdout]      |
[INFO] [stdout] 1234 |         create_signed_runtime_attestation_trust_bundle(RuntimeAttestationTrustBundleArgs {
[INFO] [stdout] 1235 |             signer: &signer,
[INFO] [stdout] 1236 |             bundle_id: "bundle-1".to_string(),
[INFO] [stdout] 1237 |             publisher: "https://trust.contoso.test".to_string(),
[INFO] [stdout] 1238 |             version: 1,
[INFO] [stdout] 1239 |             issued_at: 100,
[INFO] [stdout] 1240 |             expires_at: 300,
[INFO] [stdout] 1241 |             descriptors: vec![descriptor],
[INFO] [stdout] 1242 |             reference_values: vec![reference_values],
[INFO] [stdout] 1243 |         })
[INFO] [stdout] 1244 |         .test_expect("bundle");
[INFO] [stdout]      |          ^^^^^^^^^^^
[INFO] [stdout]      |
[INFO] [stdout]      = note: the full name for the type has been written to '/opt/rustwide/target/debug/build/chio-appraisal/5760ffbf7cb8cb53/out/chio_appraisal-5760ffbf7cb8cb53.long-type-6391789208724127917.txt'
[INFO] [stdout]      = note: consider using `--verbose` to print the full type name to the console
[INFO] [stdout] help: there is a method `expect` with a similar name
[INFO] [stdout]      |
[INFO] [stdout] 1244 -         .test_expect("bundle");
[INFO] [stdout] 1244 +         .expect("bundle");
[INFO] [stdout]      |
[INFO] [stdout] 
[INFO] [stdout] 
[INFO] [stdout] error[E0599]: no method named `test_expect` found for enum `Result<T, E>` in the current scope
[INFO] [stdout]     --> src/tests.rs:1247:70
[INFO] [stdout]      |
[INFO] [stdout] 1247 |         verify_signed_runtime_attestation_trust_bundle(&bundle, 150).test_expect("verify");
[INFO] [stdout]      |                                                                      ^^^^^^^^^^^
[INFO] [stdout]      |
[INFO] [stdout] help: there is a method `expect` with a similar name
[INFO] [stdout]      |
[INFO] [stdout] 1247 -         verify_signed_runtime_attestation_trust_bundle(&bundle, 150).test_expect("verify");
[INFO] [stdout] 1247 +         verify_signed_runtime_attestation_trust_bundle(&bundle, 150).expect("verify");
[INFO] [stdout]      |
[INFO] [stdout] 
[INFO] [stdout] 
[INFO] [stdout] error[E0599]: no method named `test_expect` found for enum `Result<T, E>` in the current scope
[INFO] [stdout]     --> src/tests.rs:1275:6
[INFO] [stdout]      |
[INFO] [stdout] 1261 |     let descriptor = create_signed_runtime_attestation_verifier_descriptor(
[INFO] [stdout] 1262 |         RuntimeAttestationVerifierDescriptorArgs {
[INFO] [stdout] 1263 |             signer: &signer,
[INFO] [stdout] 1264 |             descriptor_id: "azure-prod".to_string(),
[INFO] [stdout] 1265 |             verifier: "https://maa.contoso.test".to_string(),
[INFO] [stdout] 1266 |             verifier_family: AttestationVerifierFamily::AzureMaa,
[INFO] [stdout] 1267 |             adapter: AZURE_MAA_VERIFIER_ADAPTER.to_string(),
[INFO] [stdout] 1268 |             attestation_schemas: vec![AZURE_MAA_ATTESTATION_SCHEMA.to_string()],
[INFO] [stdout] 1269 |             signing_key_fingerprints: vec!["sha256:azure-key-1".to_string()],
[INFO] [stdout] 1270 |             reference_values_uri: None,
[INFO] [stdout] 1271 |             issued_at: 100,
[INFO] [stdout] 1272 |             expires_at: 120,
[INFO] [stdout] 1273 |         },
[INFO] [stdout] 1274 |     )
[INFO] [stdout] 1275 |     .test_expect("descriptor");
[INFO] [stdout]      |      ^^^^^^^^^^^
[INFO] [stdout]      |
[INFO] [stdout]      = note: the full name for the type has been written to '/opt/rustwide/target/debug/build/chio-appraisal/5760ffbf7cb8cb53/out/chio_appraisal-5760ffbf7cb8cb53.long-type-1612362947534093165.txt'
[INFO] [stdout]      = note: consider using `--verbose` to print the full type name to the console
[INFO] [stdout] help: there is a method `expect` with a similar name
[INFO] [stdout]      |
[INFO] [stdout] 1275 -     .test_expect("descriptor");
[INFO] [stdout] 1275 +     .expect("descriptor");
[INFO] [stdout]      |
[INFO] [stdout] 
[INFO] [stdout] 
[INFO] [stdout] error[E0599]: no method named `test_expect` found for enum `Result<T, E>` in the current scope
[INFO] [stdout]     --> src/tests.rs:1287:10
[INFO] [stdout]      |
[INFO] [stdout] 1277 |         create_signed_runtime_attestation_trust_bundle(RuntimeAttestationTrustBundleArgs {
[INFO] [stdout] 1278 |             signer: &signer,
[INFO] [stdout] 1279 |             bundle_id: "bundle-2".to_string(),
[INFO] [stdout] 1280 |             publisher: "https://trust.contoso.test".to_string(),
[INFO] [stdout] 1281 |             version: 1,
[INFO] [stdout] 1282 |             issued_at: 100,
[INFO] [stdout] 1283 |             expires_at: 300,
[INFO] [stdout] 1284 |             descriptors: vec![descriptor],
[INFO] [stdout] 1285 |             reference_values: Vec::new(),
[INFO] [stdout] 1286 |         })
[INFO] [stdout] 1287 |         .test_expect("bundle");
[INFO] [stdout]      |          ^^^^^^^^^^^
[INFO] [stdout]      |
[INFO] [stdout]      = note: the full name for the type has been written to '/opt/rustwide/target/debug/build/chio-appraisal/5760ffbf7cb8cb53/out/chio_appraisal-5760ffbf7cb8cb53.long-type-6391789208724127917.txt'
[INFO] [stdout]      = note: consider using `--verbose` to print the full type name to the console
[INFO] [stdout] help: there is a method `expect` with a similar name
[INFO] [stdout]      |
[INFO] [stdout] 1287 -         .test_expect("bundle");
[INFO] [stdout] 1287 +         .expect("bundle");
[INFO] [stdout]      |
[INFO] [stdout] 
[INFO] [stdout] 
[INFO] [stdout] error[E0599]: no method named `test_expect_err` found for enum `Result<T, E>` in the current scope
[INFO] [stdout]     --> src/tests.rs:1290:10
[INFO] [stdout]      |
[INFO] [stdout] 1289 |     let error = verify_signed_runtime_attestation_trust_bundle(&bundle, 150)
[INFO] [stdout] 1290 |         .test_expect_err("expired descriptor");
[INFO] [stdout]      |          ^^^^^^^^^^^^^^^
[INFO] [stdout]      |
[INFO] [stdout] help: there is a method `expect_err` with a similar name
[INFO] [stdout]      |
[INFO] [stdout] 1290 -         .test_expect_err("expired descriptor");
[INFO] [stdout] 1290 +         .expect_err("expired descriptor");
[INFO] [stdout]      |
[INFO] [stdout] 
[INFO] [stdout] 
[INFO] [stdout] error[E0599]: no method named `test_expect` found for enum `Result<T, E>` in the current scope
[INFO] [stdout]     --> src/tests.rs:1313:6
[INFO] [stdout]      |
[INFO] [stdout] 1299 |     let descriptor = create_signed_runtime_attestation_verifier_descriptor(
[INFO] [stdout] 1300 |         RuntimeAttestationVerifierDescriptorArgs {
[INFO] [stdout] 1301 |             signer: &signer,
[INFO] [stdout] 1302 |             descriptor_id: "azure-prod".to_string(),
[INFO] [stdout] 1303 |             verifier: "https://maa.contoso.test".to_string(),
[INFO] [stdout] 1304 |             verifier_family: AttestationVerifierFamily::AzureMaa,
[INFO] [stdout] 1305 |             adapter: AZURE_MAA_VERIFIER_ADAPTER.to_string(),
[INFO] [stdout] 1306 |             attestation_schemas: vec![AZURE_MAA_ATTESTATION_SCHEMA.to_string()],
[INFO] [stdout] 1307 |             signing_key_fingerprints: vec!["sha256:azure-key-1".to_string()],
[INFO] [stdout] 1308 |             reference_values_uri: None,
[INFO] [stdout] 1309 |             issued_at: 100,
[INFO] [stdout] 1310 |             expires_at: 300,
[INFO] [stdout] 1311 |         },
[INFO] [stdout] 1312 |     )
[INFO] [stdout] 1313 |     .test_expect("descriptor");
[INFO] [stdout]      |      ^^^^^^^^^^^
[INFO] [stdout]      |
[INFO] [stdout]      = note: the full name for the type has been written to '/opt/rustwide/target/debug/build/chio-appraisal/5760ffbf7cb8cb53/out/chio_appraisal-5760ffbf7cb8cb53.long-type-1612362947534093165.txt'
[INFO] [stdout]      = note: consider using `--verbose` to print the full type name to the console
[INFO] [stdout] help: there is a method `expect` with a similar name
[INFO] [stdout]      |
[INFO] [stdout] 1313 -     .test_expect("descriptor");
[INFO] [stdout] 1313 +     .expect("descriptor");
[INFO] [stdout]      |
[INFO] [stdout] 
[INFO] [stdout] 
[INFO] [stdout] error[E0599]: no method named `test_expect` found for enum `Result<T, E>` in the current scope
[INFO] [stdout]     --> src/tests.rs:1330:6
[INFO] [stdout]      |
[INFO] [stdout] 1314 |     let reference_a = create_signed_runtime_attestation_reference_value_set(
[INFO] [stdout] 1315 |         RuntimeAttestationReferenceValueSetArgs {
[INFO] [stdout] 1316 |             signer: &signer,
[INFO] [stdout] 1317 |             reference_value_id: "azure-rv-1".to_string(),
[INFO] [stdout] 1318 |             descriptor_id: "azure-prod".to_string(),
[INFO] [stdout] 1319 |             verifier_family: AttestationVerifierFamily::AzureMaa,
[INFO] [stdout] 1320 |             attestation_schema: AZURE_MAA_ATTESTATION_SCHEMA.to_string(),
[INFO] [stdout] 1321 |             source_uri: None,
[INFO] [stdout] 1322 |             issued_at: 100,
[INFO] [stdout] 1323 |             expires_at: 300,
[INFO] [stdout] 1324 |             state: RuntimeAttestationReferenceValueState::Active,
[INFO] [stdout] 1325 |             superseded_by: None,
[INFO] [stdout] 1326 |             revoked_reason: None,
[INFO] [stdout] 1327 |             measurements: BTreeMap::from([("mrEnclave".to_string(), json!("abc123"))]),
[INFO] [stdout] 1328 |         },
[INFO] [stdout] 1329 |     )
[INFO] [stdout] 1330 |     .test_expect("reference values");
[INFO] [stdout]      |      ^^^^^^^^^^^
[INFO] [stdout]      |
[INFO] [stdout]      = note: the full name for the type has been written to '/opt/rustwide/target/debug/build/chio-appraisal/5760ffbf7cb8cb53/out/chio_appraisal-5760ffbf7cb8cb53.long-type-14437556797127949576.txt'
[INFO] [stdout]      = note: consider using `--verbose` to print the full type name to the console
[INFO] [stdout] help: there is a method `expect` with a similar name
[INFO] [stdout]      |
[INFO] [stdout] 1330 -     .test_expect("reference values");
[INFO] [stdout] 1330 +     .expect("reference values");
[INFO] [stdout]      |
[INFO] [stdout] 
[INFO] [stdout] 
[INFO] [stdout] error[E0599]: no method named `test_expect` found for enum `Result<T, E>` in the current scope
[INFO] [stdout]     --> src/tests.rs:1347:6
[INFO] [stdout]      |
[INFO] [stdout] 1331 |     let reference_b = create_signed_runtime_attestation_reference_value_set(
[INFO] [stdout] 1332 |         RuntimeAttestationReferenceValueSetArgs {
[INFO] [stdout] 1333 |             signer: &signer,
[INFO] [stdout] 1334 |             reference_value_id: "azure-rv-2".to_string(),
[INFO] [stdout] 1335 |             descriptor_id: "azure-prod".to_string(),
[INFO] [stdout] 1336 |             verifier_family: AttestationVerifierFamily::AzureMaa,
[INFO] [stdout] 1337 |             attestation_schema: AZURE_MAA_ATTESTATION_SCHEMA.to_string(),
[INFO] [stdout] 1338 |             source_uri: None,
[INFO] [stdout] 1339 |             issued_at: 100,
[INFO] [stdout] 1340 |             expires_at: 300,
[INFO] [stdout] 1341 |             state: RuntimeAttestationReferenceValueState::Active,
[INFO] [stdout] 1342 |             superseded_by: None,
[INFO] [stdout] 1343 |             revoked_reason: None,
[INFO] [stdout] 1344 |             measurements: BTreeMap::from([("mrEnclave".to_string(), json!("def456"))]),
[INFO] [stdout] 1345 |         },
[INFO] [stdout] 1346 |     )
[INFO] [stdout] 1347 |     .test_expect("reference values");
[INFO] [stdout]      |      ^^^^^^^^^^^
[INFO] [stdout]      |
[INFO] [stdout]      = note: the full name for the type has been written to '/opt/rustwide/target/debug/build/chio-appraisal/5760ffbf7cb8cb53/out/chio_appraisal-5760ffbf7cb8cb53.long-type-14437556797127949576.txt'
[INFO] [stdout]      = note: consider using `--verbose` to print the full type name to the console
[INFO] [stdout] help: there is a method `expect` with a similar name
[INFO] [stdout]      |
[INFO] [stdout] 1347 -     .test_expect("reference values");
[INFO] [stdout] 1347 +     .expect("reference values");
[INFO] [stdout]      |
[INFO] [stdout] 
[INFO] [stdout] 
[INFO] [stdout] error[E0599]: no method named `test_expect_err` found for enum `Result<T, E>` in the current scope
[INFO] [stdout]     --> src/tests.rs:1358:6
[INFO] [stdout]      |
[INFO] [stdout] 1348 |     let error = create_signed_runtime_attestation_trust_bundle(RuntimeAttestationTrustBundleArgs {
[INFO] [stdout] 1349 |         signer: &signer,
[INFO] [stdout] 1350 |         bundle_id: "bundle-3".to_string(),
[INFO] [stdout] 1351 |         publisher: "https://trust.contoso.test".to_string(),
[INFO] [stdout] 1352 |         version: 1,
[INFO] [stdout] 1353 |         issued_at: 100,
[INFO] [stdout] 1354 |         expires_at: 300,
[INFO] [stdout] 1355 |         descriptors: vec![descriptor],
[INFO] [stdout] 1356 |         reference_values: vec![reference_a, reference_b],
[INFO] [stdout] 1357 |     })
[INFO] [stdout] 1358 |     .test_expect_err("ambiguous reference values");
[INFO] [stdout]      |      ^^^^^^^^^^^^^^^
[INFO] [stdout]      |
[INFO] [stdout]      = note: the full name for the type has been written to '/opt/rustwide/target/debug/build/chio-appraisal/5760ffbf7cb8cb53/out/chio_appraisal-5760ffbf7cb8cb53.long-type-6391789208724127917.txt'
[INFO] [stdout]      = note: consider using `--verbose` to print the full type name to the console
[INFO] [stdout] help: there is a method `expect_err` with a similar name
[INFO] [stdout]      |
[INFO] [stdout] 1358 -     .test_expect_err("ambiguous reference values");
[INFO] [stdout] 1358 +     .expect_err("ambiguous reference values");
[INFO] [stdout]      |
[INFO] [stdout] 
[INFO] [stdout] 
[INFO] [stdout] error[E0599]: no method named `test_expect` found for enum `Result<T, E>` in the current scope
[INFO] [stdout]     --> src/tests.rs:1381:6
[INFO] [stdout]      |
[INFO] [stdout] 1367 |     let descriptor = create_signed_runtime_attestation_verifier_descriptor(
[INFO] [stdout] 1368 |         RuntimeAttestationVerifierDescriptorArgs {
[INFO] [stdout] 1369 |             signer: &signer,
[INFO] [stdout] 1370 |             descriptor_id: "azure-prod".to_string(),
[INFO] [stdout] 1371 |             verifier: "https://maa.contoso.test".to_string(),
[INFO] [stdout] 1372 |             verifier_family: AttestationVerifierFamily::AzureMaa,
[INFO] [stdout] 1373 |             adapter: AZURE_MAA_VERIFIER_ADAPTER.to_string(),
[INFO] [stdout] 1374 |             attestation_schemas: vec![AZURE_MAA_ATTESTATION_SCHEMA.to_string()],
[INFO] [stdout] 1375 |             signing_key_fingerprints: vec!["sha256:azure-key-1".to_string()],
[INFO] [stdout] 1376 |             reference_values_uri: None,
[INFO] [stdout] 1377 |             issued_at: 100,
[INFO] [stdout] 1378 |             expires_at: 300,
[INFO] [stdout] 1379 |         },
[INFO] [stdout] 1380 |     )
[INFO] [stdout] 1381 |     .test_expect("descriptor");
[INFO] [stdout]      |      ^^^^^^^^^^^
[INFO] [stdout]      |
[INFO] [stdout]      = note: the full name for the type has been written to '/opt/rustwide/target/debug/build/chio-appraisal/5760ffbf7cb8cb53/out/chio_appraisal-5760ffbf7cb8cb53.long-type-1612362947534093165.txt'
[INFO] [stdout]      = note: consider using `--verbose` to print the full type name to the console
[INFO] [stdout] help: there is a method `expect` with a similar name
[INFO] [stdout]      |
[INFO] [stdout] 1381 -     .test_expect("descriptor");
[INFO] [stdout] 1381 +     .expect("descriptor");
[INFO] [stdout]      |
[INFO] [stdout] 
[INFO] [stdout] 
[INFO] [stdout] error[E0599]: no method named `test_expect` found for enum `Result<T, E>` in the current scope
[INFO] [stdout]     --> src/tests.rs:1398:6
[INFO] [stdout]      |
[INFO] [stdout] 1382 |     let reference_values = create_signed_runtime_attestation_reference_value_set(
[INFO] [stdout] 1383 |         RuntimeAttestationReferenceValueSetArgs {
[INFO] [stdout] 1384 |             signer: &signer,
[INFO] [stdout] 1385 |             reference_value_id: "google-rv-1".to_string(),
[INFO] [stdout] 1386 |             descriptor_id: "azure-prod".to_string(),
[INFO] [stdout] 1387 |             verifier_family: AttestationVerifierFamily::GoogleAttestation,
[INFO] [stdout] 1388 |             attestation_schema: GOOGLE_CONFIDENTIAL_VM_ATTESTATION_SCHEMA.to_string(),
[INFO] [stdout] 1389 |             source_uri: None,
[INFO] [stdout] 1390 |             issued_at: 100,
[INFO] [stdout] 1391 |             expires_at: 300,
[INFO] [stdout] 1392 |             state: RuntimeAttestationReferenceValueState::Active,
[INFO] [stdout] 1393 |             superseded_by: None,
[INFO] [stdout] 1394 |             revoked_reason: None,
[INFO] [stdout] 1395 |             measurements: BTreeMap::from([("hwModel".to_string(), json!("GCP_AMD_SEV"))]),
[INFO] [stdout] 1396 |         },
[INFO] [stdout] 1397 |     )
[INFO] [stdout] 1398 |     .test_expect("reference values");
[INFO] [stdout]      |      ^^^^^^^^^^^
[INFO] [stdout]      |
[INFO] [stdout]      = note: the full name for the type has been written to '/opt/rustwide/target/debug/build/chio-appraisal/5760ffbf7cb8cb53/out/chio_appraisal-5760ffbf7cb8cb53.long-type-14437556797127949576.txt'
[INFO] [stdout]      = note: consider using `--verbose` to print the full type name to the console
[INFO] [stdout] help: there is a method `expect` with a similar name
[INFO] [stdout]      |
[INFO] [stdout] 1398 -     .test_expect("reference values");
[INFO] [stdout] 1398 +     .expect("reference values");
[INFO] [stdout]      |
[INFO] [stdout] 
[INFO] [stdout] 
[INFO] [stdout] error[E0599]: no method named `test_expect_err` found for enum `Result<T, E>` in the current scope
[INFO] [stdout]     --> src/tests.rs:1409:6
[INFO] [stdout]      |
[INFO] [stdout] 1399 |     let error = create_signed_runtime_attestation_trust_bundle(RuntimeAttestationTrustBundleArgs {
[INFO] [stdout] 1400 |         signer: &signer,
[INFO] [stdout] 1401 |         bundle_id: "bundle-4".to_string(),
[INFO] [stdout] 1402 |         publisher: "https://trust.contoso.test".to_string(),
[INFO] [stdout] 1403 |         version: 1,
[INFO] [stdout] 1404 |         issued_at: 100,
[INFO] [stdout] 1405 |         expires_at: 300,
[INFO] [stdout] 1406 |         descriptors: vec![descriptor],
[INFO] [stdout] 1407 |         reference_values: vec![reference_values],
[INFO] [stdout] 1408 |     })
[INFO] [stdout] 1409 |     .test_expect_err("mismatched reference values");
[INFO] [stdout]      |      ^^^^^^^^^^^^^^^
[INFO] [stdout]      |
[INFO] [stdout]      = note: the full name for the type has been written to '/opt/rustwide/target/debug/build/chio-appraisal/5760ffbf7cb8cb53/out/chio_appraisal-5760ffbf7cb8cb53.long-type-6391789208724127917.txt'
[INFO] [stdout]      = note: consider using `--verbose` to print the full type name to the console
[INFO] [stdout] help: there is a method `expect_err` with a similar name
[INFO] [stdout]      |
[INFO] [stdout] 1409 -     .test_expect_err("mismatched reference values");
[INFO] [stdout] 1409 +     .expect_err("mismatched reference values");
[INFO] [stdout]      |
[INFO] [stdout] 
[INFO] [stdout] 
[INFO] [stdout] error[E0599]: no method named `test_expect` found for enum `Result<T, E>` in the current scope
[INFO] [stdout]     --> src/tests.rs:1416:69
[INFO] [stdout]      |
[INFO] [stdout] 1416 |     let appraisal = derive_runtime_attestation_appraisal(&evidence).test_expect("derive appraisal");
[INFO] [stdout]      |                                                                     ^^^^^^^^^^^
[INFO] [stdout]      |
[INFO] [stdout] help: there is a method `expect` with a similar name
[INFO] [stdout]      |
[INFO] [stdout] 1416 -     let appraisal = derive_runtime_attestation_appraisal(&evidence).test_expect("derive appraisal");
[INFO] [stdout] 1416 +     let appraisal = derive_runtime_attestation_appraisal(&evidence).expect("derive appraisal");
[INFO] [stdout]      |
[INFO] [stdout] 
[INFO] [stdout] 
[INFO] [stdout] error[E0599]: no method named `test_unwrap` found for enum `Result<T, E>` in the current scope
[INFO] [stdout]     --> src/tests.rs:1430:10
[INFO] [stdout]      |
[INFO] [stdout] 1429 |     let first = RuntimeAttestationAppraisalResult::from_report("did:chio:test:issuer", &report)
[INFO] [stdout] 1430 |         .test_unwrap();
[INFO] [stdout]      |          ^^^^^^^^^^^
[INFO] [stdout]      |
[INFO] [stdout] help: there is a method `unwrap` with a similar name
[INFO] [stdout]      |
[INFO] [stdout] 1430 -         .test_unwrap();
[INFO] [stdout] 1430 +         .unwrap();
[INFO] [stdout]      |
[INFO] [stdout] 
[INFO] [stdout] 
[INFO] [stdout] error[E0599]: no method named `test_unwrap` found for enum `Result<T, E>` in the current scope
[INFO] [stdout]     --> src/tests.rs:1432:10
[INFO] [stdout]      |
[INFO] [stdout] 1431 |     let second = RuntimeAttestationAppraisalResult::from_report("did:chio:test:issuer", &report)
[INFO] [stdout] 1432 |         .test_unwrap();
[INFO] [stdout]      |          ^^^^^^^^^^^
[INFO] [stdout]      |
[INFO] [stdout] help: there is a method `unwrap` with a similar name
[INFO] [stdout]      |
[INFO] [stdout] 1432 -         .test_unwrap();
[INFO] [stdout] 1432 +         .unwrap();
[INFO] [stdout]      |
[INFO] [stdout] 
[INFO] [stdout] 
[INFO] [stdout] error[E0599]: no method named `test_expect` found for enum `Result<T, E>` in the current scope
[INFO] [stdout]     --> src/tests.rs:1445:69
[INFO] [stdout]      |
[INFO] [stdout] 1445 |     let appraisal = derive_runtime_attestation_appraisal(&evidence).test_expect("derive appraisal");
[INFO] [stdout]      |                                                                     ^^^^^^^^^^^
[INFO] [stdout]      |
[INFO] [stdout] help: there is a method `expect` with a similar name
[INFO] [stdout]      |
[INFO] [stdout] 1445 -     let appraisal = derive_runtime_attestation_appraisal(&evidence).test_expect("derive appraisal");
[INFO] [stdout] 1445 +     let appraisal = derive_runtime_attestation_appraisal(&evidence).expect("derive appraisal");
[INFO] [stdout]      |
[INFO] [stdout] 
[INFO] [stdout] 
[INFO] [stdout] error[E0599]: no method named `test_unwrap` found for enum `Result<T, E>` in the current scope
[INFO] [stdout]     --> src/tests.rs:1458:10
[INFO] [stdout]      |
[INFO] [stdout] 1457 |     let result = RuntimeAttestationAppraisalResult::from_report("did:chio:test:issuer", &report)
[INFO] [stdout] 1458 |         .test_unwrap();
[INFO] [stdout]      |          ^^^^^^^^^^^
[INFO] [stdout]      |
[INFO] [stdout] help: there is a method `unwrap` with a similar name
[INFO] [stdout]      |
[INFO] [stdout] 1458 -         .test_unwrap();
[INFO] [stdout] 1458 +         .unwrap();
[INFO] [stdout]      |
[INFO] [stdout] 
[INFO] [stdout] 
[INFO] [stdout] error[E0599]: no method named `test_unwrap` found for enum `Result<T, E>` in the current scope
[INFO] [stdout]     --> src/tests.rs:1460:81
[INFO] [stdout]      |
[INFO] [stdout] 1460 |     let signed = SignedRuntimeAttestationAppraisalResult::sign(result, &signer).test_unwrap();
[INFO] [stdout]      |                                                                                 ^^^^^^^^^^^
[INFO] [stdout]      |
[INFO] [stdout]      = note: the full name for the type has been written to '/opt/rustwide/target/debug/build/chio-appraisal/5760ffbf7cb8cb53/out/chio_appraisal-5760ffbf7cb8cb53.long-type-8212843412529134720.txt'
[INFO] [stdout]      = note: consider using `--verbose` to print the full type name to the console
[INFO] [stdout] help: there is a method `unwrap` with a similar name
[INFO] [stdout]      |
[INFO] [stdout] 1460 -     let signed = SignedRuntimeAttestationAppraisalResult::sign(result, &signer).test_unwrap();
[INFO] [stdout] 1460 +     let signed = SignedRuntimeAttestationAppraisalResult::sign(result, &signer).unwrap();
[INFO] [stdout]      |
[INFO] [stdout] 
[INFO] [stdout] 
[INFO] [stdout] error[E0599]: no method named `test_expect` found for enum `Result<T, E>` in the current scope
[INFO] [stdout]     --> src/tests.rs:1496:69
[INFO] [stdout]      |
[INFO] [stdout] 1496 |     let appraisal = derive_runtime_attestation_appraisal(&evidence).test_expect("derive appraisal");
[INFO] [stdout]      |                                                                     ^^^^^^^^^^^
[INFO] [stdout]      |
[INFO] [stdout] help: there is a method `expect` with a similar name
[INFO] [stdout]      |
[INFO] [stdout] 1496 -     let appraisal = derive_runtime_attestation_appraisal(&evidence).test_expect("derive appraisal");
[INFO] [stdout] 1496 +     let appraisal = derive_runtime_attestation_appraisal(&evidence).expect("derive appraisal");
[INFO] [stdout]      |
[INFO] [stdout] 
[INFO] [stdout] 
[INFO] [stdout] error[E0599]: no method named `test_unwrap` found for enum `Result<T, E>` in the current scope
[INFO] [stdout]     --> src/tests.rs:1509:10
[INFO] [stdout]      |
[INFO] [stdout] 1508 |     let result = RuntimeAttestationAppraisalResult::from_report("did:chio:test:issuer", &report)
[INFO] [stdout] 1509 |         .test_unwrap();
[INFO] [stdout]      |          ^^^^^^^^^^^
[INFO] [stdout]      |
[INFO] [stdout] help: there is a method `unwrap` with a similar name
[INFO] [stdout]      |
[INFO] [stdout] 1509 -         .test_unwrap();
[INFO] [stdout] 1509 +         .unwrap();
[INFO] [stdout]      |
[INFO] [stdout] 
[INFO] [stdout] 
[INFO] [stdout] error[E0599]: no method named `test_unwrap` found for enum `Result<T, E>` in the current scope
[INFO] [stdout]     --> src/tests.rs:1511:81
[INFO] [stdout]      |
[INFO] [stdout] 1511 |     let signed = SignedRuntimeAttestationAppraisalResult::sign(result, &signer).test_unwrap();
[INFO] [stdout]      |                                                                                 ^^^^^^^^^^^
[INFO] [stdout]      |
[INFO] [stdout]      = note: the full name for the type has been written to '/opt/rustwide/target/debug/build/chio-appraisal/5760ffbf7cb8cb53/out/chio_appraisal-5760ffbf7cb8cb53.long-type-8212843412529134720.txt'
[INFO] [stdout]      = note: consider using `--verbose` to print the full type name to the console
[INFO] [stdout] help: there is a method `unwrap` with a similar name
[INFO] [stdout]      |
[INFO] [stdout] 1511 -     let signed = SignedRuntimeAttestationAppraisalResult::sign(result, &signer).test_unwrap();
[INFO] [stdout] 1511 +     let signed = SignedRuntimeAttestationAppraisalResult::sign(result, &signer).unwrap();
[INFO] [stdout]      |
[INFO] [stdout] 
[INFO] [stdout] 
[INFO] [stdout] error[E0599]: no method named `test_expect` found for enum `Result<T, E>` in the current scope
[INFO] [stdout]     --> src/tests.rs:1546:69
[INFO] [stdout]      |
[INFO] [stdout] 1546 |     let appraisal = derive_runtime_attestation_appraisal(&evidence).test_expect("derive appraisal");
[INFO] [stdout]      |                                                                     ^^^^^^^^^^^
[INFO] [stdout]      |
[INFO] [stdout] help: there is a method `expect` with a similar name
[INFO] [stdout]      |
[INFO] [stdout] 1546 -     let appraisal = derive_runtime_attestation_appraisal(&evidence).test_expect("derive appraisal");
[INFO] [stdout] 1546 +     let appraisal = derive_runtime_attestation_appraisal(&evidence).expect("derive appraisal");
[INFO] [stdout]      |
[INFO] [stdout] 
[INFO] [stdout] 
[INFO] [stdout] error[E0599]: no method named `test_unwrap` found for enum `Result<T, E>` in the current scope
[INFO] [stdout]     --> src/tests.rs:1559:10
[INFO] [stdout]      |
[INFO] [stdout] 1558 |     let result = RuntimeAttestationAppraisalResult::from_report("did:chio:test:issuer", &report)
[INFO] [stdout] 1559 |         .test_unwrap();
[INFO] [stdout]      |          ^^^^^^^^^^^
[INFO] [stdout]      |
[INFO] [stdout] help: there is a method `unwrap` with a similar name
[INFO] [stdout]      |
[INFO] [stdout] 1559 -         .test_unwrap();
[INFO] [stdout] 1559 +         .unwrap();
[INFO] [stdout]      |
[INFO] [stdout] 
[INFO] [stdout] 
[INFO] [stdout] error[E0599]: no method named `test_unwrap` found for enum `Result<T, E>` in the current scope
[INFO] [stdout]     --> src/tests.rs:1561:81
[INFO] [stdout]      |
[INFO] [stdout] 1561 |     let signed = SignedRuntimeAttestationAppraisalResult::sign(result, &signer).test_unwrap();
[INFO] [stdout]      |                                                                                 ^^^^^^^^^^^
[INFO] [stdout]      |
[INFO] [stdout]      = note: the full name for the type has been written to '/opt/rustwide/target/debug/build/chio-appraisal/5760ffbf7cb8cb53/out/chio_appraisal-5760ffbf7cb8cb53.long-type-8212843412529134720.txt'
[INFO] [stdout]      = note: consider using `--verbose` to print the full type name to the console
[INFO] [stdout] help: there is a method `unwrap` with a similar name
[INFO] [stdout]      |
[INFO] [stdout] 1561 -     let signed = SignedRuntimeAttestationAppraisalResult::sign(result, &signer).test_unwrap();
[INFO] [stdout] 1561 +     let signed = SignedRuntimeAttestationAppraisalResult::sign(result, &signer).unwrap();
[INFO] [stdout]      |
[INFO] [stdout] 
[INFO] [stdout] 
[INFO] [stdout] error[E0599]: no method named `test_expect` found for enum `Result<T, E>` in the current scope
[INFO] [stdout]     --> src/tests.rs:1596:69
[INFO] [stdout]      |
[INFO] [stdout] 1596 |     let appraisal = derive_runtime_attestation_appraisal(&evidence).test_expect("derive appraisal");
[INFO] [stdout]      |                                                                     ^^^^^^^^^^^
[INFO] [stdout]      |
[INFO] [stdout] help: there is a method `expect` with a similar name
[INFO] [stdout]      |
[INFO] [stdout] 1596 -     let appraisal = derive_runtime_attestation_appraisal(&evidence).test_expect("derive appraisal");
[INFO] [stdout] 1596 +     let appraisal = derive_runtime_attestation_appraisal(&evidence).expect("derive appraisal");
[INFO] [stdout]      |
[INFO] [stdout] 
[INFO] [stdout] 
[INFO] [stdout] error[E0599]: no method named `test_unwrap` found for enum `Result<T, E>` in the current scope
[INFO] [stdout]     --> src/tests.rs:1610:14
[INFO] [stdout]      |
[INFO] [stdout] 1609 |         RuntimeAttestationAppraisalResult::from_report("did:chio:test:issuer", &report)
[INFO] [stdout] 1610 |             .test_unwrap();
[INFO] [stdout]      |              ^^^^^^^^^^^
[INFO] [stdout]      |
[INFO] [stdout] help: there is a method `unwrap` with a similar name
[INFO] [stdout]      |
[INFO] [stdout] 1610 -             .test_unwrap();
[INFO] [stdout] 1610 +             .unwrap();
[INFO] [stdout]      |
[INFO] [stdout] 
[INFO] [stdout] 
[INFO] [stdout] error[E0599]: no method named `test_unwrap` found for enum `Result<T, E>` in the current scope
[INFO] [stdout]     --> src/tests.rs:1613:81
[INFO] [stdout]      |
[INFO] [stdout] 1613 |     let signed = SignedRuntimeAttestationAppraisalResult::sign(result, &signer).test_unwrap();
[INFO] [stdout]      |                                                                                 ^^^^^^^^^^^
[INFO] [stdout]      |
[INFO] [stdout]      = note: the full name for the type has been written to '/opt/rustwide/target/debug/build/chio-appraisal/5760ffbf7cb8cb53/out/chio_appraisal-5760ffbf7cb8cb53.long-type-8212843412529134720.txt'
[INFO] [stdout]      = note: consider using `--verbose` to print the full type name to the console
[INFO] [stdout] help: there is a method `unwrap` with a similar name
[INFO] [stdout]      |
[INFO] [stdout] 1613 -     let signed = SignedRuntimeAttestationAppraisalResult::sign(result, &signer).test_unwrap();
[INFO] [stdout] 1613 +     let signed = SignedRuntimeAttestationAppraisalResult::sign(result, &signer).unwrap();
[INFO] [stdout]      |
[INFO] [stdout] 
[INFO] [stdout] 
[INFO] [stdout] Some errors have detailed explanations: E0433, E0599.
[INFO] [stdout] 
[INFO] [stdout] For more information about an error, try `rustc --explain E0433`.
[INFO] [stdout] 
[INFO] [stderr] error: could not compile `chio-appraisal` (lib test) due to 101 previous errors
[INFO] running `Command { std: "docker" "inspect" "4e5320ab5fc9dc6b932ea3d1a82e2bd431a2ac0c816a4eb01895983e740a0933", kill_on_drop: false }`
[INFO] running `Command { std: "docker" "rm" "-f" "4e5320ab5fc9dc6b932ea3d1a82e2bd431a2ac0c816a4eb01895983e740a0933", kill_on_drop: false }`
[INFO] [stdout] 4e5320ab5fc9dc6b932ea3d1a82e2bd431a2ac0c816a4eb01895983e740a0933
