[INFO] fetching crate chio-anchor 0.1.2...
[INFO] checking chio-anchor-0.1.2 against 3154cc1a3e6424e44f438a95007d043ed5ceaaf6+rustflags=-Znext-solver=coherence for pr-133502-30
[INFO] extracting crate chio-anchor 0.1.2 into /workspace/builds/worker-7-tc1/source
[INFO] started tweaking crates.io crate chio-anchor 0.1.2
[INFO] removed 0 missing tests
[INFO] finished tweaking crates.io crate chio-anchor 0.1.2
[INFO] tweaked toml for crates.io crate chio-anchor 0.1.2 written to /workspace/builds/worker-7-tc1/source/Cargo.toml
[INFO] validating manifest of crates.io crate chio-anchor 0.1.2 on toolchain 3154cc1a3e6424e44f438a95007d043ed5ceaaf6
[INFO] running `Command { std: CARGO_HOME="/workspace/cargo-home" RUSTUP_HOME="/workspace/rustup-home" "/workspace/cargo-home/bin/cargo" "+3154cc1a3e6424e44f438a95007d043ed5ceaaf6" "metadata" "--manifest-path" "Cargo.toml" "--no-deps", kill_on_drop: false }`
[INFO] crate crates.io crate chio-anchor 0.1.2 already has a lockfile, it will not be regenerated
[INFO] running `Command { std: CARGO_HOME="/workspace/cargo-home" RUSTUP_HOME="/workspace/rustup-home" "/workspace/cargo-home/bin/cargo" "+3154cc1a3e6424e44f438a95007d043ed5ceaaf6" "fetch" "--manifest-path" "Cargo.toml", kill_on_drop: false }`
[INFO] [stderr]     Updating crates.io index
[INFO] [stderr]  Downloading crates ...
[INFO] [stderr]   Downloaded bitcoin-private v0.1.0
[INFO] [stderr]   Downloaded opentimestamps v0.2.0
[INFO] [stderr]   Downloaded aws-lc-rs v1.16.2
[INFO] [stderr]   Downloaded bitcoin_hashes v0.12.0
[INFO] [stderr]   Downloaded chio-web3-bindings v0.1.2
[INFO] [stderr]   Downloaded toml_parser v1.1.1+spec-1.1.0
[INFO] [stderr]   Downloaded toml_edit v0.25.9+spec-1.1.0
[INFO] [stderr]   Downloaded alloy-rlp v0.3.13
[INFO] [stderr]   Downloaded alloy-rlp-derive v0.3.13
[INFO] [stderr]   Downloaded aws-lc-fips-sys v0.13.14
[INFO] [stderr]   Downloaded alloy-primitives v1.5.7
[INFO] [stderr]   Downloaded alloy-eip7928 v0.3.3
[INFO] [stderr]   Downloaded alloy-sol-macro-input v1.5.7
[INFO] [stderr]   Downloaded alloy-core v1.5.7
[INFO] [stderr]   Downloaded alloy-sol-types v1.5.7
[INFO] [stderr]   Downloaded syn-solidity v1.5.7
[INFO] [stderr]   Downloaded alloy-sol-type-parser v1.5.7
[INFO] [stderr]   Downloaded alloy-sol-macro-expander v1.5.7
[INFO] [stderr]   Downloaded alloy-sol-macro v1.5.7
[INFO] [stderr]   Downloaded alloy-json-abi v1.5.7
[INFO] [stderr]   Downloaded alloy-dyn-abi v1.5.7
[INFO] [stderr]   Downloaded chio-metrics-spec v0.1.2
[INFO] [stderr]   Downloaded chio-kernel v0.1.2
[INFO] [stderr]   Downloaded lru v0.16.3
[INFO] [stderr]   Downloaded chio-weights v0.1.2
[INFO] [stderr]   Downloaded chio-lineage v0.1.2
[INFO] [stderr]   Downloaded chio-core-types v0.1.2
[INFO] [stderr]   Downloaded tough v0.22.0
[INFO] [stderr]   Downloaded typed-path v0.9.3
[INFO] [stderr]   Downloaded chio-attest-verify v0.1.2
[INFO] [stderr]   Downloaded olpc-cjson v0.1.4
[INFO] [stderr]   Downloaded sigstore-protobuf-specs-derive v0.0.1
[INFO] [stderr]   Downloaded sigstore_protobuf_specs v0.5.1
[INFO] [stderr]   Downloaded prost-reflect-build v0.16.0
[INFO] [stderr]   Downloaded prost-reflect-derive v0.16.0
[INFO] [stderr]   Downloaded prost-reflect v0.16.3
[INFO] [stderr]   Downloaded sigstore v0.14.0
[INFO] [stderr]   Downloaded hybrid-array v0.4.11
[INFO] [stderr]   Downloaded openidconnect v4.0.1
[INFO] [stderr]   Downloaded oci-spec v0.9.0
[INFO] [stderr]   Downloaded chio-appraisal v0.1.2
[INFO] [stderr]   Downloaded chio-tool-call-fabric v0.1.2
[INFO] [stderr]   Downloaded chio-supervisor v0.1.2
[INFO] [stderr]   Downloaded chio-fiscal v0.1.2
[INFO] [stderr]   Downloaded chio-listing v0.1.2
[INFO] [stderr]   Downloaded frost-rerandomized v3.0.0
[INFO] [stderr]   Downloaded oci-client v0.17.0
[INFO] [stderr]   Downloaded chio-underwriting v0.1.2
[INFO] [stderr]   Downloaded chio-settle v0.1.2
[INFO] [stderr]   Downloaded chio-fincred v0.1.2
[INFO] [stderr]   Downloaded chio-federation v0.1.2
[INFO] [stderr]   Downloaded frost-ed25519 v3.0.0
[INFO] [stderr]   Downloaded frost-core v3.0.0
[INFO] [stderr]   Downloaded derive-getters v0.5.0
[INFO] [stderr]   Downloaded rs_merkle v1.5.0
[INFO] [stderr]   Downloaded chio-web3 v0.1.2
[INFO] [stderr]   Downloaded chio-credit v0.1.2
[INFO] [stderr]   Downloaded const-crc32-nostd v1.3.1
[INFO] [stderr]   Downloaded chio-pheromone v0.1.2
[INFO] [stderr]   Downloaded chio-governance v0.1.2
[INFO] [stderr]   Downloaded chio-revocation-oracle v0.1.2
[INFO] [stderr]   Downloaded chio-did v0.1.2
[INFO] [stderr]   Downloaded chio-kernel-core v0.1.2
[INFO] [stderr]   Downloaded chio-log-redact v0.1.2
[INFO] [stderr]   Downloaded chio-data-guards-redactors-default v0.1.2
[INFO] [stderr]   Downloaded chio-open-market v0.1.2
[INFO] [stderr]   Downloaded chio-egress-contract v0.1.2
[INFO] [stderr]   Downloaded chio-autonomy v0.1.2
[INFO] [stderr]   Downloaded chio-market v0.1.2
[INFO] [stderr]   Downloaded chio-custody-hw v0.1.2
[INFO] [stderr]   Downloaded chio-core v0.1.2
[INFO] [stderr]   Downloaded chio-link v0.1.2
[INFO] [stderr]   Downloaded webauthn-rs-proto v0.5.2
[INFO] [stderr]   Downloaded webauthn-rs v0.5.2
[INFO] [stderr]   Downloaded webauthn-attestation-ca v0.5.2
[INFO] [stderr]   Downloaded base64urlsafedata v0.5.2
[INFO] [stderr]   Downloaded webauthn-rs-core v0.5.2
[INFO] [stderr]   Downloaded coset v0.4.2
[INFO] [stderr]   Downloaded chio-bounded v0.1.2
[INFO] [stderr]   Downloaded serde_cbor_2 v0.12.0-dev
[INFO] running `Command { std: "docker" "create" "-v" "/var/lib/crater-agent-workspace/builds/worker-7-tc1/source:/opt/rustwide/workdir:ro,Z" "-v" "/var/lib/crater-agent-workspace/builds/worker-7-tc1/target:/opt/rustwide/target:rw,Z" "-v" "/var/lib/crater-agent-workspace/cargo-home:/opt/rustwide/cargo-home:ro,Z" "-v" "/var/lib/crater-agent-workspace/rustup-home:/opt/rustwide/rustup-home:ro,Z" "-m" "1610612736" "--network" "none" "ghcr.io/rust-lang/crates-build-env/linux@sha256:77db811e55d90add9212f6832c23229e3de5f1c1f9905e8cb07319ea15df73ac" "sleep" "infinity", kill_on_drop: false }`
[INFO] [stdout] edd21393482b97cd39e161fd15e9db80fb01c02dbc05a8a5d1d383b17b5979f2
[INFO] running `Command { std: "docker" "start" "edd21393482b97cd39e161fd15e9db80fb01c02dbc05a8a5d1d383b17b5979f2", kill_on_drop: false }`
[INFO] running `Command { std: "docker" "inspect" "edd21393482b97cd39e161fd15e9db80fb01c02dbc05a8a5d1d383b17b5979f2", kill_on_drop: false }`
[INFO] running `Command { std: "docker" "exec" "-e" "SOURCE_DIR=/opt/rustwide/workdir" "-e" "CARGO_HOME=/opt/rustwide/cargo-home" "-e" "RUSTUP_HOME=/opt/rustwide/rustup-home" "-e" "CARGO_TARGET_DIR=/opt/rustwide/target" "-w" "/opt/rustwide/workdir" "--user" "0:0" "edd21393482b97cd39e161fd15e9db80fb01c02dbc05a8a5d1d383b17b5979f2" "/opt/rustwide/cargo-home/bin/cargo" "+3154cc1a3e6424e44f438a95007d043ed5ceaaf6" "metadata" "--no-deps" "--format-version=1", kill_on_drop: false }`
[INFO] running `Command { std: "docker" "inspect" "edd21393482b97cd39e161fd15e9db80fb01c02dbc05a8a5d1d383b17b5979f2", kill_on_drop: false }`
[INFO] running `Command { std: "docker" "exec" "-e" "SOURCE_DIR=/opt/rustwide/workdir" "-e" "CARGO_HOME=/opt/rustwide/cargo-home" "-e" "RUSTUP_HOME=/opt/rustwide/rustup-home" "-e" "CARGO_TARGET_DIR=/opt/rustwide/target" "-e" "CARGO_INCREMENTAL=0" "-e" "RUST_BACKTRACE=full" "-e" "RUSTFLAGS=--cap-lints=forbid -Znext-solver=coherence" "-e" "RUSTDOCFLAGS=--cap-lints=forbid" "-w" "/opt/rustwide/workdir" "--user" "0:0" "edd21393482b97cd39e161fd15e9db80fb01c02dbc05a8a5d1d383b17b5979f2" "/opt/rustwide/cargo-home/bin/cargo" "+3154cc1a3e6424e44f438a95007d043ed5ceaaf6" "check" "--frozen" "--all" "--all-targets" "--message-format=json", kill_on_drop: false }`
[INFO] [stderr]    Compiling libc v0.2.183
[INFO] [stderr]     Checking typenum v1.20.0
[INFO] [stderr]    Compiling serde_json v1.0.149
[INFO] [stderr]    Compiling syn v2.0.117
[INFO] [stderr]    Compiling curve25519-dalek v4.1.3
[INFO] [stderr]    Compiling zerocopy v0.8.42
[INFO] [stderr]    Compiling aws-lc-rs v1.16.2
[INFO] [stderr]    Compiling serde_core v1.0.228
[INFO] [stderr]    Compiling ruint-macro v1.2.1
[INFO] [stderr]     Checking bitflags v2.11.0
[INFO] [stderr]    Compiling rustls v0.23.37
[INFO] [stderr]     Checking lazy_static v1.5.0
[INFO] [stderr]    Compiling heapless v0.7.17
[INFO] [stderr]    Compiling proc-macro-error-attr2 v2.0.0
[INFO] [stderr]    Compiling serde v1.0.228
[INFO] [stderr]     Checking hash32 v0.2.1
[INFO] [stderr]     Checking aho-corasick v1.1.4
[INFO] [stderr]     Checking keccak v0.1.6
[INFO] [stderr]     Checking cmov v0.5.3
[INFO] [stderr]    Compiling getrandom v0.4.2
[INFO] [stderr]     Checking itertools v0.14.0
[INFO] [stderr]     Checking const-hex v1.18.1
[INFO] [stderr]    Compiling itoa v1.0.17
[INFO] [stderr]     Checking const-crc32-nostd v1.3.1
[INFO] [stderr]     Checking ruint v1.20.0
[INFO] [stderr]     Checking ctutils v0.4.2
[INFO] [stderr]    Compiling num-conv v0.2.0
[INFO] [stderr]     Checking rustc-hash v2.1.1
[INFO] [stderr]    Compiling memchr v2.8.0
[INFO] [stderr]    Compiling winnow v0.7.15
[INFO] [stderr]    Compiling time-macros v0.2.27
[INFO] [stderr]     Checking nom v7.1.3
[INFO] [stderr]     Checking chio-metrics-spec v0.1.2
[INFO] [stderr]     Checking ordered-float v2.10.1
[INFO] [stderr]     Checking num-iter v0.1.45
[INFO] [stderr]    Compiling const_format_proc_macros v0.2.34
[INFO] [stderr]    Compiling generic-array v0.14.7
[INFO] [stderr]     Checking pem v3.0.6
[INFO] [stderr]    Compiling openssl v0.10.78
[INFO] [stderr]    Compiling pastey v0.1.1
[INFO] [stderr]     Checking rustix v1.1.4
[INFO] [stderr]     Checking phc v0.6.1
[INFO] [stderr]     Checking hybrid-array v0.4.11
[INFO] [stderr]    Compiling crypto-common v0.1.7
[INFO] [stderr]    Compiling block-buffer v0.10.4
[INFO] [stderr]     Checking const_format v0.2.35
[INFO] [stderr]     Checking serde_path_to_error v0.1.20
[INFO] [stderr]     Checking bstr v1.12.1
[INFO] [stderr]     Checking strum v0.27.2
[INFO] [stderr]    Compiling digest v0.10.7
[INFO] [stderr]    Compiling webauthn-attestation-ca v0.5.2
[INFO] [stderr]     Checking password-hash v0.6.1
[INFO] [stderr]     Checking regex-automata v0.4.14
[INFO] [stderr]     Checking indexmap v2.13.0
[INFO] [stderr]     Checking itertools v0.10.5
[INFO] [stderr]     Checking http-auth v0.1.10
[INFO] [stderr]     Checking time v0.3.47
[INFO] [stderr]    Compiling sha3 v0.10.8
[INFO] [stderr]     Checking ryu-js v1.0.3
[INFO] [stderr]     Checking typed-path v0.9.3
[INFO] [stderr]     Checking getrandom v0.2.17
[INFO] [stderr]     Checking parking_lot_core v0.9.12
[INFO] [stderr]     Checking rand_core v0.6.4
[INFO] [stderr]     Checking errno v0.3.14
[INFO] [stderr]     Checking socket2 v0.6.3
[INFO] [stderr]     Checking signal-hook-registry v1.4.8
[INFO] [stderr]     Checking mio v1.1.1
[INFO] [stderr]     Checking crypto-common v0.2.2
[INFO] [stderr]    Compiling jobserver v0.1.34
[INFO] [stderr]     Checking parking_lot v0.12.5
[INFO] [stderr]     Checking block-buffer v0.12.0
[INFO] [stderr]     Checking ff v0.13.1
[INFO] [stderr]     Checking socket2 v0.5.10
[INFO] [stderr]    Compiling cc v1.2.57
[INFO] [stderr]     Checking group v0.13.0
[INFO] [stderr]     Checking rusticata-macros v4.1.0
[INFO] [stderr]     Checking inout v0.2.2
[INFO] [stderr]     Checking uuid v1.22.0
[INFO] [stderr]    Compiling webauthn-rs-core v0.5.2
[INFO] [stderr]     Checking ciborium-io v0.2.2
[INFO] [stderr]     Checking half v1.8.3
[INFO] [stderr]    Compiling chio-attest-verify v0.1.2
[INFO] [stderr]     Checking digest v0.11.2
[INFO] [stderr]     Checking cipher v0.5.2
[INFO] [stderr]     Checking hex-literal v1.1.0
[INFO] [stderr]     Checking signature v3.0.0
[INFO] [stderr]    Compiling bitcoin-private v0.1.0
[INFO] [stderr]     Checking hashlink v0.11.0
[INFO] [stderr]     Checking salsa20 v0.11.0
[INFO] [stderr]     Checking sha2 v0.11.0
[INFO] [stderr]     Checking hmac v0.13.0
[INFO] [stderr]     Checking pbkdf2 v0.13.0
[INFO] [stderr]     Checking sharded-slab v0.1.7
[INFO] [stderr]     Checking tempfile v3.27.0
[INFO] [stderr]     Checking flate2 v1.1.9
[INFO] [stderr]     Checking arc-swap v1.9.1
[INFO] [stderr]     Checking is-terminal v0.4.17
[INFO] [stderr]     Checking dashmap v6.1.0
[INFO] [stderr]     Checking lru v0.16.3
[INFO] [stderr]     Checking chio-bounded v0.1.2
[INFO] [stderr]     Checking bitcoin_hashes v0.12.0
[INFO] [stderr]     Checking scrypt v0.12.0
[INFO] [stderr]    Compiling cmake v0.1.58
[INFO] [stderr]     Checking tracing-subscriber v0.3.23
[INFO] [stderr]    Compiling ring v0.17.14
[INFO] [stderr]    Compiling openssl-sys v0.9.114
[INFO] [stderr]    Compiling secp256k1-sys v0.11.0
[INFO] [stderr]    Compiling libsqlite3-sys v0.37.0
[INFO] [stderr]    Compiling aws-lc-sys v0.39.1
[INFO] [stderr]     Checking regex v1.12.3
[INFO] [stderr]     Checking globset v0.4.18
[INFO] [stderr]     Checking env_logger v0.10.2
[INFO] [stderr]     Checking opentimestamps v0.2.0
[INFO] [stderr]    Compiling synstructure v0.13.2
[INFO] [stderr]    Compiling proc-macro-error2 v2.0.1
[INFO] [stderr]    Compiling darling_core v0.20.11
[INFO] [stderr]    Compiling macro-string v0.1.4
[INFO] [stderr]    Compiling darling_core v0.23.0
[INFO] [stderr]    Compiling syn-solidity v1.5.7
[INFO] [stderr]    Compiling zeroize_derive v1.5.0
[INFO] [stderr]    Compiling serde_derive v1.0.228
[INFO] [stderr]    Compiling zerofrom-derive v0.1.6
[INFO] [stderr]    Compiling displaydoc v0.2.5
[INFO] [stderr]    Compiling yoke-derive v0.8.1
[INFO] [stderr]    Compiling zerovec-derive v0.11.2
[INFO] [stderr]    Compiling der_derive v0.7.3
[INFO] [stderr]    Compiling thiserror-impl v1.0.69
[INFO] [stderr]    Compiling curve25519-dalek-derive v0.1.1
[INFO] [stderr]    Compiling thiserror-impl v2.0.18
[INFO] [stderr]     Checking zeroize v1.9.0
[INFO] [stderr]     Checking rustls-pki-types v1.14.0
[INFO] [stderr]     Checking block-padding v0.3.3
[INFO] [stderr]    Compiling zerocopy-derive v0.8.42
[INFO] [stderr]     Checking der v0.7.10
[INFO] [stderr]     Checking inout v0.1.4
[INFO] [stderr]    Compiling derive_more-impl v2.1.1
[INFO] [stderr]     Checking cipher v0.4.4
[INFO] [stderr]     Checking salsa20 v0.10.2
[INFO] [stderr]     Checking cbc v0.1.2
[INFO] [stderr]     Checking hmac v0.12.1
[INFO] [stderr]     Checking sha2 v0.10.9
[INFO] [stderr]     Checking aes v0.8.4
[INFO] [stderr]     Checking pbkdf2 v0.12.2
[INFO] [stderr]     Checking signature v2.2.0
[INFO] [stderr]     Checking zerofrom v0.1.6
[INFO] [stderr]     Checking scrypt v0.11.0
[INFO] [stderr]    Compiling tokio-macros v2.6.1
[INFO] [stderr]     Checking thiserror v1.0.69
[INFO] [stderr]     Checking yoke v0.8.1
[INFO] [stderr]    Compiling futures-macro v0.3.32
[INFO] [stderr]     Checking zerovec v0.11.5
[INFO] [stderr]     Checking zerotrie v0.2.3
[INFO] [stderr]    Compiling tracing-attributes v0.1.31
[INFO] [stderr]     Checking thiserror v2.0.18
[INFO] [stderr]     Checking cobs v0.3.0
[INFO] [stderr]    Compiling derive-getters v0.5.0
[INFO] [stderr]    Compiling visibility v0.1.1
[INFO] [stderr]     Checking spki v0.7.3
[INFO] [stderr]     Checking rs_merkle v1.5.0
[INFO] [stderr]     Checking futures-util v0.3.32
[INFO] [stderr]     Checking hkdf v0.12.4
[INFO] [stderr]     Checking pkcs5 v0.7.1
[INFO] [stderr]     Checking tinystr v0.8.2
[INFO] [stderr]     Checking potential_utf v0.1.4
[INFO] [stderr]     Checking rustls-native-certs v0.8.3
[INFO] [stderr]     Checking crypto-bigint v0.5.5
[INFO] [stderr]     Checking icu_collections v2.1.1
[INFO] [stderr]     Checking icu_locale_core v2.1.1
[INFO] [stderr]     Checking rfc6979 v0.4.0
[INFO] [stderr]     Checking pkcs8 v0.10.2
[INFO] [stderr]    Compiling prost-derive v0.14.3
[INFO] [stderr]    Compiling asn1-rs-impl v0.2.0
[INFO] [stderr]     Checking ed25519 v2.2.3
[INFO] [stderr]     Checking ed25519-dalek v2.2.0
[INFO] [stderr]     Checking sec1 v0.7.3
[INFO] [stderr]     Checking tracing v0.1.44
[INFO] [stderr]    Compiling asn1-rs-derive v0.5.1
[INFO] [stderr]    Compiling pin-project-internal v1.1.11
[INFO] [stderr]     Checking pkcs1 v0.7.5
[INFO] [stderr]    Compiling darling_macro v0.23.0
[INFO] [stderr]     Checking universal-hash v0.5.1
[INFO] [stderr]     Checking icu_provider v2.1.1
[INFO] [stderr]    Compiling async-trait v0.1.89
[INFO] [stderr]    Compiling darling v0.23.0
[INFO] [stderr]    Compiling openssl-macros v0.1.1
[INFO] [stderr]    Compiling serde_with_macros v3.18.0
[INFO] [stderr]    Compiling darling_macro v0.20.11
[INFO] [stderr]     Checking icu_properties v2.1.2
[INFO] [stderr]     Checking icu_normalizer v2.1.1
[INFO] [stderr]    Compiling darling v0.20.11
[INFO] [stderr]     Checking elliptic-curve v0.13.8
[INFO] [stderr]    Compiling derive_builder_core v0.20.2
[INFO] [stderr]     Checking asn1-rs v0.6.2
[INFO] [stderr]    Compiling snafu-derive v0.8.9
[INFO] [stderr]    Compiling prost-reflect-derive v0.16.0
[INFO] [stderr]    Compiling getset v0.1.6
[INFO] [stderr]     Checking ecdsa v0.16.9
[INFO] [stderr]     Checking primeorder v0.13.6
[INFO] [stderr]    Compiling strum_macros v0.27.2
[INFO] [stderr]     Checking pin-project v1.1.11
[INFO] [stderr]    Compiling tls_codec_derive v0.4.2
[INFO] [stderr]     Checking serde_with v3.18.0
[INFO] [stderr]     Checking bytes v1.11.1
[INFO] [stderr]     Checking serdect v0.2.0
[INFO] [stderr]    Compiling alloy-sol-type-parser v1.5.7
[INFO] [stderr]     Checking chrono v0.4.44
[INFO] [stderr]     Checking idna_adapter v1.2.1
[INFO] [stderr]     Checking derive_more v2.1.1
[INFO] [stderr]     Checking idna v1.1.0
[INFO] [stderr]     Checking http v1.4.0
[INFO] [stderr]     Checking tokio v1.50.0
[INFO] [stderr]     Checking alloy-primitives v1.5.7
[INFO] [stderr]     Checking postcard v1.1.3
[INFO] [stderr]     Checking serde_urlencoded v0.7.1
[INFO] [stderr]     Checking prost v0.14.3
[INFO] [stderr]     Checking frost-core v3.0.0
[INFO] [stderr]     Checking url v2.5.8
[INFO] [stderr]    Compiling derive_builder_macro v0.20.2
[INFO] [stderr]     Checking serde-value v0.7.0
[INFO] [stderr]     Checking chio-core-types v0.1.2
[INFO] [stderr]     Checking derive_builder v0.20.2
[INFO] [stderr]     Checking prost-types v0.14.3
[INFO] [stderr]     Checking futures-executor v0.3.32
[INFO] [stderr]     Checking olpc-cjson v0.1.4
[INFO] [stderr]     Checking serde_plain v1.0.2
[INFO] [stderr]     Checking alloy-json-abi v1.5.7
[INFO] [stderr]     Checking base64urlsafedata v0.5.2
[INFO] [stderr]     Checking futures v0.3.32
[INFO] [stderr]     Checking http-body v1.0.1
[INFO] [stderr]     Checking oci-spec v0.9.0
[INFO] [stderr]     Checking tls_codec v0.4.2
[INFO] [stderr]     Checking der-parser v9.0.0
[INFO] [stderr]     Checking frost-rerandomized v3.0.0
[INFO] [stderr]     Checking http-body-util v0.1.3
[INFO] [stderr]     Checking frost-ed25519 v3.0.0
[INFO] [stderr]     Checking snafu v0.8.9
[INFO] [stderr]     Checking oid-registry v0.7.1
[INFO] [stderr]     Checking p256 v0.13.2
[INFO] [stderr]     Checking p384 v0.13.1
[INFO] [stderr]     Checking toml_datetime v0.6.11
[INFO] [stderr]     Checking serde_spanned v0.6.9
[INFO] [stderr]     Checking prost-reflect v0.16.3
[INFO] [stderr]     Checking poly1305 v0.8.0
[INFO] [stderr]     Checking sha1 v0.10.6
[INFO] [stderr]     Checking aead v0.5.2
[INFO] [stderr]    Compiling sigstore-protobuf-specs-derive v0.0.1
[INFO] [stderr]    Compiling async-recursion v1.1.1
[INFO] [stderr]     Checking ppv-lite86 v0.2.21
[INFO] [stderr]     Checking half v2.7.1
[INFO] [stderr]     Checking x509-cert v0.2.5
[INFO] [stderr]     Checking crypto_secretbox v0.1.1
[INFO] [stderr]     Checking x509-parser v0.16.0
[INFO] [stderr]     Checking toml_edit v0.22.27
[INFO] [stderr]     Checking webauthn-rs-proto v0.5.2
[INFO] [stderr]     Checking webbrowser v1.2.1
[INFO] [stderr]     Checking ciborium-ll v0.2.2
[INFO] [stderr]     Checking serde_cbor_2 v0.12.0-dev
[INFO] [stderr]     Checking serde_json_canonicalizer v0.3.2
[INFO] [stderr]    Compiling serde_repr v0.1.20
[INFO] [stderr]     Checking rand_chacha v0.3.1
[INFO] [stderr]     Checking ciborium v0.2.2
[INFO] [stderr]     Checking rand v0.8.5
[INFO] [stderr]     Checking simple_asn1 v0.6.4
[INFO] [stderr]    Compiling alloy-sol-macro-input v1.5.7
[INFO] [stderr]     Checking webpki-roots v1.0.6
[INFO] [stderr]     Checking jsonwebtoken v9.3.1
[INFO] [stderr]     Checking chio-data-guards-redactors-default v0.1.2
[INFO] [stderr]     Checking webpki-roots v0.26.11
[INFO] [stderr]     Checking chio-supervisor v0.1.2
[INFO] [stderr]     Checking coset v0.4.2
[INFO] [stderr]     Checking secp256k1 v0.31.1
[INFO] [stderr]     Checking rusqlite v0.39.0
[INFO] [stderr]    Compiling alloy-sol-macro-expander v1.5.7
[INFO] [stderr]     Checking num-bigint-dig v0.8.6
[INFO] [stderr]     Checking oauth2 v5.0.0
[INFO] [stderr]     Checking chio-log-redact v0.1.2
[INFO] [stderr]     Checking sigstore_protobuf_specs v0.5.1
[INFO] [stderr]     Checking toml v0.8.23
[INFO] [stderr]     Checking rsa v0.9.10
[INFO] [stderr]     Checking openidconnect v4.0.1
[INFO] [stderr]     Checking hyper v1.8.1
[INFO] [stderr]     Checking tower v0.5.3
[INFO] [stderr]     Checking tokio-util v0.7.18
[INFO] [stderr]     Checking webauthn-rs v0.5.2
[INFO] [stderr]     Checking tower-http v0.6.8
[INFO] [stderr]     Checking hyper-util v0.1.20
[INFO] [stderr]    Compiling alloy-sol-macro v1.5.7
[INFO] [stderr]     Checking alloy-sol-types v1.5.7
[INFO] [stderr]     Checking alloy-core v1.5.7
[INFO] [stderr]     Checking alloy v1.8.3
[INFO] [stderr]     Checking chio-web3-bindings v0.1.2
[INFO] [stderr]     Checking chio-listing v0.1.2
[INFO] [stderr]     Checking chio-revocation-oracle v0.1.2
[INFO] [stderr]     Checking chio-pheromone v0.1.2
[INFO] [stderr]     Checking chio-did v0.1.2
[INFO] [stderr]     Checking chio-fincred v0.1.2
[INFO] [stderr]     Checking chio-lineage v0.1.2
[INFO] [stderr]     Checking chio-kernel-core v0.1.2
[INFO] [stderr]     Checking chio-tool-call-fabric v0.1.2
[INFO] [stderr]     Checking chio-custody-hw v0.1.2
[INFO] [stderr]     Checking chio-fiscal v0.1.2
[INFO] [stderr]     Checking chio-governance v0.1.2
[INFO] [stderr]     Checking rustls-webpki v0.103.13
[INFO] [stderr]     Checking jsonwebtoken v10.4.0
[INFO] [stderr]     Checking chio-appraisal v0.1.2
[INFO] [stderr]     Checking chio-open-market v0.1.2
[INFO] [stderr]     Checking chio-federation v0.1.2
[INFO] [stderr]     Checking chio-underwriting v0.1.2
[INFO] [stderr]     Checking tokio-rustls v0.26.4
[INFO] [stderr]     Checking rustls-platform-verifier v0.6.2
[INFO] [stderr]     Checking tough v0.22.0
[INFO] [stderr]     Checking ureq v2.12.1
[INFO] [stderr]     Checking hyper-rustls v0.27.7
[INFO] [stderr]     Checking reqwest v0.13.2
[INFO] [stderr]     Checking oci-client v0.17.0
[INFO] [stderr]     Checking chio-egress-contract v0.1.2
[INFO] [stderr]     Checking chio-credit v0.1.2
[INFO] [stderr]     Checking sigstore v0.14.0
[INFO] [stderr]     Checking chio-weights v0.1.2
[INFO] [stderr]     Checking chio-web3 v0.1.2
[INFO] [stderr]     Checking chio-market v0.1.2
[INFO] [stderr]     Checking chio-autonomy v0.1.2
[INFO] [stderr]     Checking chio-core v0.1.2
[INFO] [stderr]     Checking chio-link v0.1.2
[INFO] [stderr]     Checking chio-settle v0.1.2
[INFO] [stderr]     Checking chio-kernel v0.1.2
[INFO] [stderr]     Checking chio-anchor v0.1.2 (/opt/rustwide/workdir)
[INFO] [stdout] error: couldn't read `src/../../../../docs/standards/CHIO_ANCHOR_INCLUSION_PROOF_EXAMPLE.json`: No such file or directory (os error 2)
[INFO] [stdout]    --> src/automation.rs:216:13
[INFO] [stdout]     |
[INFO] [stdout] 216 |             include_str!("../../../../docs/standards/CHIO_ANCHOR_INCLUSION_PROOF_EXAMPLE.json"),
[INFO] [stdout]     |             ^^^^^^^^^^^^^^^^^^^^^^^^^^^^^^^^^^^^^^^^^^^^^^^^^^^^^^^^^^^^^^^^^^^^^^^^^^^^^^^^^^^
[INFO] [stdout] 
[INFO] [stdout] 
[INFO] [stdout] error: couldn't read `src/../../../../docs/standards/CHIO_ANCHOR_INCLUSION_PROOF_EXAMPLE.json`: No such file or directory (os error 2)
[INFO] [stdout]    --> src/evm.rs:178:30
[INFO] [stdout]     |
[INFO] [stdout] 178 |           serde_json::from_str(include_str!(
[INFO] [stdout]     |  ______________________________^
[INFO] [stdout] 179 | |             "../../../../docs/standards/CHIO_ANCHOR_INCLUSION_PROOF_EXAMPLE.json"
[INFO] [stdout] 180 | |         ))
[INFO] [stdout]     | |_________^
[INFO] [stdout] 
[INFO] [stdout] 
[INFO] [stdout] error: couldn't read `src/../../../../docs/standards/CHIO_ANCHOR_RUNTIME_REPORT_EXAMPLE.json`: No such file or directory (os error 2)
[INFO] [stdout]    --> src/ops.rs:461:64
[INFO] [stdout]     |
[INFO] [stdout] 461 |           let report: AnchorRuntimeReport = serde_json::from_str(include_str!(
[INFO] [stdout]     |  ________________________________________________________________^
[INFO] [stdout] 462 | |             "../../../../docs/standards/CHIO_ANCHOR_RUNTIME_REPORT_EXAMPLE.json"
[INFO] [stdout] 463 | |         ))
[INFO] [stdout]     | |_________^
[INFO] [stdout] 
[INFO] [stdout] 
[INFO] [stdout] error: couldn't read `src/../../../../docs/standards/CHIO_ANCHOR_INCLUSION_PROOF_EXAMPLE.json`: No such file or directory (os error 2)
[INFO] [stdout]    --> src/lib.rs:363:30
[INFO] [stdout]     |
[INFO] [stdout] 363 |           serde_json::from_str(include_str!(
[INFO] [stdout]     |  ______________________________^
[INFO] [stdout] 364 | |             "../../../../docs/standards/CHIO_ANCHOR_INCLUSION_PROOF_EXAMPLE.json"
[INFO] [stdout] 365 | |         ))
[INFO] [stdout]     | |_________^
[INFO] [stdout] 
[INFO] [stdout] 
[INFO] [stdout] error[E0433]: cannot find module or crate `chio_test_support` in this scope
[INFO] [stdout]    --> src/automation.rs:193:9
[INFO] [stdout]     |
[INFO] [stdout] 193 |     use chio_test_support::prelude::*;
[INFO] [stdout]     |         ^^^^^^^^^^^^^^^^^ use of unresolved module or unlinked crate `chio_test_support`
[INFO] [stdout]     |
[INFO] [stdout]     = help: if you wanted to use a crate named `chio_test_support`, use `cargo add chio_test_support` to add it to your `Cargo.toml`
[INFO] [stdout] 
[INFO] [stdout] 
[INFO] [stdout] error[E0433]: cannot find module or crate `chio_test_support` in this scope
[INFO] [stdout]    --> src/discovery.rs:596:9
[INFO] [stdout]     |
[INFO] [stdout] 596 |     use chio_test_support::prelude::*;
[INFO] [stdout]     |         ^^^^^^^^^^^^^^^^^ use of unresolved module or unlinked crate `chio_test_support`
[INFO] [stdout]     |
[INFO] [stdout]     = help: if you wanted to use a crate named `chio_test_support`, use `cargo add chio_test_support` to add it to your `Cargo.toml`
[INFO] [stdout] 
[INFO] [stdout] 
[INFO] [stdout] error[E0433]: cannot find module or crate `chio_test_support` in this scope
[INFO] [stdout]   --> src/evm.rs:72:9
[INFO] [stdout]    |
[INFO] [stdout] 72 |     use chio_test_support::prelude::*;
[INFO] [stdout]    |         ^^^^^^^^^^^^^^^^^ use of unresolved module or unlinked crate `chio_test_support`
[INFO] [stdout]    |
[INFO] [stdout]    = help: if you wanted to use a crate named `chio_test_support`, use `cargo add chio_test_support` to add it to your `Cargo.toml`
[INFO] [stdout] 
[INFO] [stdout] 
[INFO] [stdout] error[E0433]: cannot find module or crate `chio_test_support` in this scope
[INFO] [stdout]    --> src/functions.rs:332:9
[INFO] [stdout]     |
[INFO] [stdout] 332 |     use chio_test_support::prelude::*;
[INFO] [stdout]     |         ^^^^^^^^^^^^^^^^^ use of unresolved module or unlinked crate `chio_test_support`
[INFO] [stdout]     |
[INFO] [stdout]     = help: if you wanted to use a crate named `chio_test_support`, use `cargo add chio_test_support` to add it to your `Cargo.toml`
[INFO] [stdout] 
[INFO] [stdout] 
[INFO] [stdout] error[E0433]: cannot find module or crate `chio_test_support` in this scope
[INFO] [stdout]    --> src/ops.rs:409:9
[INFO] [stdout]     |
[INFO] [stdout] 409 |     use chio_test_support::prelude::*;
[INFO] [stdout]     |         ^^^^^^^^^^^^^^^^^ use of unresolved module or unlinked crate `chio_test_support`
[INFO] [stdout]     |
[INFO] [stdout]     = help: if you wanted to use a crate named `chio_test_support`, use `cargo add chio_test_support` to add it to your `Cargo.toml`
[INFO] [stdout] 
[INFO] [stdout] 
[INFO] [stdout] error[E0433]: cannot find module or crate `chio_test_support` in this scope
[INFO] [stdout]    --> src/lib.rs:358:9
[INFO] [stdout]     |
[INFO] [stdout] 358 |     use chio_test_support::prelude::*;
[INFO] [stdout]     |         ^^^^^^^^^^^^^^^^^ use of unresolved module or unlinked crate `chio_test_support`
[INFO] [stdout]     |
[INFO] [stdout]     = help: if you wanted to use a crate named `chio_test_support`, use `cargo add chio_test_support` to add it to your `Cargo.toml`
[INFO] [stdout] 
[INFO] [stdout] 
[INFO] [stdout] error[E0599]: no method named `test_unwrap` found for enum `Result<T, E>` in the current scope
[INFO] [stdout]    --> src/automation.rs:209:61
[INFO] [stdout]     |
[INFO] [stdout] 209 |             signature: keypair.sign_canonical(&certificate).test_unwrap().0,
[INFO] [stdout]     |                                                             ^^^^^^^^^^^
[INFO] [stdout]     |
[INFO] [stdout] help: there is a method `unwrap` with a similar name
[INFO] [stdout]     |
[INFO] [stdout] 209 -             signature: keypair.sign_canonical(&certificate).test_unwrap().0,
[INFO] [stdout] 209 +             signature: keypair.sign_canonical(&certificate).unwrap().0,
[INFO] [stdout]     |
[INFO] [stdout] 
[INFO] [stdout] 
[INFO] [stdout] error[E0599]: no method named `test_unwrap` found for enum `Result<T, E>` in the current scope
[INFO] [stdout]    --> src/automation.rs:218:10
[INFO] [stdout]     |
[INFO] [stdout] 215 |         let proof: chio_core::web3::anchors::AnchorInclusionProof = serde_json::from_str(
[INFO] [stdout] 216 |             include_str!("../../../../docs/standards/CHIO_ANCHOR_INCLUSION_PROOF_EXAMPLE.json"),
[INFO] [stdout] 217 |         )
[INFO] [stdout] 218 |         .test_unwrap();
[INFO] [stdout]     |          ^^^^^^^^^^^
[INFO] [stdout]     |
[INFO] [stdout] help: there is a method `unwrap` with a similar name
[INFO] [stdout]     |
[INFO] [stdout] 218 -         .test_unwrap();
[INFO] [stdout] 218 +         .unwrap();
[INFO] [stdout]     |
[INFO] [stdout] 
[INFO] [stdout] 
[INFO] [stdout] error[E0599]: no method named `test_unwrap` found for enum `Result<T, E>` in the current scope
[INFO] [stdout]    --> src/automation.rs:239:84
[INFO] [stdout]     |
[INFO] [stdout] 239 |         let publication = prepare_root_publication(&target, &checkpoint, &binding).test_unwrap();
[INFO] [stdout]     |                                                                                    ^^^^^^^^^^^
[INFO] [stdout]     |
[INFO] [stdout] help: there is a method `unwrap` with a similar name
[INFO] [stdout]     |
[INFO] [stdout] 239 -         let publication = prepare_root_publication(&target, &checkpoint, &binding).test_unwrap();
[INFO] [stdout] 239 +         let publication = prepare_root_publication(&target, &checkpoint, &binding).unwrap();
[INFO] [stdout]     |
[INFO] [stdout] 
[INFO] [stdout] 
[INFO] [stdout] error[E0599]: no method named `test_unwrap` found for enum `Result<T, E>` in the current scope
[INFO] [stdout]    --> src/automation.rs:245:10
[INFO] [stdout]     |
[INFO] [stdout] 240 |         let registration = prepare_delegate_registration(
[INFO] [stdout] 241 |             &target,
[INFO] [stdout] 242 |             "0x1000000000000000000000000000000000000002",
[INFO] [stdout] 243 |             1_744_086_400,
[INFO] [stdout] 244 |         )
[INFO] [stdout] 245 |         .test_unwrap();
[INFO] [stdout]     |          ^^^^^^^^^^^
[INFO] [stdout]     |
[INFO] [stdout] help: there is a method `unwrap` with a similar name
[INFO] [stdout]     |
[INFO] [stdout] 245 -         .test_unwrap();
[INFO] [stdout] 245 +         .unwrap();
[INFO] [stdout]     |
[INFO] [stdout] 
[INFO] [stdout] 
[INFO] [stdout] error[E0599]: no method named `test_unwrap` found for enum `Result<T, E>` in the current scope
[INFO] [stdout]    --> src/automation.rs:254:10
[INFO] [stdout]     |
[INFO] [stdout] 247 |         let job = build_anchor_publication_job(
[INFO] [stdout] 248 |             &target,
[INFO] [stdout] 249 |             "0 */6 * * *",
[INFO] [stdout] 250 |             900,
[INFO] [stdout] 251 |             publication,
[INFO] [stdout] 252 |             Some(registration),
[INFO] [stdout] 253 |         )
[INFO] [stdout] 254 |         .test_unwrap();
[INFO] [stdout]     |          ^^^^^^^^^^^
[INFO] [stdout]     |
[INFO] [stdout] help: there is a method `unwrap` with a similar name
[INFO] [stdout]     |
[INFO] [stdout] 254 -         .test_unwrap();
[INFO] [stdout] 254 +         .unwrap();
[INFO] [stdout]     |
[INFO] [stdout] 
[INFO] [stdout] 
[INFO] [stdout] error[E0599]: no method named `test_unwrap` found for enum `Result<T, E>` in the current scope
[INFO] [stdout]    --> src/automation.rs:266:84
[INFO] [stdout]     |
[INFO] [stdout] 266 |         let publication = prepare_root_publication(&target, &checkpoint, &binding).test_unwrap();
[INFO] [stdout]     |                                                                                    ^^^^^^^^^^^
[INFO] [stdout]     |
[INFO] [stdout] help: there is a method `unwrap` with a similar name
[INFO] [stdout]     |
[INFO] [stdout] 266 -         let publication = prepare_root_publication(&target, &checkpoint, &binding).test_unwrap();
[INFO] [stdout] 266 +         let publication = prepare_root_publication(&target, &checkpoint, &binding).unwrap();
[INFO] [stdout]     |
[INFO] [stdout] 
[INFO] [stdout] 
[INFO] [stdout] error[E0599]: no method named `test_unwrap` found for enum `Result<T, E>` in the current scope
[INFO] [stdout]    --> src/automation.rs:272:10
[INFO] [stdout]     |
[INFO] [stdout] 267 |         let registration = prepare_delegate_registration(
[INFO] [stdout] 268 |             &target,
[INFO] [stdout] 269 |             "0x1000000000000000000000000000000000000002",
[INFO] [stdout] 270 |             1_744_086_400,
[INFO] [stdout] 271 |         )
[INFO] [stdout] 272 |         .test_unwrap();
[INFO] [stdout]     |          ^^^^^^^^^^^
[INFO] [stdout]     |
[INFO] [stdout] help: there is a method `unwrap` with a similar name
[INFO] [stdout]     |
[INFO] [stdout] 272 -         .test_unwrap();
[INFO] [stdout] 272 +         .unwrap();
[INFO] [stdout]     |
[INFO] [stdout] 
[INFO] [stdout] 
[INFO] [stdout] error[E0599]: no method named `test_unwrap` found for enum `Result<T, E>` in the current scope
[INFO] [stdout]    --> src/automation.rs:280:10
[INFO] [stdout]     |
[INFO] [stdout] 273 |         let job = build_anchor_publication_job(
[INFO] [stdout] 274 |             &target,
[INFO] [stdout] 275 |             "0 */6 * * *",
[INFO] [stdout] 276 |             900,
[INFO] [stdout] 277 |             publication,
[INFO] [stdout] 278 |             Some(registration),
[INFO] [stdout] 279 |         )
[INFO] [stdout] 280 |         .test_unwrap();
[INFO] [stdout]     |          ^^^^^^^^^^^
[INFO] [stdout]     |
[INFO] [stdout] help: there is a method `unwrap` with a similar name
[INFO] [stdout]     |
[INFO] [stdout] 280 -         .test_unwrap();
[INFO] [stdout] 280 +         .unwrap();
[INFO] [stdout]     |
[INFO] [stdout] 
[INFO] [stdout] 
[INFO] [stdout] error[E0599]: no method named `test_unwrap` found for enum `Result<T, E>` in the current scope
[INFO] [stdout]    --> src/automation.rs:292:62
[INFO] [stdout]     |
[INFO] [stdout] 292 |         assess_anchor_automation_execution(&job, &execution).test_unwrap();
[INFO] [stdout]     |                                                              ^^^^^^^^^^^
[INFO] [stdout]     |
[INFO] [stdout] help: there is a method `unwrap` with a similar name
[INFO] [stdout]     |
[INFO] [stdout] 292 -         assess_anchor_automation_execution(&job, &execution).test_unwrap();
[INFO] [stdout] 292 +         assess_anchor_automation_execution(&job, &execution).unwrap();
[INFO] [stdout]     |
[INFO] [stdout] 
[INFO] [stdout] 
[INFO] [stdout] error[E0599]: no method named `test_unwrap` found for enum `Result<T, E>` in the current scope
[INFO] [stdout]    --> src/discovery.rs:612:61
[INFO] [stdout]     |
[INFO] [stdout] 612 |             signature: keypair.sign_canonical(&certificate).test_unwrap().0,
[INFO] [stdout]     |                                                             ^^^^^^^^^^^
[INFO] [stdout]     |
[INFO] [stdout] help: there is a method `unwrap` with a similar name
[INFO] [stdout]     |
[INFO] [stdout] 612 -             signature: keypair.sign_canonical(&certificate).test_unwrap().0,
[INFO] [stdout] 612 +             signature: keypair.sign_canonical(&certificate).unwrap().0,
[INFO] [stdout]     |
[INFO] [stdout] 
[INFO] [stdout] 
[INFO] [stdout] error[E0599]: no method named `test_unwrap_err` found for enum `Result<T, E>` in the current scope
[INFO] [stdout]    --> src/discovery.rs:669:73
[INFO] [stdout]     |
[INFO] [stdout] 669 |         let verification_error = verify_web3_identity_binding(&binding).test_unwrap_err();
[INFO] [stdout]     |                                                                         ^^^^^^^^^^^^^^^
[INFO] [stdout]     |
[INFO] [stdout] help: there is a method `unwrap_err` with a similar name
[INFO] [stdout]     |
[INFO] [stdout] 669 -         let verification_error = verify_web3_identity_binding(&binding).test_unwrap_err();
[INFO] [stdout] 669 +         let verification_error = verify_web3_identity_binding(&binding).unwrap_err();
[INFO] [stdout]     |
[INFO] [stdout] 
[INFO] [stdout] 
[INFO] [stdout] error[E0599]: no method named `test_unwrap_err` found for enum `Result<T, E>` in the current scope
[INFO] [stdout]    --> src/discovery.rs:674:81
[INFO] [stdout]     |
[INFO] [stdout] 674 |         let error = build_anchor_discovery_artifact(&sample_config(), &binding).test_unwrap_err();
[INFO] [stdout]     |                                                                                 ^^^^^^^^^^^^^^^
[INFO] [stdout]     |
[INFO] [stdout] help: there is a method `unwrap_err` with a similar name
[INFO] [stdout]     |
[INFO] [stdout] 674 -         let error = build_anchor_discovery_artifact(&sample_config(), &binding).test_unwrap_err();
[INFO] [stdout] 674 +         let error = build_anchor_discovery_artifact(&sample_config(), &binding).unwrap_err();
[INFO] [stdout]     |
[INFO] [stdout] 
[INFO] [stdout] 
[INFO] [stdout] error[E0599]: no method named `test_unwrap` found for enum `Result<T, E>` in the current scope
[INFO] [stdout]    --> src/discovery.rs:685:74
[INFO] [stdout]     |
[INFO] [stdout] 685 |         binding.signature = keypair.sign_canonical(&binding.certificate).test_unwrap().0;
[INFO] [stdout]     |                                                                          ^^^^^^^^^^^
[INFO] [stdout]     |
[INFO] [stdout] help: there is a method `unwrap` with a similar name
[INFO] [stdout]     |
[INFO] [stdout] 685 -         binding.signature = keypair.sign_canonical(&binding.certificate).test_unwrap().0;
[INFO] [stdout] 685 +         binding.signature = keypair.sign_canonical(&binding.certificate).unwrap().0;
[INFO] [stdout]     |
[INFO] [stdout] 
[INFO] [stdout] 
[INFO] [stdout] error[E0599]: no method named `test_unwrap_err` found for enum `Result<T, E>` in the current scope
[INFO] [stdout]    --> src/discovery.rs:687:81
[INFO] [stdout]     |
[INFO] [stdout] 687 |         let error = build_anchor_discovery_artifact(&sample_config(), &binding).test_unwrap_err();
[INFO] [stdout]     |                                                                                 ^^^^^^^^^^^^^^^
[INFO] [stdout]     |
[INFO] [stdout] help: there is a method `unwrap_err` with a similar name
[INFO] [stdout]     |
[INFO] [stdout] 687 -         let error = build_anchor_discovery_artifact(&sample_config(), &binding).test_unwrap_err();
[INFO] [stdout] 687 +         let error = build_anchor_discovery_artifact(&sample_config(), &binding).unwrap_err();
[INFO] [stdout]     |
[INFO] [stdout] 
[INFO] [stdout] 
[INFO] [stdout] error[E0599]: no method named `test_unwrap` found for enum `Result<T, E>` in the current scope
[INFO] [stdout]    --> src/discovery.rs:697:74
[INFO] [stdout]     |
[INFO] [stdout] 697 |         binding.signature = keypair.sign_canonical(&binding.certificate).test_unwrap().0;
[INFO] [stdout]     |                                                                          ^^^^^^^^^^^
[INFO] [stdout]     |
[INFO] [stdout] help: there is a method `unwrap` with a similar name
[INFO] [stdout]     |
[INFO] [stdout] 697 -         binding.signature = keypair.sign_canonical(&binding.certificate).test_unwrap().0;
[INFO] [stdout] 697 +         binding.signature = keypair.sign_canonical(&binding.certificate).unwrap().0;
[INFO] [stdout]     |
[INFO] [stdout] 
[INFO] [stdout] 
[INFO] [stdout] error[E0599]: no method named `test_unwrap_err` found for enum `Result<T, E>` in the current scope
[INFO] [stdout]    --> src/discovery.rs:699:81
[INFO] [stdout]     |
[INFO] [stdout] 699 |         let error = build_anchor_discovery_artifact(&sample_config(), &binding).test_unwrap_err();
[INFO] [stdout]     |                                                                                 ^^^^^^^^^^^^^^^
[INFO] [stdout]     |
[INFO] [stdout] help: there is a method `unwrap_err` with a similar name
[INFO] [stdout]     |
[INFO] [stdout] 699 -         let error = build_anchor_discovery_artifact(&sample_config(), &binding).test_unwrap_err();
[INFO] [stdout] 699 +         let error = build_anchor_discovery_artifact(&sample_config(), &binding).unwrap_err();
[INFO] [stdout]     |
[INFO] [stdout] 
[INFO] [stdout] 
[INFO] [stdout] error[E0599]: no method named `test_expect_err` found for enum `Result<T, E>` in the current scope
[INFO] [stdout]    --> src/discovery.rs:713:14
[INFO] [stdout]     |
[INFO] [stdout] 712 |         let error = build_anchor_discovery_artifact(&config, &binding)
[INFO] [stdout] 713 |             .test_expect_err("malformed discovery target should fail closed");
[INFO] [stdout]     |              ^^^^^^^^^^^^^^^
[INFO] [stdout]     |
[INFO] [stdout] help: there is a method `expect_err` with a similar name
[INFO] [stdout]     |
[INFO] [stdout] 713 -             .test_expect_err("malformed discovery target should fail closed");
[INFO] [stdout] 713 +             .expect_err("malformed discovery target should fail closed");
[INFO] [stdout]     |
[INFO] [stdout] 
[INFO] [stdout] 
[INFO] [stdout] error[E0599]: no method named `test_unwrap` found for enum `Result<T, E>` in the current scope
[INFO] [stdout]    --> src/discovery.rs:735:10
[INFO] [stdout]     |
[INFO] [stdout] 722 |         let artifact = build_anchor_discovery_artifact_with_runtime(
[INFO] [stdout] 723 |             &AnchorServiceConfig {
[INFO] [stdout] 724 |                 ots_calendars: vec!["https://calendar.example".to_string()],
[INFO] [stdout] 725 |                 ..sample_config()
[INFO] [stdout] 726 |             },
[INFO] [stdout] 727 |             &binding,
[INFO] [stdout] 728 |             &sample_runtime_report(
[INFO] [stdout] 729 |                 AnchorEmergencyMode::Normal,
[INFO] [stdout] 730 |                 AnchorLaneHealthStatus::Paused,
[INFO] [stdout] 731 |                 Some(1_775_137_760),
[INFO] [stdout] 732 |             ),
[INFO] [stdout] 733 |             120,
[INFO] [stdout] 734 |         )
[INFO] [stdout] 735 |         .test_unwrap();
[INFO] [stdout]     |          ^^^^^^^^^^^
[INFO] [stdout]     |
[INFO] [stdout] help: there is a method `unwrap` with a similar name
[INFO] [stdout]     |
[INFO] [stdout] 735 -         .test_unwrap();
[INFO] [stdout] 735 +         .unwrap();
[INFO] [stdout]     |
[INFO] [stdout] 
[INFO] [stdout] 
[INFO] [stdout] error[E0599]: no method named `test_unwrap` found for enum `Result<T, E>` in the current scope
[INFO] [stdout]    --> src/discovery.rs:769:10
[INFO] [stdout]     |
[INFO] [stdout] 756 |         let artifact = build_anchor_discovery_artifact_with_runtime(
[INFO] [stdout] 757 |             &AnchorServiceConfig {
[INFO] [stdout] 758 |                 ots_calendars: vec!["https://calendar.example".to_string()],
[INFO] [stdout] 759 |                 ..sample_config()
[INFO] [stdout] 760 |             },
[INFO] [stdout] 761 |             &binding,
[INFO] [stdout] 762 |             &sample_runtime_report(
[INFO] [stdout] 763 |                 AnchorEmergencyMode::Normal,
[INFO] [stdout] 764 |                 AnchorLaneHealthStatus::Healthy,
[INFO] [stdout] 765 |                 Some(1_775_137_900),
[INFO] [stdout] 766 |             ),
[INFO] [stdout] 767 |             120,
[INFO] [stdout] 768 |         )
[INFO] [stdout] 769 |         .test_unwrap();
[INFO] [stdout]     |          ^^^^^^^^^^^
[INFO] [stdout]     |
[INFO] [stdout] help: there is a method `unwrap` with a similar name
[INFO] [stdout]     |
[INFO] [stdout] 769 -         .test_unwrap();
[INFO] [stdout] 769 +         .unwrap();
[INFO] [stdout]     |
[INFO] [stdout] 
[INFO] [stdout] 
[INFO] [stdout] error[E0599]: no method named `test_unwrap` found for enum `Result<T, E>` in the current scope
[INFO] [stdout]    --> src/discovery.rs:807:10
[INFO] [stdout]     |
[INFO] [stdout] 798 |         let artifact = build_anchor_discovery_artifact_with_runtime(
[INFO] [stdout] 799 |             &AnchorServiceConfig {
[INFO] [stdout] 800 |                 ots_calendars: vec!["https://calendar.example".to_string()],
[INFO] [stdout] 801 |                 ..sample_config()
[INFO] [stdout] 802 |             },
[INFO] [stdout] 803 |             &binding,
[INFO] [stdout] 804 |             &report,
[INFO] [stdout] 805 |             120,
[INFO] [stdout] 806 |         )
[INFO] [stdout] 807 |         .test_unwrap();
[INFO] [stdout]     |          ^^^^^^^^^^^
[INFO] [stdout]     |
[INFO] [stdout] help: there is a method `unwrap` with a similar name
[INFO] [stdout]     |
[INFO] [stdout] 807 -         .test_unwrap();
[INFO] [stdout] 807 +         .unwrap();
[INFO] [stdout]     |
[INFO] [stdout] 
[INFO] [stdout] 
[INFO] [stdout] error[E0599]: no method named `test_expect` found for enum `Result<T, E>` in the current scope
[INFO] [stdout]    --> src/evm.rs:106:49
[INFO] [stdout]     |
[INFO] [stdout] 106 |             let address = listener.local_addr().test_expect("listener address");
[INFO] [stdout]     |                                                 ^^^^^^^^^^^
[INFO] [stdout]     |
[INFO] [stdout] help: there is a method `expect` with a similar name
[INFO] [stdout]     |
[INFO] [stdout] 106 -             let address = listener.local_addr().test_expect("listener address");
[INFO] [stdout] 106 +             let address = listener.local_addr().expect("listener address");
[INFO] [stdout]     |
[INFO] [stdout] 
[INFO] [stdout] 
[INFO] [stdout] error[E0599]: no method named `test_expect` found for enum `Result<T, E>` in the current scope
[INFO] [stdout]    --> src/evm.rs:113:61
[INFO] [stdout]     |
[INFO] [stdout] 113 |                     let (mut stream, _) = listener.accept().test_expect("accept mock request");
[INFO] [stdout]     |                                                             ^^^^^^^^^^^
[INFO] [stdout]     |
[INFO] [stdout] help: there is a method `expect` with a similar name
[INFO] [stdout]     |
[INFO] [stdout] 113 -                     let (mut stream, _) = listener.accept().test_expect("accept mock request");
[INFO] [stdout] 113 +                     let (mut stream, _) = listener.accept().expect("accept mock request");
[INFO] [stdout]     |
[INFO] [stdout] 
[INFO] [stdout] 
[INFO] [stdout] error[E0599]: no method named `test_expect` found for enum `Result<T, E>` in the current scope
[INFO] [stdout]    --> src/evm.rs:120:26
[INFO] [stdout]     |
[INFO] [stdout] 118 |                     requests_for_thread
[INFO] [stdout] 119 |                         .lock()
[INFO] [stdout] 120 |                         .test_expect("lock request log")
[INFO] [stdout]     |                          ^^^^^^^^^^^
[INFO] [stdout]     |
[INFO] [stdout] help: there is a method `expect` with a similar name
[INFO] [stdout]     |
[INFO] [stdout] 120 -                         .test_expect("lock request log")
[INFO] [stdout] 120 +                         .expect("lock request log")
[INFO] [stdout]     |
[INFO] [stdout] 
[INFO] [stdout] 
[INFO] [stdout] error[E0599]: no method named `test_expect` found for enum `Result<T, E>` in the current scope
[INFO] [stdout]    --> src/evm.rs:139:34
[INFO] [stdout]     |
[INFO] [stdout] 139 |             self.requests.lock().test_expect("lock request log").clone()
[INFO] [stdout]     |                                  ^^^^^^^^^^^
[INFO] [stdout]     |
[INFO] [stdout]     = note: the full name for the type has been written to '/opt/rustwide/target/debug/build/chio-anchor/b95e864bbe50c0b9/out/chio_anchor-b95e864bbe50c0b9.long-type-5563781366170032233.txt'
[INFO] [stdout]     = note: consider using `--verbose` to print the full type name to the console
[INFO] [stdout] help: there is a method `expect` with a similar name
[INFO] [stdout]     |
[INFO] [stdout] 139 -             self.requests.lock().test_expect("lock request log").clone()
[INFO] [stdout] 139 +             self.requests.lock().expect("lock request log").clone()
[INFO] [stdout]     |
[INFO] [stdout] 
[INFO] [stdout] 
[INFO] [stdout] error[E0599]: no method named `test_expect` found for enum `Result<T, E>` in the current scope
[INFO] [stdout]    --> src/evm.rs:143:32
[INFO] [stdout]     |
[INFO] [stdout] 143 |             self.handle.join().test_expect("join mock JSON-RPC server");
[INFO] [stdout]     |                                ^^^^^^^^^^^
[INFO] [stdout]     |
[INFO] [stdout] help: there is a method `expect` with a similar name
[INFO] [stdout]     |
[INFO] [stdout] 143 -             self.handle.join().test_expect("join mock JSON-RPC server");
[INFO] [stdout] 143 +             self.handle.join().expect("join mock JSON-RPC server");
[INFO] [stdout]     |
[INFO] [stdout] 
[INFO] [stdout] 
[INFO] [stdout] error[E0599]: no method named `test_expect` found for enum `Result<T, E>` in the current scope
[INFO] [stdout]    --> src/evm.rs:150:49
[INFO] [stdout]     |
[INFO] [stdout] 150 |             let address = listener.local_addr().test_expect("listener address");
[INFO] [stdout]     |                                                 ^^^^^^^^^^^
[INFO] [stdout]     |
[INFO] [stdout] help: there is a method `expect` with a similar name
[INFO] [stdout]     |
[INFO] [stdout] 150 -             let address = listener.local_addr().test_expect("listener address");
[INFO] [stdout] 150 +             let address = listener.local_addr().expect("listener address");
[INFO] [stdout]     |
[INFO] [stdout] 
[INFO] [stdout] 
[INFO] [stdout] error[E0599]: no method named `test_expect` found for enum `Result<T, E>` in the current scope
[INFO] [stdout]    --> src/evm.rs:154:57
[INFO] [stdout]     |
[INFO] [stdout] 154 |                 let (mut stream, _) = listener.accept().test_expect("accept mock request");
[INFO] [stdout]     |                                                         ^^^^^^^^^^^
[INFO] [stdout]     |
[INFO] [stdout] help: there is a method `expect` with a similar name
[INFO] [stdout]     |
[INFO] [stdout] 154 -                 let (mut stream, _) = listener.accept().test_expect("accept mock request");
[INFO] [stdout] 154 +                 let (mut stream, _) = listener.accept().expect("accept mock request");
[INFO] [stdout]     |
[INFO] [stdout] 
[INFO] [stdout] 
[INFO] [stdout] error[E0599]: no method named `test_expect` found for enum `Result<T, E>` in the current scope
[INFO] [stdout]    --> src/evm.rs:173:32
[INFO] [stdout]     |
[INFO] [stdout] 173 |             self.handle.join().test_expect("join mock raw server");
[INFO] [stdout]     |                                ^^^^^^^^^^^
[INFO] [stdout]     |
[INFO] [stdout] help: there is a method `expect` with a similar name
[INFO] [stdout]     |
[INFO] [stdout] 173 -             self.handle.join().test_expect("join mock raw server");
[INFO] [stdout] 173 +             self.handle.join().expect("join mock raw server");
[INFO] [stdout]     |
[INFO] [stdout] 
[INFO] [stdout] 
[INFO] [stdout] error[E0433]: cannot find module or crate `chio_test_support` in this scope
[INFO] [stdout]   --> tests/integration_smoke.rs:20:5
[INFO] [stdout]    |
[INFO] [stdout] 20 | use chio_test_support::prelude::*;
[INFO] [stdout]    |     ^^^^^^^^^^^^^^^^^ use of unresolved module or unlinked crate `chio_test_support`
[INFO] [stdout]    |
[INFO] [stdout]    = help: if you wanted to use a crate named `chio_test_support`, use `cargo add chio_test_support` to add it to your `Cargo.toml`
[INFO] [stdout] 
[INFO] [stdout] 
[INFO] [stdout] error[E0599]: no method named `test_expect` found for enum `Result<T, E>` in the current scope
[INFO] [stdout]    --> src/evm.rs:181:10
[INFO] [stdout]     |
[INFO] [stdout] 178 |         serde_json::from_str(include_str!(
[INFO] [stdout] 179 |             "../../../../docs/standards/CHIO_ANCHOR_INCLUSION_PROOF_EXAMPLE.json"
[INFO] [stdout] 180 |         ))
[INFO] [stdout] 181 |         .test_expect("parse primary proof example")
[INFO] [stdout]     |          ^^^^^^^^^^^
[INFO] [stdout]     |
[INFO] [stdout] help: there is a method `expect` with a similar name
[INFO] [stdout]     |
[INFO] [stdout] 181 -         .test_expect("parse primary proof example")
[INFO] [stdout] 181 +         .expect("parse primary proof example")
[INFO] [stdout]     |
[INFO] [stdout] 
[INFO] [stdout] 
[INFO] [stdout] error[E0599]: no method named `test_expect` found for enum `Result<T, E>` in the current scope
[INFO] [stdout]    --> src/evm.rs:210:56
[INFO] [stdout]     |
[INFO] [stdout] 210 |         evm_anchor_devnet_rpc_egress_contract(rpc_url).test_expect("devnet anchor egress contract")
[INFO] [stdout]     |                                                        ^^^^^^^^^^^
[INFO] [stdout]     |
[INFO] [stdout] help: there is a method `expect` with a similar name
[INFO] [stdout]     |
[INFO] [stdout] 210 -         evm_anchor_devnet_rpc_egress_contract(rpc_url).test_expect("devnet anchor egress contract")
[INFO] [stdout] 210 +         evm_anchor_devnet_rpc_egress_contract(rpc_url).expect("devnet anchor egress contract")
[INFO] [stdout]     |
[INFO] [stdout] 
[INFO] [stdout] 
[INFO] [stdout] error[E0599]: no method named `test_expect` found for enum `Result<T, E>` in the current scope
[INFO] [stdout]    --> src/evm.rs:263:60
[INFO] [stdout]     |
[INFO] [stdout] 263 |         let operator_key_hash = operator_key_hash(binding).test_expect("operator key hash");
[INFO] [stdout]     |                                                            ^^^^^^^^^^^
[INFO] [stdout]     |
[INFO] [stdout] help: there is a method `expect` with a similar name
[INFO] [stdout]     |
[INFO] [stdout] 263 -         let operator_key_hash = operator_key_hash(binding).test_expect("operator key hash");
[INFO] [stdout] 263 +         let operator_key_hash = operator_key_hash(binding).expect("operator key hash");
[INFO] [stdout]     |
[INFO] [stdout] 
[INFO] [stdout] 
[INFO] [stdout] error[E0599]: no method named `test_expect` found for enum `Result<T, E>` in the current scope
[INFO] [stdout]   --> tests/integration_smoke.rs:62:10
[INFO] [stdout]    |
[INFO] [stdout] 60 |     let signature = keypair
[INFO] [stdout] 61 |         .sign_canonical(&certificate)
[INFO] [stdout] 62 |         .test_expect("binding signature")
[INFO] [stdout]    |          ^^^^^^^^^^^
[INFO] [stdout]    |
[INFO] [stdout] help: there is a method `expect` with a similar name
[INFO] [stdout]    |
[INFO] [stdout] 62 -         .test_expect("binding signature")
[INFO] [stdout] 62 +         .expect("binding signature")
[INFO] [stdout]    |
[INFO] [stdout] 
[INFO] [stdout] 
[INFO] [stdout] error[E0599]: no method named `test_expect` found for enum `std::option::Option<T>` in the current scope
[INFO] [stdout]    --> src/evm.rs:308:14
[INFO] [stdout]     |
[INFO] [stdout] 306 |         let address_hex = address
[INFO] [stdout] 307 |             .strip_prefix("0x")
[INFO] [stdout] 308 |             .test_expect("test EVM address has 0x prefix");
[INFO] [stdout]     |              ^^^^^^^^^^^
[INFO] [stdout]     |
[INFO] [stdout] help: there is a method `expect` with a similar name
[INFO] [stdout]     |
[INFO] [stdout] 308 -             .test_expect("test EVM address has 0x prefix");
[INFO] [stdout] 308 +             .expect("test EVM address has 0x prefix");
[INFO] [stdout]     |
[INFO] [stdout] 
[INFO] [stdout] 
[INFO] [stdout] error[E0599]: no method named `test_expect` found for enum `Result<T, E>` in the current scope
[INFO] [stdout]   --> tests/integration_smoke.rs:99:10
[INFO] [stdout]    |
[INFO] [stdout] 98 |     let artifact = build_anchor_discovery_artifact_with_runtime(&config, &binding, &report, 120)
[INFO] [stdout] 99 |         .test_expect("discovery artifact");
[INFO] [stdout]    |          ^^^^^^^^^^^
[INFO] [stdout]    |
[INFO] [stdout] help: there is a method `expect` with a similar name
[INFO] [stdout]    |
[INFO] [stdout] 99 -         .test_expect("discovery artifact");
[INFO] [stdout] 99 +         .expect("discovery artifact");
[INFO] [stdout]    |
[INFO] [stdout] 
[INFO] [stdout] 
[INFO] [stdout] error[E0599]: no method named `test_expect` found for enum `Result<T, E>` in the current scope
[INFO] [stdout]    --> src/evm.rs:323:48
[INFO] [stdout]     |
[INFO] [stdout] 323 |             let read = stream.read(&mut chunk).test_expect("read request");
[INFO] [stdout]     |                                                ^^^^^^^^^^^
[INFO] [stdout]     |
[INFO] [stdout] help: there is a method `expect` with a similar name
[INFO] [stdout]     |
[INFO] [stdout] 323 -             let read = stream.read(&mut chunk).test_expect("read request");
[INFO] [stdout] 323 +             let read = stream.read(&mut chunk).expect("read request");
[INFO] [stdout]     |
[INFO] [stdout] 
[INFO] [stdout] 
[INFO] [stdout] Some errors have detailed explanations: E0433, E0599.
[INFO] [stdout] 
[INFO] [stdout] For more information about an error, try `rustc --explain E0433`.
[INFO] [stdout] 
[INFO] [stdout] error[E0599]: no method named `test_expect` found for enum `Result<T, E>` in the current scope
[INFO] [stdout]    --> src/evm.rs:341:36
[INFO] [stdout]     |
[INFO] [stdout] 341 |         String::from_utf8(request).test_expect("request should be valid UTF-8")
[INFO] [stdout]     |                                    ^^^^^^^^^^^
[INFO] [stdout]     |
[INFO] [stdout] help: there is a method `expect` with a similar name
[INFO] [stdout]     |
[INFO] [stdout] 341 -         String::from_utf8(request).test_expect("request should be valid UTF-8")
[INFO] [stdout] 341 +         String::from_utf8(request).expect("request should be valid UTF-8")
[INFO] [stdout]     |
[INFO] [stdout] 
[INFO] [stdout] 
[INFO] [stderr] error: could not compile `chio-anchor` (test "integration_smoke") due to 3 previous errors
[INFO] [stderr] warning: build failed, waiting for other jobs to finish...
[INFO] [stdout] error[E0599]: no method named `test_expect` found for enum `Result<T, E>` in the current scope
[INFO] [stdout]    --> src/evm.rs:370:36
[INFO] [stdout]     |
[INFO] [stdout] 370 |         serde_json::from_str(body).test_expect("request body should be JSON")
[INFO] [stdout]     |                                    ^^^^^^^^^^^
[INFO] [stdout]     |
[INFO] [stdout] help: there is a method `expect` with a similar name
[INFO] [stdout]     |
[INFO] [stdout] 370 -         serde_json::from_str(body).test_expect("request body should be JSON")
[INFO] [stdout] 370 +         serde_json::from_str(body).expect("request body should be JSON")
[INFO] [stdout]     |
[INFO] [stdout] 
[INFO] [stdout] 
[INFO] [stdout] error[E0599]: no method named `test_expect` found for enum `Result<T, E>` in the current scope
[INFO] [stdout]    --> src/evm.rs:383:14
[INFO] [stdout]     |
[INFO] [stdout] 381 |         stream
[INFO] [stdout] 382 |             .write_all(response.as_bytes())
[INFO] [stdout] 383 |             .test_expect("write mock response");
[INFO] [stdout]     |              ^^^^^^^^^^^
[INFO] [stdout]     |
[INFO] [stdout] help: there is a method `expect` with a similar name
[INFO] [stdout]     |
[INFO] [stdout] 383 -             .test_expect("write mock response");
[INFO] [stdout] 383 +             .expect("write mock response");
[INFO] [stdout]     |
[INFO] [stdout] 
[INFO] [stdout] 
[INFO] [stdout] error[E0599]: no method named `test_expect_err` found for enum `Result<T, E>` in the current scope
[INFO] [stdout]    --> src/evm.rs:402:14
[INFO] [stdout]     |
[INFO] [stdout] 401 |         let error = prepare_root_publication(&target, &checkpoint, &binding)
[INFO] [stdout] 402 |             .test_expect_err("binding without anchor purpose should fail");
[INFO] [stdout]     |              ^^^^^^^^^^^^^^^
[INFO] [stdout]     |
[INFO] [stdout] help: there is a method `expect_err` with a similar name
[INFO] [stdout]     |
[INFO] [stdout] 402 -             .test_expect_err("binding without anchor purpose should fail");
[INFO] [stdout] 402 +             .expect_err("binding without anchor purpose should fail");
[INFO] [stdout]     |
[INFO] [stdout] 
[INFO] [stdout] 
[INFO] [stdout] error[E0599]: no method named `test_expect_err` found for enum `Result<T, E>` in the current scope
[INFO] [stdout]    --> src/evm.rs:416:14
[INFO] [stdout]     |
[INFO] [stdout] 415 |         let error = prepare_root_publication(&target, &checkpoint, &binding)
[INFO] [stdout] 416 |             .test_expect_err("binding should reject uncovered chain");
[INFO] [stdout]     |              ^^^^^^^^^^^^^^^
[INFO] [stdout]     |
[INFO] [stdout] help: there is a method `expect_err` with a similar name
[INFO] [stdout]     |
[INFO] [stdout] 416 -             .test_expect_err("binding should reject uncovered chain");
[INFO] [stdout] 416 +             .expect_err("binding should reject uncovered chain");
[INFO] [stdout]     |
[INFO] [stdout] 
[INFO] [stdout] 
[INFO] [stdout] error[E0599]: no method named `test_expect_err` found for enum `Result<T, E>` in the current scope
[INFO] [stdout]    --> src/evm.rs:431:14
[INFO] [stdout]     |
[INFO] [stdout] 430 |         let error = prepare_root_publication(&target, &checkpoint, &binding)
[INFO] [stdout] 431 |             .test_expect_err("binding should reject settlement mismatch");
[INFO] [stdout]     |              ^^^^^^^^^^^^^^^
[INFO] [stdout]     |
[INFO] [stdout] help: there is a method `expect_err` with a similar name
[INFO] [stdout]     |
[INFO] [stdout] 431 -             .test_expect_err("binding should reject settlement mismatch");
[INFO] [stdout] 431 +             .expect_err("binding should reject settlement mismatch");
[INFO] [stdout]     |
[INFO] [stdout] 
[INFO] [stdout] 
[INFO] [stdout] error[E0599]: no method named `test_expect` found for enum `Result<T, E>` in the current scope
[INFO] [stdout]    --> src/evm.rs:449:14
[INFO] [stdout]     |
[INFO] [stdout] 448 |         let prepared = prepare_root_publication(&target, &checkpoint, &binding)
[INFO] [stdout] 449 |             .test_expect("matching EVM operator addresses should prepare");
[INFO] [stdout]     |              ^^^^^^^^^^^
[INFO] [stdout]     |
[INFO] [stdout] help: there is a method `expect` with a similar name
[INFO] [stdout]     |
[INFO] [stdout] 449 -             .test_expect("matching EVM operator addresses should prepare");
[INFO] [stdout] 449 +             .expect("matching EVM operator addresses should prepare");
[INFO] [stdout]     |
[INFO] [stdout] 
[INFO] [stdout] 
[INFO] [stdout] error[E0599]: no method named `test_expect` found for enum `Result<T, E>` in the current scope
[INFO] [stdout]    --> src/evm.rs:462:55
[INFO] [stdout]     |
[INFO] [stdout] 462 |             PublicKey::from_p256_sec1(&encoded_point).test_expect("P-256 key parses");
[INFO] [stdout]     |                                                       ^^^^^^^^^^^
[INFO] [stdout]     |
[INFO] [stdout] help: there is a method `expect` with a similar name
[INFO] [stdout]     |
[INFO] [stdout] 462 -             PublicKey::from_p256_sec1(&encoded_point).test_expect("P-256 key parses");
[INFO] [stdout] 462 +             PublicKey::from_p256_sec1(&encoded_point).expect("P-256 key parses");
[INFO] [stdout]     |
[INFO] [stdout] 
[INFO] [stdout] 
[INFO] [stdout] error[E0599]: no method named `test_expect_err` found for enum `Result<T, E>` in the current scope
[INFO] [stdout]    --> src/evm.rs:465:14
[INFO] [stdout]     |
[INFO] [stdout] 464 |         let error = prepare_root_publication(&target, &checkpoint, &binding)
[INFO] [stdout] 465 |             .test_expect_err("non-Ed25519 operator key should fail");
[INFO] [stdout]     |              ^^^^^^^^^^^^^^^
[INFO] [stdout]     |
[INFO] [stdout] help: there is a method `expect_err` with a similar name
[INFO] [stdout]     |
[INFO] [stdout] 465 -             .test_expect_err("non-Ed25519 operator key should fail");
[INFO] [stdout] 465 +             .expect_err("non-Ed25519 operator key should fail");
[INFO] [stdout]     |
[INFO] [stdout] 
[INFO] [stdout] 
[INFO] [stdout] error[E0599]: no method named `test_expect_err` found for enum `Result<T, E>` in the current scope
[INFO] [stdout]    --> src/evm.rs:480:14
[INFO] [stdout]     |
[INFO] [stdout] 479 |         let error = prepare_root_publication(&target, &checkpoint, &binding)
[INFO] [stdout] 480 |             .test_expect_err("invalid operator address should fail");
[INFO] [stdout]     |              ^^^^^^^^^^^^^^^
[INFO] [stdout]     |
[INFO] [stdout] help: there is a method `expect_err` with a similar name
[INFO] [stdout]     |
[INFO] [stdout] 480 -             .test_expect_err("invalid operator address should fail");
[INFO] [stdout] 480 +             .expect_err("invalid operator address should fail");
[INFO] [stdout]     |
[INFO] [stdout] 
[INFO] [stdout] 
[INFO] [stdout] error[E0599]: no method named `test_expect` found for enum `Result<T, E>` in the current scope
[INFO] [stdout]    --> src/evm.rs:488:27
[INFO] [stdout]     |
[INFO] [stdout] 488 |         target.validate().test_expect("sample target is valid");
[INFO] [stdout]     |                           ^^^^^^^^^^^
[INFO] [stdout]     |
[INFO] [stdout] help: there is a method `expect` with a similar name
[INFO] [stdout]     |
[INFO] [stdout] 488 -         target.validate().test_expect("sample target is valid");
[INFO] [stdout] 488 +         target.validate().expect("sample target is valid");
[INFO] [stdout]     |
[INFO] [stdout] 
[INFO] [stdout] 
[INFO] [stdout] error[E0599]: no method named `test_expect_err` found for enum `Result<T, E>` in the current scope
[INFO] [stdout]    --> src/evm.rs:494:14
[INFO] [stdout]     |
[INFO] [stdout] 492 |         let chain_error = bad_chain
[INFO] [stdout] 493 |             .validate()
[INFO] [stdout] 494 |             .test_expect_err("non-CAIP EVM chain id should fail");
[INFO] [stdout]     |              ^^^^^^^^^^^^^^^
[INFO] [stdout]     |
[INFO] [stdout] help: there is a method `expect_err` with a similar name
[INFO] [stdout]     |
[INFO] [stdout] 494 -             .test_expect_err("non-CAIP EVM chain id should fail");
[INFO] [stdout] 494 +             .expect_err("non-CAIP EVM chain id should fail");
[INFO] [stdout]     |
[INFO] [stdout] 
[INFO] [stdout] 
[INFO] [stdout] error[E0599]: no method named `test_expect_err` found for enum `Result<T, E>` in the current scope
[INFO] [stdout]    --> src/evm.rs:501:14
[INFO] [stdout]     |
[INFO] [stdout] 499 |         let rpc_error = bad_rpc
[INFO] [stdout] 500 |             .validate()
[INFO] [stdout] 501 |             .test_expect_err("non-HTTP RPC URL should fail");
[INFO] [stdout]     |              ^^^^^^^^^^^^^^^
[INFO] [stdout]     |
[INFO] [stdout] help: there is a method `expect_err` with a similar name
[INFO] [stdout]     |
[INFO] [stdout] 501 -             .test_expect_err("non-HTTP RPC URL should fail");
[INFO] [stdout] 501 +             .expect_err("non-HTTP RPC URL should fail");
[INFO] [stdout]     |
[INFO] [stdout] 
[INFO] [stdout] 
[INFO] [stdout] error[E0599]: no method named `test_expect_err` found for enum `Result<T, E>` in the current scope
[INFO] [stdout]    --> src/evm.rs:508:14
[INFO] [stdout]     |
[INFO] [stdout] 506 |         let contract_error = bad_contract
[INFO] [stdout] 507 |             .validate()
[INFO] [stdout] 508 |             .test_expect_err("short contract address should fail");
[INFO] [stdout]     |              ^^^^^^^^^^^^^^^
[INFO] [stdout]     |
[INFO] [stdout] help: there is a method `expect_err` with a similar name
[INFO] [stdout]     |
[INFO] [stdout] 508 -             .test_expect_err("short contract address should fail");
[INFO] [stdout] 508 +             .expect_err("short contract address should fail");
[INFO] [stdout]     |
[INFO] [stdout] 
[INFO] [stdout] 
[INFO] [stdout] error[E0599]: no method named `test_expect_err` found for enum `Result<T, E>` in the current scope
[INFO] [stdout]    --> src/evm.rs:515:14
[INFO] [stdout]     |
[INFO] [stdout] 513 |         let publisher_error = zero_publisher
[INFO] [stdout] 514 |             .validate()
[INFO] [stdout] 515 |             .test_expect_err("zero publisher address should fail");
[INFO] [stdout]     |              ^^^^^^^^^^^^^^^
[INFO] [stdout]     |
[INFO] [stdout] help: there is a method `expect_err` with a similar name
[INFO] [stdout]     |
[INFO] [stdout] 515 -             .test_expect_err("zero publisher address should fail");
[INFO] [stdout] 515 +             .expect_err("zero publisher address should fail");
[INFO] [stdout]     |
[INFO] [stdout] 
[INFO] [stdout] 
[INFO] [stdout] error[E0599]: no method named `test_expect_err` found for enum `Result<T, E>` in the current scope
[INFO] [stdout]    --> src/evm.rs:528:14
[INFO] [stdout]     |
[INFO] [stdout] 527 |         let contract_error = prepare_root_publication(&invalid_contract, &checkpoint, &binding)
[INFO] [stdout] 528 |             .test_expect_err("invalid contract address should fail");
[INFO] [stdout]     |              ^^^^^^^^^^^^^^^
[INFO] [stdout]     |
[INFO] [stdout] help: there is a method `expect_err` with a similar name
[INFO] [stdout]     |
[INFO] [stdout] 528 -             .test_expect_err("invalid contract address should fail");
[INFO] [stdout] 528 +             .expect_err("invalid contract address should fail");
[INFO] [stdout]     |
[INFO] [stdout] 
[INFO] [stdout] 
[INFO] [stdout] error[E0599]: no method named `test_expect_err` found for enum `Result<T, E>` in the current scope
[INFO] [stdout]    --> src/evm.rs:540:14
[INFO] [stdout]     |
[INFO] [stdout] 539 |         let publisher_error = prepare_root_publication(&invalid_publisher, &checkpoint, &binding)
[INFO] [stdout] 540 |             .test_expect_err("invalid publisher address should fail");
[INFO] [stdout]     |              ^^^^^^^^^^^^^^^
[INFO] [stdout]     |
[INFO] [stdout] help: there is a method `expect_err` with a similar name
[INFO] [stdout]     |
[INFO] [stdout] 540 -             .test_expect_err("invalid publisher address should fail");
[INFO] [stdout] 540 +             .expect_err("invalid publisher address should fail");
[INFO] [stdout]     |
[INFO] [stdout] 
[INFO] [stdout] 
[INFO] [stdout] error[E0599]: no method named `test_expect_err` found for enum `Result<T, E>` in the current scope
[INFO] [stdout]    --> src/evm.rs:554:14
[INFO] [stdout]     |
[INFO] [stdout] 553 |         let blank = prepare_delegate_registration(&target, "   ", 30)
[INFO] [stdout] 554 |             .test_expect_err("blank delegate should fail");
[INFO] [stdout]     |              ^^^^^^^^^^^^^^^
[INFO] [stdout]     |
[INFO] [stdout] help: there is a method `expect_err` with a similar name
[INFO] [stdout]     |
[INFO] [stdout] 554 -             .test_expect_err("blank delegate should fail");
[INFO] [stdout] 554 +             .expect_err("blank delegate should fail");
[INFO] [stdout]     |
[INFO] [stdout] 
[INFO] [stdout] 
[INFO] [stdout] error[E0599]: no method named `test_expect_err` found for enum `Result<T, E>` in the current scope
[INFO] [stdout]    --> src/evm.rs:558:14
[INFO] [stdout]     |
[INFO] [stdout] 557 |         let zero = prepare_delegate_registration(&target, &target.publisher_address, 0)
[INFO] [stdout] 558 |             .test_expect_err("zero delegate expiry should fail");
[INFO] [stdout]     |              ^^^^^^^^^^^^^^^
[INFO] [stdout]     |
[INFO] [stdout] help: there is a method `expect_err` with a similar name
[INFO] [stdout]     |
[INFO] [stdout] 558 -             .test_expect_err("zero delegate expiry should fail");
[INFO] [stdout] 558 +             .expect_err("zero delegate expiry should fail");
[INFO] [stdout]     |
[INFO] [stdout] 
[INFO] [stdout] 
[INFO] [stdout] error[E0599]: no method named `test_expect_err` found for enum `Result<T, E>` in the current scope
[INFO] [stdout]    --> src/evm.rs:562:14
[INFO] [stdout]     |
[INFO] [stdout] 561 |         let invalid = prepare_delegate_registration(&target, "invalid-address", 30)
[INFO] [stdout] 562 |             .test_expect_err("invalid delegate address should fail");
[INFO] [stdout]     |              ^^^^^^^^^^^^^^^
[INFO] [stdout]     |
[INFO] [stdout] help: there is a method `expect_err` with a similar name
[INFO] [stdout]     |
[INFO] [stdout] 562 -             .test_expect_err("invalid delegate address should fail");
[INFO] [stdout] 562 +             .expect_err("invalid delegate address should fail");
[INFO] [stdout]     |
[INFO] [stdout] 
[INFO] [stdout] 
[INFO] [stdout] error[E0599]: no method named `test_expect_err` found for enum `Result<T, E>` in the current scope
[INFO] [stdout]    --> src/evm.rs:576:10
[INFO] [stdout]     |
[INFO] [stdout] 571 |         let error = prepare_delegate_registration(
[INFO] [stdout] 572 |             &target,
[INFO] [stdout] 573 |             "0x1000000000000000000000000000000000000004",
[INFO] [stdout] 574 |             30,
[INFO] [stdout] 575 |         )
[INFO] [stdout] 576 |         .test_expect_err("invalid target contract should fail before delegate registration");
[INFO] [stdout]     |          ^^^^^^^^^^^^^^^
[INFO] [stdout]     |
[INFO] [stdout] help: there is a method `expect_err` with a similar name
[INFO] [stdout]     |
[INFO] [stdout] 576 -         .test_expect_err("invalid target contract should fail before delegate registration");
[INFO] [stdout] 576 +         .expect_err("invalid target contract should fail before delegate registration");
[INFO] [stdout]     |
[INFO] [stdout] 
[INFO] [stdout] 
[INFO] [stdout] error[E0599]: no method named `test_expect` found for enum `Result<T, E>` in the current scope
[INFO] [stdout]    --> src/evm.rs:594:18
[INFO] [stdout]     |
[INFO] [stdout] 593 |             prepare_root_publication(&sample_target(server.base_url()), &checkpoint, &binding)
[INFO] [stdout] 594 |                 .test_expect("prepare publication");
[INFO] [stdout]     |                  ^^^^^^^^^^^
[INFO] [stdout]     |
[INFO] [stdout] help: there is a method `expect` with a similar name
[INFO] [stdout]     |
[INFO] [stdout] 594 -                 .test_expect("prepare publication");
[INFO] [stdout] 594 +                 .expect("prepare publication");
[INFO] [stdout]     |
[INFO] [stdout] 
[INFO] [stdout] 
[INFO] [stdout] error[E0599]: no method named `test_expect` found for enum `Result<T, E>` in the current scope
[INFO] [stdout]    --> src/evm.rs:599:14
[INFO] [stdout]     |
[INFO] [stdout] 597 |         let tx_hash = publish_root(&publication, &egress_contract)
[INFO] [stdout] 598 |             .await
[INFO] [stdout] 599 |             .test_expect("publish root");
[INFO] [stdout]     |              ^^^^^^^^^^^
[INFO] [stdout]     |
[INFO] [stdout] help: there is a method `expect` with a similar name
[INFO] [stdout]     |
[INFO] [stdout] 599 -             .test_expect("publish root");
[INFO] [stdout] 599 +             .expect("publish root");
[INFO] [stdout]     |
[INFO] [stdout] 
[INFO] [stdout] 
[INFO] [stdout] error[E0599]: no method named `test_expect` found for enum `Result<T, E>` in the current scope
[INFO] [stdout]    --> src/evm.rs:626:18
[INFO] [stdout]     |
[INFO] [stdout] 625 |             prepare_root_publication(&sample_target(server.base_url()), &checkpoint, &binding)
[INFO] [stdout] 626 |                 .test_expect("prepare publication");
[INFO] [stdout]     |                  ^^^^^^^^^^^
[INFO] [stdout]     |
[INFO] [stdout] help: there is a method `expect` with a similar name
[INFO] [stdout]     |
[INFO] [stdout] 626 -                 .test_expect("prepare publication");
[INFO] [stdout] 626 +                 .expect("prepare publication");
[INFO] [stdout]     |
[INFO] [stdout] 
[INFO] [stdout] 
[INFO] [stdout] error[E0599]: no method named `test_expect_err` found for enum `Result<T, E>` in the current scope
[INFO] [stdout]    --> src/evm.rs:631:14
[INFO] [stdout]     |
[INFO] [stdout] 629 |         let error = publish_root(&publication, &egress_contract)
[INFO] [stdout] 630 |             .await
[INFO] [stdout] 631 |             .test_expect_err("non-string tx hash should fail");
[INFO] [stdout]     |              ^^^^^^^^^^^^^^^
[INFO] [stdout]     |
[INFO] [stdout] help: there is a method `expect_err` with a similar name
[INFO] [stdout]     |
[INFO] [stdout] 631 -             .test_expect_err("non-string tx hash should fail");
[INFO] [stdout] 631 +             .expect_err("non-string tx hash should fail");
[INFO] [stdout]     |
[INFO] [stdout] 
[INFO] [stdout] 
[INFO] [stdout] error[E0599]: no method named `test_expect` found for enum `Result<T, E>` in the current scope
[INFO] [stdout]    --> src/evm.rs:649:18
[INFO] [stdout]     |
[INFO] [stdout] 648 |             prepare_root_publication(&sample_target(server.base_url()), &checkpoint, &binding)
[INFO] [stdout] 649 |                 .test_expect("prepare publication");
[INFO] [stdout]     |                  ^^^^^^^^^^^
[INFO] [stdout]     |
[INFO] [stdout] help: there is a method `expect` with a similar name
[INFO] [stdout]     |
[INFO] [stdout] 649 -                 .test_expect("prepare publication");
[INFO] [stdout] 649 +                 .expect("prepare publication");
[INFO] [stdout]     |
[INFO] [stdout] 
[INFO] [stdout] 
[INFO] [stdout] error[E0599]: no method named `test_expect_err` found for enum `Result<T, E>` in the current scope
[INFO] [stdout]    --> src/evm.rs:654:14
[INFO] [stdout]     |
[INFO] [stdout] 652 |         let error = publish_root(&publication, &egress_contract)
[INFO] [stdout] 653 |             .await
[INFO] [stdout] 654 |             .test_expect_err("RPC error should fail");
[INFO] [stdout]     |              ^^^^^^^^^^^^^^^
[INFO] [stdout]     |
[INFO] [stdout] help: there is a method `expect_err` with a similar name
[INFO] [stdout]     |
[INFO] [stdout] 654 -             .test_expect_err("RPC error should fail");
[INFO] [stdout] 654 +             .expect_err("RPC error should fail");
[INFO] [stdout]     |
[INFO] [stdout] 
[INFO] [stdout] 
[INFO] [stdout] error[E0599]: no method named `test_expect` found for enum `Result<T, E>` in the current scope
[INFO] [stdout]    --> src/evm.rs:675:14
[INFO] [stdout]     |
[INFO] [stdout] 674 |         validate_rpc_egress_contract("https://rpc.example", &egress_contract)
[INFO] [stdout] 675 |             .test_expect("hostname RPC dispatch is resolver-enforced");
[INFO] [stdout]     |              ^^^^^^^^^^^
[INFO] [stdout]     |
[INFO] [stdout] help: there is a method `expect` with a similar name
[INFO] [stdout]     |
[INFO] [stdout] 675 -             .test_expect("hostname RPC dispatch is resolver-enforced");
[INFO] [stdout] 675 +             .expect("hostname RPC dispatch is resolver-enforced");
[INFO] [stdout]     |
[INFO] [stdout] 
[INFO] [stdout] 
[INFO] [stdout] error[E0599]: no method named `test_expect_err` found for enum `Result<T, E>` in the current scope
[INFO] [stdout]    --> src/evm.rs:689:18
[INFO] [stdout]     |
[INFO] [stdout] 688 |             let error = evm_anchor_devnet_rpc_egress_contract(rpc_url)
[INFO] [stdout] 689 |                 .test_expect_err("non-loopback devnet RPC URL should fail");
[INFO] [stdout]     |                  ^^^^^^^^^^^^^^^
[INFO] [stdout]     |
[INFO] [stdout] help: there is a method `expect_err` with a similar name
[INFO] [stdout]     |
[INFO] [stdout] 689 -                 .test_expect_err("non-loopback devnet RPC URL should fail");
[INFO] [stdout] 689 +                 .expect_err("non-loopback devnet RPC URL should fail");
[INFO] [stdout]     |
[INFO] [stdout] 
[INFO] [stdout] 
[INFO] [stdout] error[E0599]: no method named `test_expect` found for enum `Result<T, E>` in the current scope
[INFO] [stdout]    --> src/evm.rs:706:10
[INFO] [stdout]     |
[INFO] [stdout] 701 |         let publication = prepare_root_publication(
[INFO] [stdout] 702 |             &sample_target("http://127.0.0.1:8545"),
[INFO] [stdout] 703 |             &checkpoint,
[INFO] [stdout] 704 |             &binding,
[INFO] [stdout] 705 |         )
[INFO] [stdout] 706 |         .test_expect("prepare publication");
[INFO] [stdout]     |          ^^^^^^^^^^^
[INFO] [stdout]     |
[INFO] [stdout] help: there is a method `expect` with a similar name
[INFO] [stdout]     |
[INFO] [stdout] 706 -         .test_expect("prepare publication");
[INFO] [stdout] 706 +         .expect("prepare publication");
[INFO] [stdout]     |
[INFO] [stdout] 
[INFO] [stdout] 
[INFO] [stdout] error[E0599]: no method named `test_expect_err` found for enum `Result<T, E>` in the current scope
[INFO] [stdout]    --> src/evm.rs:711:14
[INFO] [stdout]     |
[INFO] [stdout] 709 |         let error = publish_root(&publication, &egress_contract)
[INFO] [stdout] 710 |             .await
[INFO] [stdout] 711 |             .test_expect_err("RPC URL must not authorize itself");
[INFO] [stdout]     |              ^^^^^^^^^^^^^^^
[INFO] [stdout]     |
[INFO] [stdout] help: there is a method `expect_err` with a similar name
[INFO] [stdout]     |
[INFO] [stdout] 711 -             .test_expect_err("RPC URL must not authorize itself");
[INFO] [stdout] 711 +             .expect_err("RPC URL must not authorize itself");
[INFO] [stdout]     |
[INFO] [stdout] 
[INFO] [stdout] 
[INFO] [stdout] error[E0599]: no method named `test_expect` found for enum `Result<T, E>` in the current scope
[INFO] [stdout]    --> src/evm.rs:732:18
[INFO] [stdout]     |
[INFO] [stdout] 731 |             prepare_root_publication(&sample_target(server.base_url()), &checkpoint, &binding)
[INFO] [stdout] 732 |                 .test_expect("prepare publication");
[INFO] [stdout]     |                  ^^^^^^^^^^^
[INFO] [stdout]     |
[INFO] [stdout] help: there is a method `expect` with a similar name
[INFO] [stdout]     |
[INFO] [stdout] 732 -                 .test_expect("prepare publication");
[INFO] [stdout] 732 +                 .expect("prepare publication");
[INFO] [stdout]     |
[INFO] [stdout] 
[INFO] [stdout] 
[INFO] [stdout] error[E0599]: no method named `test_expect_err` found for enum `Result<T, E>` in the current scope
[INFO] [stdout]    --> src/evm.rs:737:14
[INFO] [stdout]     |
[INFO] [stdout] 735 |         let error = publish_root(&publication, &egress_contract)
[INFO] [stdout] 736 |             .await
[INFO] [stdout] 737 |             .test_expect_err("RPC redirect should fail");
[INFO] [stdout]     |              ^^^^^^^^^^^^^^^
[INFO] [stdout]     |
[INFO] [stdout] help: there is a method `expect_err` with a similar name
[INFO] [stdout]     |
[INFO] [stdout] 737 -             .test_expect_err("RPC redirect should fail");
[INFO] [stdout] 737 +             .expect_err("RPC redirect should fail");
[INFO] [stdout]     |
[INFO] [stdout] 
[INFO] [stdout] 
[INFO] [stdout] error[E0599]: no method named `test_expect` found for enum `Result<T, E>` in the current scope
[INFO] [stdout]    --> src/evm.rs:759:18
[INFO] [stdout]     |
[INFO] [stdout] 758 |             prepare_root_publication(&sample_target(server.base_url()), &checkpoint, &binding)
[INFO] [stdout] 759 |                 .test_expect("prepare publication");
[INFO] [stdout]     |                  ^^^^^^^^^^^
[INFO] [stdout]     |
[INFO] [stdout] help: there is a method `expect` with a similar name
[INFO] [stdout]     |
[INFO] [stdout] 759 -                 .test_expect("prepare publication");
[INFO] [stdout] 759 +                 .expect("prepare publication");
[INFO] [stdout]     |
[INFO] [stdout] 
[INFO] [stdout] 
[INFO] [stdout] error[E0599]: no method named `test_expect_err` found for enum `Result<T, E>` in the current scope
[INFO] [stdout]    --> src/evm.rs:764:14
[INFO] [stdout]     |
[INFO] [stdout] 762 |         let error = publish_root(&publication, &egress_contract)
[INFO] [stdout] 763 |             .await
[INFO] [stdout] 764 |             .test_expect_err("oversized RPC response should fail");
[INFO] [stdout]     |              ^^^^^^^^^^^^^^^
[INFO] [stdout]     |
[INFO] [stdout] help: there is a method `expect_err` with a similar name
[INFO] [stdout]     |
[INFO] [stdout] 764 -             .test_expect_err("oversized RPC response should fail");
[INFO] [stdout] 764 +             .expect_err("oversized RPC response should fail");
[INFO] [stdout]     |
[INFO] [stdout] 
[INFO] [stdout] 
[INFO] [stdout] error[E0599]: no method named `test_expect` found for enum `Result<T, E>` in the current scope
[INFO] [stdout]    --> src/evm.rs:786:62
[INFO] [stdout]     |
[INFO] [stdout] 786 |                 operatorKeyHash: operator_key_hash(&binding).test_expect("operator key hash"),
[INFO] [stdout]     |                                                              ^^^^^^^^^^^
[INFO] [stdout]     |
[INFO] [stdout] help: there is a method `expect` with a similar name
[INFO] [stdout]     |
[INFO] [stdout] 786 -                 operatorKeyHash: operator_key_hash(&binding).test_expect("operator key hash"),
[INFO] [stdout] 786 +                 operatorKeyHash: operator_key_hash(&binding).expect("operator key hash"),
[INFO] [stdout]     |
[INFO] [stdout] 
[INFO] [stdout] 
[INFO] [stdout] error[E0599]: no method named `test_expect` found for enum `Result<T, E>` in the current scope
[INFO] [stdout]    --> src/evm.rs:813:10
[INFO] [stdout]     |
[INFO] [stdout] 805 |         let receipt = confirm_root_publication(
[INFO] [stdout] 806 |             &target,
[INFO] [stdout] 807 |             &checkpoint,
[INFO] [stdout] 808 |             &binding,
[INFO] [stdout] 809 |             CONFIRM_TX_HASH,
[INFO] [stdout] 810 |             &egress_contract,
[INFO] [stdout] 811 |         )
[INFO] [stdout] 812 |         .await
[INFO] [stdout] 813 |         .test_expect("confirm publication");
[INFO] [stdout]     |          ^^^^^^^^^^^
[INFO] [stdout]     |
[INFO] [stdout] help: there is a method `expect` with a similar name
[INFO] [stdout]     |
[INFO] [stdout] 813 -         .test_expect("confirm publication");
[INFO] [stdout] 813 +         .expect("confirm publication");
[INFO] [stdout]     |
[INFO] [stdout] 
[INFO] [stdout] 
[INFO] [stdout] error[E0599]: no method named `test_expect` found for enum `Result<T, E>` in the current scope
[INFO] [stdout]    --> src/evm.rs:828:26
[INFO] [stdout]     |
[INFO] [stdout] 827 |                     operator_key_hash(&binding)
[INFO] [stdout] 828 |                         .test_expect("operator key hash")
[INFO] [stdout]     |                          ^^^^^^^^^^^
[INFO] [stdout]     |
[INFO] [stdout] help: there is a method `expect` with a similar name
[INFO] [stdout]     |
[INFO] [stdout] 828 -                         .test_expect("operator key hash")
[INFO] [stdout] 828 +                         .expect("operator key hash")
[INFO] [stdout]     |
[INFO] [stdout] 
[INFO] [stdout] 
[INFO] [stdout] error[E0599]: no method named `test_expect` found for enum `Result<T, E>` in the current scope
[INFO] [stdout]    --> src/evm.rs:851:62
[INFO] [stdout]     |
[INFO] [stdout] 851 |                 operatorKeyHash: operator_key_hash(&binding).test_expect("operator key hash"),
[INFO] [stdout]     |                                                              ^^^^^^^^^^^
[INFO] [stdout]     |
[INFO] [stdout] help: there is a method `expect` with a similar name
[INFO] [stdout]     |
[INFO] [stdout] 851 -                 operatorKeyHash: operator_key_hash(&binding).test_expect("operator key hash"),
[INFO] [stdout] 851 +                 operatorKeyHash: operator_key_hash(&binding).expect("operator key hash"),
[INFO] [stdout]     |
[INFO] [stdout] 
[INFO] [stdout] 
[INFO] [stdout] error[E0599]: no method named `test_expect` found for enum `Result<T, E>` in the current scope
[INFO] [stdout]    --> src/evm.rs:879:10
[INFO] [stdout]     |
[INFO] [stdout] 871 |         let receipt = confirm_root_publication(
[INFO] [stdout] 872 |             &target,
[INFO] [stdout] 873 |             &checkpoint,
[INFO] [stdout] 874 |             &binding,
[INFO] [stdout] 875 |             CONFIRM_TX_HASH,
[INFO] [stdout] 876 |             &egress_contract,
[INFO] [stdout] 877 |         )
[INFO] [stdout] 878 |         .await
[INFO] [stdout] 879 |         .test_expect("confirm publication through Ganache fallback");
[INFO] [stdout]     |          ^^^^^^^^^^^
[INFO] [stdout]     |
[INFO] [stdout] help: there is a method `expect` with a similar name
[INFO] [stdout]     |
[INFO] [stdout] 879 -         .test_expect("confirm publication through Ganache fallback");
[INFO] [stdout] 879 +         .expect("confirm publication through Ganache fallback");
[INFO] [stdout]     |
[INFO] [stdout] 
[INFO] [stdout] 
[INFO] [stdout] error[E0599]: no method named `test_expect_err` found for enum `Result<T, E>` in the current scope
[INFO] [stdout]    --> src/evm.rs:915:10
[INFO] [stdout]     |
[INFO] [stdout] 907 |         let error = confirm_root_publication(
[INFO] [stdout] 908 |             &target,
[INFO] [stdout] 909 |             &checkpoint,
[INFO] [stdout] 910 |             &binding,
[INFO] [stdout] 911 |             CONFIRM_TX_HASH,
[INFO] [stdout] 912 |             &egress_contract,
[INFO] [stdout] 913 |         )
[INFO] [stdout] 914 |         .await
[INFO] [stdout] 915 |         .test_expect_err("failed tx status should fail");
[INFO] [stdout]     |          ^^^^^^^^^^^^^^^
[INFO] [stdout]     |
[INFO] [stdout] help: there is a method `expect_err` with a similar name
[INFO] [stdout]     |
[INFO] [stdout] 915 -         .test_expect_err("failed tx status should fail");
[INFO] [stdout] 915 +         .expect_err("failed tx status should fail");
[INFO] [stdout]     |
[INFO] [stdout] 
[INFO] [stdout] 
[INFO] [stdout] error[E0599]: no method named `test_expect` found for enum `Result<T, E>` in the current scope
[INFO] [stdout]    --> src/evm.rs:933:62
[INFO] [stdout]     |
[INFO] [stdout] 933 |                 operatorKeyHash: operator_key_hash(&binding).test_expect("operator key hash"),
[INFO] [stdout]     |                                                              ^^^^^^^^^^^
[INFO] [stdout]     |
[INFO] [stdout] help: there is a method `expect` with a similar name
[INFO] [stdout]     |
[INFO] [stdout] 933 -                 operatorKeyHash: operator_key_hash(&binding).test_expect("operator key hash"),
[INFO] [stdout] 933 +                 operatorKeyHash: operator_key_hash(&binding).expect("operator key hash"),
[INFO] [stdout]     |
[INFO] [stdout] 
[INFO] [stdout] 
[INFO] [stdout] error[E0599]: no method named `test_expect_err` found for enum `Result<T, E>` in the current scope
[INFO] [stdout]    --> src/evm.rs:960:10
[INFO] [stdout]     |
[INFO] [stdout] 952 |         let error = confirm_root_publication(
[INFO] [stdout] 953 |             &target,
[INFO] [stdout] 954 |             &checkpoint,
[INFO] [stdout] 955 |             &binding,
[INFO] [stdout] 956 |             CONFIRM_TX_HASH,
[INFO] [stdout] 957 |             &egress_contract,
[INFO] [stdout] 958 |         )
[INFO] [stdout] 959 |         .await
[INFO] [stdout] 960 |         .test_expect_err("mismatched registry entry should fail");
[INFO] [stdout]     |          ^^^^^^^^^^^^^^^
[INFO] [stdout]     |
[INFO] [stdout] help: there is a method `expect_err` with a similar name
[INFO] [stdout]     |
[INFO] [stdout] 960 -         .test_expect_err("mismatched registry entry should fail");
[INFO] [stdout] 960 +         .expect_err("mismatched registry entry should fail");
[INFO] [stdout]     |
[INFO] [stdout] 
[INFO] [stdout] 
[INFO] [stdout] error[E0599]: no method named `test_expect_err` found for enum `Result<T, E>` in the current scope
[INFO] [stdout]    --> src/evm.rs:994:10
[INFO] [stdout]     |
[INFO] [stdout] 986 |         let error = confirm_root_publication(
[INFO] [stdout] 987 |             &target,
[INFO] [stdout] 988 |             &checkpoint,
[INFO] [stdout] 989 |             &binding,
[INFO] [stdout] 990 |             CONFIRM_TX_HASH,
[INFO] [stdout] 991 |             &egress_contract,
[INFO] [stdout] 992 |         )
[INFO] [stdout] 993 |         .await
[INFO] [stdout] 994 |         .test_expect_err("receipt without event should fail");
[INFO] [stdout]     |          ^^^^^^^^^^^^^^^
[INFO] [stdout]     |
[INFO] [stdout] help: there is a method `expect_err` with a similar name
[INFO] [stdout]     |
[INFO] [stdout] 994 -         .test_expect_err("receipt without event should fail");
[INFO] [stdout] 994 +         .expect_err("receipt without event should fail");
[INFO] [stdout]     |
[INFO] [stdout] 
[INFO] [stdout] 
[INFO] [stdout] error[E0599]: no method named `test_expect_err` found for enum `Result<T, E>` in the current scope
[INFO] [stdout]     --> src/evm.rs:1026:10
[INFO] [stdout]      |
[INFO] [stdout] 1018 |         let error = confirm_root_publication(
[INFO] [stdout] 1019 |             &target,
[INFO] [stdout] 1020 |             &checkpoint,
[INFO] [stdout] 1021 |             &binding,
[INFO] [stdout] 1022 |             CONFIRM_TX_HASH,
[INFO] [stdout] 1023 |             &egress_contract,
[INFO] [stdout] 1024 |         )
[INFO] [stdout] 1025 |         .await
[INFO] [stdout] 1026 |         .test_expect_err("short block hash should fail");
[INFO] [stdout]      |          ^^^^^^^^^^^^^^^
[INFO] [stdout]      |
[INFO] [stdout] help: there is a method `expect_err` with a similar name
[INFO] [stdout]      |
[INFO] [stdout] 1026 -         .test_expect_err("short block hash should fail");
[INFO] [stdout] 1026 +         .expect_err("short block hash should fail");
[INFO] [stdout]      |
[INFO] [stdout] 
[INFO] [stdout] 
[INFO] [stdout] error[E0599]: no method named `test_expect_err` found for enum `Result<T, E>` in the current scope
[INFO] [stdout]     --> src/evm.rs:1057:10
[INFO] [stdout]      |
[INFO] [stdout] 1049 |         let error = confirm_root_publication(
[INFO] [stdout] 1050 |             &target,
[INFO] [stdout] 1051 |             &checkpoint,
[INFO] [stdout] 1052 |             &binding,
[INFO] [stdout] 1053 |             CONFIRM_TX_HASH,
[INFO] [stdout] 1054 |             &egress_contract,
[INFO] [stdout] 1055 |         )
[INFO] [stdout] 1056 |         .await
[INFO] [stdout] 1057 |         .test_expect_err("log block hash mismatch should fail");
[INFO] [stdout]      |          ^^^^^^^^^^^^^^^
[INFO] [stdout]      |
[INFO] [stdout] help: there is a method `expect_err` with a similar name
[INFO] [stdout]      |
[INFO] [stdout] 1057 -         .test_expect_err("log block hash mismatch should fail");
[INFO] [stdout] 1057 +         .expect_err("log block hash mismatch should fail");
[INFO] [stdout]      |
[INFO] [stdout] 
[INFO] [stdout] 
[INFO] [stdout] error[E0599]: no method named `test_expect` found for enum `Result<T, E>` in the current scope
[INFO] [stdout]     --> src/evm.rs:1085:14
[INFO] [stdout]      |
[INFO] [stdout] 1083 |         let guard = inspect_publication_guard(&target, &binding, &egress_contract)
[INFO] [stdout] 1084 |             .await
[INFO] [stdout] 1085 |             .test_expect("inspect guard");
[INFO] [stdout]      |              ^^^^^^^^^^^
[INFO] [stdout]      |
[INFO] [stdout] help: there is a method `expect` with a similar name
[INFO] [stdout]      |
[INFO] [stdout] 1085 -             .test_expect("inspect guard");
[INFO] [stdout] 1085 +             .expect("inspect guard");
[INFO] [stdout]      |
[INFO] [stdout] 
[INFO] [stdout] 
[INFO] [stdout] error[E0599]: no method named `test_expect` found for enum `Result<T, E>` in the current scope
[INFO] [stdout]     --> src/evm.rs:1091:45
[INFO] [stdout]      |
[INFO] [stdout] 1091 |             operator_key_hash_hex(&binding).test_expect("operator key hash")
[INFO] [stdout]      |                                             ^^^^^^^^^^^
[INFO] [stdout]      |
[INFO] [stdout] help: there is a method `expect` with a similar name
[INFO] [stdout]      |
[INFO] [stdout] 1091 -             operator_key_hash_hex(&binding).test_expect("operator key hash")
[INFO] [stdout] 1091 +             operator_key_hash_hex(&binding).expect("operator key hash")
[INFO] [stdout]      |
[INFO] [stdout] 
[INFO] [stdout] 
[INFO] [stdout] error[E0599]: no method named `test_expect_err` found for enum `Result<T, E>` in the current scope
[INFO] [stdout]     --> src/evm.rs:1117:14
[INFO] [stdout]      |
[INFO] [stdout] 1115 |         let error = ensure_publication_ready(&target, &checkpoint, &binding, &egress_contract)
[INFO] [stdout] 1116 |             .await
[INFO] [stdout] 1117 |             .test_expect_err("unauthorized publisher should fail");
[INFO] [stdout]      |              ^^^^^^^^^^^^^^^
[INFO] [stdout]      |
[INFO] [stdout] help: there is a method `expect_err` with a similar name
[INFO] [stdout]      |
[INFO] [stdout] 1117 -             .test_expect_err("unauthorized publisher should fail");
[INFO] [stdout] 1117 +             .expect_err("unauthorized publisher should fail");
[INFO] [stdout]      |
[INFO] [stdout] 
[INFO] [stdout] 
[INFO] [stdout] error[E0599]: no method named `test_expect_err` found for enum `Result<T, E>` in the current scope
[INFO] [stdout]     --> src/evm.rs:1143:14
[INFO] [stdout]      |
[INFO] [stdout] 1141 |         let error = ensure_publication_ready(&target, &checkpoint, &binding, &egress_contract)
[INFO] [stdout] 1142 |             .await
[INFO] [stdout] 1143 |             .test_expect_err("checkpoint regression should fail");
[INFO] [stdout]      |              ^^^^^^^^^^^^^^^
[INFO] [stdout]      |
[INFO] [stdout] help: there is a method `expect_err` with a similar name
[INFO] [stdout]      |
[INFO] [stdout] 1143 -             .test_expect_err("checkpoint regression should fail");
[INFO] [stdout] 1143 +             .expect_err("checkpoint regression should fail");
[INFO] [stdout]      |
[INFO] [stdout] 
[INFO] [stdout] 
[INFO] [stdout] error[E0599]: no method named `test_expect_err` found for enum `Result<T, E>` in the current scope
[INFO] [stdout]     --> src/evm.rs:1169:14
[INFO] [stdout]      |
[INFO] [stdout] 1167 |         let error = ensure_publication_ready(&target, &checkpoint, &binding, &egress_contract)
[INFO] [stdout] 1168 |             .await
[INFO] [stdout] 1169 |             .test_expect_err("skipped checkpoint sequence should fail");
[INFO] [stdout]      |              ^^^^^^^^^^^^^^^
[INFO] [stdout]      |
[INFO] [stdout] help: there is a method `expect_err` with a similar name
[INFO] [stdout]      |
[INFO] [stdout] 1169 -             .test_expect_err("skipped checkpoint sequence should fail");
[INFO] [stdout] 1169 +             .expect_err("skipped checkpoint sequence should fail");
[INFO] [stdout]      |
[INFO] [stdout] 
[INFO] [stdout] 
[INFO] [stdout] error[E0599]: no method named `test_expect` found for enum `Result<T, E>` in the current scope
[INFO] [stdout]     --> src/evm.rs:1189:58
[INFO] [stdout]      |
[INFO] [stdout] 1189 |             operatorKeyHash: operator_key_hash(&binding).test_expect("operator key hash"),
[INFO] [stdout]      |                                                          ^^^^^^^^^^^
[INFO] [stdout]      |
[INFO] [stdout] help: there is a method `expect` with a similar name
[INFO] [stdout]      |
[INFO] [stdout] 1189 -             operatorKeyHash: operator_key_hash(&binding).test_expect("operator key hash"),
[INFO] [stdout] 1189 +             operatorKeyHash: operator_key_hash(&binding).expect("operator key hash"),
[INFO] [stdout]      |
[INFO] [stdout] 
[INFO] [stdout] 
[INFO] [stdout] error[E0599]: no method named `test_expect` found for enum `Result<T, E>` in the current scope
[INFO] [stdout]     --> src/evm.rs:1210:14
[INFO] [stdout]      |
[INFO] [stdout] 1208 |         let guard = ensure_publication_ready(&target, &checkpoint, &binding, &egress_contract)
[INFO] [stdout] 1209 |             .await
[INFO] [stdout] 1210 |             .test_expect("checkpoint 42 should be accepted");
[INFO] [stdout]      |              ^^^^^^^^^^^
[INFO] [stdout]      |
[INFO] [stdout] help: there is a method `expect` with a similar name
[INFO] [stdout]      |
[INFO] [stdout] 1210 -             .test_expect("checkpoint 42 should be accepted");
[INFO] [stdout] 1210 +             .expect("checkpoint 42 should be accepted");
[INFO] [stdout]      |
[INFO] [stdout] 
[INFO] [stdout] 
[INFO] [stdout] error[E0599]: no method named `test_expect` found for enum `Result<T, E>` in the current scope
[INFO] [stdout]     --> src/evm.rs:1230:58
[INFO] [stdout]      |
[INFO] [stdout] 1230 |             operatorKeyHash: operator_key_hash(&binding).test_expect("operator key hash"),
[INFO] [stdout]      |                                                          ^^^^^^^^^^^
[INFO] [stdout]      |
[INFO] [stdout] help: there is a method `expect` with a similar name
[INFO] [stdout]      |
[INFO] [stdout] 1230 -             operatorKeyHash: operator_key_hash(&binding).test_expect("operator key hash"),
[INFO] [stdout] 1230 +             operatorKeyHash: operator_key_hash(&binding).expect("operator key hash"),
[INFO] [stdout]      |
[INFO] [stdout] 
[INFO] [stdout] 
[INFO] [stdout] error[E0599]: no method named `test_expect_err` found for enum `Result<T, E>` in the current scope
[INFO] [stdout]     --> src/evm.rs:1251:14
[INFO] [stdout]      |
[INFO] [stdout] 1249 |         let error = ensure_publication_ready(&target, &checkpoint, &binding, &egress_contract)
[INFO] [stdout] 1250 |             .await
[INFO] [stdout] 1251 |             .test_expect_err("batch gap should fail preflight");
[INFO] [stdout]      |              ^^^^^^^^^^^^^^^
[INFO] [stdout]      |
[INFO] [stdout] help: there is a method `expect_err` with a similar name
[INFO] [stdout]      |
[INFO] [stdout] 1251 -             .test_expect_err("batch gap should fail preflight");
[INFO] [stdout] 1251 +             .expect_err("batch gap should fail preflight");
[INFO] [stdout]      |
[INFO] [stdout] 
[INFO] [stdout] 
[INFO] [stdout] error[E0599]: no method named `test_expect` found for enum `Result<T, E>` in the current scope
[INFO] [stdout]     --> src/evm.rs:1270:14
[INFO] [stdout]      |
[INFO] [stdout] 1268 |         let verified = verify_inclusion_onchain(&target, &proof, &egress_contract)
[INFO] [stdout] 1269 |             .await
[INFO] [stdout] 1270 |             .test_expect("verify inclusion");
[INFO] [stdout]      |              ^^^^^^^^^^^
[INFO] [stdout]      |
[INFO] [stdout] help: there is a method `expect` with a similar name
[INFO] [stdout]      |
[INFO] [stdout] 1270 -             .test_expect("verify inclusion");
[INFO] [stdout] 1270 +             .expect("verify inclusion");
[INFO] [stdout]      |
[INFO] [stdout] 
[INFO] [stdout] 
[INFO] [stdout] error[E0599]: no method named `test_expect` found for enum `std::option::Option<T>` in the current scope
[INFO] [stdout]     --> src/evm.rs:1281:18
[INFO] [stdout]      |
[INFO] [stdout] 1279 |             requests[0]["params"][0]["data"]
[INFO] [stdout] 1280 |                 .as_str()
[INFO] [stdout] 1281 |                 .test_expect("eth_call data is string")
[INFO] [stdout]      |                  ^^^^^^^^^^^
[INFO] [stdout]      |
[INFO] [stdout] help: there is a method `expect` with a similar name
[INFO] [stdout]      |
[INFO] [stdout] 1281 -                 .test_expect("eth_call data is string")
[INFO] [stdout] 1281 +                 .expect("eth_call data is string")
[INFO] [stdout]      |
[INFO] [stdout] 
[INFO] [stdout] 
[INFO] [stdout] error[E0599]: no method named `test_expect` found for enum `Result<T, E>` in the current scope
[INFO] [stdout]     --> src/evm.rs:1284:10
[INFO] [stdout]      |
[INFO] [stdout] 1278 |         let call_data = hex::decode(
[INFO] [stdout] 1279 |             requests[0]["params"][0]["data"]
[INFO] [stdout] 1280 |                 .as_str()
[INFO] [stdout] 1281 |                 .test_expect("eth_call data is string")
[INFO] [stdout] 1282 |                 .trim_start_matches("0x"),
[INFO] [stdout] 1283 |         )
[INFO] [stdout] 1284 |         .test_expect("eth_call data decodes");
[INFO] [stdout]      |          ^^^^^^^^^^^
[INFO] [stdout]      |
[INFO] [stdout] help: there is a method `expect` with a similar name
[INFO] [stdout]      |
[INFO] [stdout] 1284 -         .test_expect("eth_call data decodes");
[INFO] [stdout] 1284 +         .expect("eth_call data decodes");
[INFO] [stdout]      |
[INFO] [stdout] 
[INFO] [stdout] 
[INFO] [stdout] error[E0599]: no method named `test_expect` found for enum `Result<T, E>` in the current scope
[INFO] [stdout]     --> src/evm.rs:1287:18
[INFO] [stdout]      |
[INFO] [stdout] 1286 |             IChioRootRegistry::verifyInclusionDetailedForKeyHashCall::abi_decode(&call_data)
[INFO] [stdout] 1287 |                 .test_expect("verifyInclusionDetailedForKeyHash call decodes");
[INFO] [stdout]      |                  ^^^^^^^^^^^
[INFO] [stdout]      |
[INFO] [stdout] help: there is a method `expect` with a similar name
[INFO] [stdout]      |
[INFO] [stdout] 1287 -                 .test_expect("verifyInclusionDetailedForKeyHash call decodes");
[INFO] [stdout] 1287 +                 .expect("verifyInclusionDetailedForKeyHash call decodes");
[INFO] [stdout]      |
[INFO] [stdout] 
[INFO] [stdout] 
[INFO] [stdout] error[E0599]: no method named `test_expect` found for enum `Result<T, E>` in the current scope
[INFO] [stdout]     --> src/evm.rs:1290:63
[INFO] [stdout]      |
[INFO] [stdout] 1290 |             operator_key_hash(&proof.key_binding_certificate).test_expect("operator key hash")
[INFO] [stdout]      |                                                               ^^^^^^^^^^^
[INFO] [stdout]      |
[INFO] [stdout] help: there is a method `expect` with a similar name
[INFO] [stdout]      |
[INFO] [stdout] 1290 -             operator_key_hash(&proof.key_binding_certificate).test_expect("operator key hash")
[INFO] [stdout] 1290 +             operator_key_hash(&proof.key_binding_certificate).expect("operator key hash")
[INFO] [stdout]      |
[INFO] [stdout] 
[INFO] [stdout] 
[INFO] [stdout] error[E0599]: no method named `test_expect_err` found for enum `Result<T, E>` in the current scope
[INFO] [stdout]     --> src/evm.rs:1303:14
[INFO] [stdout]      |
[INFO] [stdout] 1301 |         let error = verify_inclusion_onchain(&target, &proof, &egress_contract)
[INFO] [stdout] 1302 |             .await
[INFO] [stdout] 1303 |             .test_expect_err("target operator mismatch should fail before RPC");
[INFO] [stdout]      |              ^^^^^^^^^^^^^^^
[INFO] [stdout]      |
[INFO] [stdout] help: there is a method `expect_err` with a similar name
[INFO] [stdout]      |
[INFO] [stdout] 1303 -             .test_expect_err("target operator mismatch should fail before RPC");
[INFO] [stdout] 1303 +             .expect_err("target operator mismatch should fail before RPC");
[INFO] [stdout]      |
[INFO] [stdout] 
[INFO] [stdout] 
[INFO] [stdout] error[E0599]: no method named `test_unwrap` found for enum `Result<T, E>` in the current scope
[INFO] [stdout]    --> src/functions.rs:346:14
[INFO] [stdout]     |
[INFO] [stdout] 342 |             action: ToolCallAction::from_parameters(serde_json::json!({
[INFO] [stdout] 343 |                 "chain_id": "eip155:8453",
[INFO] [stdout] 344 |                 "method": "release"
[INFO] [stdout] 345 |             }))
[INFO] [stdout] 346 |             .test_unwrap(),
[INFO] [stdout]     |              ^^^^^^^^^^^
[INFO] [stdout]     |
[INFO] [stdout] help: there is a method `unwrap` with a similar name
[INFO] [stdout]     |
[INFO] [stdout] 346 -             .test_unwrap(),
[INFO] [stdout] 346 +             .unwrap(),
[INFO] [stdout]     |
[INFO] [stdout] 
[INFO] [stdout] 
[INFO] [stdout] error[E0599]: no method named `test_unwrap` found for enum `Result<T, E>` in the current scope
[INFO] [stdout]    --> src/functions.rs:369:43
[INFO] [stdout]     |
[INFO] [stdout] 369 |         ChioReceipt::sign(body, &keypair).test_unwrap()
[INFO] [stdout]     |                                           ^^^^^^^^^^^
[INFO] [stdout]     |
[INFO] [stdout] help: there is a method `unwrap` with a similar name
[INFO] [stdout]     |
[INFO] [stdout] 369 -         ChioReceipt::sign(body, &keypair).test_unwrap()
[INFO] [stdout] 369 +         ChioReceipt::sign(body, &keypair).unwrap()
[INFO] [stdout]     |
[INFO] [stdout] 
[INFO] [stdout] 
[INFO] [stdout] error[E0599]: no method named `test_unwrap` found for enum `Result<T, E>` in the current scope
[INFO] [stdout]    --> src/functions.rs:397:10
[INFO] [stdout]     |
[INFO] [stdout] 389 |         let request = prepare_functions_batch_verification(
[INFO] [stdout] 390 |             sample_target(),
[INFO] [stdout] 391 |             FunctionsVerificationPurpose::AnchorAuditBatch,
[INFO] [stdout] 392 |             &receipts,
[INFO] [stdout] 393 |             50_000,
[INFO] [stdout] 394 |             FunctionsVerificationPolicy::default(),
[INFO] [stdout] 395 |             Some("batch anchor audit".to_string()),
[INFO] [stdout] 396 |         )
[INFO] [stdout] 397 |         .test_unwrap();
[INFO] [stdout]     |          ^^^^^^^^^^^
[INFO] [stdout]     |
[INFO] [stdout] help: there is a method `unwrap` with a similar name
[INFO] [stdout]     |
[INFO] [stdout] 397 -         .test_unwrap();
[INFO] [stdout] 397 +         .unwrap();
[INFO] [stdout]     |
[INFO] [stdout] 
[INFO] [stdout] 
[INFO] [stdout] error[E0599]: no method named `test_unwrap_err` found for enum `Result<T, E>` in the current scope
[INFO] [stdout]    --> src/functions.rs:418:10
[INFO] [stdout]     |
[INFO] [stdout] 410 |         let error = prepare_functions_batch_verification(
[INFO] [stdout] 411 |             sample_target(),
[INFO] [stdout] 412 |             FunctionsVerificationPurpose::AnchorAuditBatch,
[INFO] [stdout] 413 |             &receipts,
[INFO] [stdout] 414 |             1_000_001,
[INFO] [stdout] 415 |             FunctionsVerificationPolicy::default(),
[INFO] [stdout] 416 |             None,
[INFO] [stdout] 417 |         )
[INFO] [stdout] 418 |         .test_unwrap_err();
[INFO] [stdout]     |          ^^^^^^^^^^^^^^^
[INFO] [stdout]     |
[INFO] [stdout] help: there is a method `unwrap_err` with a similar name
[INFO] [stdout]     |
[INFO] [stdout] 418 -         .test_unwrap_err();
[INFO] [stdout] 418 +         .unwrap_err();
[INFO] [stdout]     |
[INFO] [stdout] 
[INFO] [stdout] 
[INFO] [stdout] error[E0599]: no method named `test_unwrap` found for enum `Result<T, E>` in the current scope
[INFO] [stdout]    --> src/functions.rs:434:10
[INFO] [stdout]     |
[INFO] [stdout] 426 |         let request = prepare_functions_batch_verification(
[INFO] [stdout] 427 |             sample_target(),
[INFO] [stdout] 428 |             FunctionsVerificationPurpose::AnchorAuditBatch,
[INFO] [stdout] 429 |             &receipts,
[INFO] [stdout] 430 |             1_000,
[INFO] [stdout] 431 |             FunctionsVerificationPolicy::default(),
[INFO] [stdout] 432 |             None,
[INFO] [stdout] 433 |         )
[INFO] [stdout] 434 |         .test_unwrap();
[INFO] [stdout]     |          ^^^^^^^^^^^
[INFO] [stdout]     |
[INFO] [stdout] help: there is a method `unwrap` with a similar name
[INFO] [stdout]     |
[INFO] [stdout] 434 -         .test_unwrap();
[INFO] [stdout] 434 +         .unwrap();
[INFO] [stdout]     |
[INFO] [stdout] 
[INFO] [stdout] 
[INFO] [stdout] error[E0599]: no method named `test_unwrap` found for enum `Result<T, E>` in the current scope
[INFO] [stdout]    --> src/functions.rs:447:77
[INFO] [stdout]     |
[INFO] [stdout] 447 |         let assessment = assess_functions_verification(&request, &response).test_unwrap();
[INFO] [stdout]     |                                                                             ^^^^^^^^^^^
[INFO] [stdout]     |
[INFO] [stdout] help: there is a method `unwrap` with a similar name
[INFO] [stdout]     |
[INFO] [stdout] 447 -         let assessment = assess_functions_verification(&request, &response).test_unwrap();
[INFO] [stdout] 447 +         let assessment = assess_functions_verification(&request, &response).unwrap();
[INFO] [stdout]     |
[INFO] [stdout] 
[INFO] [stdout] 
[INFO] [stdout] error[E0599]: no method named `test_unwrap` found for enum `Result<T, E>` in the current scope
[INFO] [stdout]    --> src/functions.rs:466:10
[INFO] [stdout]     |
[INFO] [stdout] 458 |         let request = prepare_functions_batch_verification(
[INFO] [stdout] 459 |             sample_target(),
[INFO] [stdout] 460 |             FunctionsVerificationPurpose::AnchorAuditBatch,
[INFO] [stdout] 461 |             &receipts,
[INFO] [stdout] 462 |             1_000,
[INFO] [stdout] 463 |             FunctionsVerificationPolicy::default(),
[INFO] [stdout] 464 |             None,
[INFO] [stdout] 465 |         )
[INFO] [stdout] 466 |         .test_unwrap();
[INFO] [stdout]     |          ^^^^^^^^^^^
[INFO] [stdout]     |
[INFO] [stdout] help: there is a method `unwrap` with a similar name
[INFO] [stdout]     |
[INFO] [stdout] 466 -         .test_unwrap();
[INFO] [stdout] 466 +         .unwrap();
[INFO] [stdout]     |
[INFO] [stdout] 
[INFO] [stdout] 
[INFO] [stdout] error[E0599]: no method named `test_unwrap_err` found for enum `Result<T, E>` in the current scope
[INFO] [stdout]    --> src/functions.rs:480:72
[INFO] [stdout]     |
[INFO] [stdout] 480 |         let error = assess_functions_verification(&request, &response).test_unwrap_err();
[INFO] [stdout]     |                                                                        ^^^^^^^^^^^^^^^
[INFO] [stdout]     |
[INFO] [stdout] help: there is a method `unwrap_err` with a similar name
[INFO] [stdout]     |
[INFO] [stdout] 480 -         let error = assess_functions_verification(&request, &response).test_unwrap_err();
[INFO] [stdout] 480 +         let error = assess_functions_verification(&request, &response).unwrap_err();
[INFO] [stdout]     |
[INFO] [stdout] 
[INFO] [stdout] 
[INFO] [stdout] error[E0599]: no method named `test_expect_err` found for enum `Result<T, E>` in the current scope
[INFO] [stdout]    --> src/ops.rs:437:14
[INFO] [stdout]     |
[INFO] [stdout] 436 |         let error = ensure_anchor_operation_allowed(controls, AnchorOperationKind::PublishRoot)
[INFO] [stdout] 437 |             .test_expect_err("publish should be denied");
[INFO] [stdout]     |              ^^^^^^^^^^^^^^^
[INFO] [stdout]     |
[INFO] [stdout] help: there is a method `expect_err` with a similar name
[INFO] [stdout]     |
[INFO] [stdout] 437 -             .test_expect_err("publish should be denied");
[INFO] [stdout] 437 +             .expect_err("publish should be denied");
[INFO] [stdout]     |
[INFO] [stdout] 
[INFO] [stdout] 
[INFO] [stdout] error[E0599]: no method named `test_expect` found for enum `Result<T, E>` in the current scope
[INFO] [stdout]    --> src/ops.rs:464:10
[INFO] [stdout]     |
[INFO] [stdout] 461 |         let report: AnchorRuntimeReport = serde_json::from_str(include_str!(
[INFO] [stdout] 462 |             "../../../../docs/standards/CHIO_ANCHOR_RUNTIME_REPORT_EXAMPLE.json"
[INFO] [stdout] 463 |         ))
[INFO] [stdout] 464 |         .test_expect("example report");
[INFO] [stdout]     |          ^^^^^^^^^^^
[INFO] [stdout]     |
[INFO] [stdout] help: there is a method `expect` with a similar name
[INFO] [stdout]     |
[INFO] [stdout] 464 -         .test_expect("example report");
[INFO] [stdout] 464 +         .expect("example report");
[INFO] [stdout]     |
[INFO] [stdout] 
[INFO] [stdout] 
[INFO] [stdout] error[E0599]: no method named `test_unwrap` found for enum `Result<T, E>` in the current scope
[INFO] [stdout]  --> src/tests/versioning.rs:9:84
[INFO] [stdout]   |
[INFO] [stdout] 9 |         chio_core::receipt::body::ChioReceipt::sign(receipt_body, &checkpoint_key).test_unwrap();
[INFO] [stdout]   |                                                                                    ^^^^^^^^^^^
[INFO] [stdout]   |
[INFO] [stdout] help: there is a method `unwrap` with a similar name
[INFO] [stdout]   |
[INFO] [stdout] 9 -         chio_core::receipt::body::ChioReceipt::sign(receipt_body, &checkpoint_key).test_unwrap();
[INFO] [stdout] 9 +         chio_core::receipt::body::ChioReceipt::sign(receipt_body, &checkpoint_key).unwrap();
[INFO] [stdout]   |
[INFO] [stdout] 
[INFO] [stdout] 
[INFO] [stdout] error[E0599]: no method named `test_unwrap` found for enum `Result<T, E>` in the current scope
[INFO] [stdout]   --> src/tests/versioning.rs:22:64
[INFO] [stdout]    |
[INFO] [stdout] 22 |         signature: checkpoint_key.sign_canonical(&certificate).test_unwrap().0,
[INFO] [stdout]    |                                                                ^^^^^^^^^^^
[INFO] [stdout]    |
[INFO] [stdout] help: there is a method `unwrap` with a similar name
[INFO] [stdout]    |
[INFO] [stdout] 22 -         signature: checkpoint_key.sign_canonical(&certificate).test_unwrap().0,
[INFO] [stdout] 22 +         signature: checkpoint_key.sign_canonical(&certificate).unwrap().0,
[INFO] [stdout]    |
[INFO] [stdout] 
[INFO] [stdout] 
[INFO] [stdout] error[E0599]: no method named `test_unwrap` found for enum `Result<T, E>` in the current scope
[INFO] [stdout]   --> src/tests/versioning.rs:25:74
[INFO] [stdout]    |
[INFO] [stdout] 25 |     let receipt_bytes = chio_core::canonical_json_bytes(&receipt.body()).test_unwrap();
[INFO] [stdout]    |                                                                          ^^^^^^^^^^^
[INFO] [stdout]    |
[INFO] [stdout] help: there is a method `unwrap` with a similar name
[INFO] [stdout]    |
[INFO] [stdout] 25 -     let receipt_bytes = chio_core::canonical_json_bytes(&receipt.body()).test_unwrap();
[INFO] [stdout] 25 +     let receipt_bytes = chio_core::canonical_json_bytes(&receipt.body()).unwrap();
[INFO] [stdout]    |
[INFO] [stdout] 
[INFO] [stdout] 
[INFO] [stdout] error[E0599]: no method named `test_unwrap` found for enum `Result<T, E>` in the current scope
[INFO] [stdout]   --> src/tests/versioning.rs:33:6
[INFO] [stdout]    |
[INFO] [stdout] 26 |     let checkpoint = build_checkpoint(
[INFO] [stdout] 27 |         1,
[INFO] [stdout] 28 |         1,
[INFO] [stdout] 29 |         1,
[INFO] [stdout] 30 |         std::slice::from_ref(&receipt_bytes),
[INFO] [stdout] 31 |         &checkpoint_key,
[INFO] [stdout] 32 |     )
[INFO] [stdout] 33 |     .test_unwrap();
[INFO] [stdout]    |      ^^^^^^^^^^^
[INFO] [stdout]    |
[INFO] [stdout] help: there is a method `unwrap` with a similar name
[INFO] [stdout]    |
[INFO] [stdout] 33 -     .test_unwrap();
[INFO] [stdout] 33 +     .unwrap();
[INFO] [stdout]    |
[INFO] [stdout] 
[INFO] [stdout] 
[INFO] [stdout] error[E0599]: no method named `test_unwrap` found for enum `Result<T, E>` in the current scope
[INFO] [stdout]   --> src/tests/versioning.rs:35:10
[INFO] [stdout]    |
[INFO] [stdout] 34 |     let tree = chio_core::merkle::MerkleTree::from_leaves(std::slice::from_ref(&receipt_bytes))
[INFO] [stdout] 35 |         .test_unwrap();
[INFO] [stdout]    |          ^^^^^^^^^^^
[INFO] [stdout]    |
[INFO] [stdout] help: there is a method `unwrap` with a similar name
[INFO] [stdout]    |
[INFO] [stdout] 35 -         .test_unwrap();
[INFO] [stdout] 35 +         .unwrap();
[INFO] [stdout]    |
[INFO] [stdout] 
[INFO] [stdout] 
[INFO] [stdout] error[E0599]: no method named `test_unwrap` found for enum `Result<T, E>` in the current scope
[INFO] [stdout]   --> src/tests/versioning.rs:36:59
[INFO] [stdout]    |
[INFO] [stdout] 36 |     let inclusion = build_inclusion_proof(&tree, 0, 1, 1).test_unwrap();
[INFO] [stdout]    |                                                           ^^^^^^^^^^^
[INFO] [stdout]    |
[INFO] [stdout] help: there is a method `unwrap` with a similar name
[INFO] [stdout]    |
[INFO] [stdout] 36 -     let inclusion = build_inclusion_proof(&tree, 0, 1, 1).test_unwrap();
[INFO] [stdout] 36 +     let inclusion = build_inclusion_proof(&tree, 0, 1, 1).unwrap();
[INFO] [stdout]    |
[INFO] [stdout] 
[INFO] [stdout] 
[INFO] [stdout] error[E0599]: no method named `test_unwrap` found for enum `Result<T, E>` in the current scope
[INFO] [stdout]   --> src/tests/versioning.rs:44:67
[INFO] [stdout]    |
[INFO] [stdout] 44 |         operator_key_hash: crate::operator_key_hash_hex(&binding).test_unwrap(),
[INFO] [stdout]    |                                                                   ^^^^^^^^^^^
[INFO] [stdout]    |
[INFO] [stdout] help: there is a method `unwrap` with a similar name
[INFO] [stdout]    |
[INFO] [stdout] 44 -         operator_key_hash: crate::operator_key_hash_hex(&binding).test_unwrap(),
[INFO] [stdout] 44 +         operator_key_hash: crate::operator_key_hash_hex(&binding).unwrap(),
[INFO] [stdout]    |
[INFO] [stdout] 
[INFO] [stdout] 
[INFO] [stdout] error[E0599]: no method named `test_unwrap` found for enum `Result<T, E>` in the current scope
[INFO] [stdout]   --> src/tests/versioning.rs:57:6
[INFO] [stdout]    |
[INFO] [stdout] 50 |     build_anchor_inclusion_proof(
[INFO] [stdout] 51 |         receipt,
[INFO] [stdout] 52 |         &inclusion,
[INFO] [stdout] 53 |         &checkpoint,
[INFO] [stdout] 54 |         Some(chain_anchor),
[INFO] [stdout] 55 |         binding,
[INFO] [stdout] 56 |     )
[INFO] [stdout] 57 |     .test_unwrap()
[INFO] [stdout]    |      ^^^^^^^^^^^
[INFO] [stdout]    |
[INFO] [stdout] help: there is a method `unwrap` with a similar name
[INFO] [stdout]    |
[INFO] [stdout] 57 -     .test_unwrap()
[INFO] [stdout] 57 +     .unwrap()
[INFO] [stdout]    |
[INFO] [stdout] 
[INFO] [stdout] 
[INFO] [stdout] error[E0599]: no method named `test_unwrap` found for enum `Result<T, E>` in the current scope
[INFO] [stdout]   --> src/tests/versioning.rs:75:6
[INFO] [stdout]    |
[INFO] [stdout] 68 |     let checkpoint = chio_kernel::checkpoint::build_checkpoint(
[INFO] [stdout] 69 |         1,
[INFO] [stdout] 70 |         1,
[INFO] [stdout] 71 |         2,
[INFO] [stdout] 72 |         &[b"receipt-one".to_vec(), b"receipt-two".to_vec()],
[INFO] [stdout] 73 |         &keypair,
[INFO] [stdout] 74 |     )
[INFO] [stdout] 75 |     .test_unwrap();
[INFO] [stdout]    |      ^^^^^^^^^^^
[INFO] [stdout]    |
[INFO] [stdout] help: there is a method `unwrap` with a similar name
[INFO] [stdout]    |
[INFO] [stdout] 75 -     .test_unwrap();
[INFO] [stdout] 75 +     .unwrap();
[INFO] [stdout]    |
[INFO] [stdout] 
[INFO] [stdout] 
[INFO] [stdout] error[E0599]: no method named `test_expect` found for enum `Result<T, E>` in the current scope
[INFO] [stdout]   --> src/tests/versioning.rs:84:10
[INFO] [stdout]    |
[INFO] [stdout] 83 |     chio_core::web3::anchors::verify_checkpoint_statement(&statement)
[INFO] [stdout] 84 |         .test_expect("statement signature verifies across the bridge");
[INFO] [stdout]    |          ^^^^^^^^^^^
[INFO] [stdout]    |
[INFO] [stdout] help: there is a method `expect` with a similar name
[INFO] [stdout]    |
[INFO] [stdout] 84 -         .test_expect("statement signature verifies across the bridge");
[INFO] [stdout] 84 +         .expect("statement signature verifies across the bridge");
[INFO] [stdout]    |
[INFO] [stdout] 
[INFO] [stdout] 
[INFO] [stdout] error[E0599]: no method named `test_unwrap` found for enum `Result<T, E>` in the current scope
[INFO] [stdout]   --> src/tests/versioning.rs:99:6
[INFO] [stdout]    |
[INFO] [stdout] 94 |     let prepared = prepare_solana_memo_publication(
[INFO] [stdout] 95 |         &checkpoint,
[INFO] [stdout] 96 |         "solana:mainnet-beta",
[INFO] [stdout] 97 |         "7xKXtg2CW9Q4hN7kD6A6tVWyQGm9Xxq6u9rY2T6yQkZp",
[INFO] [stdout] 98 |     )
[INFO] [stdout] 99 |     .test_unwrap();
[INFO] [stdout]    |      ^^^^^^^^^^^
[INFO] [stdout]    |
[INFO] [stdout] help: there is a method `unwrap` with a similar name
[INFO] [stdout]    |
[INFO] [stdout] 99 -     .test_unwrap();
[INFO] [stdout] 99 +     .unwrap();
[INFO] [stdout]    |
[INFO] [stdout] 
[INFO] [stdout] 
[INFO] [stdout] error[E0599]: no method named `test_unwrap` found for enum `Result<T, E>` in the current scope
[INFO] [stdout]    --> src/tests/versioning.rs:116:59
[INFO] [stdout]     |
[INFO] [stdout] 116 |     let schema_path = std::fs::canonicalize(&schema_path).test_unwrap();
[INFO] [stdout]     |                                                           ^^^^^^^^^^^
[INFO] [stdout]     |
[INFO] [stdout] help: there is a method `unwrap` with a similar name
[INFO] [stdout]     |
[INFO] [stdout] 116 -     let schema_path = std::fs::canonicalize(&schema_path).test_unwrap();
[INFO] [stdout] 116 +     let schema_path = std::fs::canonicalize(&schema_path).unwrap();
[INFO] [stdout]     |
[INFO] [stdout] 
[INFO] [stdout] 
[INFO] [stdout] error[E0433]: cannot find module or crate `chio_spec_validate` in this scope
[INFO] [stdout]    --> src/tests/versioning.rs:117:18
[INFO] [stdout]     |
[INFO] [stdout] 117 |     let schema = chio_spec_validate::load_json(&schema_path).test_unwrap();
[INFO] [stdout]     |                  ^^^^^^^^^^^^^^^^^^ use of unresolved module or unlinked crate `chio_spec_validate`
[INFO] [stdout]     |
[INFO] [stdout]     = help: if you wanted to use a crate named `chio_spec_validate`, use `cargo add chio_spec_validate` to add it to your `Cargo.toml`
[INFO] [stdout] 
[INFO] [stdout] 
[INFO] [stdout] error[E0599]: no method named `test_unwrap` found for enum `Result<T, E>` in the current scope
[INFO] [stdout]    --> src/tests/versioning.rs:118:52
[INFO] [stdout]     |
[INFO] [stdout] 118 |     let serialized = serde_json::to_value(&bundle).test_unwrap();
[INFO] [stdout]     |                                                    ^^^^^^^^^^^
[INFO] [stdout]     |
[INFO] [stdout] help: there is a method `unwrap` with a similar name
[INFO] [stdout]     |
[INFO] [stdout] 118 -     let serialized = serde_json::to_value(&bundle).test_unwrap();
[INFO] [stdout] 118 +     let serialized = serde_json::to_value(&bundle).unwrap();
[INFO] [stdout]     |
[INFO] [stdout] 
[INFO] [stdout] 
[INFO] [stdout] error[E0433]: cannot find module or crate `chio_spec_validate` in this scope
[INFO] [stdout]    --> src/tests/versioning.rs:119:5
[INFO] [stdout]     |
[INFO] [stdout] 119 |     chio_spec_validate::validate_value(
[INFO] [stdout]     |     ^^^^^^^^^^^^^^^^^^ use of unresolved module or unlinked crate `chio_spec_validate`
[INFO] [stdout]     |
[INFO] [stdout]     = help: if you wanted to use a crate named `chio_spec_validate`, use `cargo add chio_spec_validate` to add it to your `Cargo.toml`
[INFO] [stdout] 
[INFO] [stdout] 
[INFO] [stdout] error[E0599]: no method named `test_unwrap` found for enum `Result<T, E>` in the current scope
[INFO] [stdout]    --> src/tests/versioning.rs:127:42
[INFO] [stdout]     |
[INFO] [stdout] 127 |     assert!(verify_proof_bundle(&bundle).test_unwrap().verified);
[INFO] [stdout]     |                                          ^^^^^^^^^^^
[INFO] [stdout]     |
[INFO] [stdout] help: there is a method `unwrap` with a similar name
[INFO] [stdout]     |
[INFO] [stdout] 127 -     assert!(verify_proof_bundle(&bundle).test_unwrap().verified);
[INFO] [stdout] 127 +     assert!(verify_proof_bundle(&bundle).unwrap().verified);
[INFO] [stdout]     |
[INFO] [stdout] 
[INFO] [stdout] 
[INFO] [stdout] error[E0599]: no method named `test_unwrap_err` found for enum `Result<T, E>` in the current scope
[INFO] [stdout]    --> src/tests/versioning.rs:130:46
[INFO] [stdout]     |
[INFO] [stdout] 130 |     let error = verify_proof_bundle(&bundle).test_unwrap_err();
[INFO] [stdout]     |                                              ^^^^^^^^^^^^^^^
[INFO] [stdout]     |
[INFO] [stdout] help: there is a method `unwrap_err` with a similar name
[INFO] [stdout]     |
[INFO] [stdout] 130 -     let error = verify_proof_bundle(&bundle).test_unwrap_err();
[INFO] [stdout] 130 +     let error = verify_proof_bundle(&bundle).unwrap_err();
[INFO] [stdout]     |
[INFO] [stdout] 
[INFO] [stdout] 
[INFO] [stdout] error[E0599]: no method named `test_unwrap` found for enum `Result<T, E>` in the current scope
[INFO] [stdout]    --> src/tests/versioning.rs:147:6
[INFO] [stdout]     |
[INFO] [stdout] 142 |     let prepared = prepare_solana_memo_publication(
[INFO] [stdout] 143 |         &checkpoint,
[INFO] [stdout] 144 |         "solana:mainnet-beta",
[INFO] [stdout] 145 |         "7xKXtg2CW9Q4hN7kD6A6tVWyQGm9Xxq6u9rY2T6yQkZp",
[INFO] [stdout] 146 |     )
[INFO] [stdout] 147 |     .test_unwrap();
[INFO] [stdout]     |      ^^^^^^^^^^^
[INFO] [stdout]     |
[INFO] [stdout] help: there is a method `unwrap` with a similar name
[INFO] [stdout]     |
[INFO] [stdout] 147 -     .test_unwrap();
[INFO] [stdout] 147 +     .unwrap();
[INFO] [stdout]     |
[INFO] [stdout] 
[INFO] [stdout] 
[INFO] [stdout] error[E0599]: no method named `test_unwrap` found for enum `Result<T, E>` in the current scope
[INFO] [stdout]    --> src/tests/versioning.rs:162:47
[INFO] [stdout]     |
[INFO] [stdout] 162 |     let report = verify_proof_bundle(&bundle).test_unwrap();
[INFO] [stdout]     |                                               ^^^^^^^^^^^
[INFO] [stdout]     |
[INFO] [stdout] help: there is a method `unwrap` with a similar name
[INFO] [stdout]     |
[INFO] [stdout] 162 -     let report = verify_proof_bundle(&bundle).test_unwrap();
[INFO] [stdout] 162 +     let report = verify_proof_bundle(&bundle).unwrap();
[INFO] [stdout]     |
[INFO] [stdout] 
[INFO] [stdout] 
[INFO] [stdout] error[E0599]: no method named `test_unwrap` found for enum `Result<T, E>` in the current scope
[INFO] [stdout]    --> src/tests/versioning.rs:172:59
[INFO] [stdout]     |
[INFO] [stdout] 172 |     let schema_path = std::fs::canonicalize(&schema_path).test_unwrap();
[INFO] [stdout]     |                                                           ^^^^^^^^^^^
[INFO] [stdout]     |
[INFO] [stdout] help: there is a method `unwrap` with a similar name
[INFO] [stdout]     |
[INFO] [stdout] 172 -     let schema_path = std::fs::canonicalize(&schema_path).test_unwrap();
[INFO] [stdout] 172 +     let schema_path = std::fs::canonicalize(&schema_path).unwrap();
[INFO] [stdout]     |
[INFO] [stdout] 
[INFO] [stdout] 
[INFO] [stdout] error[E0433]: cannot find module or crate `chio_spec_validate` in this scope
[INFO] [stdout]    --> src/tests/versioning.rs:173:18
[INFO] [stdout]     |
[INFO] [stdout] 173 |     let schema = chio_spec_validate::load_json(&schema_path).test_unwrap();
[INFO] [stdout]     |                  ^^^^^^^^^^^^^^^^^^ use of unresolved module or unlinked crate `chio_spec_validate`
[INFO] [stdout]     |
[INFO] [stdout]     = help: if you wanted to use a crate named `chio_spec_validate`, use `cargo add chio_spec_validate` to add it to your `Cargo.toml`
[INFO] [stdout] 
[INFO] [stdout] 
[INFO] [stdout] error[E0599]: no method named `test_unwrap` found for enum `Result<T, E>` in the current scope
[INFO] [stdout]    --> src/tests/versioning.rs:174:52
[INFO] [stdout]     |
[INFO] [stdout] 174 |     let serialized = serde_json::to_value(&bundle).test_unwrap();
[INFO] [stdout]     |                                                    ^^^^^^^^^^^
[INFO] [stdout]     |
[INFO] [stdout] help: there is a method `unwrap` with a similar name
[INFO] [stdout]     |
[INFO] [stdout] 174 -     let serialized = serde_json::to_value(&bundle).test_unwrap();
[INFO] [stdout] 174 +     let serialized = serde_json::to_value(&bundle).unwrap();
[INFO] [stdout]     |
[INFO] [stdout] 
[INFO] [stdout] 
[INFO] [stdout] error[E0433]: cannot find module or crate `chio_spec_validate` in this scope
[INFO] [stdout]    --> src/tests/versioning.rs:176:9
[INFO] [stdout]     |
[INFO] [stdout] 176 |         chio_spec_validate::validate_value(
[INFO] [stdout]     |         ^^^^^^^^^^^^^^^^^^ use of unresolved module or unlinked crate `chio_spec_validate`
[INFO] [stdout]     |
[INFO] [stdout]     = help: if you wanted to use a crate named `chio_spec_validate`, use `cargo add chio_spec_validate` to add it to your `Cargo.toml`
[INFO] [stdout] 
[INFO] [stdout] 
[INFO] [stdout] error[E0599]: no method named `test_unwrap_err` found for enum `Result<T, E>` in the current scope
[INFO] [stdout]    --> src/tests/versioning.rs:185:46
[INFO] [stdout]     |
[INFO] [stdout] 185 |     let error = verify_proof_bundle(&bundle).test_unwrap_err();
[INFO] [stdout]     |                                              ^^^^^^^^^^^^^^^
[INFO] [stdout]     |
[INFO] [stdout] help: there is a method `unwrap_err` with a similar name
[INFO] [stdout]     |
[INFO] [stdout] 185 -     let error = verify_proof_bundle(&bundle).test_unwrap_err();
[INFO] [stdout] 185 +     let error = verify_proof_bundle(&bundle).unwrap_err();
[INFO] [stdout]     |
[INFO] [stdout] 
[INFO] [stdout] 
[INFO] [stdout] error[E0599]: no method named `test_unwrap` found for enum `std::option::Option<T>` in the current scope
[INFO] [stdout]    --> src/tests/versioning.rs:198:10
[INFO] [stdout]     |
[INFO] [stdout] 195 |     anchored
[INFO] [stdout] 196 |         .chain_anchor
[INFO] [stdout] 197 |         .as_mut()
[INFO] [stdout] 198 |         .test_unwrap()
[INFO] [stdout]     |          ^^^^^^^^^^^
[INFO] [stdout]     |
[INFO] [stdout] help: there is a method `unwrap` with a similar name
[INFO] [stdout]     |
[INFO] [stdout] 198 -         .test_unwrap()
[INFO] [stdout] 198 +         .unwrap()
[INFO] [stdout]     |
[INFO] [stdout] 
[INFO] [stdout] 
[INFO] [stdout] error[E0599]: no method named `test_unwrap_err` found for enum `Result<T, E>` in the current scope
[INFO] [stdout]    --> src/tests/versioning.rs:201:46
[INFO] [stdout]     |
[INFO] [stdout] 201 |     let error = verify_proof_bundle(&bundle).test_unwrap_err();
[INFO] [stdout]     |                                              ^^^^^^^^^^^^^^^
[INFO] [stdout]     |
[INFO] [stdout] help: there is a method `unwrap_err` with a similar name
[INFO] [stdout]     |
[INFO] [stdout] 201 -     let error = verify_proof_bundle(&bundle).test_unwrap_err();
[INFO] [stdout] 201 +     let error = verify_proof_bundle(&bundle).unwrap_err();
[INFO] [stdout]     |
[INFO] [stdout] 
[INFO] [stdout] 
[INFO] [stdout] error[E0599]: no method named `test_unwrap` found for enum `Result<T, E>` in the current scope
[INFO] [stdout]    --> src/lib.rs:366:10
[INFO] [stdout]     |
[INFO] [stdout] 363 |         serde_json::from_str(include_str!(
[INFO] [stdout] 364 |             "../../../../docs/standards/CHIO_ANCHOR_INCLUSION_PROOF_EXAMPLE.json"
[INFO] [stdout] 365 |         ))
[INFO] [stdout] 366 |         .test_unwrap()
[INFO] [stdout]     |          ^^^^^^^^^^^
[INFO] [stdout]     |
[INFO] [stdout] help: there is a method `unwrap` with a similar name
[INFO] [stdout]     |
[INFO] [stdout] 366 -         .test_unwrap()
[INFO] [stdout] 366 +         .unwrap()
[INFO] [stdout]     |
[INFO] [stdout] 
[INFO] [stdout] 
[INFO] [stdout] error[E0599]: no method named `test_unwrap` found for enum `Result<T, E>` in the current scope
[INFO] [stdout]    --> src/lib.rs:384:35
[INFO] [stdout]     |
[INFO] [stdout] 384 |         ots.to_writer(&mut bytes).test_unwrap();
[INFO] [stdout]     |                                   ^^^^^^^^^^^
[INFO] [stdout]     |
[INFO] [stdout] help: there is a method `unwrap` with a similar name
[INFO] [stdout]     |
[INFO] [stdout] 384 -         ots.to_writer(&mut bytes).test_unwrap();
[INFO] [stdout] 384 +         ots.to_writer(&mut bytes).unwrap();
[INFO] [stdout]     |
[INFO] [stdout] 
[INFO] [stdout] 
[INFO] [stdout] error[E0599]: no method named `test_unwrap` found for enum `Result<T, E>` in the current scope
[INFO] [stdout]    --> src/lib.rs:427:10
[INFO] [stdout]     |
[INFO] [stdout] 421 |         let submission = prepare_ots_submission(
[INFO] [stdout] 422 |             std::slice::from_ref(&checkpoint),
[INFO] [stdout] 423 |             &[String::from(
[INFO] [stdout] 424 |                 "https://alice.btc.calendar.opentimestamps.org",
[INFO] [stdout] 425 |             )],
[INFO] [stdout] 426 |         )
[INFO] [stdout] 427 |         .test_unwrap();
[INFO] [stdout]     |          ^^^^^^^^^^^
[INFO] [stdout]     |
[INFO] [stdout] help: there is a method `unwrap` with a similar name
[INFO] [stdout]     |
[INFO] [stdout] 427 -         .test_unwrap();
[INFO] [stdout] 427 +         .unwrap();
[INFO] [stdout]     |
[INFO] [stdout] 
[INFO] [stdout] 
[INFO] [stdout] error[E0599]: no method named `test_unwrap` found for enum `Result<T, E>` in the current scope
[INFO] [stdout]    --> src/lib.rs:436:10
[INFO] [stdout]     |
[INFO] [stdout] 429 |         let upgraded = attach_bitcoin_anchor(
[INFO] [stdout] 430 |             &proof,
[INFO] [stdout] 431 |             &submission,
[INFO] [stdout] 432 |             900_000,
[INFO] [stdout] 433 |             "0000000000000000000abc".to_string(),
[INFO] [stdout] 434 |             ots_proof,
[INFO] [stdout] 435 |         )
[INFO] [stdout] 436 |         .test_unwrap();
[INFO] [stdout]     |          ^^^^^^^^^^^
[INFO] [stdout]     |
[INFO] [stdout] help: there is a method `unwrap` with a similar name
[INFO] [stdout]     |
[INFO] [stdout] 436 -         .test_unwrap();
[INFO] [stdout] 436 +         .unwrap();
[INFO] [stdout]     |
[INFO] [stdout] 
[INFO] [stdout] 
[INFO] [stdout] error[E0599]: no method named `test_unwrap` found for enum `Result<T, E>` in the current scope
[INFO] [stdout]    --> src/lib.rs:519:10
[INFO] [stdout]     |
[INFO] [stdout] 500 |         let request = prepare_root_publication(
[INFO] [stdout] 501 |             &EvmAnchorTarget {
[INFO] [stdout] 502 |                 chain_id: "eip155:8453".to_string(),
[INFO] [stdout] 503 |                 rpc_url: "http://127.0.0.1:8545".to_string(),
[INFO] [stdout] 504 |                 contract_address: "0x1000000000000000000000000000000000000001".to_string(),
[INFO] [stdout] 505 |                 operator_address: proof
[INFO] [stdout] 506 |                     .key_binding_certificate
[INFO] [stdout] 507 |                     .certificate
[INFO] [stdout] 508 |                     .settlement_address
[INFO] [stdout] 509 |                     .clone(),
[INFO] [stdout] 510 |                 publisher_address: proof
[INFO] [stdout] 511 |                     .key_binding_certificate
[INFO] [stdout] 512 |                     .certificate
[INFO] [stdout] 513 |                     .settlement_address
[INFO] [stdout] 514 |                     .clone(),
[INFO] [stdout] 515 |             },
[INFO] [stdout] 516 |             &checkpoint,
[INFO] [stdout] 517 |             &proof.key_binding_certificate,
[INFO] [stdout] 518 |         )
[INFO] [stdout] 519 |         .test_unwrap();
[INFO] [stdout]     |          ^^^^^^^^^^^
[INFO] [stdout]     |
[INFO] [stdout] help: there is a method `unwrap` with a similar name
[INFO] [stdout]     |
[INFO] [stdout] 519 -         .test_unwrap();
[INFO] [stdout] 519 +         .unwrap();
[INFO] [stdout]     |
[INFO] [stdout] 
[INFO] [stdout] 
[INFO] [stdout] error[E0599]: no method named `test_unwrap` found for enum `Result<T, E>` in the current scope
[INFO] [stdout]    --> src/lib.rs:539:10
[INFO] [stdout]     |
[INFO] [stdout] 533 |         let submission = prepare_ots_submission(
[INFO] [stdout] 534 |             std::slice::from_ref(&checkpoint),
[INFO] [stdout] 535 |             &[String::from(
[INFO] [stdout] 536 |                 "https://alice.btc.calendar.opentimestamps.org",
[INFO] [stdout] 537 |             )],
[INFO] [stdout] 538 |         )
[INFO] [stdout] 539 |         .test_unwrap();
[INFO] [stdout]     |          ^^^^^^^^^^^
[INFO] [stdout]     |
[INFO] [stdout] help: there is a method `unwrap` with a similar name
[INFO] [stdout]     |
[INFO] [stdout] 539 -         .test_unwrap();
[INFO] [stdout] 539 +         .unwrap();
[INFO] [stdout]     |
[INFO] [stdout] 
[INFO] [stdout] 
[INFO] [stdout] error[E0599]: no method named `test_unwrap` found for enum `Result<T, E>` in the current scope
[INFO] [stdout]    --> src/lib.rs:549:10
[INFO] [stdout]     |
[INFO] [stdout] 542 |         let upgraded = attach_bitcoin_anchor(
[INFO] [stdout] 543 |             &proof,
[INFO] [stdout] 544 |             &submission,
[INFO] [stdout] 545 |             900_000,
[INFO] [stdout] 546 |             "0000000000000000000abc".to_string(),
[INFO] [stdout] 547 |             ots_proof,
[INFO] [stdout] 548 |         )
[INFO] [stdout] 549 |         .test_unwrap();
[INFO] [stdout]     |          ^^^^^^^^^^^
[INFO] [stdout]     |
[INFO] [stdout] help: there is a method `unwrap` with a similar name
[INFO] [stdout]     |
[INFO] [stdout] 549 -         .test_unwrap();
[INFO] [stdout] 549 +         .unwrap();
[INFO] [stdout]     |
[INFO] [stdout] 
[INFO] [stdout] 
[INFO] [stdout] error[E0599]: no method named `test_unwrap` found for enum `Result<T, E>` in the current scope
[INFO] [stdout]    --> src/lib.rs:565:10
[INFO] [stdout]     |
[INFO] [stdout] 559 |         let submission = prepare_ots_submission(
[INFO] [stdout] 560 |             std::slice::from_ref(&checkpoint),
[INFO] [stdout] 561 |             &[String::from(
[INFO] [stdout] 562 |                 "https://alice.btc.calendar.opentimestamps.org",
[INFO] [stdout] 563 |             )],
[INFO] [stdout] 564 |         )
[INFO] [stdout] 565 |         .test_unwrap();
[INFO] [stdout]     |          ^^^^^^^^^^^
[INFO] [stdout]     |
[INFO] [stdout] help: there is a method `unwrap` with a similar name
[INFO] [stdout]     |
[INFO] [stdout] 565 -         .test_unwrap();
[INFO] [stdout] 565 +         .unwrap();
[INFO] [stdout]     |
[INFO] [stdout] 
[INFO] [stdout] 
[INFO] [stdout] error[E0599]: no method named `test_unwrap` found for enum `Result<T, E>` in the current scope
[INFO] [stdout]    --> src/lib.rs:568:56
[INFO] [stdout]     |
[INFO] [stdout] 568 |         let inspection = inspect_ots_proof(&ots_proof).test_unwrap();
[INFO] [stdout]     |                                                        ^^^^^^^^^^^
[INFO] [stdout]     |
[INFO] [stdout] help: there is a method `unwrap` with a similar name
[INFO] [stdout]     |
[INFO] [stdout] 568 -         let inspection = inspect_ots_proof(&ots_proof).test_unwrap();
[INFO] [stdout] 568 +         let inspection = inspect_ots_proof(&ots_proof).unwrap();
[INFO] [stdout]     |
[INFO] [stdout] 
[INFO] [stdout] 
[INFO] [stdout] error[E0599]: no method named `test_unwrap` found for enum `Result<T, E>` in the current scope
[INFO] [stdout]    --> src/lib.rs:577:85
[INFO] [stdout]     |
[INFO] [stdout] 577 |             verify_ots_proof_for_submission(&submission, &ots_proof, Some(900_000)).test_unwrap();
[INFO] [stdout]     |                                                                                     ^^^^^^^^^^^
[INFO] [stdout]     |
[INFO] [stdout] help: there is a method `unwrap` with a similar name
[INFO] [stdout]     |
[INFO] [stdout] 577 -             verify_ots_proof_for_submission(&submission, &ots_proof, Some(900_000)).test_unwrap();
[INFO] [stdout] 577 +             verify_ots_proof_for_submission(&submission, &ots_proof, Some(900_000)).unwrap();
[INFO] [stdout]     |
[INFO] [stdout] 
[INFO] [stdout] 
[INFO] [stdout] error[E0599]: no method named `test_unwrap` found for enum `Result<T, E>` in the current scope
[INFO] [stdout]    --> src/lib.rs:591:10
[INFO] [stdout]     |
[INFO] [stdout] 585 |         let submission = prepare_ots_submission(
[INFO] [stdout] 586 |             std::slice::from_ref(&checkpoint),
[INFO] [stdout] 587 |             &[String::from(
[INFO] [stdout] 588 |                 "https://alice.btc.calendar.opentimestamps.org",
[INFO] [stdout] 589 |             )],
[INFO] [stdout] 590 |         )
[INFO] [stdout] 591 |         .test_unwrap();
[INFO] [stdout]     |          ^^^^^^^^^^^
[INFO] [stdout]     |
[INFO] [stdout] help: there is a method `unwrap` with a similar name
[INFO] [stdout]     |
[INFO] [stdout] 591 -         .test_unwrap();
[INFO] [stdout] 591 +         .unwrap();
[INFO] [stdout]     |
[INFO] [stdout] 
[INFO] [stdout] 
[INFO] [stdout] error[E0599]: no method named `test_unwrap` found for enum `Result<T, E>` in the current scope
[INFO] [stdout]    --> src/lib.rs:600:10
[INFO] [stdout]     |
[INFO] [stdout] 593 |         let upgraded = attach_bitcoin_anchor(
[INFO] [stdout] 594 |             &proof,
[INFO] [stdout] 595 |             &submission,
[INFO] [stdout] 596 |             900_000,
[INFO] [stdout] 597 |             "0000000000000000000abc".to_string(),
[INFO] [stdout] 598 |             ots_proof,
[INFO] [stdout] 599 |         )
[INFO] [stdout] 600 |         .test_unwrap();
[INFO] [stdout]     |          ^^^^^^^^^^^
[INFO] [stdout]     |
[INFO] [stdout] help: there is a method `unwrap` with a similar name
[INFO] [stdout]     |
[INFO] [stdout] 600 -         .test_unwrap();
[INFO] [stdout] 600 +         .unwrap();
[INFO] [stdout]     |
[INFO] [stdout] 
[INFO] [stdout] 
[INFO] [stdout] error[E0599]: no method named `test_unwrap` found for enum `Result<T, E>` in the current scope
[INFO] [stdout]    --> src/lib.rs:602:69
[INFO] [stdout]     |
[INFO] [stdout] 602 |         let inspection = verify_bitcoin_anchor_for_proof(&upgraded).test_unwrap();
[INFO] [stdout]     |                                                                     ^^^^^^^^^^^
[INFO] [stdout]     |
[INFO] [stdout] help: there is a method `unwrap` with a similar name
[INFO] [stdout]     |
[INFO] [stdout] 602 -         let inspection = verify_bitcoin_anchor_for_proof(&upgraded).test_unwrap();
[INFO] [stdout] 602 +         let inspection = verify_bitcoin_anchor_for_proof(&upgraded).unwrap();
[INFO] [stdout]     |
[INFO] [stdout] 
[INFO] [stdout] 
[INFO] [stdout] error[E0599]: no method named `test_unwrap` found for enum `Result<T, E>` in the current scope
[INFO] [stdout]    --> src/lib.rs:616:51
[INFO] [stdout]     |
[INFO] [stdout] 616 |         let report = verify_proof_bundle(&bundle).test_unwrap();
[INFO] [stdout]     |                                                   ^^^^^^^^^^^
[INFO] [stdout]     |
[INFO] [stdout] help: there is a method `unwrap` with a similar name
[INFO] [stdout]     |
[INFO] [stdout] 616 -         let report = verify_proof_bundle(&bundle).test_unwrap();
[INFO] [stdout] 616 +         let report = verify_proof_bundle(&bundle).unwrap();
[INFO] [stdout]     |
[INFO] [stdout] 
[INFO] [stdout] 
[INFO] [stdout] error[E0599]: no method named `test_unwrap` found for enum `Result<T, E>` in the current scope
[INFO] [stdout]    --> src/lib.rs:634:10
[INFO] [stdout]     |
[INFO] [stdout] 628 |         let submission = prepare_ots_submission(
[INFO] [stdout] 629 |             std::slice::from_ref(&checkpoint),
[INFO] [stdout] 630 |             &[String::from(
[INFO] [stdout] 631 |                 "https://alice.btc.calendar.opentimestamps.org",
[INFO] [stdout] 632 |             )],
[INFO] [stdout] 633 |         )
[INFO] [stdout] 634 |         .test_unwrap();
[INFO] [stdout]     |          ^^^^^^^^^^^
[INFO] [stdout]     |
[INFO] [stdout] help: there is a method `unwrap` with a similar name
[INFO] [stdout]     |
[INFO] [stdout] 634 -         .test_unwrap();
[INFO] [stdout] 634 +         .unwrap();
[INFO] [stdout]     |
[INFO] [stdout] 
[INFO] [stdout] 
[INFO] [stdout] error[E0599]: no method named `test_unwrap` found for enum `Result<T, E>` in the current scope
[INFO] [stdout]    --> src/lib.rs:643:10
[INFO] [stdout]     |
[INFO] [stdout] 636 |         let mut upgraded = attach_bitcoin_anchor(
[INFO] [stdout] 637 |             &proof,
[INFO] [stdout] 638 |             &submission,
[INFO] [stdout] 639 |             900_000,
[INFO] [stdout] 640 |             "0000000000000000000abc".to_string(),
[INFO] [stdout] 641 |             ots_proof,
[INFO] [stdout] 642 |         )
[INFO] [stdout] 643 |         .test_unwrap();
[INFO] [stdout]     |          ^^^^^^^^^^^
[INFO] [stdout]     |
[INFO] [stdout] help: there is a method `unwrap` with a similar name
[INFO] [stdout]     |
[INFO] [stdout] 643 -         .test_unwrap();
[INFO] [stdout] 643 +         .unwrap();
[INFO] [stdout]     |
[INFO] [stdout] 
[INFO] [stdout] 
[INFO] [stdout] error[E0599]: no method named `test_unwrap_err` found for enum `Result<T, E>` in the current scope
[INFO] [stdout]    --> src/lib.rs:650:64
[INFO] [stdout]     |
[INFO] [stdout] 650 |         let error = verify_bitcoin_anchor_for_proof(&upgraded).test_unwrap_err();
[INFO] [stdout]     |                                                                ^^^^^^^^^^^^^^^
[INFO] [stdout]     |
[INFO] [stdout] help: there is a method `unwrap_err` with a similar name
[INFO] [stdout]     |
[INFO] [stdout] 650 -         let error = verify_bitcoin_anchor_for_proof(&upgraded).test_unwrap_err();
[INFO] [stdout] 650 +         let error = verify_bitcoin_anchor_for_proof(&upgraded).unwrap_err();
[INFO] [stdout]     |
[INFO] [stdout] 
[INFO] [stdout] 
[INFO] [stdout] error[E0599]: no method named `test_unwrap` found for enum `Result<T, E>` in the current scope
[INFO] [stdout]    --> src/lib.rs:665:10
[INFO] [stdout]     |
[INFO] [stdout] 660 |         let prepared = prepare_solana_memo_publication(
[INFO] [stdout] 661 |             &checkpoint,
[INFO] [stdout] 662 |             "solana:mainnet-beta",
[INFO] [stdout] 663 |             "7xKXtg2CW9Q4hN7kD6A6tVWyQGm9Xxq6u9rY2T6yQkZp",
[INFO] [stdout] 664 |         )
[INFO] [stdout] 665 |         .test_unwrap();
[INFO] [stdout]     |          ^^^^^^^^^^^
[INFO] [stdout]     |
[INFO] [stdout] help: there is a method `unwrap` with a similar name
[INFO] [stdout]     |
[INFO] [stdout] 665 -         .test_unwrap();
[INFO] [stdout] 665 +         .unwrap();
[INFO] [stdout]     |
[INFO] [stdout] 
[INFO] [stdout] 
[INFO] [stdout] error[E0599]: no method named `test_unwrap` found for enum `Result<T, E>` in the current scope
[INFO] [stdout]    --> src/lib.rs:680:51
[INFO] [stdout]     |
[INFO] [stdout] 680 |         let report = verify_proof_bundle(&bundle).test_unwrap();
[INFO] [stdout]     |                                                   ^^^^^^^^^^^
[INFO] [stdout]     |
[INFO] [stdout] help: there is a method `unwrap` with a similar name
[INFO] [stdout]     |
[INFO] [stdout] 680 -         let report = verify_proof_bundle(&bundle).test_unwrap();
[INFO] [stdout] 680 +         let report = verify_proof_bundle(&bundle).unwrap();
[INFO] [stdout]     |
[INFO] [stdout] 
[INFO] [stdout] 
[INFO] [stdout] error[E0599]: no method named `test_unwrap` found for enum `Result<T, E>` in the current scope
[INFO] [stdout]    --> src/lib.rs:697:10
[INFO] [stdout]     |
[INFO] [stdout] 692 |         let prepared = prepare_solana_memo_publication(
[INFO] [stdout] 693 |             &checkpoint,
[INFO] [stdout] 694 |             "solana:mainnet-beta",
[INFO] [stdout] 695 |             "7xKXtg2CW9Q4hN7kD6A6tVWyQGm9Xxq6u9rY2T6yQkZp",
[INFO] [stdout] 696 |         )
[INFO] [stdout] 697 |         .test_unwrap();
[INFO] [stdout]     |          ^^^^^^^^^^^
[INFO] [stdout]     |
[INFO] [stdout] help: there is a method `unwrap` with a similar name
[INFO] [stdout]     |
[INFO] [stdout] 697 -         .test_unwrap();
[INFO] [stdout] 697 +         .unwrap();
[INFO] [stdout]     |
[INFO] [stdout] 
[INFO] [stdout] 
[INFO] [stdout] error[E0599]: no method named `test_unwrap_err` found for enum `Result<T, E>` in the current scope
[INFO] [stdout]    --> src/lib.rs:714:50
[INFO] [stdout]     |
[INFO] [stdout] 714 |         let error = verify_proof_bundle(&bundle).test_unwrap_err();
[INFO] [stdout]     |                                                  ^^^^^^^^^^^^^^^
[INFO] [stdout]     |
[INFO] [stdout] help: there is a method `unwrap_err` with a similar name
[INFO] [stdout]     |
[INFO] [stdout] 714 -         let error = verify_proof_bundle(&bundle).test_unwrap_err();
[INFO] [stdout] 714 +         let error = verify_proof_bundle(&bundle).unwrap_err();
[INFO] [stdout]     |
[INFO] [stdout] 
[INFO] [stdout] 
[INFO] [stdout] error[E0599]: no method named `test_unwrap` found for enum `Result<T, E>` in the current scope
[INFO] [stdout]    --> src/lib.rs:736:10
[INFO] [stdout]     |
[INFO] [stdout] 729 |         let projected = build_anchor_inclusion_proof(
[INFO] [stdout] 730 |             proof.receipt.clone(),
[INFO] [stdout] 731 |             &inclusion,
[INFO] [stdout] 732 |             &checkpoint,
[INFO] [stdout] 733 |             proof.chain_anchor.clone(),
[INFO] [stdout] 734 |             proof.key_binding_certificate.clone(),
[INFO] [stdout] 735 |         )
[INFO] [stdout] 736 |         .test_unwrap();
[INFO] [stdout]     |          ^^^^^^^^^^^
[INFO] [stdout]     |
[INFO] [stdout] help: there is a method `unwrap` with a similar name
[INFO] [stdout]     |
[INFO] [stdout] 736 -         .test_unwrap();
[INFO] [stdout] 736 +         .unwrap();
[INFO] [stdout]     |
[INFO] [stdout] 
[INFO] [stdout] 
[INFO] [stdout] error[E0599]: no method named `test_unwrap` found for enum `Result<T, E>` in the current scope
[INFO] [stdout]    --> src/lib.rs:762:10
[INFO] [stdout]     |
[INFO] [stdout] 743 |         let discovery = build_anchor_discovery_artifact_with_runtime(
[INFO] [stdout] 744 |             &sample_discovery_config(
[INFO] [stdout] 745 |                 bundle
[INFO] [stdout] 746 |                     .primary_proof
[INFO] [stdout] 747 |                     .key_binding_certificate
[INFO] [stdout] 748 |                     .certificate
[INFO] [stdout] 749 |                     .settlement_address
[INFO] [stdout] 750 |                     .clone(),
[INFO] [stdout] 751 |                 false,
[INFO] [stdout] 752 |             ),
[INFO] [stdout] 753 |             &bundle.primary_proof.key_binding_certificate,
[INFO] [stdout] 754 |             &sample_runtime_report(
[INFO] [stdout] 755 |                 AnchorEmergencyMode::PublishPaused,
[INFO] [stdout] 756 |                 AnchorLaneHealthStatus::Healthy,
[INFO] [stdout] 757 |                 42,
[INFO] [stdout] 758 |                 Some(1_775_137_760),
[INFO] [stdout] 759 |             ),
[INFO] [stdout] 760 |             120,
[INFO] [stdout] 761 |         )
[INFO] [stdout] 762 |         .test_unwrap();
[INFO] [stdout]     |          ^^^^^^^^^^^
[INFO] [stdout]     |
[INFO] [stdout] help: there is a method `unwrap` with a similar name
[INFO] [stdout]     |
[INFO] [stdout] 762 -         .test_unwrap();
[INFO] [stdout] 762 +         .unwrap();
[INFO] [stdout]     |
[INFO] [stdout] 
[INFO] [stdout] 
[INFO] [stdout] error[E0599]: no method named `test_unwrap_err` found for enum `Result<T, E>` in the current scope
[INFO] [stdout]    --> src/lib.rs:764:77
[INFO] [stdout]     |
[INFO] [stdout] 764 |         let error = verify_proof_bundle_with_discovery(&bundle, &discovery).test_unwrap_err();
[INFO] [stdout]     |                                                                             ^^^^^^^^^^^^^^^
[INFO] [stdout]     |
[INFO] [stdout] help: there is a method `unwrap_err` with a similar name
[INFO] [stdout]     |
[INFO] [stdout] 764 -         let error = verify_proof_bundle_with_discovery(&bundle, &discovery).test_unwrap_err();
[INFO] [stdout] 764 +         let error = verify_proof_bundle_with_discovery(&bundle, &discovery).unwrap_err();
[INFO] [stdout]     |
[INFO] [stdout] 
[INFO] [stdout] 
[INFO] [stdout] error[E0599]: no method named `test_unwrap` found for enum `Result<T, E>` in the current scope
[INFO] [stdout]    --> src/lib.rs:791:10
[INFO] [stdout]     |
[INFO] [stdout] 772 |         let discovery = build_anchor_discovery_artifact_with_runtime(
[INFO] [stdout] 773 |             &sample_discovery_config(
[INFO] [stdout] 774 |                 bundle
[INFO] [stdout] 775 |                     .primary_proof
[INFO] [stdout] 776 |                     .key_binding_certificate
[INFO] [stdout] 777 |                     .certificate
[INFO] [stdout] 778 |                     .settlement_address
[INFO] [stdout] 779 |                     .clone(),
[INFO] [stdout] 780 |                 true,
[INFO] [stdout] 781 |             ),
[INFO] [stdout] 782 |             &bundle.primary_proof.key_binding_certificate,
[INFO] [stdout] 783 |             &sample_runtime_report(
[INFO] [stdout] 784 |                 AnchorEmergencyMode::Normal,
[INFO] [stdout] 785 |                 AnchorLaneHealthStatus::Healthy,
[INFO] [stdout] 786 |                 42,
[INFO] [stdout] 787 |                 Some(1_775_137_760),
[INFO] [stdout] 788 |             ),
[INFO] [stdout] 789 |             120,
[INFO] [stdout] 790 |         )
[INFO] [stdout] 791 |         .test_unwrap();
[INFO] [stdout]     |          ^^^^^^^^^^^
[INFO] [stdout]     |
[INFO] [stdout] help: there is a method `unwrap` with a similar name
[INFO] [stdout]     |
[INFO] [stdout] 791 -         .test_unwrap();
[INFO] [stdout] 791 +         .unwrap();
[INFO] [stdout]     |
[INFO] [stdout] 
[INFO] [stdout] 
[INFO] [stdout] error[E0599]: no method named `test_unwrap_err` found for enum `Result<T, E>` in the current scope
[INFO] [stdout]    --> src/lib.rs:793:77
[INFO] [stdout]     |
[INFO] [stdout] 793 |         let error = verify_proof_bundle_with_discovery(&bundle, &discovery).test_unwrap_err();
[INFO] [stdout]     |                                                                             ^^^^^^^^^^^^^^^
[INFO] [stdout]     |
[INFO] [stdout] help: there is a method `unwrap_err` with a similar name
[INFO] [stdout]     |
[INFO] [stdout] 793 -         let error = verify_proof_bundle_with_discovery(&bundle, &discovery).test_unwrap_err();
[INFO] [stdout] 793 +         let error = verify_proof_bundle_with_discovery(&bundle, &discovery).unwrap_err();
[INFO] [stdout]     |
[INFO] [stdout] 
[INFO] [stdout] 
[INFO] [stdout] error[E0599]: no method named `test_unwrap` found for enum `Result<T, E>` in the current scope
[INFO] [stdout]    --> src/lib.rs:810:10
[INFO] [stdout]     |
[INFO] [stdout] 804 |         let projected = build_anchor_inclusion_proof_from_evidence_bundle(
[INFO] [stdout] 805 |             &bundle,
[INFO] [stdout] 806 |             &proof.receipt.id,
[INFO] [stdout] 807 |             proof.chain_anchor.clone(),
[INFO] [stdout] 808 |             proof.key_binding_certificate.clone(),
[INFO] [stdout] 809 |         )
[INFO] [stdout] 810 |         .test_unwrap();
[INFO] [stdout]     |          ^^^^^^^^^^^
[INFO] [stdout]     |
[INFO] [stdout] help: there is a method `unwrap` with a similar name
[INFO] [stdout]     |
[INFO] [stdout] 810 -         .test_unwrap();
[INFO] [stdout] 810 +         .unwrap();
[INFO] [stdout]     |
[INFO] [stdout] 
[INFO] [stdout] 
[INFO] [stdout] error[E0599]: no method named `test_unwrap_err` found for enum `Result<T, E>` in the current scope
[INFO] [stdout]    --> src/lib.rs:833:10
[INFO] [stdout]     |
[INFO] [stdout] 827 |         let error = build_anchor_inclusion_proof_from_evidence_bundle(
[INFO] [stdout] 828 |             &bundle,
[INFO] [stdout] 829 |             &proof.receipt.id,
[INFO] [stdout] 830 |             proof.chain_anchor.clone(),
[INFO] [stdout] 831 |             proof.key_binding_certificate.clone(),
[INFO] [stdout] 832 |         )
[INFO] [stdout] 833 |         .test_unwrap_err();
[INFO] [stdout]     |          ^^^^^^^^^^^^^^^
[INFO] [stdout]     |
[INFO] [stdout] help: there is a method `unwrap_err` with a similar name
[INFO] [stdout]     |
[INFO] [stdout] 833 -         .test_unwrap_err();
[INFO] [stdout] 833 +         .unwrap_err();
[INFO] [stdout]     |
[INFO] [stdout] 
[INFO] [stdout] 
[INFO] [stdout] error[E0599]: no method named `test_unwrap_err` found for enum `Result<T, E>` in the current scope
[INFO] [stdout]    --> src/lib.rs:850:10
[INFO] [stdout]     |
[INFO] [stdout] 844 |         let error = build_anchor_inclusion_proof_from_evidence_bundle(
[INFO] [stdout] 845 |             &bundle,
[INFO] [stdout] 846 |             &proof.receipt.id,
[INFO] [stdout] 847 |             proof.chain_anchor.clone(),
[INFO] [stdout] 848 |             proof.key_binding_certificate.clone(),
[INFO] [stdout] 849 |         )
[INFO] [stdout] 850 |         .test_unwrap_err();
[INFO] [stdout]     |          ^^^^^^^^^^^^^^^
[INFO] [stdout]     |
[INFO] [stdout] help: there is a method `unwrap_err` with a similar name
[INFO] [stdout]     |
[INFO] [stdout] 850 -         .test_unwrap_err();
[INFO] [stdout] 850 +         .unwrap_err();
[INFO] [stdout]     |
[INFO] [stdout] 
[INFO] [stdout] 
[INFO] [stdout] error[E0599]: no method named `test_unwrap` found for enum `Result<T, E>` in the current scope
[INFO] [stdout]    --> src/lib.rs:883:10
[INFO] [stdout]     |
[INFO] [stdout] 858 |         let discovery = build_anchor_discovery_artifact(
[INFO] [stdout] 859 |             &AnchorServiceConfig {
[INFO] [stdout] 860 |                 evm_targets: vec![
[INFO] [stdout] 861 |                     EvmAnchorTarget {
[INFO] [stdout] 862 |                         chain_id: "eip155:8453".to_string(),
[INFO] [stdout] 863 |                         rpc_url: "http://127.0.0.1:8545".to_string(),
[INFO] [stdout] 864 |                         contract_address: "0x1000000000000000000000000000000000000001".to_string(),
[INFO] [stdout] 865 |                         operator_address: "0x1111111111111111111111111111111111111111".to_string(),
[INFO] [stdout] 866 |                         publisher_address: "0x1111111111111111111111111111111111111111".to_string(),
[INFO] [stdout] 867 |                     },
[INFO] [stdout] 868 |                     EvmAnchorTarget {
[INFO] [stdout] 869 |                         chain_id: "eip155:42161".to_string(),
[INFO] [stdout] 870 |                         rpc_url: "http://127.0.0.1:8546".to_string(),
[INFO] [stdout] 871 |                         contract_address: "0x2000000000000000000000000000000000000001".to_string(),
[INFO] [stdout] 872 |                         operator_address: "0x1111111111111111111111111111111111111111".to_string(),
[INFO] [stdout] 873 |                         publisher_address: "0x2222222222222222222222222222222222222222".to_string(),
[INFO] [stdout] 874 |                     },
[INFO] [stdout] 875 |                 ],
[INFO] [stdout] 876 |                 ots_calendars: vec![String::from(
[INFO] [stdout] 877 |                     "https://alice.btc.calendar.opentimestamps.org",
[INFO] [stdout] 878 |                 )],
[INFO] [stdout] 879 |                 solana_cluster: Some("solana:mainnet-beta".to_string()),
[INFO] [stdout] 880 |             },
[INFO] [stdout] 881 |             &proof.key_binding_certificate,
[INFO] [stdout] 882 |         )
[INFO] [stdout] 883 |         .test_unwrap();
[INFO] [stdout]     |          ^^^^^^^^^^^
[INFO] [stdout]     |
[INFO] [stdout] help: there is a method `unwrap` with a similar name
[INFO] [stdout]     |
[INFO] [stdout] 883 -         .test_unwrap();
[INFO] [stdout] 883 +         .unwrap();
[INFO] [stdout]     |
[INFO] [stdout] 
[INFO] [stdout] 
[INFO] [stdout] error[E0599]: no method named `test_expect` found for enum `Result<T, E>` in the current scope
[INFO] [stdout]    --> src/lib.rs:906:14
[INFO] [stdout]     |
[INFO] [stdout] 905 |         let checkpoint = build_checkpoint(1, 1, 2, &[b"one".to_vec(), b"two".to_vec()], &keypair)
[INFO] [stdout] 906 |             .test_expect("checkpoint");
[INFO] [stdout]     |              ^^^^^^^^^^^
[INFO] [stdout]     |
[INFO] [stdout] help: there is a method `expect` with a similar name
[INFO] [stdout]     |
[INFO] [stdout] 906 -             .test_expect("checkpoint");
[INFO] [stdout] 906 +             .expect("checkpoint");
[INFO] [stdout]     |
[INFO] [stdout] 
[INFO] [stdout] 
[INFO] [stdout] error[E0599]: no method named `test_expect` found for enum `Result<T, E>` in the current scope
[INFO] [stdout]    --> src/lib.rs:908:58
[INFO] [stdout]     |
[INFO] [stdout] 908 |             build_checkpoint_transparency(&[checkpoint]).test_expect("transparency summary");
[INFO] [stdout]     |                                                          ^^^^^^^^^^^
[INFO] [stdout]     |
[INFO] [stdout] help: there is a method `expect` with a similar name
[INFO] [stdout]     |
[INFO] [stdout] 908 -             build_checkpoint_transparency(&[checkpoint]).test_expect("transparency summary");
[INFO] [stdout] 908 +             build_checkpoint_transparency(&[checkpoint]).expect("transparency summary");
[INFO] [stdout]     |
[INFO] [stdout] 
[INFO] [stdout] 
[INFO] [stdout] error[E0599]: no method named `test_unwrap_err` found for enum `Result<T, E>` in the current scope
[INFO] [stdout]    --> src/lib.rs:910:74
[INFO] [stdout]     |
[INFO] [stdout] 910 |         let error = verify_checkpoint_publication_records(&transparency).test_unwrap_err();
[INFO] [stdout]     |                                                                          ^^^^^^^^^^^^^^^
[INFO] [stdout]     |
[INFO] [stdout] help: there is a method `unwrap_err` with a similar name
[INFO] [stdout]     |
[INFO] [stdout] 910 -         let error = verify_checkpoint_publication_records(&transparency).test_unwrap_err();
[INFO] [stdout] 910 +         let error = verify_checkpoint_publication_records(&transparency).unwrap_err();
[INFO] [stdout]     |
[INFO] [stdout] 
[INFO] [stdout] 
[INFO] [stdout] error[E0599]: no method named `test_expect` found for enum `Result<T, E>` in the current scope
[INFO] [stdout]    --> src/lib.rs:921:14
[INFO] [stdout]     |
[INFO] [stdout] 920 |         let checkpoint = build_checkpoint(1, 1, 2, &[b"one".to_vec(), b"two".to_vec()], &keypair)
[INFO] [stdout] 921 |             .test_expect("checkpoint");
[INFO] [stdout]     |              ^^^^^^^^^^^
[INFO] [stdout]     |
[INFO] [stdout] help: there is a method `expect` with a similar name
[INFO] [stdout]     |
[INFO] [stdout] 921 -             .test_expect("checkpoint");
[INFO] [stdout] 921 +             .expect("checkpoint");
[INFO] [stdout]     |
[INFO] [stdout] 
[INFO] [stdout] 
[INFO] [stdout] error[E0599]: no method named `test_expect` found for enum `Result<T, E>` in the current scope
[INFO] [stdout]    --> src/lib.rs:938:10
[INFO] [stdout]     |
[INFO] [stdout] 922 |         let mut publication = build_trust_anchored_checkpoint_publication(
[INFO] [stdout] 923 |             &checkpoint,
[INFO] [stdout] 924 |             CheckpointPublicationTrustAnchorBinding {
[INFO] [stdout] 925 |                 publication_identity: CheckpointPublicationIdentity::new(
[INFO] [stdout] 926 |                     CheckpointPublicationIdentityKind::TransparencyService,
[INFO] [stdout] 927 |                     "transparency.example/checkpoints/1",
[INFO] [stdout] 928 |                 ),
[INFO] [stdout] 929 |                 trust_anchor_identity: CheckpointTrustAnchorIdentity::new(
[INFO] [stdout] 930 |                     CheckpointTrustAnchorIdentityKind::Did,
[INFO] [stdout] 931 |                     "did:chio:operator-root",
[INFO] [stdout] 932 |                 ),
[INFO] [stdout] 933 |                 trust_anchor_ref: "chio_checkpoint_witness_chain".to_string(),
[INFO] [stdout] 934 |                 signer_cert_ref: "did:web:chio.example#checkpoint-signer".to_string(),
[INFO] [stdout] 935 |                 publication_profile_version: "phase4-preview.v1".to_string(),
[INFO] [stdout] 936 |             },
[INFO] [stdout] 937 |         )
[INFO] [stdout] 938 |         .test_expect("trust-anchored publication");
[INFO] [stdout]     |          ^^^^^^^^^^^
[INFO] [stdout]     |
[INFO] [stdout] help: there is a method `expect` with a similar name
[INFO] [stdout]     |
[INFO] [stdout] 938 -         .test_expect("trust-anchored publication");
[INFO] [stdout] 938 +         .expect("trust-anchored publication");
[INFO] [stdout]     |
[INFO] [stdout] 
[INFO] [stdout] 
[INFO] [stdout] error[E0599]: no method named `test_unwrap_err` found for enum `Result<T, E>` in the current scope
[INFO] [stdout]    --> src/lib.rs:952:74
[INFO] [stdout]     |
[INFO] [stdout] 952 |         let error = verify_checkpoint_publication_records(&transparency).test_unwrap_err();
[INFO] [stdout]     |                                                                          ^^^^^^^^^^^^^^^
[INFO] [stdout]     |
[INFO] [stdout] help: there is a method `unwrap_err` with a similar name
[INFO] [stdout]     |
[INFO] [stdout] 952 -         let error = verify_checkpoint_publication_records(&transparency).test_unwrap_err();
[INFO] [stdout] 952 +         let error = verify_checkpoint_publication_records(&transparency).unwrap_err();
[INFO] [stdout]     |
[INFO] [stdout] 
[INFO] [stdout] 
[INFO] [stdout] error[E0599]: no method named `test_expect` found for enum `Result<T, E>` in the current scope
[INFO] [stdout]    --> src/lib.rs:961:14
[INFO] [stdout]     |
[INFO] [stdout] 960 |         let first = build_checkpoint(1, 1, 2, &[b"one".to_vec(), b"two".to_vec()], &keypair)
[INFO] [stdout] 961 |             .test_expect("first checkpoint");
[INFO] [stdout]     |              ^^^^^^^^^^^
[INFO] [stdout]     |
[INFO] [stdout] help: there is a method `expect` with a similar name
[INFO] [stdout]     |
[INFO] [stdout] 961 -             .test_expect("first checkpoint");
[INFO] [stdout] 961 +             .expect("first checkpoint");
[INFO] [stdout]     |
[INFO] [stdout] 
[INFO] [stdout] 
[INFO] [stdout] error[E0599]: no method named `test_expect` found for enum `Result<T, E>` in the current scope
[INFO] [stdout]    --> src/lib.rs:964:18
[INFO] [stdout]     |
[INFO] [stdout] 963 |             build_checkpoint(2, 1, 2, &[b"one".to_vec(), b"changed".to_vec()], &keypair)
[INFO] [stdout] 964 |                 .test_expect("conflicting checkpoint");
[INFO] [stdout]     |                  ^^^^^^^^^^^
[INFO] [stdout]     |
[INFO] [stdout] help: there is a method `expect` with a similar name
[INFO] [stdout]     |
[INFO] [stdout] 964 -                 .test_expect("conflicting checkpoint");
[INFO] [stdout] 964 +                 .expect("conflicting checkpoint");
[INFO] [stdout]     |
[INFO] [stdout] 
[INFO] [stdout] 
[INFO] [stdout] error[E0599]: no method named `test_expect` found for enum `Result<T, E>` in the current scope
[INFO] [stdout]    --> src/lib.rs:966:14
[INFO] [stdout]     |
[INFO] [stdout] 965 |         let transparency = build_checkpoint_transparency(&[first, conflicting])
[INFO] [stdout] 966 |             .test_expect("transparency summary");
[INFO] [stdout]     |              ^^^^^^^^^^^
[INFO] [stdout]     |
[INFO] [stdout] help: there is a method `expect` with a similar name
[INFO] [stdout]     |
[INFO] [stdout] 966 -             .test_expect("transparency summary");
[INFO] [stdout] 966 +             .expect("transparency summary");
[INFO] [stdout]     |
[INFO] [stdout] 
[INFO] [stdout] 
[INFO] [stdout] error[E0599]: no method named `test_unwrap_err` found for enum `Result<T, E>` in the current scope
[INFO] [stdout]    --> src/lib.rs:968:74
[INFO] [stdout]     |
[INFO] [stdout] 968 |         let error = verify_checkpoint_publication_records(&transparency).test_unwrap_err();
[INFO] [stdout]     |                                                                          ^^^^^^^^^^^^^^^
[INFO] [stdout]     |
[INFO] [stdout] help: there is a method `unwrap_err` with a similar name
[INFO] [stdout]     |
[INFO] [stdout] 968 -         let error = verify_checkpoint_publication_records(&transparency).test_unwrap_err();
[INFO] [stdout] 968 +         let error = verify_checkpoint_publication_records(&transparency).unwrap_err();
[INFO] [stdout]     |
[INFO] [stdout] 
[INFO] [stdout] 
[INFO] [stdout] Some errors have detailed explanations: E0433, E0599.
[INFO] [stdout] 
[INFO] [stdout] For more information about an error, try `rustc --explain E0433`.
[INFO] [stdout] 
[INFO] [stderr] error: could not compile `chio-anchor` (lib test) due to 180 previous errors
[INFO] running `Command { std: "docker" "inspect" "edd21393482b97cd39e161fd15e9db80fb01c02dbc05a8a5d1d383b17b5979f2", kill_on_drop: false }`
[INFO] running `Command { std: "docker" "rm" "-f" "edd21393482b97cd39e161fd15e9db80fb01c02dbc05a8a5d1d383b17b5979f2", kill_on_drop: false }`
[INFO] [stdout] edd21393482b97cd39e161fd15e9db80fb01c02dbc05a8a5d1d383b17b5979f2
