[INFO] fetching crate chio-agent-web-interop 0.1.2...
[INFO] checking chio-agent-web-interop-0.1.2 against 3154cc1a3e6424e44f438a95007d043ed5ceaaf6+rustflags=-Znext-solver=coherence for pr-133502-30
[INFO] extracting crate chio-agent-web-interop 0.1.2 into /workspace/builds/worker-0-tc1/source
[INFO] started tweaking crates.io crate chio-agent-web-interop 0.1.2
[INFO] removed 0 missing tests
[INFO] finished tweaking crates.io crate chio-agent-web-interop 0.1.2
[INFO] tweaked toml for crates.io crate chio-agent-web-interop 0.1.2 written to /workspace/builds/worker-0-tc1/source/Cargo.toml
[INFO] validating manifest of crates.io crate chio-agent-web-interop 0.1.2 on toolchain 3154cc1a3e6424e44f438a95007d043ed5ceaaf6
[INFO] running `Command { std: CARGO_HOME="/workspace/cargo-home" RUSTUP_HOME="/workspace/rustup-home" "/workspace/cargo-home/bin/cargo" "+3154cc1a3e6424e44f438a95007d043ed5ceaaf6" "metadata" "--manifest-path" "Cargo.toml" "--no-deps", kill_on_drop: false }`
[INFO] crate crates.io crate chio-agent-web-interop 0.1.2 already has a lockfile, it will not be regenerated
[INFO] running `Command { std: CARGO_HOME="/workspace/cargo-home" RUSTUP_HOME="/workspace/rustup-home" "/workspace/cargo-home/bin/cargo" "+3154cc1a3e6424e44f438a95007d043ed5ceaaf6" "fetch" "--manifest-path" "Cargo.toml", kill_on_drop: false }`
[INFO] [stderr]     Updating crates.io index
[INFO] [stderr]  Downloading crates ...
[INFO] [stderr]   Downloaded fluent-uri v0.4.1
[INFO] [stderr]   Downloaded micromap v0.3.0
[INFO] [stderr]   Downloaded uuid-simd v0.8.0
[INFO] [stderr]   Downloaded num-cmp v0.1.0
[INFO] [stderr]   Downloaded num v0.4.3
[INFO] [stderr]   Downloaded borrow-or-share v0.2.4
[INFO] [stderr]   Downloaded chio-risk-comptroller v0.1.2
[INFO] [stderr]   Downloaded email_address v0.2.9
[INFO] [stderr]   Downloaded bytecount v0.6.9
[INFO] [stderr]   Downloaded chio-commerce-order v0.1.2
[INFO] [stderr]   Downloaded referencing v0.46.0
[INFO] [stderr]   Downloaded fraction v0.15.3
[INFO] [stderr]   Downloaded chio-transaction-passport v0.1.2
[INFO] [stderr]   Downloaded jsonschema v0.46.0
[INFO] [stderr]   Downloaded chio-core-types v0.1.2
[INFO] running `Command { std: "docker" "create" "-v" "/var/lib/crater-agent-workspace/builds/worker-0-tc1/source:/opt/rustwide/workdir:ro,Z" "-v" "/var/lib/crater-agent-workspace/builds/worker-0-tc1/target:/opt/rustwide/target:rw,Z" "-v" "/var/lib/crater-agent-workspace/cargo-home:/opt/rustwide/cargo-home:ro,Z" "-v" "/var/lib/crater-agent-workspace/rustup-home:/opt/rustwide/rustup-home:ro,Z" "-m" "1610612736" "--network" "none" "ghcr.io/rust-lang/crates-build-env/linux@sha256:77db811e55d90add9212f6832c23229e3de5f1c1f9905e8cb07319ea15df73ac" "sleep" "infinity", kill_on_drop: false }`
[INFO] [stdout] 7d7b6405ff6cfded3cb48d12fbf9ee661c52705464c3c7b7c2f747753ceb0efe
[INFO] running `Command { std: "docker" "start" "7d7b6405ff6cfded3cb48d12fbf9ee661c52705464c3c7b7c2f747753ceb0efe", kill_on_drop: false }`
[INFO] running `Command { std: "docker" "inspect" "7d7b6405ff6cfded3cb48d12fbf9ee661c52705464c3c7b7c2f747753ceb0efe", kill_on_drop: false }`
[INFO] running `Command { std: "docker" "exec" "-e" "SOURCE_DIR=/opt/rustwide/workdir" "-e" "CARGO_HOME=/opt/rustwide/cargo-home" "-e" "RUSTUP_HOME=/opt/rustwide/rustup-home" "-e" "CARGO_TARGET_DIR=/opt/rustwide/target" "-w" "/opt/rustwide/workdir" "--user" "0:0" "7d7b6405ff6cfded3cb48d12fbf9ee661c52705464c3c7b7c2f747753ceb0efe" "/opt/rustwide/cargo-home/bin/cargo" "+3154cc1a3e6424e44f438a95007d043ed5ceaaf6" "metadata" "--no-deps" "--format-version=1", kill_on_drop: false }`
[INFO] running `Command { std: "docker" "inspect" "7d7b6405ff6cfded3cb48d12fbf9ee661c52705464c3c7b7c2f747753ceb0efe", kill_on_drop: false }`
[INFO] running `Command { std: "docker" "exec" "-e" "SOURCE_DIR=/opt/rustwide/workdir" "-e" "CARGO_HOME=/opt/rustwide/cargo-home" "-e" "RUSTUP_HOME=/opt/rustwide/rustup-home" "-e" "CARGO_TARGET_DIR=/opt/rustwide/target" "-e" "CARGO_INCREMENTAL=0" "-e" "RUST_BACKTRACE=full" "-e" "RUSTFLAGS=--cap-lints=forbid -Znext-solver=coherence" "-e" "RUSTDOCFLAGS=--cap-lints=forbid" "-w" "/opt/rustwide/workdir" "--user" "0:0" "7d7b6405ff6cfded3cb48d12fbf9ee661c52705464c3c7b7c2f747753ceb0efe" "/opt/rustwide/cargo-home/bin/cargo" "+3154cc1a3e6424e44f438a95007d043ed5ceaaf6" "check" "--frozen" "--all" "--all-targets" "--message-format=json", kill_on_drop: false }`
[INFO] [stderr]    Compiling proc-macro2 v1.0.106
[INFO] [stderr]    Compiling quote v1.0.45
[INFO] [stderr]    Compiling libc v0.2.183
[INFO] [stderr]    Compiling autocfg v1.5.0
[INFO] [stderr]    Compiling generic-array v0.14.7
[INFO] [stderr]    Compiling serde_core v1.0.228
[INFO] [stderr]     Checking typenum v1.20.0
[INFO] [stderr]     Checking litemap v0.8.1
[INFO] [stderr]     Checking writeable v0.6.2
[INFO] [stderr]    Compiling serde v1.0.228
[INFO] [stderr]     Checking memchr v2.8.0
[INFO] [stderr]    Compiling num-traits v0.2.19
[INFO] [stderr]    Compiling zmij v1.0.21
[INFO] [stderr]    Compiling semver v1.0.27
[INFO] [stderr]    Compiling serde_json v1.0.149
[INFO] [stderr]    Compiling rustc_version v0.4.1
[INFO] [stderr]     Checking cpufeatures v0.2.17
[INFO] [stderr]     Checking itoa v1.0.17
[INFO] [stderr]    Compiling curve25519-dalek v4.1.3
[INFO] [stderr]     Checking signature v2.2.0
[INFO] [stderr]     Checking zeroize v1.9.0
[INFO] [stderr]     Checking ed25519 v2.2.3
[INFO] [stderr]     Checking form_urlencoded v1.2.2
[INFO] [stderr]    Compiling zerocopy v0.8.42
[INFO] [stderr]     Checking num-integer v0.1.46
[INFO] [stderr]     Checking crypto-common v0.1.7
[INFO] [stderr]    Compiling syn v2.0.117
[INFO] [stderr]     Checking block-buffer v0.10.4
[INFO] [stderr]    Compiling ref-cast v1.0.25
[INFO] [stderr]     Checking digest v0.10.7
[INFO] [stderr]     Checking hex v0.4.3
[INFO] [stderr]    Compiling getrandom v0.3.4
[INFO] [stderr]     Checking num-bigint v0.4.6
[INFO] [stderr]     Checking chrono v0.4.44
[INFO] [stderr]     Checking aho-corasick v1.1.4
[INFO] [stderr]     Checking sha2 v0.10.9
[INFO] [stderr]    Compiling ahash v0.8.12
[INFO] [stderr]     Checking getrandom v0.2.17
[INFO] [stderr]     Checking regex-syntax v0.8.10
[INFO] [stderr]     Checking rand_core v0.6.4
[INFO] [stderr]     Checking parking_lot_core v0.9.12
[INFO] [stderr]     Checking num-iter v0.1.45
[INFO] [stderr]     Checking num-complex v0.4.6
[INFO] [stderr]    Compiling unicode-general-category v1.1.0
[INFO] [stderr]     Checking once_cell v1.21.4
[INFO] [stderr]     Checking num-rational v0.4.2
[INFO] [stderr]     Checking borrow-or-share v0.2.4
[INFO] [stderr]     Checking foldhash v0.2.0
[INFO] [stderr]     Checking allocator-api2 v0.2.21
[INFO] [stderr]     Checking bit-vec v0.8.0
[INFO] [stderr]     Checking hashbrown v0.16.1
[INFO] [stderr]     Checking bit-set v0.8.0
[INFO] [stderr]     Checking num v0.4.3
[INFO] [stderr]     Checking parking_lot v0.12.5
[INFO] [stderr]     Checking outref v0.5.2
[INFO] [stderr]     Checking vsimd v0.8.0
[INFO] [stderr]     Checking micromap v0.3.0
[INFO] [stderr]     Checking fraction v0.15.3
[INFO] [stderr]     Checking regex-automata v0.4.14
[INFO] [stderr]     Checking uuid-simd v0.8.0
[INFO] [stderr]     Checking hmac v0.12.1
[INFO] [stderr]     Checking data-encoding v2.11.0
[INFO] [stderr]     Checking num-cmp v0.1.0
[INFO] [stderr]     Checking bytecount v0.6.9
[INFO] [stderr]    Compiling synstructure v0.13.2
[INFO] [stderr]     Checking fancy-regex v0.17.0
[INFO] [stderr]     Checking regex v1.12.3
[INFO] [stderr]    Compiling zerofrom-derive v0.1.6
[INFO] [stderr]    Compiling yoke-derive v0.8.1
[INFO] [stderr]    Compiling zerovec-derive v0.11.2
[INFO] [stderr]    Compiling displaydoc v0.2.5
[INFO] [stderr]    Compiling serde_derive v1.0.228
[INFO] [stderr]    Compiling curve25519-dalek-derive v0.1.1
[INFO] [stderr]    Compiling thiserror-impl v1.0.69
[INFO] [stderr]    Compiling ref-cast-impl v1.0.25
[INFO] [stderr]     Checking zerofrom v0.1.6
[INFO] [stderr]     Checking yoke v0.8.1
[INFO] [stderr]     Checking zerovec v0.11.5
[INFO] [stderr]     Checking zerotrie v0.2.3
[INFO] [stderr]     Checking thiserror v1.0.69
[INFO] [stderr]     Checking ed25519-dalek v2.2.0
[INFO] [stderr]     Checking tinystr v0.8.2
[INFO] [stderr]     Checking potential_utf v0.1.4
[INFO] [stderr]     Checking icu_collections v2.1.1
[INFO] [stderr]     Checking icu_locale_core v2.1.1
[INFO] [stderr]     Checking icu_provider v2.1.1
[INFO] [stderr]     Checking icu_normalizer v2.1.1
[INFO] [stderr]     Checking icu_properties v2.1.2
[INFO] [stderr]     Checking fluent-uri v0.4.1
[INFO] [stderr]     Checking email_address v0.2.9
[INFO] [stderr]     Checking referencing v0.46.0
[INFO] [stderr]     Checking idna_adapter v1.2.1
[INFO] [stderr]     Checking idna v1.1.0
[INFO] [stderr]     Checking url v2.5.8
[INFO] [stderr]     Checking jsonschema v0.46.0
[INFO] [stderr]     Checking chio-core-types v0.1.2
[INFO] [stderr]     Checking chio-transaction-passport v0.1.2
[INFO] [stderr]     Checking chio-risk-comptroller v0.1.2
[INFO] [stderr]     Checking chio-commerce-order v0.1.2
[INFO] [stderr]     Checking chio-agent-web-interop v0.1.2 (/opt/rustwide/workdir)
[INFO] [stdout] error[E0433]: cannot find module or crate `chio_test_support` in this scope
[INFO] [stdout]  --> tests/agent_web_interop/core_tests.rs:2:5
[INFO] [stdout]   |
[INFO] [stdout] 2 | use chio_test_support::prelude::*;
[INFO] [stdout]   |     ^^^^^^^^^^^^^^^^^ use of unresolved module or unlinked crate `chio_test_support`
[INFO] [stdout]   |
[INFO] [stdout]   = help: if you wanted to use a crate named `chio_test_support`, use `cargo add chio_test_support` to add it to your `Cargo.toml`
[INFO] [stdout] 
[INFO] [stdout] 
[INFO] [stdout] error[E0433]: cannot find module or crate `chio_test_support` in this scope
[INFO] [stdout]  --> tests/agent_web_interop/protocol_tests.rs:2:5
[INFO] [stdout]   |
[INFO] [stdout] 2 | use chio_test_support::prelude::*;
[INFO] [stdout]   |     ^^^^^^^^^^^^^^^^^ use of unresolved module or unlinked crate `chio_test_support`
[INFO] [stdout]   |
[INFO] [stdout]   = help: if you wanted to use a crate named `chio_test_support`, use `cargo add chio_test_support` to add it to your `Cargo.toml`
[INFO] [stdout] 
[INFO] [stdout] 
[INFO] [stdout] error[E0433]: cannot find module or crate `chio_test_support` in this scope
[INFO] [stdout]  --> tests/agent_web_interop/subjects.rs:2:5
[INFO] [stdout]   |
[INFO] [stdout] 2 | use chio_test_support::prelude::*;
[INFO] [stdout]   |     ^^^^^^^^^^^^^^^^^ use of unresolved module or unlinked crate `chio_test_support`
[INFO] [stdout]   |
[INFO] [stdout]   = help: if you wanted to use a crate named `chio_test_support`, use `cargo add chio_test_support` to add it to your `Cargo.toml`
[INFO] [stdout] 
[INFO] [stdout] 
[INFO] [stdout] error[E0433]: cannot find module or crate `chio_test_support` in this scope
[INFO] [stdout]  --> tests/agent_web_interop/support.rs:7:5
[INFO] [stdout]   |
[INFO] [stdout] 7 | use chio_test_support::prelude::*;
[INFO] [stdout]   |     ^^^^^^^^^^^^^^^^^ use of unresolved module or unlinked crate `chio_test_support`
[INFO] [stdout]   |
[INFO] [stdout]   = help: if you wanted to use a crate named `chio_test_support`, use `cargo add chio_test_support` to add it to your `Cargo.toml`
[INFO] [stdout] 
[INFO] [stdout] 
[INFO] [stdout] error[E0599]: no method named `test_expect` found for enum `Result<T, E>` in the current scope
[INFO] [stdout]   --> tests/agent_web_interop/core_tests.rs:36:14
[INFO] [stdout]    |
[INFO] [stdout] 35 |         let report = verify_agent_web_interop(&bundle)
[INFO] [stdout] 36 |             .test_expect("valid Agent Web interop bundle should verify");
[INFO] [stdout]    |              ^^^^^^^^^^^
[INFO] [stdout]    |
[INFO] [stdout] help: there is a method `expect` with a similar name
[INFO] [stdout]    |
[INFO] [stdout] 36 -             .test_expect("valid Agent Web interop bundle should verify");
[INFO] [stdout] 36 +             .expect("valid Agent Web interop bundle should verify");
[INFO] [stdout]    |
[INFO] [stdout] 
[INFO] [stdout] 
[INFO] [stdout] error[E0599]: no method named `test_expect` found for enum `Result<T, E>` in the current scope
[INFO] [stdout]   --> tests/agent_web_interop/core_tests.rs:38:42
[INFO] [stdout]    |
[INFO] [stdout] 38 |             serde_json::to_value(report).test_expect("Agent Web verifier report serializes");
[INFO] [stdout]    |                                          ^^^^^^^^^^^
[INFO] [stdout]    |
[INFO] [stdout] help: there is a method `expect` with a similar name
[INFO] [stdout]    |
[INFO] [stdout] 38 -             serde_json::to_value(report).test_expect("Agent Web verifier report serializes");
[INFO] [stdout] 38 +             serde_json::to_value(report).expect("Agent Web verifier report serializes");
[INFO] [stdout]    |
[INFO] [stdout] 
[INFO] [stdout] 
[INFO] [stdout] error[E0599]: no method named `test_expect` found for enum `Result<T, E>` in the current scope
[INFO] [stdout]   --> tests/agent_web_interop/core_tests.rs:49:10
[INFO] [stdout]    |
[INFO] [stdout] 48 |     let report = verify_agent_web_interop(&bundle)
[INFO] [stdout] 49 |         .test_expect("valid Agent Web interop bundle should verify");
[INFO] [stdout]    |          ^^^^^^^^^^^
[INFO] [stdout]    |
[INFO] [stdout] help: there is a method `expect` with a similar name
[INFO] [stdout]    |
[INFO] [stdout] 49 -         .test_expect("valid Agent Web interop bundle should verify");
[INFO] [stdout] 49 +         .expect("valid Agent Web interop bundle should verify");
[INFO] [stdout]    |
[INFO] [stdout] 
[INFO] [stdout] 
[INFO] [stdout] error[E0599]: no method named `test_expect_err` found for enum `Result<T, E>` in the current scope
[INFO] [stdout]    --> tests/agent_web_interop/core_tests.rs:115:10
[INFO] [stdout]     |
[INFO] [stdout] 114 |     let error = verify_agent_web_interop(&bundle)
[INFO] [stdout] 115 |         .test_expect_err("Agent Web verifier must reject a forged passport root");
[INFO] [stdout]     |          ^^^^^^^^^^^^^^^
[INFO] [stdout]     |
[INFO] [stdout] help: there is a method `expect_err` with a similar name
[INFO] [stdout]     |
[INFO] [stdout] 115 -         .test_expect_err("Agent Web verifier must reject a forged passport root");
[INFO] [stdout] 115 +         .expect_err("Agent Web verifier must reject a forged passport root");
[INFO] [stdout]     |
[INFO] [stdout] 
[INFO] [stdout] 
[INFO] [stdout] error[E0599]: no method named `test_expect_err` found for enum `Result<T, E>` in the current scope
[INFO] [stdout]    --> tests/agent_web_interop/core_tests.rs:134:10
[INFO] [stdout]     |
[INFO] [stdout] 133 |     let error = chio_agent_web_interop::verify_agent_web_interop_with_trust(&bundle, &trust)
[INFO] [stdout] 134 |         .test_expect_err("Standard Webhooks verification requires verifier-owned secret config");
[INFO] [stdout]     |          ^^^^^^^^^^^^^^^
[INFO] [stdout]     |
[INFO] [stdout] help: there is a method `expect_err` with a similar name
[INFO] [stdout]     |
[INFO] [stdout] 134 -         .test_expect_err("Standard Webhooks verification requires verifier-owned secret config");
[INFO] [stdout] 134 +         .expect_err("Standard Webhooks verification requires verifier-owned secret config");
[INFO] [stdout]     |
[INFO] [stdout] 
[INFO] [stdout] 
[INFO] [stdout] error[E0599]: no method named `test_expect_err` found for enum `Result<T, E>` in the current scope
[INFO] [stdout]    --> tests/agent_web_interop/core_tests.rs:157:10
[INFO] [stdout]     |
[INFO] [stdout] 156 |     let error = chio_agent_web_interop::verify_agent_web_interop_with_trust(&bundle, &trust)
[INFO] [stdout] 157 |         .test_expect_err("Agent Web receipt signer must be verifier-trusted");
[INFO] [stdout]     |          ^^^^^^^^^^^^^^^
[INFO] [stdout]     |
[INFO] [stdout] help: there is a method `expect_err` with a similar name
[INFO] [stdout]     |
[INFO] [stdout] 157 -         .test_expect_err("Agent Web receipt signer must be verifier-trusted");
[INFO] [stdout] 157 +         .expect_err("Agent Web receipt signer must be verifier-trusted");
[INFO] [stdout]     |
[INFO] [stdout] 
[INFO] [stdout] 
[INFO] [stdout] error[E0599]: no method named `test_expect_err` found for enum `Result<T, E>` in the current scope
[INFO] [stdout]    --> tests/agent_web_interop/core_tests.rs:172:10
[INFO] [stdout]     |
[INFO] [stdout] 171 |     let error = verify_agent_web_interop(&bundle)
[INFO] [stdout] 172 |         .test_expect_err("Agent Web sidecar envelope signature must verify");
[INFO] [stdout]     |          ^^^^^^^^^^^^^^^
[INFO] [stdout]     |
[INFO] [stdout] help: there is a method `expect_err` with a similar name
[INFO] [stdout]     |
[INFO] [stdout] 172 -         .test_expect_err("Agent Web sidecar envelope signature must verify");
[INFO] [stdout] 172 +         .expect_err("Agent Web sidecar envelope signature must verify");
[INFO] [stdout]     |
[INFO] [stdout] 
[INFO] [stdout] 
[INFO] [stdout] error[E0599]: no method named `test_expect_err` found for enum `Result<T, E>` in the current scope
[INFO] [stdout]    --> tests/agent_web_interop/core_tests.rs:187:10
[INFO] [stdout]     |
[INFO] [stdout] 186 |     let error = verify_agent_web_interop(&bundle)
[INFO] [stdout] 187 |         .test_expect_err("Agent Web envelope id must be content-addressed");
[INFO] [stdout]     |          ^^^^^^^^^^^^^^^
[INFO] [stdout]     |
[INFO] [stdout] help: there is a method `expect_err` with a similar name
[INFO] [stdout]     |
[INFO] [stdout] 187 -         .test_expect_err("Agent Web envelope id must be content-addressed");
[INFO] [stdout] 187 +         .expect_err("Agent Web envelope id must be content-addressed");
[INFO] [stdout]     |
[INFO] [stdout] 
[INFO] [stdout] 
[INFO] [stdout] error[E0599]: no method named `test_expect` found for enum `Option<T>` in the current scope
[INFO] [stdout]    --> tests/agent_web_interop/core_tests.rs:200:14
[INFO] [stdout]     |
[INFO] [stdout] 198 |         let mappings = manifest["claim_mapping"]
[INFO] [stdout] 199 |             .as_array_mut()
[INFO] [stdout] 200 |             .test_expect("Agent Web manifest has claim mappings");
[INFO] [stdout]     |              ^^^^^^^^^^^
[INFO] [stdout]     |
[INFO] [stdout] help: there is a method `expect` with a similar name
[INFO] [stdout]     |
[INFO] [stdout] 200 -             .test_expect("Agent Web manifest has claim mappings");
[INFO] [stdout] 200 +             .expect("Agent Web manifest has claim mappings");
[INFO] [stdout]     |
[INFO] [stdout] 
[INFO] [stdout] 
[INFO] [stdout] error[E0599]: no method named `test_expect_err` found for enum `Result<T, E>` in the current scope
[INFO] [stdout]    --> tests/agent_web_interop/core_tests.rs:209:10
[INFO] [stdout]     |
[INFO] [stdout] 208 |     let error = verify_agent_web_interop(&bundle)
[INFO] [stdout] 209 |         .test_expect_err("sidecar envelope signature must bind projection manifest digest");
[INFO] [stdout]     |          ^^^^^^^^^^^^^^^
[INFO] [stdout]     |
[INFO] [stdout] help: there is a method `expect_err` with a similar name
[INFO] [stdout]     |
[INFO] [stdout] 209 -         .test_expect_err("sidecar envelope signature must bind projection manifest digest");
[INFO] [stdout] 209 +         .expect_err("sidecar envelope signature must bind projection manifest digest");
[INFO] [stdout]     |
[INFO] [stdout] 
[INFO] [stdout] 
[INFO] [stdout] error[E0599]: no method named `test_expect_err` found for enum `Result<T, E>` in the current scope
[INFO] [stdout]    --> tests/agent_web_interop/core_tests.rs:221:10
[INFO] [stdout]     |
[INFO] [stdout] 220 |     let error = verify_agent_web_interop(&bundle)
[INFO] [stdout] 221 |         .test_expect_err("external subject digest mismatch must fail");
[INFO] [stdout]     |          ^^^^^^^^^^^^^^^
[INFO] [stdout]     |
[INFO] [stdout] help: there is a method `expect_err` with a similar name
[INFO] [stdout]     |
[INFO] [stdout] 221 -         .test_expect_err("external subject digest mismatch must fail");
[INFO] [stdout] 221 +         .expect_err("external subject digest mismatch must fail");
[INFO] [stdout]     |
[INFO] [stdout] 
[INFO] [stdout] 
[INFO] [stdout] error[E0599]: no method named `test_expect_err` found for enum `Result<T, E>` in the current scope
[INFO] [stdout]    --> tests/agent_web_interop/core_tests.rs:233:10
[INFO] [stdout]     |
[INFO] [stdout] 232 |     let error = verify_agent_web_interop(&bundle)
[INFO] [stdout] 233 |         .test_expect_err("Agent Web receipt refs must resolve to evidence artifacts");
[INFO] [stdout]     |          ^^^^^^^^^^^^^^^
[INFO] [stdout]     |
[INFO] [stdout] help: there is a method `expect_err` with a similar name
[INFO] [stdout]     |
[INFO] [stdout] 233 -         .test_expect_err("Agent Web receipt refs must resolve to evidence artifacts");
[INFO] [stdout] 233 +         .expect_err("Agent Web receipt refs must resolve to evidence artifacts");
[INFO] [stdout]     |
[INFO] [stdout] 
[INFO] [stdout] 
[INFO] [stdout] error[E0599]: no method named `test_expect_err` found for enum `Result<T, E>` in the current scope
[INFO] [stdout]    --> tests/agent_web_interop/core_tests.rs:245:10
[INFO] [stdout]     |
[INFO] [stdout] 244 |     let error = verify_agent_web_interop(&bundle)
[INFO] [stdout] 245 |         .test_expect_err("external projection must bind an executed Chio receipt");
[INFO] [stdout]     |          ^^^^^^^^^^^^^^^
[INFO] [stdout]     |
[INFO] [stdout] help: there is a method `expect_err` with a similar name
[INFO] [stdout]     |
[INFO] [stdout] 245 -         .test_expect_err("external projection must bind an executed Chio receipt");
[INFO] [stdout] 245 +         .expect_err("external projection must bind an executed Chio receipt");
[INFO] [stdout]     |
[INFO] [stdout] 
[INFO] [stdout] 
[INFO] [stdout] error[E0599]: no method named `test_expect_err` found for enum `Result<T, E>` in the current scope
[INFO] [stdout]    --> tests/agent_web_interop/core_tests.rs:257:10
[INFO] [stdout]     |
[INFO] [stdout] 256 |     let error = verify_agent_web_interop(&bundle)
[INFO] [stdout] 257 |         .test_expect_err("external projection must bind a signed Chio receipt");
[INFO] [stdout]     |          ^^^^^^^^^^^^^^^
[INFO] [stdout]     |
[INFO] [stdout] help: there is a method `expect_err` with a similar name
[INFO] [stdout]     |
[INFO] [stdout] 257 -         .test_expect_err("external projection must bind a signed Chio receipt");
[INFO] [stdout] 257 +         .expect_err("external projection must bind a signed Chio receipt");
[INFO] [stdout]     |
[INFO] [stdout] 
[INFO] [stdout] 
[INFO] [stdout] error[E0599]: no method named `test_expect_err` found for enum `Result<T, E>` in the current scope
[INFO] [stdout]    --> tests/agent_web_interop/core_tests.rs:269:10
[INFO] [stdout]     |
[INFO] [stdout] 268 |     let error = verify_agent_web_interop(&bundle)
[INFO] [stdout] 269 |         .test_expect_err("external projection receipt must bind the verifier policy");
[INFO] [stdout]     |          ^^^^^^^^^^^^^^^
[INFO] [stdout]     |
[INFO] [stdout] help: there is a method `expect_err` with a similar name
[INFO] [stdout]     |
[INFO] [stdout] 269 -         .test_expect_err("external projection receipt must bind the verifier policy");
[INFO] [stdout] 269 +         .expect_err("external projection receipt must bind the verifier policy");
[INFO] [stdout]     |
[INFO] [stdout] 
[INFO] [stdout] 
[INFO] [stdout] error[E0599]: no method named `test_expect_err` found for enum `Result<T, E>` in the current scope
[INFO] [stdout]    --> tests/agent_web_interop/core_tests.rs:281:10
[INFO] [stdout]     |
[INFO] [stdout] 280 |     let error = verify_agent_web_interop(&bundle)
[INFO] [stdout] 281 |         .test_expect_err("required sidecar claims must be present in the envelope");
[INFO] [stdout]     |          ^^^^^^^^^^^^^^^
[INFO] [stdout]     |
[INFO] [stdout] help: there is a method `expect_err` with a similar name
[INFO] [stdout]     |
[INFO] [stdout] 281 -         .test_expect_err("required sidecar claims must be present in the envelope");
[INFO] [stdout] 281 +         .expect_err("required sidecar claims must be present in the envelope");
[INFO] [stdout]     |
[INFO] [stdout] 
[INFO] [stdout] 
[INFO] [stdout] error[E0599]: no method named `test_expect_err` found for enum `Result<T, E>` in the current scope
[INFO] [stdout]    --> tests/agent_web_interop/core_tests.rs:293:10
[INFO] [stdout]     |
[INFO] [stdout] 292 |     let error = verify_agent_web_interop(&bundle)
[INFO] [stdout] 293 |         .test_expect_err("projection manifest must be bound by the evidence graph");
[INFO] [stdout]     |          ^^^^^^^^^^^^^^^
[INFO] [stdout]     |
[INFO] [stdout] help: there is a method `expect_err` with a similar name
[INFO] [stdout]     |
[INFO] [stdout] 293 -         .test_expect_err("projection manifest must be bound by the evidence graph");
[INFO] [stdout] 293 +         .expect_err("projection manifest must be bound by the evidence graph");
[INFO] [stdout]     |
[INFO] [stdout] 
[INFO] [stdout] 
[INFO] [stdout] error[E0599]: no method named `test_expect_err` found for enum `Result<T, E>` in the current scope
[INFO] [stdout]    --> tests/agent_web_interop/core_tests.rs:305:10
[INFO] [stdout]     |
[INFO] [stdout] 304 |     let error = verify_agent_web_interop(&bundle)
[INFO] [stdout] 305 |         .test_expect_err("external subject must be bound by the evidence graph");
[INFO] [stdout]     |          ^^^^^^^^^^^^^^^
[INFO] [stdout]     |
[INFO] [stdout] help: there is a method `expect_err` with a similar name
[INFO] [stdout]     |
[INFO] [stdout] 305 -         .test_expect_err("external subject must be bound by the evidence graph");
[INFO] [stdout] 305 +         .expect_err("external subject must be bound by the evidence graph");
[INFO] [stdout]     |
[INFO] [stdout] 
[INFO] [stdout] 
[INFO] [stdout] error[E0599]: no method named `test_expect_err` found for enum `Result<T, E>` in the current scope
[INFO] [stdout]    --> tests/agent_web_interop/core_tests.rs:317:10
[INFO] [stdout]     |
[INFO] [stdout] 316 |     let error = verify_agent_web_interop(&bundle)
[INFO] [stdout] 317 |         .test_expect_err("receipt refs must be bound by the evidence graph");
[INFO] [stdout]     |          ^^^^^^^^^^^^^^^
[INFO] [stdout]     |
[INFO] [stdout] help: there is a method `expect_err` with a similar name
[INFO] [stdout]     |
[INFO] [stdout] 317 -         .test_expect_err("receipt refs must be bound by the evidence graph");
[INFO] [stdout] 317 +         .expect_err("receipt refs must be bound by the evidence graph");
[INFO] [stdout]     |
[INFO] [stdout] 
[INFO] [stdout] 
[INFO] [stdout] error[E0599]: no method named `test_expect_err` found for enum `Result<T, E>` in the current scope
[INFO] [stdout]    --> tests/agent_web_interop/core_tests.rs:329:10
[INFO] [stdout]     |
[INFO] [stdout] 328 |     let error = verify_agent_web_interop(&bundle)
[INFO] [stdout] 329 |         .test_expect_err("risk refs must not pass unless verifier loads them");
[INFO] [stdout]     |          ^^^^^^^^^^^^^^^
[INFO] [stdout]     |
[INFO] [stdout] help: there is a method `expect_err` with a similar name
[INFO] [stdout]     |
[INFO] [stdout] 329 -         .test_expect_err("risk refs must not pass unless verifier loads them");
[INFO] [stdout] 329 +         .expect_err("risk refs must not pass unless verifier loads them");
[INFO] [stdout]     |
[INFO] [stdout] 
[INFO] [stdout] 
[INFO] [stdout] error[E0599]: no method named `test_expect_err` found for enum `Result<T, E>` in the current scope
[INFO] [stdout]    --> tests/agent_web_interop/core_tests.rs:341:10
[INFO] [stdout]     |
[INFO] [stdout] 340 |     let error = verify_agent_web_interop(&bundle)
[INFO] [stdout] 341 |         .test_expect_err("required external signature must name a signature algorithm");
[INFO] [stdout]     |          ^^^^^^^^^^^^^^^
[INFO] [stdout]     |
[INFO] [stdout] help: there is a method `expect_err` with a similar name
[INFO] [stdout]     |
[INFO] [stdout] 341 -         .test_expect_err("required external signature must name a signature algorithm");
[INFO] [stdout] 341 +         .expect_err("required external signature must name a signature algorithm");
[INFO] [stdout]     |
[INFO] [stdout] 
[INFO] [stdout] 
[INFO] [stdout] error[E0599]: no method named `test_expect_err` found for enum `Result<T, E>` in the current scope
[INFO] [stdout]    --> tests/agent_web_interop/core_tests.rs:352:51
[INFO] [stdout]     |
[INFO] [stdout] 352 |     let error = verify_agent_web_interop(&bundle).test_expect_err(
[INFO] [stdout]     |                                                   ^^^^^^^^^^^^^^^
[INFO] [stdout]     |
[INFO] [stdout] help: there is a method `expect_err` with a similar name
[INFO] [stdout]     |
[INFO] [stdout] 352 -     let error = verify_agent_web_interop(&bundle).test_expect_err(
[INFO] [stdout] 352 +     let error = verify_agent_web_interop(&bundle).expect_err(
[INFO] [stdout]     |
[INFO] [stdout] 
[INFO] [stdout] 
[INFO] [stdout] error[E0599]: no method named `test_expect_err` found for enum `Result<T, E>` in the current scope
[INFO] [stdout]    --> tests/agent_web_interop/core_tests.rs:366:10
[INFO] [stdout]     |
[INFO] [stdout] 365 |     let error = verify_agent_web_interop(&bundle)
[INFO] [stdout] 366 |         .test_expect_err("unsupported external claim must be explicitly limited");
[INFO] [stdout]     |          ^^^^^^^^^^^^^^^
[INFO] [stdout]     |
[INFO] [stdout] help: there is a method `expect_err` with a similar name
[INFO] [stdout]     |
[INFO] [stdout] 366 -         .test_expect_err("unsupported external claim must be explicitly limited");
[INFO] [stdout] 366 +         .expect_err("unsupported external claim must be explicitly limited");
[INFO] [stdout]     |
[INFO] [stdout] 
[INFO] [stdout] 
[INFO] [stdout] error[E0599]: no method named `test_expect_err` found for enum `Result<T, E>` in the current scope
[INFO] [stdout]    --> tests/agent_web_interop/core_tests.rs:378:10
[INFO] [stdout]     |
[INFO] [stdout] 377 |     let error = verify_agent_web_interop(&bundle)
[INFO] [stdout] 378 |         .test_expect_err("external authority claims cannot be required by policy");
[INFO] [stdout]     |          ^^^^^^^^^^^^^^^
[INFO] [stdout]     |
[INFO] [stdout] help: there is a method `expect_err` with a similar name
[INFO] [stdout]     |
[INFO] [stdout] 378 -         .test_expect_err("external authority claims cannot be required by policy");
[INFO] [stdout] 378 +         .expect_err("external authority claims cannot be required by policy");
[INFO] [stdout]     |
[INFO] [stdout] 
[INFO] [stdout] 
[INFO] [stdout] error[E0599]: no method named `test_expect_err` found for enum `Result<T, E>` in the current scope
[INFO] [stdout]    --> tests/agent_web_interop/core_tests.rs:390:10
[INFO] [stdout]     |
[INFO] [stdout] 389 |     let error = verify_agent_web_interop(&bundle)
[INFO] [stdout] 390 |         .test_expect_err("sidecar Chio proof cannot be native external authority");
[INFO] [stdout]     |          ^^^^^^^^^^^^^^^
[INFO] [stdout]     |
[INFO] [stdout] help: there is a method `expect_err` with a similar name
[INFO] [stdout]     |
[INFO] [stdout] 390 -         .test_expect_err("sidecar Chio proof cannot be native external authority");
[INFO] [stdout] 390 +         .expect_err("sidecar Chio proof cannot be native external authority");
[INFO] [stdout]     |
[INFO] [stdout] 
[INFO] [stdout] 
[INFO] [stdout] error[E0599]: no method named `test_expect_err` found for enum `Result<T, E>` in the current scope
[INFO] [stdout]    --> tests/agent_web_interop/core_tests.rs:402:10
[INFO] [stdout]     |
[INFO] [stdout] 401 |     let error = verify_agent_web_interop(&bundle)
[INFO] [stdout] 402 |         .test_expect_err("manifest-required external signature must be present");
[INFO] [stdout]     |          ^^^^^^^^^^^^^^^
[INFO] [stdout]     |
[INFO] [stdout] help: there is a method `expect_err` with a similar name
[INFO] [stdout]     |
[INFO] [stdout] 402 -         .test_expect_err("manifest-required external signature must be present");
[INFO] [stdout] 402 +         .expect_err("manifest-required external signature must be present");
[INFO] [stdout]     |
[INFO] [stdout] 
[INFO] [stdout] 
[INFO] [stdout] error[E0599]: no method named `test_expect_err` found for enum `Result<T, E>` in the current scope
[INFO] [stdout]    --> tests/agent_web_interop/core_tests.rs:412:10
[INFO] [stdout]     |
[INFO] [stdout] 411 |     let error = verify_agent_web_interop(&bundle)
[INFO] [stdout] 412 |         .test_expect_err("Standard Webhooks signature must use the v1 signature format");
[INFO] [stdout]     |          ^^^^^^^^^^^^^^^
[INFO] [stdout]     |
[INFO] [stdout] help: there is a method `expect_err` with a similar name
[INFO] [stdout]     |
[INFO] [stdout] 412 -         .test_expect_err("Standard Webhooks signature must use the v1 signature format");
[INFO] [stdout] 412 +         .expect_err("Standard Webhooks signature must use the v1 signature format");
[INFO] [stdout]     |
[INFO] [stdout] 
[INFO] [stdout] 
[INFO] [stdout] error[E0599]: no method named `test_expect_err` found for enum `Result<T, E>` in the current scope
[INFO] [stdout]    --> tests/agent_web_interop/core_tests.rs:424:10
[INFO] [stdout]     |
[INFO] [stdout] 423 |     let error = verify_agent_web_interop(&bundle)
[INFO] [stdout] 424 |         .test_expect_err("Standard Webhooks signature must verify against the delivery fields");
[INFO] [stdout]     |          ^^^^^^^^^^^^^^^
[INFO] [stdout]     |
[INFO] [stdout] help: there is a method `expect_err` with a similar name
[INFO] [stdout]     |
[INFO] [stdout] 424 -         .test_expect_err("Standard Webhooks signature must verify against the delivery fields");
[INFO] [stdout] 424 +         .expect_err("Standard Webhooks signature must verify against the delivery fields");
[INFO] [stdout]     |
[INFO] [stdout] 
[INFO] [stdout] 
[INFO] [stdout] error[E0599]: no method named `test_expect_err` found for enum `Result<T, E>` in the current scope
[INFO] [stdout]    --> tests/agent_web_interop/core_tests.rs:436:10
[INFO] [stdout]     |
[INFO] [stdout] 435 |     let error = verify_agent_web_interop(&bundle)
[INFO] [stdout] 436 |         .test_expect_err("Standard Webhooks timestamp is required");
[INFO] [stdout]     |          ^^^^^^^^^^^^^^^
[INFO] [stdout]     |
[INFO] [stdout] help: there is a method `expect_err` with a similar name
[INFO] [stdout]     |
[INFO] [stdout] 436 -         .test_expect_err("Standard Webhooks timestamp is required");
[INFO] [stdout] 436 +         .expect_err("Standard Webhooks timestamp is required");
[INFO] [stdout]     |
[INFO] [stdout] 
[INFO] [stdout] 
[INFO] [stdout] error[E0599]: no method named `test_expect_err` found for enum `Result<T, E>` in the current scope
[INFO] [stdout]    --> tests/agent_web_interop/core_tests.rs:448:10
[INFO] [stdout]     |
[INFO] [stdout] 447 |     let error = verify_agent_web_interop(&bundle)
[INFO] [stdout] 448 |         .test_expect_err("Standard Webhooks timestamp must be inside verifier replay window");
[INFO] [stdout]     |          ^^^^^^^^^^^^^^^
[INFO] [stdout]     |
[INFO] [stdout] help: there is a method `expect_err` with a similar name
[INFO] [stdout]     |
[INFO] [stdout] 448 -         .test_expect_err("Standard Webhooks timestamp must be inside verifier replay window");
[INFO] [stdout] 448 +         .expect_err("Standard Webhooks timestamp must be inside verifier replay window");
[INFO] [stdout]     |
[INFO] [stdout] 
[INFO] [stdout] 
[INFO] [stdout] error[E0599]: no method named `test_expect_err` found for enum `Result<T, E>` in the current scope
[INFO] [stdout]    --> tests/agent_web_interop/core_tests.rs:462:10
[INFO] [stdout]     |
[INFO] [stdout] 461 |     let error = chio_agent_web_interop::verify_agent_web_interop_with_trust(&bundle, &trust)
[INFO] [stdout] 462 |         .test_expect_err("Standard Webhooks ids must be unique inside the replay window");
[INFO] [stdout]     |          ^^^^^^^^^^^^^^^
[INFO] [stdout]     |
[INFO] [stdout] help: there is a method `expect_err` with a similar name
[INFO] [stdout]     |
[INFO] [stdout] 462 -         .test_expect_err("Standard Webhooks ids must be unique inside the replay window");
[INFO] [stdout] 462 +         .expect_err("Standard Webhooks ids must be unique inside the replay window");
[INFO] [stdout]     |
[INFO] [stdout] 
[INFO] [stdout] 
[INFO] [stdout] error[E0599]: no method named `test_expect_err` found for enum `Result<T, E>` in the current scope
[INFO] [stdout]    --> tests/agent_web_interop/core_tests.rs:472:10
[INFO] [stdout]     |
[INFO] [stdout] 471 |     let error = verify_agent_web_interop(&bundle)
[INFO] [stdout] 472 |         .test_expect_err("CloudEvents specversion must match the projection version");
[INFO] [stdout]     |          ^^^^^^^^^^^^^^^
[INFO] [stdout]     |
[INFO] [stdout] help: there is a method `expect_err` with a similar name
[INFO] [stdout]     |
[INFO] [stdout] 472 -         .test_expect_err("CloudEvents specversion must match the projection version");
[INFO] [stdout] 472 +         .expect_err("CloudEvents specversion must match the projection version");
[INFO] [stdout]     |
[INFO] [stdout] 
[INFO] [stdout] 
[INFO] [stdout] error[E0599]: no method named `test_expect_err` found for enum `Result<T, E>` in the current scope
[INFO] [stdout]    --> tests/agent_web_interop/core_tests.rs:484:10
[INFO] [stdout]     |
[INFO] [stdout] 483 |     let error = verify_agent_web_interop(&bundle)
[INFO] [stdout] 484 |         .test_expect_err("CloudEvents authority claim must be explicitly limited");
[INFO] [stdout]     |          ^^^^^^^^^^^^^^^
[INFO] [stdout]     |
[INFO] [stdout] help: there is a method `expect_err` with a similar name
[INFO] [stdout]     |
[INFO] [stdout] 484 -         .test_expect_err("CloudEvents authority claim must be explicitly limited");
[INFO] [stdout] 484 +         .expect_err("CloudEvents authority claim must be explicitly limited");
[INFO] [stdout]     |
[INFO] [stdout] 
[INFO] [stdout] 
[INFO] [stdout] error[E0599]: no method named `test_expect_err` found for enum `Result<T, E>` in the current scope
[INFO] [stdout]    --> tests/agent_web_interop/core_tests.rs:496:10
[INFO] [stdout]     |
[INFO] [stdout] 495 |     let error = verify_agent_web_interop(&bundle)
[INFO] [stdout] 496 |         .test_expect_err("GraphQL over HTTP projection must keep draft status visible");
[INFO] [stdout]     |          ^^^^^^^^^^^^^^^
[INFO] [stdout]     |
[INFO] [stdout] help: there is a method `expect_err` with a similar name
[INFO] [stdout]     |
[INFO] [stdout] 496 -         .test_expect_err("GraphQL over HTTP projection must keep draft status visible");
[INFO] [stdout] 496 +         .expect_err("GraphQL over HTTP projection must keep draft status visible");
[INFO] [stdout]     |
[INFO] [stdout] 
[INFO] [stdout] 
[INFO] [stdout] error[E0599]: no method named `test_expect_err` found for enum `Result<T, E>` in the current scope
[INFO] [stdout]    --> tests/agent_web_interop/core_tests.rs:508:10
[INFO] [stdout]     |
[INFO] [stdout] 507 |     let error = verify_agent_web_interop(&bundle)
[INFO] [stdout] 508 |         .test_expect_err("GraphQL response errors must not verify as success");
[INFO] [stdout]     |          ^^^^^^^^^^^^^^^
[INFO] [stdout]     |
[INFO] [stdout] help: there is a method `expect_err` with a similar name
[INFO] [stdout]     |
[INFO] [stdout] 508 -         .test_expect_err("GraphQL response errors must not verify as success");
[INFO] [stdout] 508 +         .expect_err("GraphQL response errors must not verify as success");
[INFO] [stdout]     |
[INFO] [stdout] 
[INFO] [stdout] 
[INFO] [stdout] error[E0599]: no method named `test_expect_err` found for enum `Result<T, E>` in the current scope
[INFO] [stdout]    --> tests/agent_web_interop/core_tests.rs:520:10
[INFO] [stdout]     |
[INFO] [stdout] 519 |     let error = verify_agent_web_interop(&bundle)
[INFO] [stdout] 520 |         .test_expect_err("GraphQL failed HTTP status must not verify as success");
[INFO] [stdout]     |          ^^^^^^^^^^^^^^^
[INFO] [stdout]     |
[INFO] [stdout] help: there is a method `expect_err` with a similar name
[INFO] [stdout]     |
[INFO] [stdout] 520 -         .test_expect_err("GraphQL failed HTTP status must not verify as success");
[INFO] [stdout] 520 +         .expect_err("GraphQL failed HTTP status must not verify as success");
[INFO] [stdout]     |
[INFO] [stdout] 
[INFO] [stdout] 
[INFO] [stdout] error[E0599]: no method named `test_expect_err` found for enum `Result<T, E>` in the current scope
[INFO] [stdout]    --> tests/agent_web_interop/core_tests.rs:535:43
[INFO] [stdout]     |
[INFO] [stdout] 535 |         verify_agent_web_interop(&bundle).test_expect_err("external subject schema must match");
[INFO] [stdout]     |                                           ^^^^^^^^^^^^^^^
[INFO] [stdout]     |
[INFO] [stdout] help: there is a method `expect_err` with a similar name
[INFO] [stdout]     |
[INFO] [stdout] 535 -         verify_agent_web_interop(&bundle).test_expect_err("external subject schema must match");
[INFO] [stdout] 535 +         verify_agent_web_interop(&bundle).expect_err("external subject schema must match");
[INFO] [stdout]     |
[INFO] [stdout] 
[INFO] [stdout] 
[INFO] [stdout] error[E0599]: no method named `test_expect_err` found for enum `Result<T, E>` in the current scope
[INFO] [stdout]    --> tests/agent_web_interop/core_tests.rs:547:10
[INFO] [stdout]     |
[INFO] [stdout] 546 |     let error = verify_agent_web_interop(&bundle)
[INFO] [stdout] 547 |         .test_expect_err("MCP authority claim must be explicitly limited");
[INFO] [stdout]     |          ^^^^^^^^^^^^^^^
[INFO] [stdout]     |
[INFO] [stdout] help: there is a method `expect_err` with a similar name
[INFO] [stdout]     |
[INFO] [stdout] 547 -         .test_expect_err("MCP authority claim must be explicitly limited");
[INFO] [stdout] 547 +         .expect_err("MCP authority claim must be explicitly limited");
[INFO] [stdout]     |
[INFO] [stdout] 
[INFO] [stdout] 
[INFO] [stdout] error[E0599]: no method named `test_expect_err` found for enum `Result<T, E>` in the current scope
[INFO] [stdout]    --> tests/agent_web_interop/core_tests.rs:559:10
[INFO] [stdout]     |
[INFO] [stdout] 558 |     let error = verify_agent_web_interop(&bundle)
[INFO] [stdout] 559 |         .test_expect_err("A2A authority claim must be explicitly limited");
[INFO] [stdout]     |          ^^^^^^^^^^^^^^^
[INFO] [stdout]     |
[INFO] [stdout] help: there is a method `expect_err` with a similar name
[INFO] [stdout]     |
[INFO] [stdout] 559 -         .test_expect_err("A2A authority claim must be explicitly limited");
[INFO] [stdout] 559 +         .expect_err("A2A authority claim must be explicitly limited");
[INFO] [stdout]     |
[INFO] [stdout] 
[INFO] [stdout] 
[INFO] [stdout] error[E0599]: no method named `test_expect_err` found for enum `Result<T, E>` in the current scope
[INFO] [stdout]    --> tests/agent_web_interop/core_tests.rs:571:10
[INFO] [stdout]     |
[INFO] [stdout] 570 |     let error = verify_agent_web_interop(&bundle)
[INFO] [stdout] 571 |         .test_expect_err("A2A failed task state must not verify as success");
[INFO] [stdout]     |          ^^^^^^^^^^^^^^^
[INFO] [stdout]     |
[INFO] [stdout] help: there is a method `expect_err` with a similar name
[INFO] [stdout]     |
[INFO] [stdout] 571 -         .test_expect_err("A2A failed task state must not verify as success");
[INFO] [stdout] 571 +         .expect_err("A2A failed task state must not verify as success");
[INFO] [stdout]     |
[INFO] [stdout] 
[INFO] [stdout] 
[INFO] [stdout] error[E0599]: no method named `test_expect` found for enum `Result<T, E>` in the current scope
[INFO] [stdout]    --> tests/agent_web_interop/core_tests.rs:585:52
[INFO] [stdout]     |
[INFO] [stdout] 585 |     let report = verify_agent_web_interop(&bundle).test_expect("OpenAPI projection should verify");
[INFO] [stdout]     |                                                    ^^^^^^^^^^^
[INFO] [stdout]     |
[INFO] [stdout] help: there is a method `expect` with a similar name
[INFO] [stdout]     |
[INFO] [stdout] 585 -     let report = verify_agent_web_interop(&bundle).test_expect("OpenAPI projection should verify");
[INFO] [stdout] 585 +     let report = verify_agent_web_interop(&bundle).expect("OpenAPI projection should verify");
[INFO] [stdout]     |
[INFO] [stdout] 
[INFO] [stdout] 
[INFO] [stdout] error[E0599]: no method named `test_expect` found for enum `Option<T>` in the current scope
[INFO] [stdout]    --> tests/agent_web_interop/core_tests.rs:606:14
[INFO] [stdout]     |
[INFO] [stdout] 603 |         bundle
[INFO] [stdout] 604 |             .artifacts
[INFO] [stdout] 605 |             .get("openapi-manifest.json")
[INFO] [stdout] 606 |             .test_expect("OpenAPI manifest exists"),
[INFO] [stdout]     |              ^^^^^^^^^^^
[INFO] [stdout]     |
[INFO] [stdout] help: there is a method `expect` with a similar name
[INFO] [stdout]     |
[INFO] [stdout] 606 -             .test_expect("OpenAPI manifest exists"),
[INFO] [stdout] 606 +             .expect("OpenAPI manifest exists"),
[INFO] [stdout]     |
[INFO] [stdout] 
[INFO] [stdout] 
[INFO] [stdout] error[E0599]: no method named `test_expect` found for enum `Result<T, E>` in the current scope
[INFO] [stdout]    --> tests/agent_web_interop/core_tests.rs:614:43
[INFO] [stdout]     |
[INFO] [stdout] 614 |         verify_agent_web_interop(&bundle).test_expect("OpenAPI 3.0 projection should verify");
[INFO] [stdout]     |                                           ^^^^^^^^^^^
[INFO] [stdout]     |
[INFO] [stdout] help: there is a method `expect` with a similar name
[INFO] [stdout]     |
[INFO] [stdout] 614 -         verify_agent_web_interop(&bundle).test_expect("OpenAPI 3.0 projection should verify");
[INFO] [stdout] 614 +         verify_agent_web_interop(&bundle).expect("OpenAPI 3.0 projection should verify");
[INFO] [stdout]     |
[INFO] [stdout] 
[INFO] [stdout] 
[INFO] [stdout] error[E0599]: no method named `test_expect` found for enum `Option<T>` in the current scope
[INFO] [stdout]    --> tests/agent_web_interop/core_tests.rs:628:14
[INFO] [stdout]     |
[INFO] [stdout] 626 |         subject
[INFO] [stdout] 627 |             .as_object_mut()
[INFO] [stdout] 628 |             .test_expect("OpenAPI subject is an object")
[INFO] [stdout]     |              ^^^^^^^^^^^
[INFO] [stdout]     |
[INFO] [stdout] help: there is a method `expect` with a similar name
[INFO] [stdout]     |
[INFO] [stdout] 628 -             .test_expect("OpenAPI subject is an object")
[INFO] [stdout] 628 +             .expect("OpenAPI subject is an object")
[INFO] [stdout]     |
[INFO] [stdout] 
[INFO] [stdout] 
[INFO] [stdout] error[E0599]: no method named `test_expect_err` found for enum `Result<T, E>` in the current scope
[INFO] [stdout]    --> tests/agent_web_interop/core_tests.rs:633:10
[INFO] [stdout]     |
[INFO] [stdout] 632 |     let error = verify_agent_web_interop(&bundle)
[INFO] [stdout] 633 |         .test_expect_err("OpenAPI projection must bind x-chio proof-envelope profile");
[INFO] [stdout]     |          ^^^^^^^^^^^^^^^
[INFO] [stdout]     |
[INFO] [stdout] help: there is a method `expect_err` with a similar name
[INFO] [stdout]     |
[INFO] [stdout] 633 -         .test_expect_err("OpenAPI projection must bind x-chio proof-envelope profile");
[INFO] [stdout] 633 +         .expect_err("OpenAPI projection must bind x-chio proof-envelope profile");
[INFO] [stdout]     |
[INFO] [stdout] 
[INFO] [stdout] 
[INFO] [stdout] error[E0599]: no method named `test_expect_err` found for enum `Result<T, E>` in the current scope
[INFO] [stdout]    --> tests/agent_web_interop/core_tests.rs:651:10
[INFO] [stdout]     |
[INFO] [stdout] 650 |     let error = verify_agent_web_interop(&bundle)
[INFO] [stdout] 651 |         .test_expect_err("OpenAPI projection must reject followed redirects");
[INFO] [stdout]     |          ^^^^^^^^^^^^^^^
[INFO] [stdout]     |
[INFO] [stdout] help: there is a method `expect_err` with a similar name
[INFO] [stdout]     |
[INFO] [stdout] 651 -         .test_expect_err("OpenAPI projection must reject followed redirects");
[INFO] [stdout] 651 +         .expect_err("OpenAPI projection must reject followed redirects");
[INFO] [stdout]     |
[INFO] [stdout] 
[INFO] [stdout] 
[INFO] [stdout] error[E0599]: no method named `test_expect_err` found for enum `Result<T, E>` in the current scope
[INFO] [stdout]    --> tests/agent_web_interop/core_tests.rs:668:43
[INFO] [stdout]     |
[INFO] [stdout] 668 |         verify_agent_web_interop(&bundle).test_expect_err("OpenAPI response size must be bounded");
[INFO] [stdout]     |                                           ^^^^^^^^^^^^^^^
[INFO] [stdout]     |
[INFO] [stdout] help: there is a method `expect_err` with a similar name
[INFO] [stdout]     |
[INFO] [stdout] 668 -         verify_agent_web_interop(&bundle).test_expect_err("OpenAPI response size must be bounded");
[INFO] [stdout] 668 +         verify_agent_web_interop(&bundle).expect_err("OpenAPI response size must be bounded");
[INFO] [stdout]     |
[INFO] [stdout] 
[INFO] [stdout] 
[INFO] [stdout] error[E0599]: no method named `test_expect_err` found for enum `Result<T, E>` in the current scope
[INFO] [stdout]    --> tests/agent_web_interop/core_tests.rs:683:43
[INFO] [stdout]     |
[INFO] [stdout] 683 |         verify_agent_web_interop(&bundle).test_expect_err("OpenAPI projection version is bounded");
[INFO] [stdout]     |                                           ^^^^^^^^^^^^^^^
[INFO] [stdout]     |
[INFO] [stdout] help: there is a method `expect_err` with a similar name
[INFO] [stdout]     |
[INFO] [stdout] 683 -         verify_agent_web_interop(&bundle).test_expect_err("OpenAPI projection version is bounded");
[INFO] [stdout] 683 +         verify_agent_web_interop(&bundle).expect_err("OpenAPI projection version is bounded");
[INFO] [stdout]     |
[INFO] [stdout] 
[INFO] [stdout] 
[INFO] [stdout] error[E0599]: no method named `test_expect_err` found for enum `Result<T, E>` in the current scope
[INFO] [stdout]    --> tests/agent_web_interop/core_tests.rs:698:10
[INFO] [stdout]     |
[INFO] [stdout] 697 |     let error = verify_agent_web_interop(&bundle)
[INFO] [stdout] 698 |         .test_expect_err("OpenAPI operation receipt ref must be bound");
[INFO] [stdout]     |          ^^^^^^^^^^^^^^^
[INFO] [stdout]     |
[INFO] [stdout] help: there is a method `expect_err` with a similar name
[INFO] [stdout]     |
[INFO] [stdout] 698 -         .test_expect_err("OpenAPI operation receipt ref must be bound");
[INFO] [stdout] 698 +         .expect_err("OpenAPI operation receipt ref must be bound");
[INFO] [stdout]     |
[INFO] [stdout] 
[INFO] [stdout] 
[INFO] [stdout] error[E0599]: no method named `test_expect_err` found for enum `Result<T, E>` in the current scope
[INFO] [stdout]    --> tests/agent_web_interop/core_tests.rs:713:43
[INFO] [stdout]     |
[INFO] [stdout] 713 |         verify_agent_web_interop(&bundle).test_expect_err("OpenAPI failed status must not verify");
[INFO] [stdout]     |                                           ^^^^^^^^^^^^^^^
[INFO] [stdout]     |
[INFO] [stdout] help: there is a method `expect_err` with a similar name
[INFO] [stdout]     |
[INFO] [stdout] 713 -         verify_agent_web_interop(&bundle).test_expect_err("OpenAPI failed status must not verify");
[INFO] [stdout] 713 +         verify_agent_web_interop(&bundle).expect_err("OpenAPI failed status must not verify");
[INFO] [stdout]     |
[INFO] [stdout] 
[INFO] [stdout] 
[INFO] [stdout] error[E0599]: no method named `test_expect` found for enum `Option<T>` in the current scope
[INFO] [stdout]    --> tests/agent_web_interop/core_tests.rs:732:14
[INFO] [stdout]     |
[INFO] [stdout] 729 |         bundle
[INFO] [stdout] 730 |             .artifacts
[INFO] [stdout] 731 |             .get("external/openapi-operation.json")
[INFO] [stdout] 732 |             .test_expect("OpenAPI subject exists"),
[INFO] [stdout]     |              ^^^^^^^^^^^
[INFO] [stdout]     |
[INFO] [stdout] help: there is a method `expect` with a similar name
[INFO] [stdout]     |
[INFO] [stdout] 732 -             .test_expect("OpenAPI subject exists"),
[INFO] [stdout] 732 +             .expect("OpenAPI subject exists"),
[INFO] [stdout]     |
[INFO] [stdout] 
[INFO] [stdout] 
[INFO] [stdout] error[E0599]: no method named `test_expect` found for enum `Result<T, E>` in the current scope
[INFO] [stdout]    --> tests/agent_web_interop/core_tests.rs:750:43
[INFO] [stdout]     |
[INFO] [stdout] 750 |         verify_agent_web_interop(&bundle).test_expect("ACP-Client projection should verify");
[INFO] [stdout]     |                                           ^^^^^^^^^^^
[INFO] [stdout]     |
[INFO] [stdout] help: there is a method `expect` with a similar name
[INFO] [stdout]     |
[INFO] [stdout] 750 -         verify_agent_web_interop(&bundle).test_expect("ACP-Client projection should verify");
[INFO] [stdout] 750 +         verify_agent_web_interop(&bundle).expect("ACP-Client projection should verify");
[INFO] [stdout]     |
[INFO] [stdout] 
[INFO] [stdout] 
[INFO] [stdout] error[E0599]: no method named `test_expect_err` found for enum `Result<T, E>` in the current scope
[INFO] [stdout]    --> tests/agent_web_interop/core_tests.rs:766:43
[INFO] [stdout]     |
[INFO] [stdout] 766 |         verify_agent_web_interop(&bundle).test_expect_err("denied ACP-Client permission must fail");
[INFO] [stdout]     |                                           ^^^^^^^^^^^^^^^
[INFO] [stdout]     |
[INFO] [stdout] help: there is a method `expect_err` with a similar name
[INFO] [stdout]     |
[INFO] [stdout] 766 -         verify_agent_web_interop(&bundle).test_expect_err("denied ACP-Client permission must fail");
[INFO] [stdout] 766 +         verify_agent_web_interop(&bundle).expect_err("denied ACP-Client permission must fail");
[INFO] [stdout]     |
[INFO] [stdout] 
[INFO] [stdout] 
[INFO] [stdout] error[E0599]: no method named `test_expect` found for enum `Result<T, E>` in the current scope
[INFO] [stdout]    --> tests/agent_web_interop/core_tests.rs:778:43
[INFO] [stdout]     |
[INFO] [stdout] 778 |         verify_agent_web_interop(&bundle).test_expect("ACP-Commerce projection should verify");
[INFO] [stdout]     |                                           ^^^^^^^^^^^
[INFO] [stdout]     |
[INFO] [stdout] help: there is a method `expect` with a similar name
[INFO] [stdout]     |
[INFO] [stdout] 778 -         verify_agent_web_interop(&bundle).test_expect("ACP-Commerce projection should verify");
[INFO] [stdout] 778 +         verify_agent_web_interop(&bundle).expect("ACP-Commerce projection should verify");
[INFO] [stdout]     |
[INFO] [stdout] 
[INFO] [stdout] 
[INFO] [stdout] error[E0599]: no method named `test_expect_err` found for enum `Result<T, E>` in the current scope
[INFO] [stdout]    --> tests/agent_web_interop/core_tests.rs:794:10
[INFO] [stdout]     |
[INFO] [stdout] 793 |     let error = verify_agent_web_interop(&bundle)
[INFO] [stdout] 794 |         .test_expect_err("ACP-Commerce checkout must bind the order context digest");
[INFO] [stdout]     |          ^^^^^^^^^^^^^^^
[INFO] [stdout]     |
[INFO] [stdout] help: there is a method `expect_err` with a similar name
[INFO] [stdout]     |
[INFO] [stdout] 794 -         .test_expect_err("ACP-Commerce checkout must bind the order context digest");
[INFO] [stdout] 794 +         .expect_err("ACP-Commerce checkout must bind the order context digest");
[INFO] [stdout]     |
[INFO] [stdout] 
[INFO] [stdout] 
[INFO] [stdout] error[E0599]: no method named `test_expect_err` found for enum `Result<T, E>` in the current scope
[INFO] [stdout]    --> tests/agent_web_interop/core_tests.rs:806:10
[INFO] [stdout]     |
[INFO] [stdout] 805 |     let error = verify_agent_web_interop(&bundle)
[INFO] [stdout] 806 |         .test_expect_err("ACP-Commerce checkout receipt ref must be bound");
[INFO] [stdout]     |          ^^^^^^^^^^^^^^^
[INFO] [stdout]     |
[INFO] [stdout] help: there is a method `expect_err` with a similar name
[INFO] [stdout]     |
[INFO] [stdout] 806 -         .test_expect_err("ACP-Commerce checkout receipt ref must be bound");
[INFO] [stdout] 806 +         .expect_err("ACP-Commerce checkout receipt ref must be bound");
[INFO] [stdout]     |
[INFO] [stdout] 
[INFO] [stdout] 
[INFO] [stdout] error[E0599]: no method named `test_expect_err` found for enum `Result<T, E>` in the current scope
[INFO] [stdout]    --> tests/agent_web_interop/core_tests.rs:821:10
[INFO] [stdout]     |
[INFO] [stdout] 820 |     let error = verify_agent_web_interop(&bundle)
[INFO] [stdout] 821 |         .test_expect_err("refunded ACP-Commerce payments must not verify");
[INFO] [stdout]     |          ^^^^^^^^^^^^^^^
[INFO] [stdout]     |
[INFO] [stdout] help: there is a method `expect_err` with a similar name
[INFO] [stdout]     |
[INFO] [stdout] 821 -         .test_expect_err("refunded ACP-Commerce payments must not verify");
[INFO] [stdout] 821 +         .expect_err("refunded ACP-Commerce payments must not verify");
[INFO] [stdout]     |
[INFO] [stdout] 
[INFO] [stdout] 
[INFO] [stdout] error[E0599]: no method named `test_expect` found for enum `Result<T, E>` in the current scope
[INFO] [stdout]    --> tests/agent_web_interop/core_tests.rs:832:52
[INFO] [stdout]     |
[INFO] [stdout] 832 |     let report = verify_agent_web_interop(&bundle).test_expect("AG-UI projection should verify");
[INFO] [stdout]     |                                                    ^^^^^^^^^^^
[INFO] [stdout]     |
[INFO] [stdout] help: there is a method `expect` with a similar name
[INFO] [stdout]     |
[INFO] [stdout] 832 -     let report = verify_agent_web_interop(&bundle).test_expect("AG-UI projection should verify");
[INFO] [stdout] 832 +     let report = verify_agent_web_interop(&bundle).expect("AG-UI projection should verify");
[INFO] [stdout]     |
[INFO] [stdout] 
[INFO] [stdout] 
[INFO] [stdout] error[E0599]: no method named `test_expect_err` found for enum `Result<T, E>` in the current scope
[INFO] [stdout]    --> tests/agent_web_interop/core_tests.rs:848:43
[INFO] [stdout]     |
[INFO] [stdout] 848 |         verify_agent_web_interop(&bundle).test_expect_err("denied AG-UI events must not verify");
[INFO] [stdout]     |                                           ^^^^^^^^^^^^^^^
[INFO] [stdout]     |
[INFO] [stdout] help: there is a method `expect_err` with a similar name
[INFO] [stdout]     |
[INFO] [stdout] 848 -         verify_agent_web_interop(&bundle).test_expect_err("denied AG-UI events must not verify");
[INFO] [stdout] 848 +         verify_agent_web_interop(&bundle).expect_err("denied AG-UI events must not verify");
[INFO] [stdout]     |
[INFO] [stdout] 
[INFO] [stdout] 
[INFO] [stdout] error[E0599]: no method named `test_expect` found for enum `Result<T, E>` in the current scope
[INFO] [stdout]    --> tests/agent_web_interop/core_tests.rs:858:10
[INFO] [stdout]     |
[INFO] [stdout] 857 |     let report = verify_agent_web_interop(&bundle)
[INFO] [stdout] 858 |         .test_expect("browser automation projection should verify");
[INFO] [stdout]     |          ^^^^^^^^^^^
[INFO] [stdout]     |
[INFO] [stdout] help: there is a method `expect` with a similar name
[INFO] [stdout]     |
[INFO] [stdout] 858 -         .test_expect("browser automation projection should verify");
[INFO] [stdout] 858 +         .expect("browser automation projection should verify");
[INFO] [stdout]     |
[INFO] [stdout] 
[INFO] [stdout] 
[INFO] [stdout] error[E0599]: no method named `test_expect_err` found for enum `Result<T, E>` in the current scope
[INFO] [stdout]    --> tests/agent_web_interop/core_tests.rs:874:10
[INFO] [stdout]     |
[INFO] [stdout] 873 |     let error = verify_agent_web_interop(&bundle)
[INFO] [stdout] 874 |         .test_expect_err("browser automation command receipt must be bound to the envelope");
[INFO] [stdout]     |          ^^^^^^^^^^^^^^^
[INFO] [stdout]     |
[INFO] [stdout] help: there is a method `expect_err` with a similar name
[INFO] [stdout]     |
[INFO] [stdout] 874 -         .test_expect_err("browser automation command receipt must be bound to the envelope");
[INFO] [stdout] 874 +         .expect_err("browser automation command receipt must be bound to the envelope");
[INFO] [stdout]     |
[INFO] [stdout] 
[INFO] [stdout] 
[INFO] [stdout] error[E0599]: no method named `test_expect` found for enum `Result<T, E>` in the current scope
[INFO] [stdout]    --> tests/agent_web_interop/core_tests.rs:888:52
[INFO] [stdout]     |
[INFO] [stdout] 888 |     let report = verify_agent_web_interop(&bundle).test_expect("RPA projection should verify");
[INFO] [stdout]     |                                                    ^^^^^^^^^^^
[INFO] [stdout]     |
[INFO] [stdout] help: there is a method `expect` with a similar name
[INFO] [stdout]     |
[INFO] [stdout] 888 -     let report = verify_agent_web_interop(&bundle).test_expect("RPA projection should verify");
[INFO] [stdout] 888 +     let report = verify_agent_web_interop(&bundle).expect("RPA projection should verify");
[INFO] [stdout]     |
[INFO] [stdout] 
[INFO] [stdout] 
[INFO] [stdout] error[E0599]: no method named `test_expect` found for enum `Result<T, E>` in the current scope
[INFO] [stdout]    --> tests/agent_web_interop/core_tests.rs:903:52
[INFO] [stdout]     |
[INFO] [stdout] 903 |     let report = verify_agent_web_interop(&bundle).test_expect("Email projection should verify");
[INFO] [stdout]     |                                                    ^^^^^^^^^^^
[INFO] [stdout]     |
[INFO] [stdout] help: there is a method `expect` with a similar name
[INFO] [stdout]     |
[INFO] [stdout] 903 -     let report = verify_agent_web_interop(&bundle).test_expect("Email projection should verify");
[INFO] [stdout] 903 +     let report = verify_agent_web_interop(&bundle).expect("Email projection should verify");
[INFO] [stdout]     |
[INFO] [stdout] 
[INFO] [stdout] 
[INFO] [stdout] error[E0599]: no method named `test_expect_err` found for enum `Result<T, E>` in the current scope
[INFO] [stdout]    --> tests/agent_web_interop/core_tests.rs:919:10
[INFO] [stdout]     |
[INFO] [stdout] 918 |     let error = verify_agent_web_interop(&bundle)
[INFO] [stdout] 919 |         .test_expect_err("Gmail send projection must bind the RFC 5322 message digest");
[INFO] [stdout]     |          ^^^^^^^^^^^^^^^
[INFO] [stdout]     |
[INFO] [stdout] help: there is a method `expect_err` with a similar name
[INFO] [stdout]     |
[INFO] [stdout] 919 -         .test_expect_err("Gmail send projection must bind the RFC 5322 message digest");
[INFO] [stdout] 919 +         .expect_err("Gmail send projection must bind the RFC 5322 message digest");
[INFO] [stdout]     |
[INFO] [stdout] 
[INFO] [stdout] 
[INFO] [stdout] error[E0599]: no method named `test_expect` found for enum `Result<T, E>` in the current scope
[INFO] [stdout]    --> tests/agent_web_interop/core_tests.rs:928:52
[INFO] [stdout]     |
[INFO] [stdout] 928 |     let report = verify_agent_web_interop(&bundle).test_expect("Calendar projection should verify");
[INFO] [stdout]     |                                                    ^^^^^^^^^^^
[INFO] [stdout]     |
[INFO] [stdout] help: there is a method `expect` with a similar name
[INFO] [stdout]     |
[INFO] [stdout] 928 -     let report = verify_agent_web_interop(&bundle).test_expect("Calendar projection should verify");
[INFO] [stdout] 928 +     let report = verify_agent_web_interop(&bundle).expect("Calendar projection should verify");
[INFO] [stdout]     |
[INFO] [stdout] 
[INFO] [stdout] 
[INFO] [stdout] error[E0599]: no method named `test_expect_err` found for enum `Result<T, E>` in the current scope
[INFO] [stdout]  --> tests/agent_web_interop/protocol_tests.rs:9:10
[INFO] [stdout]   |
[INFO] [stdout] 8 |     let error = verify_agent_web_interop(&bundle)
[INFO] [stdout] 9 |         .test_expect_err("Calendar update must match approved time range");
[INFO] [stdout]   |          ^^^^^^^^^^^^^^^
[INFO] [stdout]   |
[INFO] [stdout] help: there is a method `expect_err` with a similar name
[INFO] [stdout]   |
[INFO] [stdout] 9 -         .test_expect_err("Calendar update must match approved time range");
[INFO] [stdout] 9 +         .expect_err("Calendar update must match approved time range");
[INFO] [stdout]   |
[INFO] [stdout] 
[INFO] [stdout] 
[INFO] [stdout] error[E0599]: no method named `test_expect_err` found for enum `Result<T, E>` in the current scope
[INFO] [stdout]   --> tests/agent_web_interop/protocol_tests.rs:21:10
[INFO] [stdout]    |
[INFO] [stdout] 20 |     let error = verify_agent_web_interop(&bundle)
[INFO] [stdout] 21 |         .test_expect_err("Calendar create must match approved time range");
[INFO] [stdout]    |          ^^^^^^^^^^^^^^^
[INFO] [stdout]    |
[INFO] [stdout] help: there is a method `expect_err` with a similar name
[INFO] [stdout]    |
[INFO] [stdout] 21 -         .test_expect_err("Calendar create must match approved time range");
[INFO] [stdout] 21 +         .expect_err("Calendar create must match approved time range");
[INFO] [stdout]    |
[INFO] [stdout] 
[INFO] [stdout] 
[INFO] [stdout] error[E0599]: no method named `test_expect` found for enum `Result<T, E>` in the current scope
[INFO] [stdout]   --> tests/agent_web_interop/protocol_tests.rs:32:52
[INFO] [stdout]    |
[INFO] [stdout] 32 |     let report = verify_agent_web_interop(&bundle).test_expect("Slack projection should verify");
[INFO] [stdout]    |                                                    ^^^^^^^^^^^
[INFO] [stdout]    |
[INFO] [stdout] help: there is a method `expect` with a similar name
[INFO] [stdout]    |
[INFO] [stdout] 32 -     let report = verify_agent_web_interop(&bundle).test_expect("Slack projection should verify");
[INFO] [stdout] 32 +     let report = verify_agent_web_interop(&bundle).expect("Slack projection should verify");
[INFO] [stdout]    |
[INFO] [stdout] 
[INFO] [stdout] 
[INFO] [stdout] error[E0599]: no method named `test_expect_err` found for enum `Result<T, E>` in the current scope
[INFO] [stdout]   --> tests/agent_web_interop/protocol_tests.rs:48:10
[INFO] [stdout]    |
[INFO] [stdout] 47 |     let error = verify_agent_web_interop(&bundle)
[INFO] [stdout] 48 |         .test_expect_err("Slack failed provider response must not verify");
[INFO] [stdout]    |          ^^^^^^^^^^^^^^^
[INFO] [stdout]    |
[INFO] [stdout] help: there is a method `expect_err` with a similar name
[INFO] [stdout]    |
[INFO] [stdout] 48 -         .test_expect_err("Slack failed provider response must not verify");
[INFO] [stdout] 48 +         .expect_err("Slack failed provider response must not verify");
[INFO] [stdout]    |
[INFO] [stdout] 
[INFO] [stdout] 
[INFO] [stdout] error[E0599]: no method named `test_expect` found for enum `Option<T>` in the current scope
[INFO] [stdout]   --> tests/agent_web_interop/protocol_tests.rs:61:14
[INFO] [stdout]    |
[INFO] [stdout] 59 |         subject
[INFO] [stdout] 60 |             .as_object_mut()
[INFO] [stdout] 61 |             .test_expect("AG-UI subject is an object")
[INFO] [stdout]    |              ^^^^^^^^^^^
[INFO] [stdout]    |
[INFO] [stdout] help: there is a method `expect` with a similar name
[INFO] [stdout]    |
[INFO] [stdout] 61 -             .test_expect("AG-UI subject is an object")
[INFO] [stdout] 61 +             .expect("AG-UI subject is an object")
[INFO] [stdout]    |
[INFO] [stdout] 
[INFO] [stdout] 
[INFO] [stdout] error[E0599]: no method named `test_expect` found for enum `Option<T>` in the current scope
[INFO] [stdout]   --> tests/agent_web_interop/protocol_tests.rs:68:14
[INFO] [stdout]    |
[INFO] [stdout] 65 |         bundle
[INFO] [stdout] 66 |             .artifacts
[INFO] [stdout] 67 |             .get("external/ag-ui-event.json")
[INFO] [stdout] 68 |             .test_expect("AG-UI subject exists"),
[INFO] [stdout]    |              ^^^^^^^^^^^
[INFO] [stdout]    |
[INFO] [stdout] help: there is a method `expect` with a similar name
[INFO] [stdout]    |
[INFO] [stdout] 68 -             .test_expect("AG-UI subject exists"),
[INFO] [stdout] 68 +             .expect("AG-UI subject exists"),
[INFO] [stdout]    |
[INFO] [stdout] 
[INFO] [stdout] 
[INFO] [stdout] error[E0599]: no method named `test_expect_err` found for enum `Result<T, E>` in the current scope
[INFO] [stdout]   --> tests/agent_web_interop/protocol_tests.rs:75:10
[INFO] [stdout]    |
[INFO] [stdout] 74 |     let error = verify_agent_web_interop(&bundle)
[INFO] [stdout] 75 |         .test_expect_err("AG-UI projection must bind a start-content-end event sequence");
[INFO] [stdout]    |          ^^^^^^^^^^^^^^^
[INFO] [stdout]    |
[INFO] [stdout] help: there is a method `expect_err` with a similar name
[INFO] [stdout]    |
[INFO] [stdout] 75 -         .test_expect_err("AG-UI projection must bind a start-content-end event sequence");
[INFO] [stdout] 75 +         .expect_err("AG-UI projection must bind a start-content-end event sequence");
[INFO] [stdout]    |
[INFO] [stdout] 
[INFO] [stdout] 
[INFO] [stdout] error[E0599]: no method named `test_expect` found for enum `Option<T>` in the current scope
[INFO] [stdout]   --> tests/agent_web_interop/protocol_tests.rs:86:14
[INFO] [stdout]    |
[INFO] [stdout] 84 |         subject
[INFO] [stdout] 85 |             .as_object_mut()
[INFO] [stdout] 86 |             .test_expect("MCP subject is an object")
[INFO] [stdout]    |              ^^^^^^^^^^^
[INFO] [stdout]    |
[INFO] [stdout] help: there is a method `expect` with a similar name
[INFO] [stdout]    |
[INFO] [stdout] 86 -             .test_expect("MCP subject is an object")
[INFO] [stdout] 86 +             .expect("MCP subject is an object")
[INFO] [stdout]    |
[INFO] [stdout] 
[INFO] [stdout] 
[INFO] [stdout] error[E0599]: no method named `test_expect` found for enum `Option<T>` in the current scope
[INFO] [stdout]   --> tests/agent_web_interop/protocol_tests.rs:93:14
[INFO] [stdout]    |
[INFO] [stdout] 90 |         bundle
[INFO] [stdout] 91 |             .artifacts
[INFO] [stdout] 92 |             .get("external/mcp-tool-call.json")
[INFO] [stdout] 93 |             .test_expect("MCP subject exists"),
[INFO] [stdout]    |              ^^^^^^^^^^^
[INFO] [stdout]    |
[INFO] [stdout] help: there is a method `expect` with a similar name
[INFO] [stdout]    |
[INFO] [stdout] 93 -             .test_expect("MCP subject exists"),
[INFO] [stdout] 93 +             .expect("MCP subject exists"),
[INFO] [stdout]    |
[INFO] [stdout] 
[INFO] [stdout] 
[INFO] [stdout] error[E0599]: no method named `test_expect_err` found for enum `Result<T, E>` in the current scope
[INFO] [stdout]    --> tests/agent_web_interop/protocol_tests.rs:100:43
[INFO] [stdout]     |
[INFO] [stdout] 100 |         verify_agent_web_interop(&bundle).test_expect_err("MCP projection must bind DPoP proof");
[INFO] [stdout]     |                                           ^^^^^^^^^^^^^^^
[INFO] [stdout]     |
[INFO] [stdout] help: there is a method `expect_err` with a similar name
[INFO] [stdout]     |
[INFO] [stdout] 100 -         verify_agent_web_interop(&bundle).test_expect_err("MCP projection must bind DPoP proof");
[INFO] [stdout] 100 +         verify_agent_web_interop(&bundle).expect_err("MCP projection must bind DPoP proof");
[INFO] [stdout]     |
[INFO] [stdout] 
[INFO] [stdout] 
[INFO] [stdout] error[E0599]: no method named `test_expect` found for enum `Option<T>` in the current scope
[INFO] [stdout]    --> tests/agent_web_interop/protocol_tests.rs:111:14
[INFO] [stdout]     |
[INFO] [stdout] 109 |         subject
[INFO] [stdout] 110 |             .as_object_mut()
[INFO] [stdout] 111 |             .test_expect("A2A subject is an object")
[INFO] [stdout]     |              ^^^^^^^^^^^
[INFO] [stdout]     |
[INFO] [stdout] help: there is a method `expect` with a similar name
[INFO] [stdout]     |
[INFO] [stdout] 111 -             .test_expect("A2A subject is an object")
[INFO] [stdout] 111 +             .expect("A2A subject is an object")
[INFO] [stdout]     |
[INFO] [stdout] 
[INFO] [stdout] 
[INFO] [stdout] error[E0599]: no method named `test_expect` found for enum `Option<T>` in the current scope
[INFO] [stdout]    --> tests/agent_web_interop/protocol_tests.rs:118:14
[INFO] [stdout]     |
[INFO] [stdout] 115 |         bundle
[INFO] [stdout] 116 |             .artifacts
[INFO] [stdout] 117 |             .get("external/a2a-task.json")
[INFO] [stdout] 118 |             .test_expect("A2A subject exists"),
[INFO] [stdout]     |              ^^^^^^^^^^^
[INFO] [stdout]     |
[INFO] [stdout] help: there is a method `expect` with a similar name
[INFO] [stdout]     |
[INFO] [stdout] 118 -             .test_expect("A2A subject exists"),
[INFO] [stdout] 118 +             .expect("A2A subject exists"),
[INFO] [stdout]     |
[INFO] [stdout] 
[INFO] [stdout] 
[INFO] [stdout] error[E0599]: no method named `test_expect_err` found for enum `Result<T, E>` in the current scope
[INFO] [stdout]    --> tests/agent_web_interop/protocol_tests.rs:125:43
[INFO] [stdout]     |
[INFO] [stdout] 125 |         verify_agent_web_interop(&bundle).test_expect_err("A2A projection must bind message/send");
[INFO] [stdout]     |                                           ^^^^^^^^^^^^^^^
[INFO] [stdout]     |
[INFO] [stdout] help: there is a method `expect_err` with a similar name
[INFO] [stdout]     |
[INFO] [stdout] 125 -         verify_agent_web_interop(&bundle).test_expect_err("A2A projection must bind message/send");
[INFO] [stdout] 125 +         verify_agent_web_interop(&bundle).expect_err("A2A projection must bind message/send");
[INFO] [stdout]     |
[INFO] [stdout] 
[INFO] [stdout] 
[INFO] [stdout] error[E0599]: no method named `test_expect` found for enum `Option<T>` in the current scope
[INFO] [stdout]    --> tests/agent_web_interop/protocol_tests.rs:141:18
[INFO] [stdout]     |
[INFO] [stdout] 139 |             subject
[INFO] [stdout] 140 |                 .as_object_mut()
[INFO] [stdout] 141 |                 .test_expect("ACP-Client subject is an object")
[INFO] [stdout]     |                  ^^^^^^^^^^^
[INFO] [stdout]     |
[INFO] [stdout] help: there is a method `expect` with a similar name
[INFO] [stdout]     |
[INFO] [stdout] 141 -                 .test_expect("ACP-Client subject is an object")
[INFO] [stdout] 141 +                 .expect("ACP-Client subject is an object")
[INFO] [stdout]     |
[INFO] [stdout] 
[INFO] [stdout] 
[INFO] [stdout] error[E0599]: no method named `test_expect` found for enum `Option<T>` in the current scope
[INFO] [stdout]    --> tests/agent_web_interop/protocol_tests.rs:149:14
[INFO] [stdout]     |
[INFO] [stdout] 146 |         bundle
[INFO] [stdout] 147 |             .artifacts
[INFO] [stdout] 148 |             .get("external/acp-client-permission.json")
[INFO] [stdout] 149 |             .test_expect("ACP-Client subject exists"),
[INFO] [stdout]     |              ^^^^^^^^^^^
[INFO] [stdout]     |
[INFO] [stdout] help: there is a method `expect` with a similar name
[INFO] [stdout]     |
[INFO] [stdout] 149 -             .test_expect("ACP-Client subject exists"),
[INFO] [stdout] 149 +             .expect("ACP-Client subject exists"),
[INFO] [stdout]     |
[INFO] [stdout] 
[INFO] [stdout] 
[INFO] [stdout] error[E0599]: no method named `test_expect_err` found for enum `Result<T, E>` in the current scope
[INFO] [stdout]    --> tests/agent_web_interop/protocol_tests.rs:162:10
[INFO] [stdout]     |
[INFO] [stdout] 161 |     let error = verify_agent_web_interop(&bundle)
[INFO] [stdout] 162 |         .test_expect_err("ACP-Client projection must bind file path scope");
[INFO] [stdout]     |          ^^^^^^^^^^^^^^^
[INFO] [stdout]     |
[INFO] [stdout] help: there is a method `expect_err` with a similar name
[INFO] [stdout]     |
[INFO] [stdout] 162 -         .test_expect_err("ACP-Client projection must bind file path scope");
[INFO] [stdout] 162 +         .expect_err("ACP-Client projection must bind file path scope");
[INFO] [stdout]     |
[INFO] [stdout] 
[INFO] [stdout] 
[INFO] [stdout] error[E0599]: no method named `test_expect` found for enum `Option<T>` in the current scope
[INFO] [stdout]    --> tests/agent_web_interop/protocol_tests.rs:186:14
[INFO] [stdout]     |
[INFO] [stdout] 183 |         bundle
[INFO] [stdout] 184 |             .artifacts
[INFO] [stdout] 185 |             .get("external/acp-client-permission.json")
[INFO] [stdout] 186 |             .test_expect("ACP-Client subject exists"),
[INFO] [stdout]     |              ^^^^^^^^^^^
[INFO] [stdout]     |
[INFO] [stdout] help: there is a method `expect` with a similar name
[INFO] [stdout]     |
[INFO] [stdout] 186 -             .test_expect("ACP-Client subject exists"),
[INFO] [stdout] 186 +             .expect("ACP-Client subject exists"),
[INFO] [stdout]     |
[INFO] [stdout] 
[INFO] [stdout] 
[INFO] [stdout] error[E0599]: no method named `test_expect_err` found for enum `Result<T, E>` in the current scope
[INFO] [stdout]    --> tests/agent_web_interop/protocol_tests.rs:199:10
[INFO] [stdout]     |
[INFO] [stdout] 198 |     let error = verify_agent_web_interop(&bundle)
[INFO] [stdout] 199 |         .test_expect_err("ACP-Client projection must use a signed receipt path");
[INFO] [stdout]     |          ^^^^^^^^^^^^^^^
[INFO] [stdout]     |
[INFO] [stdout] help: there is a method `expect_err` with a similar name
[INFO] [stdout]     |
[INFO] [stdout] 199 -         .test_expect_err("ACP-Client projection must use a signed receipt path");
[INFO] [stdout] 199 +         .expect_err("ACP-Client projection must use a signed receipt path");
[INFO] [stdout]     |
[INFO] [stdout] 
[INFO] [stdout] 
[INFO] [stdout] error[E0599]: no method named `test_expect` found for enum `Result<T, E>` in the current scope
[INFO] [stdout]    --> tests/agent_web_interop/protocol_tests.rs:213:52
[INFO] [stdout]     |
[INFO] [stdout] 213 |     let report = verify_agent_web_interop(&bundle).test_expect("OAuth2 projection should verify");
[INFO] [stdout]     |                                                    ^^^^^^^^^^^
[INFO] [stdout]     |
[INFO] [stdout] help: there is a method `expect` with a similar name
[INFO] [stdout]     |
[INFO] [stdout] 213 -     let report = verify_agent_web_interop(&bundle).test_expect("OAuth2 projection should verify");
[INFO] [stdout] 213 +     let report = verify_agent_web_interop(&bundle).expect("OAuth2 projection should verify");
[INFO] [stdout]     |
[INFO] [stdout] 
[INFO] [stdout] 
[INFO] [stdout] error[E0599]: no method named `test_expect_err` found for enum `Result<T, E>` in the current scope
[INFO] [stdout]    --> tests/agent_web_interop/protocol_tests.rs:229:10
[INFO] [stdout]     |
[INFO] [stdout] 228 |     let error = verify_agent_web_interop(&bundle)
[INFO] [stdout] 229 |         .test_expect_err("OAuth2 projection must reject a wrong external object kind");
[INFO] [stdout]     |          ^^^^^^^^^^^^^^^
[INFO] [stdout]     |
[INFO] [stdout] help: there is a method `expect_err` with a similar name
[INFO] [stdout]     |
[INFO] [stdout] 229 -         .test_expect_err("OAuth2 projection must reject a wrong external object kind");
[INFO] [stdout] 229 +         .expect_err("OAuth2 projection must reject a wrong external object kind");
[INFO] [stdout]     |
[INFO] [stdout] 
[INFO] [stdout] 
[INFO] [stdout] error[E0599]: no method named `test_expect_err` found for enum `Result<T, E>` in the current scope
[INFO] [stdout]    --> tests/agent_web_interop/protocol_tests.rs:241:10
[INFO] [stdout]     |
[INFO] [stdout] 240 |     let error = verify_agent_web_interop(&bundle)
[INFO] [stdout] 241 |         .test_expect_err("OAuth2 authorization receipt must be bound to the envelope");
[INFO] [stdout]     |          ^^^^^^^^^^^^^^^
[INFO] [stdout]     |
[INFO] [stdout] help: there is a method `expect_err` with a similar name
[INFO] [stdout]     |
[INFO] [stdout] 241 -         .test_expect_err("OAuth2 authorization receipt must be bound to the envelope");
[INFO] [stdout] 241 +         .expect_err("OAuth2 authorization receipt must be bound to the envelope");
[INFO] [stdout]     |
[INFO] [stdout] 
[INFO] [stdout] 
[INFO] [stdout] error[E0599]: no method named `test_expect` found for enum `Result<T, E>` in the current scope
[INFO] [stdout]    --> tests/agent_web_interop/protocol_tests.rs:253:43
[INFO] [stdout]     |
[INFO] [stdout] 253 |         verify_agent_web_interop(&bundle).test_expect("OpenID Connect projection should verify");
[INFO] [stdout]     |                                           ^^^^^^^^^^^
[INFO] [stdout]     |
[INFO] [stdout] help: there is a method `expect` with a similar name
[INFO] [stdout]     |
[INFO] [stdout] 253 -         verify_agent_web_interop(&bundle).test_expect("OpenID Connect projection should verify");
[INFO] [stdout] 253 +         verify_agent_web_interop(&bundle).expect("OpenID Connect projection should verify");
[INFO] [stdout]     |
[INFO] [stdout] 
[INFO] [stdout] 
[INFO] [stdout] error[E0599]: no method named `test_expect_err` found for enum `Result<T, E>` in the current scope
[INFO] [stdout]    --> tests/agent_web_interop/protocol_tests.rs:269:10
[INFO] [stdout]     |
[INFO] [stdout] 268 |     let error = verify_agent_web_interop(&bundle)
[INFO] [stdout] 269 |         .test_expect_err("OpenID Connect projection must reject a wrong external object kind");
[INFO] [stdout]     |          ^^^^^^^^^^^^^^^
[INFO] [stdout]     |
[INFO] [stdout] help: there is a method `expect_err` with a similar name
[INFO] [stdout]     |
[INFO] [stdout] 269 -         .test_expect_err("OpenID Connect projection must reject a wrong external object kind");
[INFO] [stdout] 269 +         .expect_err("OpenID Connect projection must reject a wrong external object kind");
[INFO] [stdout]     |
[INFO] [stdout] 
[INFO] [stdout] 
[INFO] [stdout] error[E0599]: no method named `test_expect_err` found for enum `Result<T, E>` in the current scope
[INFO] [stdout]    --> tests/agent_web_interop/protocol_tests.rs:281:10
[INFO] [stdout]     |
[INFO] [stdout] 280 |     let error = verify_agent_web_interop(&bundle)
[INFO] [stdout] 281 |         .test_expect_err("OpenID Connect identity receipt must be bound to the envelope");
[INFO] [stdout]     |          ^^^^^^^^^^^^^^^
[INFO] [stdout]     |
[INFO] [stdout] help: there is a method `expect_err` with a similar name
[INFO] [stdout]     |
[INFO] [stdout] 281 -         .test_expect_err("OpenID Connect identity receipt must be bound to the envelope");
[INFO] [stdout] 281 +         .expect_err("OpenID Connect identity receipt must be bound to the envelope");
[INFO] [stdout]     |
[INFO] [stdout] 
[INFO] [stdout] 
[INFO] [stdout] error[E0599]: no method named `test_expect` found for enum `Result<T, E>` in the current scope
[INFO] [stdout]    --> tests/agent_web_interop/protocol_tests.rs:292:52
[INFO] [stdout]     |
[INFO] [stdout] 292 |     let report = verify_agent_web_interop(&bundle).test_expect("SCIM projection should verify");
[INFO] [stdout]     |                                                    ^^^^^^^^^^^
[INFO] [stdout]     |
[INFO] [stdout] help: there is a method `expect` with a similar name
[INFO] [stdout]     |
[INFO] [stdout] 292 -     let report = verify_agent_web_interop(&bundle).test_expect("SCIM projection should verify");
[INFO] [stdout] 292 +     let report = verify_agent_web_interop(&bundle).expect("SCIM projection should verify");
[INFO] [stdout]     |
[INFO] [stdout] 
[INFO] [stdout] 
[INFO] [stdout] error[E0599]: no method named `test_expect_err` found for enum `Result<T, E>` in the current scope
[INFO] [stdout]    --> tests/agent_web_interop/protocol_tests.rs:308:10
[INFO] [stdout]     |
[INFO] [stdout] 307 |     let error = verify_agent_web_interop(&bundle)
[INFO] [stdout] 308 |         .test_expect_err("SCIM active lifecycle events must name a bound Chio receipt");
[INFO] [stdout]     |          ^^^^^^^^^^^^^^^
[INFO] [stdout]     |
[INFO] [stdout] help: there is a method `expect_err` with a similar name
[INFO] [stdout]     |
[INFO] [stdout] 308 -         .test_expect_err("SCIM active lifecycle events must name a bound Chio receipt");
[INFO] [stdout] 308 +         .expect_err("SCIM active lifecycle events must name a bound Chio receipt");
[INFO] [stdout]     |
[INFO] [stdout] 
[INFO] [stdout] 
[INFO] [stdout] error[E0599]: no method named `test_expect` found for enum `Result<T, E>` in the current scope
[INFO] [stdout]    --> tests/agent_web_interop/protocol_tests.rs:319:52
[INFO] [stdout]     |
[INFO] [stdout] 319 |     let report = verify_agent_web_interop(&bundle).test_expect("SPIFFE projection should verify");
[INFO] [stdout]     |                                                    ^^^^^^^^^^^
[INFO] [stdout]     |
[INFO] [stdout] help: there is a method `expect` with a similar name
[INFO] [stdout]     |
[INFO] [stdout] 319 -     let report = verify_agent_web_interop(&bundle).test_expect("SPIFFE projection should verify");
[INFO] [stdout] 319 +     let report = verify_agent_web_interop(&bundle).expect("SPIFFE projection should verify");
[INFO] [stdout]     |
[INFO] [stdout] 
[INFO] [stdout] 
[INFO] [stdout] error[E0599]: no method named `test_expect_err` found for enum `Result<T, E>` in the current scope
[INFO] [stdout]    --> tests/agent_web_interop/protocol_tests.rs:335:10
[INFO] [stdout]     |
[INFO] [stdout] 334 |     let error = verify_agent_web_interop(&bundle)
[INFO] [stdout] 335 |         .test_expect_err("SPIFFE workload identities must name a bound Chio receipt");
[INFO] [stdout]     |          ^^^^^^^^^^^^^^^
[INFO] [stdout]     |
[INFO] [stdout] help: there is a method `expect_err` with a similar name
[INFO] [stdout]     |
[INFO] [stdout] 335 -         .test_expect_err("SPIFFE workload identities must name a bound Chio receipt");
[INFO] [stdout] 335 +         .expect_err("SPIFFE workload identities must name a bound Chio receipt");
[INFO] [stdout]     |
[INFO] [stdout] 
[INFO] [stdout] 
[INFO] [stdout] error[E0599]: no method named `test_expect_err` found for enum `Result<T, E>` in the current scope
[INFO] [stdout]    --> tests/agent_web_interop/protocol_tests.rs:350:10
[INFO] [stdout]     |
[INFO] [stdout] 349 |     let error = verify_agent_web_interop(&bundle)
[INFO] [stdout] 350 |         .test_expect_err("SPIFFE trust domain must not contain path segments");
[INFO] [stdout]     |          ^^^^^^^^^^^^^^^
[INFO] [stdout]     |
[INFO] [stdout] help: there is a method `expect_err` with a similar name
[INFO] [stdout]     |
[INFO] [stdout] 350 -         .test_expect_err("SPIFFE trust domain must not contain path segments");
[INFO] [stdout] 350 +         .expect_err("SPIFFE trust domain must not contain path segments");
[INFO] [stdout]     |
[INFO] [stdout] 
[INFO] [stdout] 
[INFO] [stdout] error[E0599]: no method named `test_expect` found for enum `Result<T, E>` in the current scope
[INFO] [stdout]    --> tests/agent_web_interop/protocol_tests.rs:362:10
[INFO] [stdout]     |
[INFO] [stdout] 361 |     let report = verify_agent_web_interop(&bundle)
[INFO] [stdout] 362 |         .test_expect("Kubernetes admission projection should verify");
[INFO] [stdout]     |          ^^^^^^^^^^^
[INFO] [stdout]     |
[INFO] [stdout] help: there is a method `expect` with a similar name
[INFO] [stdout]     |
[INFO] [stdout] 362 -         .test_expect("Kubernetes admission projection should verify");
[INFO] [stdout] 362 +         .expect("Kubernetes admission projection should verify");
[INFO] [stdout]     |
[INFO] [stdout] 
[INFO] [stdout] 
[INFO] [stdout] error[E0599]: no method named `test_expect_err` found for enum `Result<T, E>` in the current scope
[INFO] [stdout]    --> tests/agent_web_interop/protocol_tests.rs:378:10
[INFO] [stdout]     |
[INFO] [stdout] 377 |     let error = verify_agent_web_interop(&bundle)
[INFO] [stdout] 378 |         .test_expect_err("Kubernetes admission response UID must match request UID");
[INFO] [stdout]     |          ^^^^^^^^^^^^^^^
[INFO] [stdout]     |
[INFO] [stdout] help: there is a method `expect_err` with a similar name
[INFO] [stdout]     |
[INFO] [stdout] 378 -         .test_expect_err("Kubernetes admission response UID must match request UID");
[INFO] [stdout] 378 +         .expect_err("Kubernetes admission response UID must match request UID");
[INFO] [stdout]     |
[INFO] [stdout] 
[INFO] [stdout] 
[INFO] [stdout] error[E0599]: no method named `test_expect` found for enum `Result<T, E>` in the current scope
[INFO] [stdout]    --> tests/agent_web_interop/protocol_tests.rs:389:52
[INFO] [stdout]     |
[INFO] [stdout] 389 |     let report = verify_agent_web_interop(&bundle).test_expect("OCI ref projection should verify");
[INFO] [stdout]     |                                                    ^^^^^^^^^^^
[INFO] [stdout]     |
[INFO] [stdout] help: there is a method `expect` with a similar name
[INFO] [stdout]     |
[INFO] [stdout] 389 -     let report = verify_agent_web_interop(&bundle).test_expect("OCI ref projection should verify");
[INFO] [stdout] 389 +     let report = verify_agent_web_interop(&bundle).expect("OCI ref projection should verify");
[INFO] [stdout]     |
[INFO] [stdout] 
[INFO] [stdout] 
[INFO] [stdout] error[E0599]: no method named `test_expect` found for enum `Option<T>` in the current scope
[INFO] [stdout]    --> tests/agent_web_interop/protocol_tests.rs:410:14
[INFO] [stdout]     |
[INFO] [stdout] 407 |         bundle
[INFO] [stdout] 408 |             .artifacts
[INFO] [stdout] 409 |             .get("external/oci-ref.json")
[INFO] [stdout] 410 |             .test_expect("OCI subject exists"),
[INFO] [stdout]     |              ^^^^^^^^^^^
[INFO] [stdout]     |
[INFO] [stdout] help: there is a method `expect` with a similar name
[INFO] [stdout]     |
[INFO] [stdout] 410 -             .test_expect("OCI subject exists"),
[INFO] [stdout] 410 +             .expect("OCI subject exists"),
[INFO] [stdout]     |
[INFO] [stdout] 
[INFO] [stdout] 
[INFO] [stdout] error[E0599]: no method named `test_expect_err` found for enum `Result<T, E>` in the current scope
[INFO] [stdout]    --> tests/agent_web_interop/protocol_tests.rs:417:10
[INFO] [stdout]     |
[INFO] [stdout] 416 |     let error = verify_agent_web_interop(&bundle)
[INFO] [stdout] 417 |         .test_expect_err("OCI Rekor verification must not be self-asserted");
[INFO] [stdout]     |          ^^^^^^^^^^^^^^^
[INFO] [stdout]     |
[INFO] [stdout] help: there is a method `expect_err` with a similar name
[INFO] [stdout]     |
[INFO] [stdout] 417 -         .test_expect_err("OCI Rekor verification must not be self-asserted");
[INFO] [stdout] 417 +         .expect_err("OCI Rekor verification must not be self-asserted");
[INFO] [stdout]     |
[INFO] [stdout] 
[INFO] [stdout] 
[INFO] [stdout] error[E0599]: no method named `test_expect_err` found for enum `Result<T, E>` in the current scope
[INFO] [stdout]    --> tests/agent_web_interop/protocol_tests.rs:431:51
[INFO] [stdout]     |
[INFO] [stdout] 431 |     let error = verify_agent_web_interop(&bundle).test_expect_err("OCI refs must be digest-pinned");
[INFO] [stdout]     |                                                   ^^^^^^^^^^^^^^^
[INFO] [stdout]     |
[INFO] [stdout] help: there is a method `expect_err` with a similar name
[INFO] [stdout]     |
[INFO] [stdout] 431 -     let error = verify_agent_web_interop(&bundle).test_expect_err("OCI refs must be digest-pinned");
[INFO] [stdout] 431 +     let error = verify_agent_web_interop(&bundle).expect_err("OCI refs must be digest-pinned");
[INFO] [stdout]     |
[INFO] [stdout] 
[INFO] [stdout] 
[INFO] [stdout] error[E0599]: no method named `test_expect` found for enum `Result<T, E>` in the current scope
[INFO] [stdout]    --> tests/agent_web_interop/protocol_tests.rs:442:52
[INFO] [stdout]     |
[INFO] [stdout] 442 |     let report = verify_agent_web_interop(&bundle).test_expect("VC projection should verify");
[INFO] [stdout]     |                                                    ^^^^^^^^^^^
[INFO] [stdout]     |
[INFO] [stdout] help: there is a method `expect` with a similar name
[INFO] [stdout]     |
[INFO] [stdout] 442 -     let report = verify_agent_web_interop(&bundle).test_expect("VC projection should verify");
[INFO] [stdout] 442 +     let report = verify_agent_web_interop(&bundle).expect("VC projection should verify");
[INFO] [stdout]     |
[INFO] [stdout] 
[INFO] [stdout] 
[INFO] [stdout] error[E0599]: no method named `test_expect` found for enum `Result<T, E>` in the current scope
[INFO] [stdout]    --> tests/agent_web_interop/protocol_tests.rs:458:43
[INFO] [stdout]     |
[INFO] [stdout] 458 |         verify_agent_web_interop(&bundle).test_expect("SD-JWT VC projection should verify");
[INFO] [stdout]     |                                           ^^^^^^^^^^^
[INFO] [stdout]     |
[INFO] [stdout] help: there is a method `expect` with a similar name
[INFO] [stdout]     |
[INFO] [stdout] 458 -         verify_agent_web_interop(&bundle).test_expect("SD-JWT VC projection should verify");
[INFO] [stdout] 458 +         verify_agent_web_interop(&bundle).expect("SD-JWT VC projection should verify");
[INFO] [stdout]     |
[INFO] [stdout] 
[INFO] [stdout] 
[INFO] [stdout] error[E0599]: no method named `test_expect_err` found for enum `Result<T, E>` in the current scope
[INFO] [stdout]    --> tests/agent_web_interop/protocol_tests.rs:474:10
[INFO] [stdout]     |
[INFO] [stdout] 473 |     let error = verify_agent_web_interop(&bundle)
[INFO] [stdout] 474 |         .test_expect_err("VC projection must bind the credential receipt");
[INFO] [stdout]     |          ^^^^^^^^^^^^^^^
[INFO] [stdout]     |
[INFO] [stdout] help: there is a method `expect_err` with a similar name
[INFO] [stdout]     |
[INFO] [stdout] 474 -         .test_expect_err("VC projection must bind the credential receipt");
[INFO] [stdout] 474 +         .expect_err("VC projection must bind the credential receipt");
[INFO] [stdout]     |
[INFO] [stdout] 
[INFO] [stdout] 
[INFO] [stdout] error[E0599]: no method named `test_expect_err` found for enum `Result<T, E>` in the current scope
[INFO] [stdout]    --> tests/agent_web_interop/protocol_tests.rs:484:10
[INFO] [stdout]     |
[INFO] [stdout] 483 |     let error = verify_agent_web_interop(&bundle)
[INFO] [stdout] 484 |         .test_expect_err("SD-JWT VC projection must bind the presentation receipt");
[INFO] [stdout]     |          ^^^^^^^^^^^^^^^
[INFO] [stdout]     |
[INFO] [stdout] help: there is a method `expect_err` with a similar name
[INFO] [stdout]     |
[INFO] [stdout] 484 -         .test_expect_err("SD-JWT VC projection must bind the presentation receipt");
[INFO] [stdout] 484 +         .expect_err("SD-JWT VC projection must bind the presentation receipt");
[INFO] [stdout]     |
[INFO] [stdout] 
[INFO] [stdout] 
[INFO] [stdout] error[E0599]: no method named `test_expect` found for enum `Result<T, E>` in the current scope
[INFO] [stdout]    --> tests/agent_web_interop/protocol_tests.rs:495:52
[INFO] [stdout]     |
[INFO] [stdout] 495 |     let report = verify_agent_web_interop(&bundle).test_expect("BBS projection should verify");
[INFO] [stdout]     |                                                    ^^^^^^^^^^^
[INFO] [stdout]     |
[INFO] [stdout] help: there is a method `expect` with a similar name
[INFO] [stdout]     |
[INFO] [stdout] 495 -     let report = verify_agent_web_interop(&bundle).test_expect("BBS projection should verify");
[INFO] [stdout] 495 +     let report = verify_agent_web_interop(&bundle).expect("BBS projection should verify");
[INFO] [stdout]     |
[INFO] [stdout] 
[INFO] [stdout] 
[INFO] [stdout] error[E0599]: no method named `test_expect_err` found for enum `Result<T, E>` in the current scope
[INFO] [stdout]    --> tests/agent_web_interop/protocol_tests.rs:514:10
[INFO] [stdout]     |
[INFO] [stdout] 513 |     let error = verify_agent_web_interop(&bundle)
[INFO] [stdout] 514 |         .test_expect_err("BBS verification status must not be self-asserted");
[INFO] [stdout]     |          ^^^^^^^^^^^^^^^
[INFO] [stdout]     |
[INFO] [stdout] help: there is a method `expect_err` with a similar name
[INFO] [stdout]     |
[INFO] [stdout] 514 -         .test_expect_err("BBS verification status must not be self-asserted");
[INFO] [stdout] 514 +         .expect_err("BBS verification status must not be self-asserted");
[INFO] [stdout]     |
[INFO] [stdout] 
[INFO] [stdout] 
[INFO] [stdout] error[E0599]: no method named `test_expect_err` found for enum `Result<T, E>` in the current scope
[INFO] [stdout]    --> tests/agent_web_interop/protocol_tests.rs:529:10
[INFO] [stdout]     |
[INFO] [stdout] 528 |     let error = verify_agent_web_interop(&bundle)
[INFO] [stdout] 529 |         .test_expect_err("BBS receipt disclosures must name a bound Chio receipt");
[INFO] [stdout]     |          ^^^^^^^^^^^^^^^
[INFO] [stdout]     |
[INFO] [stdout] help: there is a method `expect_err` with a similar name
[INFO] [stdout]     |
[INFO] [stdout] 529 -         .test_expect_err("BBS receipt disclosures must name a bound Chio receipt");
[INFO] [stdout] 529 +         .expect_err("BBS receipt disclosures must name a bound Chio receipt");
[INFO] [stdout]     |
[INFO] [stdout] 
[INFO] [stdout] 
[INFO] [stdout] error[E0599]: no method named `test_expect` found for enum `Result<T, E>` in the current scope
[INFO] [stdout]    --> tests/agent_web_interop/protocol_tests.rs:538:52
[INFO] [stdout]     |
[INFO] [stdout] 538 |     let report = verify_agent_web_interop(&bundle).test_expect("Sigstore projection should verify");
[INFO] [stdout]     |                                                    ^^^^^^^^^^^
[INFO] [stdout]     |
[INFO] [stdout] help: there is a method `expect` with a similar name
[INFO] [stdout]     |
[INFO] [stdout] 538 -     let report = verify_agent_web_interop(&bundle).test_expect("Sigstore projection should verify");
[INFO] [stdout] 538 +     let report = verify_agent_web_interop(&bundle).expect("Sigstore projection should verify");
[INFO] [stdout]     |
[INFO] [stdout] 
[INFO] [stdout] 
[INFO] [stdout] error[E0599]: no method named `test_expect` found for enum `Option<T>` in the current scope
[INFO] [stdout]    --> tests/agent_web_interop/protocol_tests.rs:559:14
[INFO] [stdout]     |
[INFO] [stdout] 556 |         bundle
[INFO] [stdout] 557 |             .artifacts
[INFO] [stdout] 558 |             .get("external/sigstore-bundle.json")
[INFO] [stdout] 559 |             .test_expect("Sigstore subject exists"),
[INFO] [stdout]     |              ^^^^^^^^^^^
[INFO] [stdout]     |
[INFO] [stdout] help: there is a method `expect` with a similar name
[INFO] [stdout]     |
[INFO] [stdout] 559 -             .test_expect("Sigstore subject exists"),
[INFO] [stdout] 559 +             .expect("Sigstore subject exists"),
[INFO] [stdout]     |
[INFO] [stdout] 
[INFO] [stdout] 
[INFO] [stdout] error[E0599]: no method named `test_expect_err` found for enum `Result<T, E>` in the current scope
[INFO] [stdout]    --> tests/agent_web_interop/protocol_tests.rs:566:10
[INFO] [stdout]     |
[INFO] [stdout] 565 |     let error = verify_agent_web_interop(&bundle)
[INFO] [stdout] 566 |         .test_expect_err("Sigstore verification must not be self-asserted");
[INFO] [stdout]     |          ^^^^^^^^^^^^^^^
[INFO] [stdout]     |
[INFO] [stdout] help: there is a method `expect_err` with a similar name
[INFO] [stdout]     |
[INFO] [stdout] 566 -         .test_expect_err("Sigstore verification must not be self-asserted");
[INFO] [stdout] 566 +         .expect_err("Sigstore verification must not be self-asserted");
[INFO] [stdout]     |
[INFO] [stdout] 
[INFO] [stdout] 
[INFO] [stdout] error[E0599]: no method named `test_expect_err` found for enum `Result<T, E>` in the current scope
[INFO] [stdout]    --> tests/agent_web_interop/protocol_tests.rs:581:10
[INFO] [stdout]     |
[INFO] [stdout] 580 |     let error = verify_agent_web_interop(&bundle)
[INFO] [stdout] 581 |         .test_expect_err("Sigstore bundles must name a bound Chio receipt");
[INFO] [stdout]     |          ^^^^^^^^^^^^^^^
[INFO] [stdout]     |
[INFO] [stdout] help: there is a method `expect_err` with a similar name
[INFO] [stdout]     |
[INFO] [stdout] 581 -         .test_expect_err("Sigstore bundles must name a bound Chio receipt");
[INFO] [stdout] 581 +         .expect_err("Sigstore bundles must name a bound Chio receipt");
[INFO] [stdout]     |
[INFO] [stdout] 
[INFO] [stdout] 
[INFO] [stdout] error[E0599]: no method named `test_expect` found for enum `Result<T, E>` in the current scope
[INFO] [stdout]    --> tests/agent_web_interop/protocol_tests.rs:593:52
[INFO] [stdout]     |
[INFO] [stdout] 593 |     let report = verify_agent_web_interop(&bundle).test_expect("in-toto projection should verify");
[INFO] [stdout]     |                                                    ^^^^^^^^^^^
[INFO] [stdout]     |
[INFO] [stdout] help: there is a method `expect` with a similar name
[INFO] [stdout]     |
[INFO] [stdout] 593 -     let report = verify_agent_web_interop(&bundle).test_expect("in-toto projection should verify");
[INFO] [stdout] 593 +     let report = verify_agent_web_interop(&bundle).expect("in-toto projection should verify");
[INFO] [stdout]     |
[INFO] [stdout] 
[INFO] [stdout] 
[INFO] [stdout] error[E0599]: no method named `test_expect` found for enum `Option<T>` in the current scope
[INFO] [stdout]    --> tests/agent_web_interop/protocol_tests.rs:621:14
[INFO] [stdout]     |
[INFO] [stdout] 618 |         bundle
[INFO] [stdout] 619 |             .artifacts
[INFO] [stdout] 620 |             .get("external/in-toto-statement.json")
[INFO] [stdout] 621 |             .test_expect("in-toto statement exists"),
[INFO] [stdout]     |              ^^^^^^^^^^^
[INFO] [stdout]     |
[INFO] [stdout] help: there is a method `expect` with a similar name
[INFO] [stdout]     |
[INFO] [stdout] 621 -             .test_expect("in-toto statement exists"),
[INFO] [stdout] 621 +             .expect("in-toto statement exists"),
[INFO] [stdout]     |
[INFO] [stdout] 
[INFO] [stdout] 
[INFO] [stdout] error[E0599]: no method named `test_expect_err` found for enum `Result<T, E>` in the current scope
[INFO] [stdout]    --> tests/agent_web_interop/protocol_tests.rs:628:10
[INFO] [stdout]     |
[INFO] [stdout] 627 |     let error = verify_agent_web_interop(&bundle)
[INFO] [stdout] 628 |         .test_expect_err("in-toto statements require bilateral signatures");
[INFO] [stdout]     |          ^^^^^^^^^^^^^^^
[INFO] [stdout]     |
[INFO] [stdout] help: there is a method `expect_err` with a similar name
[INFO] [stdout]     |
[INFO] [stdout] 628 -         .test_expect_err("in-toto statements require bilateral signatures");
[INFO] [stdout] 628 +         .expect_err("in-toto statements require bilateral signatures");
[INFO] [stdout]     |
[INFO] [stdout] 
[INFO] [stdout] 
[INFO] [stdout] error[E0599]: no method named `test_expect` found for enum `Option<T>` in the current scope
[INFO] [stdout]    --> tests/agent_web_interop/protocol_tests.rs:653:14
[INFO] [stdout]     |
[INFO] [stdout] 650 |         bundle
[INFO] [stdout] 651 |             .artifacts
[INFO] [stdout] 652 |             .get("external/in-toto-statement.json")
[INFO] [stdout] 653 |             .test_expect("in-toto statement exists"),
[INFO] [stdout]     |              ^^^^^^^^^^^
[INFO] [stdout]     |
[INFO] [stdout] help: there is a method `expect` with a similar name
[INFO] [stdout]     |
[INFO] [stdout] 653 -             .test_expect("in-toto statement exists"),
[INFO] [stdout] 653 +             .expect("in-toto statement exists"),
[INFO] [stdout]     |
[INFO] [stdout] 
[INFO] [stdout] 
[INFO] [stdout] error[E0599]: no method named `test_expect_err` found for enum `Result<T, E>` in the current scope
[INFO] [stdout]    --> tests/agent_web_interop/protocol_tests.rs:660:10
[INFO] [stdout]     |
[INFO] [stdout] 659 |     let error = verify_agent_web_interop(&bundle)
[INFO] [stdout] 660 |         .test_expect_err("in-toto statement must use the bilateral invocation predicate");
[INFO] [stdout]     |          ^^^^^^^^^^^^^^^
[INFO] [stdout]     |
[INFO] [stdout] help: there is a method `expect_err` with a similar name
[INFO] [stdout]     |
[INFO] [stdout] 660 -         .test_expect_err("in-toto statement must use the bilateral invocation predicate");
[INFO] [stdout] 660 +         .expect_err("in-toto statement must use the bilateral invocation predicate");
[INFO] [stdout]     |
[INFO] [stdout] 
[INFO] [stdout] 
[INFO] [stdout] error[E0599]: no method named `test_expect` found for enum `Option<T>` in the current scope
[INFO] [stdout]    --> tests/agent_web_interop/protocol_tests.rs:679:18
[INFO] [stdout]     |
[INFO] [stdout] 677 |             statement
[INFO] [stdout] 678 |                 .as_object_mut()
[INFO] [stdout] 679 |                 .test_expect("in-toto statement is object")
[INFO] [stdout]     |                  ^^^^^^^^^^^
[INFO] [stdout]     |
[INFO] [stdout] help: there is a method `expect` with a similar name
[INFO] [stdout]     |
[INFO] [stdout] 679 -                 .test_expect("in-toto statement is object")
[INFO] [stdout] 679 +                 .expect("in-toto statement is object")
[INFO] [stdout]     |
[INFO] [stdout] 
[INFO] [stdout] 
[INFO] [stdout] error[E0599]: no method named `test_expect` found for enum `Option<T>` in the current scope
[INFO] [stdout]    --> tests/agent_web_interop/protocol_tests.rs:687:14
[INFO] [stdout]     |
[INFO] [stdout] 684 |         bundle
[INFO] [stdout] 685 |             .artifacts
[INFO] [stdout] 686 |             .get("external/in-toto-statement.json")
[INFO] [stdout] 687 |             .test_expect("in-toto statement exists"),
[INFO] [stdout]     |              ^^^^^^^^^^^
[INFO] [stdout]     |
[INFO] [stdout] help: there is a method `expect` with a similar name
[INFO] [stdout]     |
[INFO] [stdout] 687 -             .test_expect("in-toto statement exists"),
[INFO] [stdout] 687 +             .expect("in-toto statement exists"),
[INFO] [stdout]     |
[INFO] [stdout] 
[INFO] [stdout] 
[INFO] [stdout] error[E0599]: no method named `test_expect_err` found for enum `Result<T, E>` in the current scope
[INFO] [stdout]    --> tests/agent_web_interop/protocol_tests.rs:694:43
[INFO] [stdout]     |
[INFO] [stdout] 694 |         verify_agent_web_interop(&bundle).test_expect_err("in-toto statement must bind peer pins");
[INFO] [stdout]     |                                           ^^^^^^^^^^^^^^^
[INFO] [stdout]     |
[INFO] [stdout] help: there is a method `expect_err` with a similar name
[INFO] [stdout]     |
[INFO] [stdout] 694 -         verify_agent_web_interop(&bundle).test_expect_err("in-toto statement must bind peer pins");
[INFO] [stdout] 694 +         verify_agent_web_interop(&bundle).expect_err("in-toto statement must bind peer pins");
[INFO] [stdout]     |
[INFO] [stdout] 
[INFO] [stdout] 
[INFO] [stdout] error[E0599]: no method named `test_expect` found for enum `Option<T>` in the current scope
[INFO] [stdout]    --> tests/agent_web_interop/protocol_tests.rs:713:18
[INFO] [stdout]     |
[INFO] [stdout] 711 |             statement
[INFO] [stdout] 712 |                 .as_object_mut()
[INFO] [stdout] 713 |                 .test_expect("in-toto statement is object")
[INFO] [stdout]     |                  ^^^^^^^^^^^
[INFO] [stdout]     |
[INFO] [stdout] help: there is a method `expect` with a similar name
[INFO] [stdout]     |
[INFO] [stdout] 713 -                 .test_expect("in-toto statement is object")
[INFO] [stdout] 713 +                 .expect("in-toto statement is object")
[INFO] [stdout]     |
[INFO] [stdout] 
[INFO] [stdout] 
[INFO] [stdout] error[E0599]: no method named `test_expect` found for enum `Option<T>` in the current scope
[INFO] [stdout]    --> tests/agent_web_interop/protocol_tests.rs:721:14
[INFO] [stdout]     |
[INFO] [stdout] 718 |         bundle
[INFO] [stdout] 719 |             .artifacts
[INFO] [stdout] 720 |             .get("external/in-toto-statement.json")
[INFO] [stdout] 721 |             .test_expect("in-toto statement exists"),
[INFO] [stdout]     |              ^^^^^^^^^^^
[INFO] [stdout]     |
[INFO] [stdout] help: there is a method `expect` with a similar name
[INFO] [stdout]     |
[INFO] [stdout] 721 -             .test_expect("in-toto statement exists"),
[INFO] [stdout] 721 +             .expect("in-toto statement exists"),
[INFO] [stdout]     |
[INFO] [stdout] 
[INFO] [stdout] 
[INFO] [stdout] error[E0599]: no method named `test_expect_err` found for enum `Result<T, E>` in the current scope
[INFO] [stdout]    --> tests/agent_web_interop/protocol_tests.rs:728:10
[INFO] [stdout]     |
[INFO] [stdout] 727 |     let error = verify_agent_web_interop(&bundle)
[INFO] [stdout] 728 |         .test_expect_err("in-toto statement must bind policy summaries");
[INFO] [stdout]     |          ^^^^^^^^^^^^^^^
[INFO] [stdout]     |
[INFO] [stdout] help: there is a method `expect_err` with a similar name
[INFO] [stdout]     |
[INFO] [stdout] 728 -         .test_expect_err("in-toto statement must bind policy summaries");
[INFO] [stdout] 728 +         .expect_err("in-toto statement must bind policy summaries");
[INFO] [stdout]     |
[INFO] [stdout] 
[INFO] [stdout] 
[INFO] [stdout] error[E0599]: no method named `test_expect` found for enum `Option<T>` in the current scope
[INFO] [stdout]    --> tests/agent_web_interop/protocol_tests.rs:747:18
[INFO] [stdout]     |
[INFO] [stdout] 745 |             statement
[INFO] [stdout] 746 |                 .as_object_mut()
[INFO] [stdout] 747 |                 .test_expect("in-toto statement is object")
[INFO] [stdout]     |                  ^^^^^^^^^^^
[INFO] [stdout]     |
[INFO] [stdout] help: there is a method `expect` with a similar name
[INFO] [stdout]     |
[INFO] [stdout] 747 -                 .test_expect("in-toto statement is object")
[INFO] [stdout] 747 +                 .expect("in-toto statement is object")
[INFO] [stdout]     |
[INFO] [stdout] 
[INFO] [stdout] 
[INFO] [stdout] error[E0599]: no method named `test_expect` found for enum `Option<T>` in the current scope
[INFO] [stdout]    --> tests/agent_web_interop/protocol_tests.rs:755:14
[INFO] [stdout]     |
[INFO] [stdout] 752 |         bundle
[INFO] [stdout] 753 |             .artifacts
[INFO] [stdout] 754 |             .get("external/in-toto-statement.json")
[INFO] [stdout] 755 |             .test_expect("in-toto statement exists"),
[INFO] [stdout]     |              ^^^^^^^^^^^
[INFO] [stdout]     |
[INFO] [stdout] help: there is a method `expect` with a similar name
[INFO] [stdout]     |
[INFO] [stdout] 755 -             .test_expect("in-toto statement exists"),
[INFO] [stdout] 755 +             .expect("in-toto statement exists"),
[INFO] [stdout]     |
[INFO] [stdout] 
[INFO] [stdout] 
[INFO] [stdout] error[E0599]: no method named `test_expect_err` found for enum `Result<T, E>` in the current scope
[INFO] [stdout]    --> tests/agent_web_interop/protocol_tests.rs:762:10
[INFO] [stdout]     |
[INFO] [stdout] 761 |     let error = verify_agent_web_interop(&bundle)
[INFO] [stdout] 762 |         .test_expect_err("in-toto statement must bind a capability lease");
[INFO] [stdout]     |          ^^^^^^^^^^^^^^^
[INFO] [stdout]     |
[INFO] [stdout] help: there is a method `expect_err` with a similar name
[INFO] [stdout]     |
[INFO] [stdout] 762 -         .test_expect_err("in-toto statement must bind a capability lease");
[INFO] [stdout] 762 +         .expect_err("in-toto statement must bind a capability lease");
[INFO] [stdout]     |
[INFO] [stdout] 
[INFO] [stdout] 
[INFO] [stdout] error[E0599]: no method named `test_expect_err` found for enum `Result<T, E>` in the current scope
[INFO] [stdout]    --> tests/agent_web_interop/protocol_tests.rs:777:10
[INFO] [stdout]     |
[INFO] [stdout] 776 |     let error = verify_agent_web_interop(&bundle)
[INFO] [stdout] 777 |         .test_expect_err("in-toto statements must name a bound Chio receipt");
[INFO] [stdout]     |          ^^^^^^^^^^^^^^^
[INFO] [stdout]     |
[INFO] [stdout] help: there is a method `expect_err` with a similar name
[INFO] [stdout]     |
[INFO] [stdout] 777 -         .test_expect_err("in-toto statements must name a bound Chio receipt");
[INFO] [stdout] 777 +         .expect_err("in-toto statements must name a bound Chio receipt");
[INFO] [stdout]     |
[INFO] [stdout] 
[INFO] [stdout] 
[INFO] [stdout] error[E0599]: no method named `test_expect` found for enum `Result<T, E>` in the current scope
[INFO] [stdout]    --> tests/agent_web_interop/protocol_tests.rs:786:52
[INFO] [stdout]     |
[INFO] [stdout] 786 |     let report = verify_agent_web_interop(&bundle).test_expect("DSSE projection should verify");
[INFO] [stdout]     |                                                    ^^^^^^^^^^^
[INFO] [stdout]     |
[INFO] [stdout] help: there is a method `expect` with a similar name
[INFO] [stdout]     |
[INFO] [stdout] 786 -     let report = verify_agent_web_interop(&bundle).test_expect("DSSE projection should verify");
[INFO] [stdout] 786 +     let report = verify_agent_web_interop(&bundle).expect("DSSE projection should verify");
[INFO] [stdout]     |
[INFO] [stdout] 
[INFO] [stdout] 
[INFO] [stdout] error[E0599]: no method named `test_expect` found for enum `Option<T>` in the current scope
[INFO] [stdout]    --> tests/agent_web_interop/protocol_tests.rs:807:14
[INFO] [stdout]     |
[INFO] [stdout] 804 |         bundle
[INFO] [stdout] 805 |             .artifacts
[INFO] [stdout] 806 |             .get("external/dsse-envelope.json")
[INFO] [stdout] 807 |             .test_expect("DSSE envelope exists"),
[INFO] [stdout]     |              ^^^^^^^^^^^
[INFO] [stdout]     |
[INFO] [stdout] help: there is a method `expect` with a similar name
[INFO] [stdout]     |
[INFO] [stdout] 807 -             .test_expect("DSSE envelope exists"),
[INFO] [stdout] 807 +             .expect("DSSE envelope exists"),
[INFO] [stdout]     |
[INFO] [stdout] 
[INFO] [stdout] 
[INFO] [stdout] error[E0599]: no method named `test_expect_err` found for enum `Result<T, E>` in the current scope
[INFO] [stdout]    --> tests/agent_web_interop/protocol_tests.rs:814:10
[INFO] [stdout]     |
[INFO] [stdout] 813 |     let error = verify_agent_web_interop(&bundle)
[INFO] [stdout] 814 |         .test_expect_err("DSSE envelopes require bilateral signatures");
[INFO] [stdout]     |          ^^^^^^^^^^^^^^^
[INFO] [stdout]     |
[INFO] [stdout] help: there is a method `expect_err` with a similar name
[INFO] [stdout]     |
[INFO] [stdout] 814 -         .test_expect_err("DSSE envelopes require bilateral signatures");
[INFO] [stdout] 814 +         .expect_err("DSSE envelopes require bilateral signatures");
[INFO] [stdout]     |
[INFO] [stdout] 
[INFO] [stdout] 
[INFO] [stdout] error[E0599]: no method named `test_expect` found for enum `Result<T, E>` in the current scope
[INFO] [stdout]    --> tests/agent_web_interop/protocol_tests.rs:828:52
[INFO] [stdout]     |
[INFO] [stdout] 828 |     let report = verify_agent_web_interop(&bundle).test_expect("SLSA projection should verify");
[INFO] [stdout]     |                                                    ^^^^^^^^^^^
[INFO] [stdout]     |
[INFO] [stdout] help: there is a method `expect` with a similar name
[INFO] [stdout]     |
[INFO] [stdout] 828 -     let report = verify_agent_web_interop(&bundle).test_expect("SLSA projection should verify");
[INFO] [stdout] 828 +     let report = verify_agent_web_interop(&bundle).expect("SLSA projection should verify");
[INFO] [stdout]     |
[INFO] [stdout] 
[INFO] [stdout] 
[INFO] [stdout] error[E0599]: no method named `test_expect_err` found for enum `Result<T, E>` in the current scope
[INFO] [stdout]    --> tests/agent_web_interop/protocol_tests.rs:843:51
[INFO] [stdout]     |
[INFO] [stdout] 843 |     let error = verify_agent_web_interop(&bundle).test_expect_err("SLSA provenance should fail");
[INFO] [stdout]     |                                                   ^^^^^^^^^^^^^^^
[INFO] [stdout]     |
[INFO] [stdout] help: there is a method `expect_err` with a similar name
[INFO] [stdout]     |
[INFO] [stdout] 843 -     let error = verify_agent_web_interop(&bundle).test_expect_err("SLSA provenance should fail");
[INFO] [stdout] 843 +     let error = verify_agent_web_interop(&bundle).expect_err("SLSA provenance should fail");
[INFO] [stdout]     |
[INFO] [stdout] 
[INFO] [stdout] 
[INFO] [stdout] error[E0599]: no method named `test_expect` found for enum `Result<T, E>` in the current scope
[INFO] [stdout]    --> tests/agent_web_interop/protocol_tests.rs:854:52
[INFO] [stdout]     |
[INFO] [stdout] 854 |     let report = verify_agent_web_interop(&bundle).test_expect("AsyncAPI projection should verify");
[INFO] [stdout]     |                                                    ^^^^^^^^^^^
[INFO] [stdout]     |
[INFO] [stdout] help: there is a method `expect` with a similar name
[INFO] [stdout]     |
[INFO] [stdout] 854 -     let report = verify_agent_web_interop(&bundle).test_expect("AsyncAPI projection should verify");
[INFO] [stdout] 854 +     let report = verify_agent_web_interop(&bundle).expect("AsyncAPI projection should verify");
[INFO] [stdout]     |
[INFO] [stdout] 
[INFO] [stdout] 
[INFO] [stdout] error[E0599]: no method named `test_expect_err` found for enum `Result<T, E>` in the current scope
[INFO] [stdout]    --> tests/agent_web_interop/protocol_tests.rs:870:43
[INFO] [stdout]     |
[INFO] [stdout] 870 |         verify_agent_web_interop(&bundle).test_expect_err("AsyncAPI projection version is bounded");
[INFO] [stdout]     |                                           ^^^^^^^^^^^^^^^
[INFO] [stdout]     |
[INFO] [stdout] help: there is a method `expect_err` with a similar name
[INFO] [stdout]     |
[INFO] [stdout] 870 -         verify_agent_web_interop(&bundle).test_expect_err("AsyncAPI projection version is bounded");
[INFO] [stdout] 870 +         verify_agent_web_interop(&bundle).expect_err("AsyncAPI projection version is bounded");
[INFO] [stdout]     |
[INFO] [stdout] 
[INFO] [stdout] 
[INFO] [stdout] error[E0599]: no method named `test_expect_err` found for enum `Result<T, E>` in the current scope
[INFO] [stdout]    --> tests/agent_web_interop/protocol_tests.rs:882:10
[INFO] [stdout]     |
[INFO] [stdout] 881 |     let error = verify_agent_web_interop(&bundle)
[INFO] [stdout] 882 |         .test_expect_err("AsyncAPI message receipt ref must be bound");
[INFO] [stdout]     |          ^^^^^^^^^^^^^^^
[INFO] [stdout]     |
[INFO] [stdout] help: there is a method `expect_err` with a similar name
[INFO] [stdout]     |
[INFO] [stdout] 882 -         .test_expect_err("AsyncAPI message receipt ref must be bound");
[INFO] [stdout] 882 +         .expect_err("AsyncAPI message receipt ref must be bound");
[INFO] [stdout]     |
[INFO] [stdout] 
[INFO] [stdout] 
[INFO] [stdout] error[E0599]: no method named `test_expect` found for enum `Result<T, E>` in the current scope
[INFO] [stdout]    --> tests/agent_web_interop/protocol_tests.rs:893:52
[INFO] [stdout]     |
[INFO] [stdout] 893 |     let report = verify_agent_web_interop(&bundle).test_expect("x402 projection should verify");
[INFO] [stdout]     |                                                    ^^^^^^^^^^^
[INFO] [stdout]     |
[INFO] [stdout] help: there is a method `expect` with a similar name
[INFO] [stdout]     |
[INFO] [stdout] 893 -     let report = verify_agent_web_interop(&bundle).test_expect("x402 projection should verify");
[INFO] [stdout] 893 +     let report = verify_agent_web_interop(&bundle).expect("x402 projection should verify");
[INFO] [stdout]     |
[INFO] [stdout] 
[INFO] [stdout] 
[INFO] [stdout] error[E0599]: no method named `test_expect` found for enum `Result<T, E>` in the current scope
[INFO] [stdout]    --> tests/agent_web_interop/protocol_tests.rs:908:52
[INFO] [stdout]     |
[INFO] [stdout] 908 |     let report = verify_agent_web_interop(&bundle).test_expect("AP2 projection should verify");
[INFO] [stdout]     |                                                    ^^^^^^^^^^^
[INFO] [stdout]     |
[INFO] [stdout] help: there is a method `expect` with a similar name
[INFO] [stdout]     |
[INFO] [stdout] 908 -     let report = verify_agent_web_interop(&bundle).test_expect("AP2 projection should verify");
[INFO] [stdout] 908 +     let report = verify_agent_web_interop(&bundle).expect("AP2 projection should verify");
[INFO] [stdout]     |
[INFO] [stdout] 
[INFO] [stdout] 
[INFO] [stdout] error[E0599]: no method named `test_expect_err` found for enum `Result<T, E>` in the current scope
[INFO] [stdout]    --> tests/agent_web_interop/protocol_tests.rs:924:10
[INFO] [stdout]     |
[INFO] [stdout] 923 |     let error = verify_agent_web_interop(&bundle)
[INFO] [stdout] 924 |         .test_expect_err("AP2 mandate transaction context digest must match the bound order");
[INFO] [stdout]     |          ^^^^^^^^^^^^^^^
[INFO] [stdout]     |
[INFO] [stdout] help: there is a method `expect_err` with a similar name
[INFO] [stdout]     |
[INFO] [stdout] 924 -         .test_expect_err("AP2 mandate transaction context digest must match the bound order");
[INFO] [stdout] 924 +         .expect_err("AP2 mandate transaction context digest must match the bound order");
[INFO] [stdout]     |
[INFO] [stdout] 
[INFO] [stdout] 
[INFO] [stdout] error[E0599]: no method named `test_expect_err` found for enum `Result<T, E>` in the current scope
[INFO] [stdout]    --> tests/agent_web_interop/protocol_tests.rs:936:43
[INFO] [stdout]     |
[INFO] [stdout] 936 |         verify_agent_web_interop(&bundle).test_expect_err("AP2 mandate must bind to an order");
[INFO] [stdout]     |                                           ^^^^^^^^^^^^^^^
[INFO] [stdout]     |
[INFO] [stdout] help: there is a method `expect_err` with a similar name
[INFO] [stdout]     |
[INFO] [stdout] 936 -         verify_agent_web_interop(&bundle).test_expect_err("AP2 mandate must bind to an order");
[INFO] [stdout] 936 +         verify_agent_web_interop(&bundle).expect_err("AP2 mandate must bind to an order");
[INFO] [stdout]     |
[INFO] [stdout] 
[INFO] [stdout] 
[INFO] [stdout] error[E0599]: no method named `test_expect_err` found for enum `Result<T, E>` in the current scope
[INFO] [stdout]    --> tests/agent_web_interop/protocol_tests.rs:946:43
[INFO] [stdout]     |
[INFO] [stdout] 946 |         verify_agent_web_interop(&bundle).test_expect_err("AP2 mandate receipt ref must be bound");
[INFO] [stdout]     |                                           ^^^^^^^^^^^^^^^
[INFO] [stdout]     |
[INFO] [stdout] help: there is a method `expect_err` with a similar name
[INFO] [stdout]     |
[INFO] [stdout] 946 -         verify_agent_web_interop(&bundle).test_expect_err("AP2 mandate receipt ref must be bound");
[INFO] [stdout] 946 +         verify_agent_web_interop(&bundle).expect_err("AP2 mandate receipt ref must be bound");
[INFO] [stdout]     |
[INFO] [stdout] 
[INFO] [stdout] 
[INFO] [stdout] error[E0599]: no method named `test_expect_err` found for enum `Result<T, E>` in the current scope
[INFO] [stdout]    --> tests/agent_web_interop/protocol_tests.rs:958:43
[INFO] [stdout]     |
[INFO] [stdout] 958 |         verify_agent_web_interop(&bundle).test_expect_err("x402 payment must bind to an order");
[INFO] [stdout]     |                                           ^^^^^^^^^^^^^^^
[INFO] [stdout]     |
[INFO] [stdout] help: there is a method `expect_err` with a similar name
[INFO] [stdout]     |
[INFO] [stdout] 958 -         verify_agent_web_interop(&bundle).test_expect_err("x402 payment must bind to an order");
[INFO] [stdout] 958 +         verify_agent_web_interop(&bundle).expect_err("x402 payment must bind to an order");
[INFO] [stdout]     |
[INFO] [stdout] 
[INFO] [stdout] 
[INFO] [stdout] error[E0599]: no method named `test_expect_err` found for enum `Result<T, E>` in the current scope
[INFO] [stdout]    --> tests/agent_web_interop/protocol_tests.rs:968:43
[INFO] [stdout]     |
[INFO] [stdout] 968 |         verify_agent_web_interop(&bundle).test_expect_err("x402 payment receipt ref must be bound");
[INFO] [stdout]     |                                           ^^^^^^^^^^^^^^^
[INFO] [stdout]     |
[INFO] [stdout] help: there is a method `expect_err` with a similar name
[INFO] [stdout]     |
[INFO] [stdout] 968 -         verify_agent_web_interop(&bundle).test_expect_err("x402 payment receipt ref must be bound");
[INFO] [stdout] 968 +         verify_agent_web_interop(&bundle).expect_err("x402 payment receipt ref must be bound");
[INFO] [stdout]     |
[INFO] [stdout] 
[INFO] [stdout] 
[INFO] [stdout] error[E0599]: no method named `test_expect_err` found for enum `Result<T, E>` in the current scope
[INFO] [stdout]    --> tests/agent_web_interop/protocol_tests.rs:980:10
[INFO] [stdout]     |
[INFO] [stdout] 979 |     let error = verify_agent_web_interop(&bundle)
[INFO] [stdout] 980 |         .test_expect_err("x402 payment amount must match the bound order");
[INFO] [stdout]     |          ^^^^^^^^^^^^^^^
[INFO] [stdout]     |
[INFO] [stdout] help: there is a method `expect_err` with a similar name
[INFO] [stdout]     |
[INFO] [stdout] 980 -         .test_expect_err("x402 payment amount must match the bound order");
[INFO] [stdout] 980 +         .expect_err("x402 payment amount must match the bound order");
[INFO] [stdout]     |
[INFO] [stdout] 
[INFO] [stdout] 
[INFO] [stdout] error[E0599]: no method named `test_expect_err` found for enum `Result<T, E>` in the current scope
[INFO] [stdout]    --> tests/agent_web_interop/protocol_tests.rs:990:43
[INFO] [stdout]     |
[INFO] [stdout] 990 |         verify_agent_web_interop(&bundle).test_expect_err("x402 payment asset must match order");
[INFO] [stdout]     |                                           ^^^^^^^^^^^^^^^
[INFO] [stdout]     |
[INFO] [stdout] help: there is a method `expect_err` with a similar name
[INFO] [stdout]     |
[INFO] [stdout] 990 -         verify_agent_web_interop(&bundle).test_expect_err("x402 payment asset must match order");
[INFO] [stdout] 990 +         verify_agent_web_interop(&bundle).expect_err("x402 payment asset must match order");
[INFO] [stdout]     |
[INFO] [stdout] 
[INFO] [stdout] 
[INFO] [stdout] error[E0599]: no method named `test_expect_err` found for enum `Result<T, E>` in the current scope
[INFO] [stdout]     --> tests/agent_web_interop/protocol_tests.rs:1000:43
[INFO] [stdout]      |
[INFO] [stdout] 1000 |         verify_agent_web_interop(&bundle).test_expect_err("refunded x402 payments must not verify");
[INFO] [stdout]      |                                           ^^^^^^^^^^^^^^^
[INFO] [stdout]      |
[INFO] [stdout] help: there is a method `expect_err` with a similar name
[INFO] [stdout]      |
[INFO] [stdout] 1000 -         verify_agent_web_interop(&bundle).test_expect_err("refunded x402 payments must not verify");
[INFO] [stdout] 1000 +         verify_agent_web_interop(&bundle).expect_err("refunded x402 payments must not verify");
[INFO] [stdout]      |
[INFO] [stdout] 
[INFO] [stdout] 
[INFO] [stdout] error[E0599]: no method named `test_expect` found for enum `Option<T>` in the current scope
[INFO] [stdout]    --> tests/agent_web_interop/subjects.rs:678:14
[INFO] [stdout]     |
[INFO] [stdout] 676 |         let scim_lifecycle_event = scim_lifecycle_event_value
[INFO] [stdout] 677 |             .as_object_mut()
[INFO] [stdout] 678 |             .test_expect("SCIM event is object");
[INFO] [stdout]     |              ^^^^^^^^^^^
[INFO] [stdout]     |
[INFO] [stdout] help: there is a method `expect` with a similar name
[INFO] [stdout]     |
[INFO] [stdout] 678 -             .test_expect("SCIM event is object");
[INFO] [stdout] 678 +             .expect("SCIM event is object");
[INFO] [stdout]     |
[INFO] [stdout] 
[INFO] [stdout] 
[INFO] [stdout] error[E0599]: no method named `test_expect` found for enum `Option<T>` in the current scope
[INFO] [stdout]    --> tests/agent_web_interop/subjects.rs:718:14
[INFO] [stdout]     |
[INFO] [stdout] 716 |         spiffe_workload_identity_value
[INFO] [stdout] 717 |             .as_object_mut()
[INFO] [stdout] 718 |             .test_expect("SPIFFE workload identity is object")
[INFO] [stdout]     |              ^^^^^^^^^^^
[INFO] [stdout]     |
[INFO] [stdout] help: there is a method `expect` with a similar name
[INFO] [stdout]     |
[INFO] [stdout] 718 -             .test_expect("SPIFFE workload identity is object")
[INFO] [stdout] 718 +             .expect("SPIFFE workload identity is object")
[INFO] [stdout]     |
[INFO] [stdout] 
[INFO] [stdout] 
[INFO] [stdout] error[E0599]: no method named `test_expect` found for enum `Option<T>` in the current scope
[INFO] [stdout]    --> tests/agent_web_interop/subjects.rs:919:14
[INFO] [stdout]     |
[INFO] [stdout] 917 |         bbs_receipt_disclosure_value
[INFO] [stdout] 918 |             .as_object_mut()
[INFO] [stdout] 919 |             .test_expect("BBS receipt disclosure is object")
[INFO] [stdout]     |              ^^^^^^^^^^^
[INFO] [stdout]     |
[INFO] [stdout] help: there is a method `expect` with a similar name
[INFO] [stdout]     |
[INFO] [stdout] 919 -             .test_expect("BBS receipt disclosure is object")
[INFO] [stdout] 919 +             .expect("BBS receipt disclosure is object")
[INFO] [stdout]     |
[INFO] [stdout] 
[INFO] [stdout] 
[INFO] [stdout] error[E0599]: no method named `test_expect` found for enum `Option<T>` in the current scope
[INFO] [stdout]    --> tests/agent_web_interop/subjects.rs:963:14
[INFO] [stdout]     |
[INFO] [stdout] 961 |         sigstore_bundle_value
[INFO] [stdout] 962 |             .as_object_mut()
[INFO] [stdout] 963 |             .test_expect("Sigstore bundle is object")
[INFO] [stdout]     |              ^^^^^^^^^^^
[INFO] [stdout]     |
[INFO] [stdout] help: there is a method `expect` with a similar name
[INFO] [stdout]     |
[INFO] [stdout] 963 -             .test_expect("Sigstore bundle is object")
[INFO] [stdout] 963 +             .expect("Sigstore bundle is object")
[INFO] [stdout]     |
[INFO] [stdout] 
[INFO] [stdout] 
[INFO] [stdout] error[E0599]: no method named `test_expect` found for enum `Option<T>` in the current scope
[INFO] [stdout]     --> tests/agent_web_interop/subjects.rs:1006:14
[INFO] [stdout]      |
[INFO] [stdout] 1004 |         in_toto_statement_value
[INFO] [stdout] 1005 |             .as_object_mut()
[INFO] [stdout] 1006 |             .test_expect("in-toto statement is object")
[INFO] [stdout]      |              ^^^^^^^^^^^
[INFO] [stdout]      |
[INFO] [stdout] help: there is a method `expect` with a similar name
[INFO] [stdout]      |
[INFO] [stdout] 1006 -             .test_expect("in-toto statement is object")
[INFO] [stdout] 1006 +             .expect("in-toto statement is object")
[INFO] [stdout]      |
[INFO] [stdout] 
[INFO] [stdout] 
[INFO] [stdout] error[E0599]: no method named `test_expect` found for enum `Result<T, E>` in the current scope
[INFO] [stdout]    --> tests/agent_web_interop/support.rs:122:45
[INFO] [stdout]     |
[INFO] [stdout] 122 |         .map(|key| PublicKey::from_hex(key).test_expect("Agent Web fixture kernel key parses"));
[INFO] [stdout]     |                                             ^^^^^^^^^^^
[INFO] [stdout]     |
[INFO] [stdout] help: there is a method `expect` with a similar name
[INFO] [stdout]     |
[INFO] [stdout] 122 -         .map(|key| PublicKey::from_hex(key).test_expect("Agent Web fixture kernel key parses"));
[INFO] [stdout] 122 +         .map(|key| PublicKey::from_hex(key).expect("Agent Web fixture kernel key parses"));
[INFO] [stdout]     |
[INFO] [stdout] 
[INFO] [stdout] 
[INFO] [stdout] error[E0599]: no method named `test_expect` found for enum `Result<T, E>` in the current scope
[INFO] [stdout]    --> tests/agent_web_interop/support.rs:147:10
[INFO] [stdout]     |
[INFO] [stdout] 146 |     passport.signature = chio_transaction_passport::sign_transaction_passport(passport, &keypair)
[INFO] [stdout] 147 |         .test_expect("transaction passport signs");
[INFO] [stdout]     |          ^^^^^^^^^^^
[INFO] [stdout]     |
[INFO] [stdout] help: there is a method `expect` with a similar name
[INFO] [stdout]     |
[INFO] [stdout] 147 -         .test_expect("transaction passport signs");
[INFO] [stdout] 147 +         .expect("transaction passport signs");
[INFO] [stdout]     |
[INFO] [stdout] 
[INFO] [stdout] 
[INFO] [stdout] error[E0599]: no method named `test_expect` found for enum `Option<T>` in the current scope
[INFO] [stdout]    --> tests/agent_web_interop/support.rs:165:10
[INFO] [stdout]     |
[INFO] [stdout] 161 |     PathBuf::from(env!("CARGO_MANIFEST_DIR"))
[INFO] [stdout] 162 |         .parent()
[INFO] [stdout] 163 |         .and_then(|platform_dir| platform_dir.parent())
[INFO] [stdout] 164 |         .and_then(|crates_dir| crates_dir.parent())
[INFO] [stdout] 165 |         .test_expect("workspace root is parent of crates/platform/chio-agent-web-interop")
[INFO] [stdout]     |          ^^^^^^^^^^^
[INFO] [stdout]     |
[INFO] [stdout] help: there is a method `expect` with a similar name
[INFO] [stdout]     |
[INFO] [stdout] 165 -         .test_expect("workspace root is parent of crates/platform/chio-agent-web-interop")
[INFO] [stdout] 165 +         .expect("workspace root is parent of crates/platform/chio-agent-web-interop")
[INFO] [stdout]     |
[INFO] [stdout] 
[INFO] [stdout] 
[INFO] [stdout] error[E0599]: no method named `test_expect` found for enum `Result<T, E>` in the current scope
[INFO] [stdout]    --> tests/agent_web_interop/support.rs:187:10
[INFO] [stdout]     |
[INFO] [stdout] 186 |     let mut mac = HmacSha256::new_from_slice(STANDARD_WEBHOOKS_VERIFIER_SECRET)
[INFO] [stdout] 187 |         .test_expect("Standard Webhooks test secret initializes HMAC");
[INFO] [stdout]     |          ^^^^^^^^^^^
[INFO] [stdout]     |
[INFO] [stdout]     = note: the full name for the type has been written to '/opt/rustwide/target/debug/build/chio-agent-web-interop/8418f6c57a6629f8/out/agent_web_interop-8418f6c57a6629f8.long-type-7301635733050028647.txt'
[INFO] [stdout]     = note: consider using `--verbose` to print the full type name to the console
[INFO] [stdout] help: there is a method `expect` with a similar name
[INFO] [stdout]     |
[INFO] [stdout] 187 -         .test_expect("Standard Webhooks test secret initializes HMAC");
[INFO] [stdout] 187 +         .expect("Standard Webhooks test secret initializes HMAC");
[INFO] [stdout]     |
[INFO] [stdout] 
[INFO] [stdout] 
[INFO] [stdout] error[E0599]: no method named `test_expect` found for enum `Result<T, E>` in the current scope
[INFO] [stdout]    --> tests/agent_web_interop/support.rs:199:69
[INFO] [stdout]     |
[INFO] [stdout] 199 |     let bytes = std::fs::read(workspace_root().join(relative_path)).test_expect("json file reads");
[INFO] [stdout]     |                                                                     ^^^^^^^^^^^
[INFO] [stdout]     |
[INFO] [stdout] help: there is a method `expect` with a similar name
[INFO] [stdout]     |
[INFO] [stdout] 199 -     let bytes = std::fs::read(workspace_root().join(relative_path)).test_expect("json file reads");
[INFO] [stdout] 199 +     let bytes = std::fs::read(workspace_root().join(relative_path)).expect("json file reads");
[INFO] [stdout]     |
[INFO] [stdout] 
[INFO] [stdout] 
[INFO] [stdout] error[E0599]: no method named `test_expect` found for enum `Result<T, E>` in the current scope
[INFO] [stdout]    --> tests/agent_web_interop/support.rs:200:36
[INFO] [stdout]     |
[INFO] [stdout] 200 |     serde_json::from_slice(&bytes).test_expect("json file parses")
[INFO] [stdout]     |                                    ^^^^^^^^^^^
[INFO] [stdout]     |
[INFO] [stdout] help: there is a method `expect` with a similar name
[INFO] [stdout]     |
[INFO] [stdout] 200 -     serde_json::from_slice(&bytes).test_expect("json file parses")
[INFO] [stdout] 200 +     serde_json::from_slice(&bytes).expect("json file parses")
[INFO] [stdout]     |
[INFO] [stdout] 
[INFO] [stdout] 
[INFO] [stdout] error[E0599]: no method named `test_expect` found for enum `Result<T, E>` in the current scope
[INFO] [stdout]    --> tests/agent_web_interop/support.rs:209:55
[INFO] [stdout]     |
[INFO] [stdout] 209 |     let validator = jsonschema::validator_for(schema).test_expect("schema compiles");
[INFO] [stdout]     |                                                       ^^^^^^^^^^^
[INFO] [stdout]     |
[INFO] [stdout] help: there is a method `expect` with a similar name
[INFO] [stdout]     |
[INFO] [stdout] 209 -     let validator = jsonschema::validator_for(schema).test_expect("schema compiles");
[INFO] [stdout] 209 +     let validator = jsonschema::validator_for(schema).expect("schema compiles");
[INFO] [stdout]     |
[INFO] [stdout] 
[INFO] [stdout] 
[INFO] [stdout] error[E0599]: no method named `test_expect` found for enum `Result<T, E>` in the current scope
[INFO] [stdout]    --> tests/agent_web_interop/support.rs:224:10
[INFO] [stdout]     |
[INFO] [stdout] 223 |     let mut artifacts = std::fs::read_dir(&fixture_dir)
[INFO] [stdout] 224 |         .test_expect("Agent Web fixture directory reads")
[INFO] [stdout]     |          ^^^^^^^^^^^
[INFO] [stdout]     |
[INFO] [stdout] help: there is a method `expect` with a similar name
[INFO] [stdout]     |
[INFO] [stdout] 224 -         .test_expect("Agent Web fixture directory reads")
[INFO] [stdout] 224 +         .expect("Agent Web fixture directory reads")
[INFO] [stdout]     |
[INFO] [stdout] 
[INFO] [stdout] 
[INFO] [stdout] error[E0599]: no method named `test_expect` found for enum `Result<T, E>` in the current scope
[INFO] [stdout]    --> tests/agent_web_interop/support.rs:345:32
[INFO] [stdout]     |
[INFO] [stdout] 345 |     serde_json::to_vec(&value).test_expect("test json serializes")
[INFO] [stdout]     |                                ^^^^^^^^^^^
[INFO] [stdout]     |
[INFO] [stdout] help: there is a method `expect` with a similar name
[INFO] [stdout]     |
[INFO] [stdout] 345 -     serde_json::to_vec(&value).test_expect("test json serializes")
[INFO] [stdout] 345 +     serde_json::to_vec(&value).expect("test json serializes")
[INFO] [stdout]     |
[INFO] [stdout] 
[INFO] [stdout] 
[INFO] [stdout] error[E0599]: no method named `test_expect` found for enum `Option<T>` in the current scope
[INFO] [stdout]    --> tests/agent_web_interop/support.rs:403:14
[INFO] [stdout]     |
[INFO] [stdout] 400 |         let sha256 = node
[INFO] [stdout] 401 |             .get("sha256")
[INFO] [stdout] 402 |             .and_then(Value::as_str)
[INFO] [stdout] 403 |             .test_expect("Agent Web graph node has digest")
[INFO] [stdout]     |              ^^^^^^^^^^^
[INFO] [stdout]     |
[INFO] [stdout] help: there is a method `expect` with a similar name
[INFO] [stdout]     |
[INFO] [stdout] 403 -             .test_expect("Agent Web graph node has digest")
[INFO] [stdout] 403 +             .expect("Agent Web graph node has digest")
[INFO] [stdout]     |
[INFO] [stdout] 
[INFO] [stdout] 
[INFO] [stdout] error[E0599]: no method named `test_expect` found for enum `Option<T>` in the current scope
[INFO] [stdout]    --> tests/agent_web_interop/support.rs:447:14
[INFO] [stdout]     |
[INFO] [stdout] 445 |         let subject_bytes = artifacts
[INFO] [stdout] 446 |             .get(subject_path)
[INFO] [stdout] 447 |             .test_expect("Agent Web receipt subject artifact exists");
[INFO] [stdout]     |              ^^^^^^^^^^^
[INFO] [stdout]     |
[INFO] [stdout] help: there is a method `expect` with a similar name
[INFO] [stdout]     |
[INFO] [stdout] 447 -             .test_expect("Agent Web receipt subject artifact exists");
[INFO] [stdout] 447 +             .expect("Agent Web receipt subject artifact exists");
[INFO] [stdout]     |
[INFO] [stdout] 
[INFO] [stdout] 
[INFO] [stdout] error[E0599]: no method named `test_expect` found for enum `Option<T>` in the current scope
[INFO] [stdout]    --> tests/agent_web_interop/support.rs:451:18
[INFO] [stdout]     |
[INFO] [stdout] 449 |             artifacts
[INFO] [stdout] 450 |                 .get(path)
[INFO] [stdout] 451 |                 .test_expect("Agent Web receipt artifact exists"),
[INFO] [stdout]     |                  ^^^^^^^^^^^
[INFO] [stdout]     |
[INFO] [stdout] help: there is a method `expect` with a similar name
[INFO] [stdout]     |
[INFO] [stdout] 451 -                 .test_expect("Agent Web receipt artifact exists"),
[INFO] [stdout] 451 +                 .expect("Agent Web receipt artifact exists"),
[INFO] [stdout]     |
[INFO] [stdout] 
[INFO] [stdout] 
[INFO] [stdout] error[E0599]: no method named `test_expect` found for enum `Result<T, E>` in the current scope
[INFO] [stdout]    --> tests/agent_web_interop/support.rs:453:10
[INFO] [stdout]     |
[INFO] [stdout] 448 |         let current_receipt: Value = serde_json::from_slice(
[INFO] [stdout] 449 |             artifacts
[INFO] [stdout] 450 |                 .get(path)
[INFO] [stdout] 451 |                 .test_expect("Agent Web receipt artifact exists"),
[INFO] [stdout] 452 |         )
[INFO] [stdout] 453 |         .test_expect("Agent Web receipt placeholder parses");
[INFO] [stdout]     |          ^^^^^^^^^^^
[INFO] [stdout]     |
[INFO] [stdout] help: there is a method `expect` with a similar name
[INFO] [stdout]     |
[INFO] [stdout] 453 -         .test_expect("Agent Web receipt placeholder parses");
[INFO] [stdout] 453 +         .expect("Agent Web receipt placeholder parses");
[INFO] [stdout]     |
[INFO] [stdout] 
[INFO] [stdout] 
[INFO] [stdout] error[E0599]: no method named `test_expect` found for enum `Option<T>` in the current scope
[INFO] [stdout]    --> tests/agent_web_interop/support.rs:490:14
[INFO] [stdout]     |
[INFO] [stdout] 487 |         let path = node
[INFO] [stdout] 488 |             .get("path")
[INFO] [stdout] 489 |             .and_then(Value::as_str)
[INFO] [stdout] 490 |             .test_expect("Agent Web envelope node has path")
[INFO] [stdout]     |              ^^^^^^^^^^^
[INFO] [stdout]     |
[INFO] [stdout] help: there is a method `expect` with a similar name
[INFO] [stdout]     |
[INFO] [stdout] 490 -             .test_expect("Agent Web envelope node has path")
[INFO] [stdout] 490 +             .expect("Agent Web envelope node has path")
[INFO] [stdout]     |
[INFO] [stdout] 
[INFO] [stdout] 
[INFO] [stdout] error[E0599]: no method named `test_expect` found for enum `Option<T>` in the current scope
[INFO] [stdout]    --> tests/agent_web_interop/support.rs:495:18
[INFO] [stdout]     |
[INFO] [stdout] 493 |             artifacts
[INFO] [stdout] 494 |                 .get(&path)
[INFO] [stdout] 495 |                 .test_expect("Agent Web envelope artifact exists"),
[INFO] [stdout]     |                  ^^^^^^^^^^^
[INFO] [stdout]     |
[INFO] [stdout] help: there is a method `expect` with a similar name
[INFO] [stdout]     |
[INFO] [stdout] 495 -                 .test_expect("Agent Web envelope artifact exists"),
[INFO] [stdout] 495 +                 .expect("Agent Web envelope artifact exists"),
[INFO] [stdout]     |
[INFO] [stdout] 
[INFO] [stdout] 
[INFO] [stdout] error[E0599]: no method named `test_expect` found for enum `Result<T, E>` in the current scope
[INFO] [stdout]    --> tests/agent_web_interop/support.rs:497:10
[INFO] [stdout]     |
[INFO] [stdout] 492 |         let mut envelope: Value = serde_json::from_slice(
[INFO] [stdout] 493 |             artifacts
[INFO] [stdout] 494 |                 .get(&path)
[INFO] [stdout] 495 |                 .test_expect("Agent Web envelope artifact exists"),
[INFO] [stdout] 496 |         )
[INFO] [stdout] 497 |         .test_expect("Agent Web envelope parses");
[INFO] [stdout]     |          ^^^^^^^^^^^
[INFO] [stdout]     |
[INFO] [stdout] help: there is a method `expect` with a similar name
[INFO] [stdout]     |
[INFO] [stdout] 497 -         .test_expect("Agent Web envelope parses");
[INFO] [stdout] 497 +         .expect("Agent Web envelope parses");
[INFO] [stdout]     |
[INFO] [stdout] 
[INFO] [stdout] 
[INFO] [stdout] error[E0599]: no method named `test_expect` found for enum `Option<T>` in the current scope
[INFO] [stdout]    --> tests/agent_web_interop/support.rs:517:14
[INFO] [stdout]     |
[INFO] [stdout] 514 |         let path = node
[INFO] [stdout] 515 |             .get("path")
[INFO] [stdout] 516 |             .and_then(Value::as_str)
[INFO] [stdout] 517 |             .test_expect("Agent Web manifest node has path");
[INFO] [stdout]     |              ^^^^^^^^^^^
[INFO] [stdout]     |
[INFO] [stdout] help: there is a method `expect` with a similar name
[INFO] [stdout]     |
[INFO] [stdout] 517 -             .test_expect("Agent Web manifest node has path");
[INFO] [stdout] 517 +             .expect("Agent Web manifest node has path");
[INFO] [stdout]     |
[INFO] [stdout] 
[INFO] [stdout] 
[INFO] [stdout] error[E0599]: no method named `test_expect` found for enum `Option<T>` in the current scope
[INFO] [stdout]    --> tests/agent_web_interop/support.rs:521:18
[INFO] [stdout]     |
[INFO] [stdout] 519 |             artifacts
[INFO] [stdout] 520 |                 .get(path)
[INFO] [stdout] 521 |                 .test_expect("Agent Web manifest artifact exists"),
[INFO] [stdout]     |                  ^^^^^^^^^^^
[INFO] [stdout]     |
[INFO] [stdout] help: there is a method `expect` with a similar name
[INFO] [stdout]     |
[INFO] [stdout] 521 -                 .test_expect("Agent Web manifest artifact exists"),
[INFO] [stdout] 521 +                 .expect("Agent Web manifest artifact exists"),
[INFO] [stdout]     |
[INFO] [stdout] 
[INFO] [stdout] 
[INFO] [stdout] error[E0599]: no method named `test_expect` found for enum `Result<T, E>` in the current scope
[INFO] [stdout]    --> tests/agent_web_interop/support.rs:523:10
[INFO] [stdout]     |
[INFO] [stdout] 518 |         let manifest: Value = serde_json::from_slice(
[INFO] [stdout] 519 |             artifacts
[INFO] [stdout] 520 |                 .get(path)
[INFO] [stdout] 521 |                 .test_expect("Agent Web manifest artifact exists"),
[INFO] [stdout] 522 |         )
[INFO] [stdout] 523 |         .test_expect("Agent Web manifest parses");
[INFO] [stdout]     |          ^^^^^^^^^^^
[INFO] [stdout]     |
[INFO] [stdout] help: there is a method `expect` with a similar name
[INFO] [stdout]     |
[INFO] [stdout] 523 -         .test_expect("Agent Web manifest parses");
[INFO] [stdout] 523 +         .expect("Agent Web manifest parses");
[INFO] [stdout]     |
[INFO] [stdout] 
[INFO] [stdout] 
[INFO] [stdout] error[E0599]: no method named `test_expect` found for enum `Option<T>` in the current scope
[INFO] [stdout]    --> tests/agent_web_interop/support.rs:531:14
[INFO] [stdout]     |
[INFO] [stdout] 528 |         let digest = node
[INFO] [stdout] 529 |             .get("sha256")
[INFO] [stdout] 530 |             .and_then(Value::as_str)
[INFO] [stdout] 531 |             .test_expect("Agent Web manifest node has digest");
[INFO] [stdout]     |              ^^^^^^^^^^^
[INFO] [stdout]     |
[INFO] [stdout] help: there is a method `expect` with a similar name
[INFO] [stdout]     |
[INFO] [stdout] 531 -             .test_expect("Agent Web manifest node has digest");
[INFO] [stdout] 531 +             .expect("Agent Web manifest node has digest");
[INFO] [stdout]     |
[INFO] [stdout] 
[INFO] [stdout] 
[INFO] [stdout] error[E0599]: no method named `test_expect` found for enum `Option<T>` in the current scope
[INFO] [stdout]    --> tests/agent_web_interop/support.rs:542:14
[INFO] [stdout]     |
[INFO] [stdout] 539 |         let path = node
[INFO] [stdout] 540 |             .get("path")
[INFO] [stdout] 541 |             .and_then(Value::as_str)
[INFO] [stdout] 542 |             .test_expect("Agent Web envelope node has path")
[INFO] [stdout]     |              ^^^^^^^^^^^
[INFO] [stdout]     |
[INFO] [stdout] help: there is a method `expect` with a similar name
[INFO] [stdout]     |
[INFO] [stdout] 542 -             .test_expect("Agent Web envelope node has path")
[INFO] [stdout] 542 +             .expect("Agent Web envelope node has path")
[INFO] [stdout]     |
[INFO] [stdout] 
[INFO] [stdout] 
[INFO] [stdout] error[E0599]: no method named `test_expect` found for enum `Option<T>` in the current scope
[INFO] [stdout]    --> tests/agent_web_interop/support.rs:547:18
[INFO] [stdout]     |
[INFO] [stdout] 545 |             artifacts
[INFO] [stdout] 546 |                 .get(&path)
[INFO] [stdout] 547 |                 .test_expect("Agent Web envelope artifact exists"),
[INFO] [stdout]     |                  ^^^^^^^^^^^
[INFO] [stdout]     |
[INFO] [stdout] help: there is a method `expect` with a similar name
[INFO] [stdout]     |
[INFO] [stdout] 547 -                 .test_expect("Agent Web envelope artifact exists"),
[INFO] [stdout] 547 +                 .expect("Agent Web envelope artifact exists"),
[INFO] [stdout]     |
[INFO] [stdout] 
[INFO] [stdout] 
[INFO] [stdout] error[E0599]: no method named `test_expect` found for enum `Result<T, E>` in the current scope
[INFO] [stdout]    --> tests/agent_web_interop/support.rs:549:10
[INFO] [stdout]     |
[INFO] [stdout] 544 |         let mut envelope: Value = serde_json::from_slice(
[INFO] [stdout] 545 |             artifacts
[INFO] [stdout] 546 |                 .get(&path)
[INFO] [stdout] 547 |                 .test_expect("Agent Web envelope artifact exists"),
[INFO] [stdout] 548 |         )
[INFO] [stdout] 549 |         .test_expect("Agent Web envelope parses");
[INFO] [stdout]     |          ^^^^^^^^^^^
[INFO] [stdout]     |
[INFO] [stdout] help: there is a method `expect` with a similar name
[INFO] [stdout]     |
[INFO] [stdout] 549 -         .test_expect("Agent Web envelope parses");
[INFO] [stdout] 549 +         .expect("Agent Web envelope parses");
[INFO] [stdout]     |
[INFO] [stdout] 
[INFO] [stdout] 
[INFO] [stdout] error[E0599]: no method named `test_expect` found for enum `Result<T, E>` in the current scope
[INFO] [stdout]    --> tests/agent_web_interop/support.rs:612:10
[INFO] [stdout]     |
[INFO] [stdout] 611 |     let canonical = chio_core_types::canonical_json_bytes(&payload)
[INFO] [stdout] 612 |         .test_expect("Agent Web envelope canonicalizes");
[INFO] [stdout]     |          ^^^^^^^^^^^
[INFO] [stdout]     |
[INFO] [stdout] help: there is a method `expect` with a similar name
[INFO] [stdout]     |
[INFO] [stdout] 612 -         .test_expect("Agent Web envelope canonicalizes");
[INFO] [stdout] 612 +         .expect("Agent Web envelope canonicalizes");
[INFO] [stdout]     |
[INFO] [stdout] 
[INFO] [stdout] 
[INFO] [stdout] error[E0599]: no method named `test_expect` found for enum `Option<T>` in the current scope
[INFO] [stdout]    --> tests/agent_web_interop/support.rs:619:10
[INFO] [stdout]     |
[INFO] [stdout] 617 |     let object = envelope
[INFO] [stdout] 618 |         .as_object()
[INFO] [stdout] 619 |         .test_expect("Agent Web envelope is an object");
[INFO] [stdout]     |          ^^^^^^^^^^^
[INFO] [stdout]     |
[INFO] [stdout] help: there is a method `expect` with a similar name
[INFO] [stdout]     |
[INFO] [stdout] 619 -         .test_expect("Agent Web envelope is an object");
[INFO] [stdout] 619 +         .expect("Agent Web envelope is an object");
[INFO] [stdout]     |
[INFO] [stdout] 
[INFO] [stdout] 
[INFO] [stdout] error[E0599]: no method named `test_expect` found for enum `Result<T, E>` in the current scope
[INFO] [stdout]    --> tests/agent_web_interop/support.rs:692:6
[INFO] [stdout]     |
[INFO] [stdout] 688 |     let action = ToolCallAction::from_parameters(json!({
[INFO] [stdout] 689 |         "agent_web_receipt_ref": receipt_ref,
[INFO] [stdout] 690 |         "content_hash": content_hash
[INFO] [stdout] 691 |     }))
[INFO] [stdout] 692 |     .test_expect("Agent Web receipt action hashes");
[INFO] [stdout]     |      ^^^^^^^^^^^
[INFO] [stdout]     |
[INFO] [stdout] help: there is a method `expect` with a similar name
[INFO] [stdout]     |
[INFO] [stdout] 692 -     .test_expect("Agent Web receipt action hashes");
[INFO] [stdout] 692 +     .expect("Agent Web receipt action hashes");
[INFO] [stdout]     |
[INFO] [stdout] 
[INFO] [stdout] 
[INFO] [stdout] error[E0599]: no method named `test_expect` found for enum `Result<T, E>` in the current scope
[INFO] [stdout]    --> tests/agent_web_interop/support.rs:716:53
[INFO] [stdout]     |
[INFO] [stdout] 716 |     let receipt = ChioReceipt::sign(body, &keypair).test_expect("Agent Web receipt signs");
[INFO] [stdout]     |                                                     ^^^^^^^^^^^
[INFO] [stdout]     |
[INFO] [stdout] help: there is a method `expect` with a similar name
[INFO] [stdout]     |
[INFO] [stdout] 716 -     let receipt = ChioReceipt::sign(body, &keypair).test_expect("Agent Web receipt signs");
[INFO] [stdout] 716 +     let receipt = ChioReceipt::sign(body, &keypair).expect("Agent Web receipt signs");
[INFO] [stdout]     |
[INFO] [stdout] 
[INFO] [stdout] 
[INFO] [stdout] error[E0599]: no method named `test_expect` found for enum `Result<T, E>` in the current scope
[INFO] [stdout]    --> tests/agent_web_interop/support.rs:717:34
[INFO] [stdout]     |
[INFO] [stdout] 717 |     serde_json::to_vec(&receipt).test_expect("Agent Web receipt serializes")
[INFO] [stdout]     |                                  ^^^^^^^^^^^
[INFO] [stdout]     |
[INFO] [stdout] help: there is a method `expect` with a similar name
[INFO] [stdout]     |
[INFO] [stdout] 717 -     serde_json::to_vec(&receipt).test_expect("Agent Web receipt serializes")
[INFO] [stdout] 717 +     serde_json::to_vec(&receipt).expect("Agent Web receipt serializes")
[INFO] [stdout]     |
[INFO] [stdout] 
[INFO] [stdout] 
[INFO] [stdout] error[E0599]: no method named `test_expect` found for enum `Option<T>` in the current scope
[INFO] [stdout]    --> tests/agent_web_interop/support.rs:781:10
[INFO] [stdout]     |
[INFO] [stdout] 778 |     let artifact = bundle
[INFO] [stdout] 779 |         .artifacts
[INFO] [stdout] 780 |         .get(relative_path)
[INFO] [stdout] 781 |         .test_expect("Agent Web artifact exists");
[INFO] [stdout]     |          ^^^^^^^^^^^
[INFO] [stdout]     |
[INFO] [stdout] help: there is a method `expect` with a similar name
[INFO] [stdout]     |
[INFO] [stdout] 781 -         .test_expect("Agent Web artifact exists");
[INFO] [stdout] 781 +         .expect("Agent Web artifact exists");
[INFO] [stdout]     |
[INFO] [stdout] 
[INFO] [stdout] 
[INFO] [stdout] error[E0599]: no method named `test_expect` found for enum `Result<T, E>` in the current scope
[INFO] [stdout]    --> tests/agent_web_interop/support.rs:783:42
[INFO] [stdout]     |
[INFO] [stdout] 783 |         serde_json::from_slice(artifact).test_expect("Agent Web JSON artifact parses");
[INFO] [stdout]     |                                          ^^^^^^^^^^^
[INFO] [stdout]     |
[INFO] [stdout] help: there is a method `expect` with a similar name
[INFO] [stdout]     |
[INFO] [stdout] 783 -         serde_json::from_slice(artifact).test_expect("Agent Web JSON artifact parses");
[INFO] [stdout] 783 +         serde_json::from_slice(artifact).expect("Agent Web JSON artifact parses");
[INFO] [stdout]     |
[INFO] [stdout] 
[INFO] [stdout] 
[INFO] [stdout] error[E0599]: no method named `test_expect` found for enum `Option<T>` in the current scope
[INFO] [stdout]    --> tests/agent_web_interop/support.rs:796:10
[INFO] [stdout]     |
[INFO] [stdout] 793 |     let artifact = bundle
[INFO] [stdout] 794 |         .artifacts
[INFO] [stdout] 795 |         .get(relative_path)
[INFO] [stdout] 796 |         .test_expect("Agent Web envelope artifact exists");
[INFO] [stdout]     |          ^^^^^^^^^^^
[INFO] [stdout]     |
[INFO] [stdout] help: there is a method `expect` with a similar name
[INFO] [stdout]     |
[INFO] [stdout] 796 -         .test_expect("Agent Web envelope artifact exists");
[INFO] [stdout] 796 +         .expect("Agent Web envelope artifact exists");
[INFO] [stdout]     |
[INFO] [stdout] 
[INFO] [stdout] 
[INFO] [stdout] error[E0599]: no method named `test_expect` found for enum `Result<T, E>` in the current scope
[INFO] [stdout]    --> tests/agent_web_interop/support.rs:798:42
[INFO] [stdout]     |
[INFO] [stdout] 798 |         serde_json::from_slice(artifact).test_expect("Agent Web envelope artifact parses");
[INFO] [stdout]     |                                          ^^^^^^^^^^^
[INFO] [stdout]     |
[INFO] [stdout] help: there is a method `expect` with a similar name
[INFO] [stdout]     |
[INFO] [stdout] 798 -         serde_json::from_slice(artifact).test_expect("Agent Web envelope artifact parses");
[INFO] [stdout] 798 +         serde_json::from_slice(artifact).expect("Agent Web envelope artifact parses");
[INFO] [stdout]     |
[INFO] [stdout] 
[INFO] [stdout] 
[INFO] [stdout] error[E0599]: no method named `test_expect` found for enum `Result<T, E>` in the current scope
[INFO] [stdout]    --> tests/agent_web_interop/support.rs:815:40
[INFO] [stdout]     |
[INFO] [stdout] 815 |         serde_json::from_slice(&bytes).test_expect("Agent Web receipt artifact parses");
[INFO] [stdout]     |                                        ^^^^^^^^^^^
[INFO] [stdout]     |
[INFO] [stdout] help: there is a method `expect` with a similar name
[INFO] [stdout]     |
[INFO] [stdout] 815 -         serde_json::from_slice(&bytes).test_expect("Agent Web receipt artifact parses");
[INFO] [stdout] 815 +         serde_json::from_slice(&bytes).expect("Agent Web receipt artifact parses");
[INFO] [stdout]     |
[INFO] [stdout] 
[INFO] [stdout] 
[INFO] [stdout] error[E0599]: no method named `test_expect` found for enum `Result<T, E>` in the current scope
[INFO] [stdout]    --> tests/agent_web_interop/support.rs:829:10
[INFO] [stdout]     |
[INFO] [stdout] 828 |     let mut graph: Value = serde_json::from_slice(&bundle.evidence_graph_bytes)
[INFO] [stdout] 829 |         .test_expect("Agent Web evidence graph parses");
[INFO] [stdout]     |          ^^^^^^^^^^^
[INFO] [stdout]     |
[INFO] [stdout] help: there is a method `expect` with a similar name
[INFO] [stdout]     |
[INFO] [stdout] 829 -         .test_expect("Agent Web evidence graph parses");
[INFO] [stdout] 829 +         .expect("Agent Web evidence graph parses");
[INFO] [stdout]     |
[INFO] [stdout] 
[INFO] [stdout] 
[INFO] [stdout] error[E0599]: no method named `test_expect` found for enum `Result<T, E>` in the current scope
[INFO] [stdout]    --> tests/agent_web_interop/support.rs:868:10
[INFO] [stdout]     |
[INFO] [stdout] 867 |     let canonical = chio_core_types::canonical_json_bytes(&payload)
[INFO] [stdout] 868 |         .test_expect("Agent Web envelope canonicalizes");
[INFO] [stdout]     |          ^^^^^^^^^^^
[INFO] [stdout]     |
[INFO] [stdout] help: there is a method `expect` with a similar name
[INFO] [stdout]     |
[INFO] [stdout] 868 -         .test_expect("Agent Web envelope canonicalizes");
[INFO] [stdout] 868 +         .expect("Agent Web envelope canonicalizes");
[INFO] [stdout]     |
[INFO] [stdout] 
[INFO] [stdout] 
[INFO] [stdout] Some errors have detailed explanations: E0433, E0599.
[INFO] [stdout] 
[INFO] [stdout] For more information about an error, try `rustc --explain E0433`.
[INFO] [stdout] 
[INFO] [stderr] error: could not compile `chio-agent-web-interop` (test "agent_web_interop") due to 188 previous errors
[INFO] running `Command { std: "docker" "inspect" "7d7b6405ff6cfded3cb48d12fbf9ee661c52705464c3c7b7c2f747753ceb0efe", kill_on_drop: false }`
[INFO] running `Command { std: "docker" "rm" "-f" "7d7b6405ff6cfded3cb48d12fbf9ee661c52705464c3c7b7c2f747753ceb0efe", kill_on_drop: false }`
[INFO] [stdout] 7d7b6405ff6cfded3cb48d12fbf9ee661c52705464c3c7b7c2f747753ceb0efe
