[INFO] fetching crate chio-a2a-edge 0.1.2...
[INFO] checking chio-a2a-edge-0.1.2 against 3154cc1a3e6424e44f438a95007d043ed5ceaaf6+rustflags=-Znext-solver=coherence for pr-133502-30
[INFO] extracting crate chio-a2a-edge 0.1.2 into /workspace/builds/worker-4-tc1/source
[INFO] started tweaking crates.io crate chio-a2a-edge 0.1.2
[INFO] finished tweaking crates.io crate chio-a2a-edge 0.1.2
[INFO] tweaked toml for crates.io crate chio-a2a-edge 0.1.2 written to /workspace/builds/worker-4-tc1/source/Cargo.toml
[INFO] validating manifest of crates.io crate chio-a2a-edge 0.1.2 on toolchain 3154cc1a3e6424e44f438a95007d043ed5ceaaf6
[INFO] running `Command { std: CARGO_HOME="/workspace/cargo-home" RUSTUP_HOME="/workspace/rustup-home" "/workspace/cargo-home/bin/cargo" "+3154cc1a3e6424e44f438a95007d043ed5ceaaf6" "metadata" "--manifest-path" "Cargo.toml" "--no-deps", kill_on_drop: false }`
[INFO] crate crates.io crate chio-a2a-edge 0.1.2 already has a lockfile, it will not be regenerated
[INFO] running `Command { std: CARGO_HOME="/workspace/cargo-home" RUSTUP_HOME="/workspace/rustup-home" "/workspace/cargo-home/bin/cargo" "+3154cc1a3e6424e44f438a95007d043ed5ceaaf6" "fetch" "--manifest-path" "Cargo.toml", kill_on_drop: false }`
[INFO] [stderr]     Updating crates.io index
[INFO] [stderr]     Blocking waiting for file lock on package cache
[INFO] [stderr]  Downloading crates ...
[INFO] [stderr]   Downloaded chio-mcp-edge v0.1.2
[INFO] [stderr]   Downloaded chio-manifest v0.1.2
[INFO] [stderr]   Downloaded derive-getters v0.5.0
[INFO] [stderr]   Downloaded const-crc32-nostd v1.3.1
[INFO] [stderr]   Downloaded chio-fincred v0.1.2
[INFO] [stderr]   Downloaded frost-rerandomized v3.0.0
[INFO] [stderr]   Downloaded chio-pheromone v0.1.2
[INFO] [stderr]   Downloaded chio-metrics-spec v0.1.2
[INFO] [stderr]   Downloaded chio-governance v0.1.2
[INFO] [stderr]   Downloaded ark-serialize-derive v0.6.0
[INFO] [stderr]   Downloaded ark-ff-asm v0.6.0
[INFO] [stderr]   Downloaded chio-underwriting v0.1.2
[INFO] [stderr]   Downloaded ark-std v0.6.0
[INFO] [stderr]   Downloaded chio-did v0.1.2
[INFO] [stderr]   Downloaded chio-appraisal v0.1.2
[INFO] [stderr]   Downloaded ark-serialize v0.6.0
[INFO] [stderr]   Downloaded ark-ff-macros v0.6.0
[INFO] [stderr]   Downloaded alloy-rlp v0.3.13
[INFO] [stderr]   Downloaded alloy-rlp-derive v0.3.13
[INFO] [stderr]   Downloaded keccak-asm v0.1.6
[INFO] [stderr]   Downloaded chio-revocation-oracle v0.1.2
[INFO] [stderr]   Downloaded toml_parser v1.1.1+spec-1.1.0
[INFO] [stderr]   Downloaded chio-fiscal v0.1.2
[INFO] [stderr]   Downloaded chio-open-market v0.1.2
[INFO] [stderr]   Downloaded rs_merkle v1.5.0
[INFO] [stderr]   Downloaded frost-ed25519 v3.0.0
[INFO] [stderr]   Downloaded chio-web3 v0.1.2
[INFO] [stderr]   Downloaded const-hex v1.18.1
[INFO] [stderr]   Downloaded chio-listing v0.1.2
[INFO] [stderr]   Downloaded frost-core v3.0.0
[INFO] [stderr]   Downloaded toml_edit v0.25.9+spec-1.1.0
[INFO] [stderr]   Downloaded chio-autonomy v0.1.2
[INFO] [stderr]   Downloaded const_format v0.2.35
[INFO] [stderr]   Downloaded ark-ff v0.6.0
[INFO] [stderr]   Downloaded chio-core v0.1.2
[INFO] [stderr]   Downloaded chio-market v0.1.2
[INFO] [stderr]   Downloaded alloy-primitives v1.5.7
[INFO] [stderr]   Downloaded chio-weights v0.1.2
[INFO] [stderr]   Downloaded chio-lineage v0.1.2
[INFO] [stderr]   Downloaded tls_codec_derive v0.4.2
[INFO] [stderr]   Downloaded tls_codec v0.4.2
[INFO] [stderr]   Downloaded chio-federation v0.1.2
[INFO] [stderr]   Downloaded opentelemetry-semantic-conventions v0.29.0
[INFO] [stderr]   Downloaded ruint v1.20.0
[INFO] [stderr]   Downloaded prost-reflect-derive v0.16.0
[INFO] [stderr]   Downloaded chio-credit v0.1.2
[INFO] [stderr]   Downloaded chio-attest-verify v0.1.2
[INFO] [stderr]   Downloaded sigstore-protobuf-specs-derive v0.0.1
[INFO] [stderr]   Downloaded prost-reflect-build v0.16.0
[INFO] [stderr]   Downloaded proptest v1.10.0
[INFO] [stderr]   Downloaded snafu-derive v0.8.9
[INFO] [stderr]   Downloaded tough v0.22.0
[INFO] [stderr]   Downloaded which v8.0.2
[INFO] [stderr]   Downloaded rusqlite v0.39.0
[INFO] [stderr]   Downloaded aws-lc-rs v1.16.2
[INFO] [stderr]   Downloaded snafu v0.8.9
[INFO] [stderr]   Downloaded prost-build v0.14.3
[INFO] [stderr]   Downloaded sigstore_protobuf_specs v0.5.1
[INFO] [stderr]   Downloaded webbrowser v1.2.1
[INFO] [stderr]   Downloaded typed-path v0.9.3
[INFO] [stderr]   Downloaded prost-reflect v0.16.3
[INFO] [stderr]   Downloaded chio-core-types v0.1.2
[INFO] [stderr]   Downloaded sha3-asm v0.1.6
[INFO] [stderr]   Downloaded sigstore v0.14.0
[INFO] [stderr]   Downloaded chio-kernel v0.1.2
[INFO] [stderr]   Downloaded openidconnect v4.0.1
[INFO] [stderr]   Downloaded crypto_secretbox v0.1.1
[INFO] [stderr]   Downloaded chio-tool-call-fabric v0.1.2
[INFO] [stderr]   Downloaded chio-supervisor v0.1.2
[INFO] [stderr]   Downloaded bitcoin-io v0.1.4
[INFO] [stderr]   Downloaded chio-settle v0.1.2
[INFO] [stderr]   Downloaded chio-web3-bindings v0.1.2
[INFO] [stderr]   Downloaded aws-lc-fips-sys v0.13.14
[INFO] [stderr]   Downloaded alloy-eip7928 v0.3.3
[INFO] [stderr]   Downloaded alloy-core v1.5.7
[INFO] [stderr]   Downloaded alloy-sol-types v1.5.7
[INFO] [stderr]   Downloaded alloy-sol-macro v1.5.7
[INFO] [stderr]   Downloaded alloy-sol-macro-input v1.5.7
[INFO] [stderr]   Downloaded syn-solidity v1.5.7
[INFO] [stderr]   Downloaded alloy-sol-type-parser v1.5.7
[INFO] [stderr]   Downloaded alloy-json-abi v1.5.7
[INFO] [stderr]   Downloaded alloy-sol-macro-expander v1.5.7
[INFO] [stderr]   Downloaded chio-egress-contract v0.1.2
[INFO] [stderr]   Downloaded aws-lc-sys v0.39.1
[INFO] [stderr]   Downloaded alloy-dyn-abi v1.5.7
[INFO] [stderr]   Downloaded chio-log-redact v0.1.2
[INFO] [stderr]   Downloaded chio-data-guards-redactors-default v0.1.2
[INFO] [stderr]   Downloaded chio-kernel-core v0.1.2
[INFO] [stderr]   Downloaded chio-link v0.1.2
[INFO] [stderr]   Downloaded chio-custody-hw v0.1.2
[INFO] [stderr]   Downloaded webauthn-rs-proto v0.5.2
[INFO] [stderr]   Downloaded base64urlsafedata v0.5.2
[INFO] [stderr]   Downloaded webauthn-rs v0.5.2
[INFO] [stderr]   Downloaded webauthn-attestation-ca v0.5.2
[INFO] [stderr]   Downloaded openssl-sys v0.9.114
[INFO] [stderr]   Downloaded openssl v0.10.78
[INFO] [stderr]   Downloaded webauthn-rs-core v0.5.2
[INFO] [stderr]   Downloaded coset v0.4.2
[INFO] [stderr]   Downloaded serde_cbor_2 v0.12.0-dev
[INFO] [stderr]   Downloaded chio-bounded v0.1.2
[INFO] [stderr]   Downloaded chio-cross-protocol v0.1.2
[INFO] [stderr]   Downloaded chio-edge-metrics v0.1.2
[INFO] running `Command { std: "docker" "create" "-v" "/var/lib/crater-agent-workspace/builds/worker-4-tc1/source:/opt/rustwide/workdir:ro,Z" "-v" "/var/lib/crater-agent-workspace/builds/worker-4-tc1/target:/opt/rustwide/target:rw,Z" "-v" "/var/lib/crater-agent-workspace/cargo-home:/opt/rustwide/cargo-home:ro,Z" "-v" "/var/lib/crater-agent-workspace/rustup-home:/opt/rustwide/rustup-home:ro,Z" "-m" "1610612736" "--network" "none" "ghcr.io/rust-lang/crates-build-env/linux@sha256:77db811e55d90add9212f6832c23229e3de5f1c1f9905e8cb07319ea15df73ac" "sleep" "infinity", kill_on_drop: false }`
[INFO] [stdout] ffd6bbd7c135b9154e5227561e2810e71244d31cf5b0b50e6c502dce5ebe930d
[INFO] running `Command { std: "docker" "start" "ffd6bbd7c135b9154e5227561e2810e71244d31cf5b0b50e6c502dce5ebe930d", kill_on_drop: false }`
[INFO] running `Command { std: "docker" "inspect" "ffd6bbd7c135b9154e5227561e2810e71244d31cf5b0b50e6c502dce5ebe930d", kill_on_drop: false }`
[INFO] running `Command { std: "docker" "exec" "-e" "SOURCE_DIR=/opt/rustwide/workdir" "-e" "CARGO_HOME=/opt/rustwide/cargo-home" "-e" "RUSTUP_HOME=/opt/rustwide/rustup-home" "-e" "CARGO_TARGET_DIR=/opt/rustwide/target" "-w" "/opt/rustwide/workdir" "--user" "0:0" "ffd6bbd7c135b9154e5227561e2810e71244d31cf5b0b50e6c502dce5ebe930d" "/opt/rustwide/cargo-home/bin/cargo" "+3154cc1a3e6424e44f438a95007d043ed5ceaaf6" "metadata" "--no-deps" "--format-version=1", kill_on_drop: false }`
[INFO] running `Command { std: "docker" "inspect" "ffd6bbd7c135b9154e5227561e2810e71244d31cf5b0b50e6c502dce5ebe930d", kill_on_drop: false }`
[INFO] running `Command { std: "docker" "exec" "-e" "SOURCE_DIR=/opt/rustwide/workdir" "-e" "CARGO_HOME=/opt/rustwide/cargo-home" "-e" "RUSTUP_HOME=/opt/rustwide/rustup-home" "-e" "CARGO_TARGET_DIR=/opt/rustwide/target" "-e" "CARGO_INCREMENTAL=0" "-e" "RUST_BACKTRACE=full" "-e" "RUSTFLAGS=--cap-lints=forbid -Znext-solver=coherence" "-e" "RUSTDOCFLAGS=--cap-lints=forbid" "-w" "/opt/rustwide/workdir" "--user" "0:0" "ffd6bbd7c135b9154e5227561e2810e71244d31cf5b0b50e6c502dce5ebe930d" "/opt/rustwide/cargo-home/bin/cargo" "+3154cc1a3e6424e44f438a95007d043ed5ceaaf6" "check" "--frozen" "--all" "--all-targets" "--message-format=json", kill_on_drop: false }`
[INFO] [stderr]     Checking itoa v1.0.17
[INFO] [stderr]     Checking const-oid v0.9.6
[INFO] [stderr]    Compiling generic-array v0.14.7
[INFO] [stderr]    Compiling serde_json v1.0.149
[INFO] [stderr]     Checking litemap v0.8.1
[INFO] [stderr]     Checking writeable v0.6.2
[INFO] [stderr]    Compiling libc v0.2.183
[INFO] [stderr]    Compiling icu_normalizer_data v2.1.1
[INFO] [stderr]    Compiling icu_properties_data v2.1.2
[INFO] [stderr]     Checking getrandom v0.2.17
[INFO] [stderr]    Compiling semver v1.0.27
[INFO] [stderr]    Compiling displaydoc v0.2.5
[INFO] [stderr]    Compiling zerovec-derive v0.11.2
[INFO] [stderr]     Checking zeroize v1.9.0
[INFO] [stderr]     Checking serde v1.0.228
[INFO] [stderr]    Compiling zerofrom-derive v0.1.6
[INFO] [stderr]    Compiling yoke-derive v0.8.1
[INFO] [stderr]    Compiling num-traits v0.2.19
[INFO] [stderr]     Checking base16ct v0.2.0
[INFO] [stderr]     Checking rand_core v0.6.4
[INFO] [stderr]    Compiling derive_more-impl v2.1.1
[INFO] [stderr]     Checking parking_lot_core v0.9.12
[INFO] [stderr]    Compiling rustc_version v0.4.1
[INFO] [stderr]    Compiling ruint-macro v1.2.1
[INFO] [stderr]    Compiling zerocopy v0.8.42
[INFO] [stderr]    Compiling aws-lc-rs v1.16.2
[INFO] [stderr]     Checking rustls-pki-types v1.14.0
[INFO] [stderr]    Compiling zerocopy-derive v0.8.42
[INFO] [stderr]    Compiling curve25519-dalek v4.1.3
[INFO] [stderr]     Checking bitflags v2.11.0
[INFO] [stderr]     Checking bytes v1.11.1
[INFO] [stderr]    Compiling serde_core v1.0.228
[INFO] [stderr]     Checking parking_lot v0.12.5
[INFO] [stderr]     Checking crypto-common v0.1.7
[INFO] [stderr]     Checking block-buffer v0.10.4
[INFO] [stderr]     Checking block-padding v0.3.3
[INFO] [stderr]    Compiling heapless v0.7.17
[INFO] [stderr]     Checking inout v0.1.4
[INFO] [stderr]    Compiling rustls v0.23.37
[INFO] [stderr]    Compiling typenum v1.20.0
[INFO] [stderr]     Checking lazy_static v1.5.0
[INFO] [stderr]    Compiling jobserver v0.1.34
[INFO] [stderr]    Compiling proc-macro-error-attr2 v2.0.0
[INFO] [stderr]     Checking http v1.4.0
[INFO] [stderr]     Checking digest v0.10.7
[INFO] [stderr]     Checking der v0.7.10
[INFO] [stderr]     Checking tokio v1.50.0
[INFO] [stderr]     Checking cipher v0.4.4
[INFO] [stderr]     Checking hybrid-array v0.4.11
[INFO] [stderr]     Checking salsa20 v0.10.2
[INFO] [stderr]     Checking hmac v0.12.1
[INFO] [stderr]    Compiling cc v1.2.57
[INFO] [stderr]     Checking sha2 v0.10.9
[INFO] [stderr]     Checking zerofrom v0.1.6
[INFO] [stderr]     Checking cbc v0.1.2
[INFO] [stderr]     Checking aes v0.8.4
[INFO] [stderr]     Checking signature v2.2.0
[INFO] [stderr]     Checking pbkdf2 v0.12.2
[INFO] [stderr]     Checking num-integer v0.1.46
[INFO] [stderr]     Checking yoke v0.8.1
[INFO] [stderr]    Compiling proc-macro-error2 v2.0.1
[INFO] [stderr]     Checking scrypt v0.11.0
[INFO] [stderr]     Checking zerovec v0.11.5
[INFO] [stderr]     Checking zerotrie v0.2.3
[INFO] [stderr]     Checking keccak v0.1.6
[INFO] [stderr]     Checking itertools v0.14.0
[INFO] [stderr]     Checking ruint v1.20.0
[INFO] [stderr]     Checking http-body v1.0.1
[INFO] [stderr]     Checking serdect v0.2.0
[INFO] [stderr]    Compiling derive-getters v0.5.0
[INFO] [stderr]    Compiling visibility v0.1.1
[INFO] [stderr]     Checking sha3 v0.10.8
[INFO] [stderr]     Checking spki v0.7.3
[INFO] [stderr]     Checking const-hex v1.18.1
[INFO] [stderr]     Checking rustc-hash v2.1.1
[INFO] [stderr]     Checking const-crc32-nostd v1.3.1
[INFO] [stderr]     Checking pkcs5 v0.7.1
[INFO] [stderr]     Checking cmov v0.5.3
[INFO] [stderr]     Checking crypto-common v0.2.2
[INFO] [stderr]     Checking block-buffer v0.12.0
[INFO] [stderr]     Checking rs_merkle v1.5.0
[INFO] [stderr]    Compiling num-conv v0.2.0
[INFO] [stderr]     Checking ctutils v0.4.2
[INFO] [stderr]     Checking tinystr v0.8.2
[INFO] [stderr]     Checking potential_utf v0.1.4
[INFO] [stderr]     Checking pkcs8 v0.10.2
[INFO] [stderr]     Checking icu_collections v2.1.1
[INFO] [stderr]     Checking ed25519 v2.2.3
[INFO] [stderr]    Compiling fnv v1.0.7
[INFO] [stderr]     Checking postcard v1.1.3
[INFO] [stderr]    Compiling time-macros v0.2.27
[INFO] [stderr]    Compiling darling_core v0.20.11
[INFO] [stderr]    Compiling cmake v0.1.58
[INFO] [stderr]     Checking regex-automata v0.4.14
[INFO] [stderr]     Checking icu_locale_core v2.1.1
[INFO] [stderr]     Checking ed25519-dalek v2.2.0
[INFO] [stderr]     Checking getrandom v0.4.2
[INFO] [stderr]     Checking ff v0.13.1
[INFO] [stderr]     Checking socket2 v0.5.10
[INFO] [stderr]    Compiling memchr v2.8.0
[INFO] [stderr]    Compiling winnow v0.7.15
[INFO] [stderr]     Checking group v0.13.0
[INFO] [stderr]     Checking rustls-native-certs v0.8.3
[INFO] [stderr]     Checking sec1 v0.7.3
[INFO] [stderr]     Checking hkdf v0.12.4
[INFO] [stderr]     Checking crypto-bigint v0.5.5
[INFO] [stderr]     Checking chio-metrics-spec v0.1.2
[INFO] [stderr]     Checking iri-string v0.7.10
[INFO] [stderr]    Compiling ring v0.17.14
[INFO] [stderr]    Compiling aws-lc-sys v0.39.1
[INFO] [stderr]     Checking frost-core v3.0.0
[INFO] [stderr]    Compiling openssl-sys v0.9.114
[INFO] [stderr]     Checking chrono v0.4.44
[INFO] [stderr]     Checking icu_provider v2.1.1
[INFO] [stderr]     Checking icu_properties v2.1.2
[INFO] [stderr]     Checking icu_normalizer v2.1.1
[INFO] [stderr]     Checking time v0.3.47
[INFO] [stderr]     Checking digest v0.11.2
[INFO] [stderr]    Compiling anyhow v1.0.103
[INFO] [stderr]     Checking frost-rerandomized v3.0.0
[INFO] [stderr]     Checking elliptic-curve v0.13.8
[INFO] [stderr]     Checking frost-ed25519 v3.0.0
[INFO] [stderr]     Checking http-body-util v0.1.3
[INFO] [stderr]     Checking derive_more v2.1.1
[INFO] [stderr]     Checking serde_urlencoded v0.7.1
[INFO] [stderr]    Compiling syn-solidity v1.5.7
[INFO] [stderr]     Checking alloy-primitives v1.5.7
[INFO] [stderr]    Compiling macro-string v0.1.4
[INFO] [stderr]     Checking idna_adapter v1.2.1
[INFO] [stderr]     Checking idna v1.1.0
[INFO] [stderr]    Compiling hashbrown v0.16.1
[INFO] [stderr]     Checking regex v1.12.3
[INFO] [stderr]    Compiling prost-derive v0.14.3
[INFO] [stderr]     Checking rusticata-macros v4.1.0
[INFO] [stderr]     Checking num-bigint v0.4.6
[INFO] [stderr]     Checking url v2.5.8
[INFO] [stderr]     Checking rfc6979 v0.4.0
[INFO] [stderr]    Compiling alloy-sol-type-parser v1.5.7
[INFO] [stderr]     Checking ordered-float v2.10.1
[INFO] [stderr]    Compiling darling_macro v0.20.11
[INFO] [stderr]    Compiling asn1-rs-derive v0.5.1
[INFO] [stderr]    Compiling asn1-rs-impl v0.2.0
[INFO] [stderr]    Compiling indexmap v2.13.0
[INFO] [stderr]    Compiling darling v0.20.11
[INFO] [stderr]    Compiling derive_builder_core v0.20.2
[INFO] [stderr]    Compiling num-bigint-dig v0.8.6
[INFO] [stderr]     Checking serde-value v0.7.0
[INFO] [stderr]     Checking ecdsa v0.16.9
[INFO] [stderr]     Checking hyper v1.8.1
[INFO] [stderr]     Checking tower v0.5.3
[INFO] [stderr]     Checking chio-core-types v0.1.2
[INFO] [stderr]     Checking tokio-util v0.7.18
[INFO] [stderr]     Checking unicode-normalization v0.1.25
[INFO] [stderr]    Compiling alloy-json-abi v1.5.7
[INFO] [stderr]     Checking primeorder v0.13.6
[INFO] [stderr]     Checking tower-http v0.6.8
[INFO] [stderr]     Checking asn1-rs v0.6.2
[INFO] [stderr]     Checking hyper-util v0.1.20
[INFO] [stderr]     Checking inout v0.2.2
[INFO] [stderr]     Checking num-iter v0.1.45
[INFO] [stderr]     Checking prost v0.14.3
[INFO] [stderr]    Compiling const_format_proc_macros v0.2.34
[INFO] [stderr]     Checking pem v3.0.6
[INFO] [stderr]    Compiling pin-project-internal v1.1.11
[INFO] [stderr]    Compiling openssl v0.10.78
[INFO] [stderr]    Compiling oid-registry v0.7.1
[INFO] [stderr]    Compiling derive_builder_macro v0.20.2
[INFO] [stderr]     Checking base64urlsafedata v0.5.2
[INFO] [stderr]     Checking rustix v1.1.4
[INFO] [stderr]     Checking sha2 v0.11.0
[INFO] [stderr]     Checking prost-types v0.14.3
[INFO] [stderr]     Checking derive_builder v0.20.2
[INFO] [stderr]     Checking cipher v0.5.2
[INFO] [stderr]     Checking olpc-cjson v0.1.4
[INFO] [stderr]    Compiling serde_with_macros v3.18.0
[INFO] [stderr]     Checking hmac v0.13.0
[INFO] [stderr]     Checking const_format v0.2.35
[INFO] [stderr]     Checking phc v0.6.1
[INFO] [stderr]     Checking pkcs1 v0.7.5
[INFO] [stderr]     Checking pin-project v1.1.11
[INFO] [stderr]    Compiling getset v0.1.6
[INFO] [stderr]     Checking ppv-lite86 v0.2.21
[INFO] [stderr]     Checking universal-hash v0.5.1
[INFO] [stderr]    Compiling snafu-derive v0.8.9
[INFO] [stderr]     Checking serde_plain v1.0.2
[INFO] [stderr]     Checking serde_path_to_error v0.1.20
[INFO] [stderr]    Compiling prost-reflect-derive v0.16.0
[INFO] [stderr]    Compiling tls_codec_derive v0.4.2
[INFO] [stderr]     Checking bstr v1.12.1
[INFO] [stderr]    Compiling webauthn-attestation-ca v0.5.2
[INFO] [stderr]     Checking rand_chacha v0.3.1
[INFO] [stderr]     Checking strum v0.27.2
[INFO] [stderr]     Checking poly1305 v0.8.0
[INFO] [stderr]     Checking prost-reflect v0.16.3
[INFO] [stderr]     Checking half v2.7.1
[INFO] [stderr]     Checking password-hash v0.6.1
[INFO] [stderr]     Checking globset v0.4.18
[INFO] [stderr]     Checking oci-spec v0.9.0
[INFO] [stderr]     Checking rand v0.8.5
[INFO] [stderr]     Checking pbkdf2 v0.13.0
[INFO] [stderr]    Compiling alloy-sol-macro-input v1.5.7
[INFO] [stderr]     Checking tempfile v3.27.0
[INFO] [stderr]     Checking der-parser v9.0.0
[INFO] [stderr]     Checking salsa20 v0.11.0
[INFO] [stderr]     Checking p256 v0.13.2
[INFO] [stderr]     Checking serde_with v3.18.0
[INFO] [stderr]     Checking p384 v0.13.1
[INFO] [stderr]    Compiling alloy-sol-macro-expander v1.5.7
[INFO] [stderr]     Checking oauth2 v5.0.0
[INFO] [stderr]     Checking tls_codec v0.4.2
[INFO] [stderr]    Compiling secp256k1-sys v0.11.0
[INFO] [stderr]    Compiling libsqlite3-sys v0.37.0
[INFO] [stderr]     Checking uuid v1.22.0
[INFO] [stderr]     Checking sha1 v0.10.6
[INFO] [stderr]     Checking aead v0.5.2
[INFO] [stderr]     Checking itertools v0.10.5
[INFO] [stderr]     Checking serde_spanned v0.6.9
[INFO] [stderr]     Checking snafu v0.8.9
[INFO] [stderr]     Checking toml_datetime v0.6.11
[INFO] [stderr]     Checking rsa v0.9.10
[INFO] [stderr]    Compiling async-recursion v1.1.1
[INFO] [stderr]    Compiling sigstore-protobuf-specs-derive v0.0.1
[INFO] [stderr]     Checking http-auth v0.1.10
[INFO] [stderr]     Checking typed-path v0.9.3
[INFO] [stderr]     Checking half v1.8.3
[INFO] [stderr]    Compiling webauthn-rs-core v0.5.2
[INFO] [stderr]     Checking ciborium-io v0.2.2
[INFO] [stderr]     Checking ryu-js v1.0.3
[INFO] [stderr]     Checking x509-parser v0.16.0
[INFO] [stderr]     Checking ciborium-ll v0.2.2
[INFO] [stderr]     Checking serde_cbor_2 v0.12.0-dev
[INFO] [stderr]     Checking toml_edit v0.22.27
[INFO] [stderr]     Checking x509-cert v0.2.5
[INFO] [stderr]     Checking serde_json_canonicalizer v0.3.2
[INFO] [stderr]     Checking crypto_secretbox v0.1.1
[INFO] [stderr]     Checking scrypt v0.12.0
[INFO] [stderr]     Checking sigstore_protobuf_specs v0.5.1
[INFO] [stderr]     Checking webauthn-rs-proto v0.5.2
[INFO] [stderr]     Checking webbrowser v1.2.1
[INFO] [stderr]    Compiling serde_repr v0.1.20
[INFO] [stderr]    Compiling chio-attest-verify v0.1.2
[INFO] [stderr]     Checking hex-literal v1.1.0
[INFO] [stderr]     Checking ciborium v0.2.2
[INFO] [stderr]     Checking simple_asn1 v0.6.4
[INFO] [stderr]     Checking openidconnect v4.0.1
[INFO] [stderr]     Checking sharded-slab v0.1.7
[INFO] [stderr]     Checking webpki-roots v1.0.6
[INFO] [stderr]     Checking chio-data-guards-redactors-default v0.1.2
[INFO] [stderr]     Checking jsonwebtoken v9.3.1
[INFO] [stderr]     Checking webpki-roots v0.26.11
[INFO] [stderr]     Checking dashmap v6.1.0
[INFO] [stderr]     Checking chio-supervisor v0.1.2
[INFO] [stderr]     Checking chio-bounded v0.1.2
[INFO] [stderr]     Checking tracing-subscriber v0.3.23
[INFO] [stderr]     Checking coset v0.4.2
[INFO] [stderr]     Checking toml v0.8.23
[INFO] [stderr]    Compiling alloy-sol-macro v1.5.7
[INFO] [stderr]     Checking chio-log-redact v0.1.2
[INFO] [stderr]     Checking alloy-sol-types v1.5.7
[INFO] [stderr]     Checking alloy-core v1.5.7
[INFO] [stderr]     Checking alloy v1.8.3
[INFO] [stderr]     Checking chio-web3-bindings v0.1.2
[INFO] [stderr]     Checking webauthn-rs v0.5.2
[INFO] [stderr]     Checking secp256k1 v0.31.1
[INFO] [stderr]     Checking chio-listing v0.1.2
[INFO] [stderr]     Checking chio-revocation-oracle v0.1.2
[INFO] [stderr]     Checking chio-pheromone v0.1.2
[INFO] [stderr]     Checking chio-did v0.1.2
[INFO] [stderr]     Checking chio-fincred v0.1.2
[INFO] [stderr]     Checking chio-lineage v0.1.2
[INFO] [stderr]     Checking chio-tool-call-fabric v0.1.2
[INFO] [stderr]     Checking chio-kernel-core v0.1.2
[INFO] [stderr]     Checking chio-fiscal v0.1.2
[INFO] [stderr]     Checking chio-governance v0.1.2
[INFO] [stderr]     Checking rusqlite v0.39.0
[INFO] [stderr]     Checking chio-open-market v0.1.2
[INFO] [stderr]     Checking chio-appraisal v0.1.2
[INFO] [stderr]     Checking chio-custody-hw v0.1.2
[INFO] [stderr]     Checking chio-federation v0.1.2
[INFO] [stderr]     Checking rustls-webpki v0.103.13
[INFO] [stderr]     Checking jsonwebtoken v10.4.0
[INFO] [stderr]     Checking chio-underwriting v0.1.2
[INFO] [stderr]     Checking tokio-rustls v0.26.4
[INFO] [stderr]     Checking rustls-platform-verifier v0.6.2
[INFO] [stderr]     Checking tough v0.22.0
[INFO] [stderr]     Checking ureq v2.12.1
[INFO] [stderr]     Checking chio-credit v0.1.2
[INFO] [stderr]     Checking hyper-rustls v0.27.7
[INFO] [stderr]     Checking reqwest v0.13.2
[INFO] [stderr]     Checking oci-client v0.17.0
[INFO] [stderr]     Checking chio-egress-contract v0.1.2
[INFO] [stderr]     Checking sigstore v0.14.0
[INFO] [stderr]     Checking chio-weights v0.1.2
[INFO] [stderr]     Checking chio-web3 v0.1.2
[INFO] [stderr]     Checking chio-market v0.1.2
[INFO] [stderr]     Checking chio-autonomy v0.1.2
[INFO] [stderr]     Checking chio-core v0.1.2
[INFO] [stderr]     Checking chio-link v0.1.2
[INFO] [stderr]     Checking chio-settle v0.1.2
[INFO] [stderr]     Checking chio-manifest v0.1.2
[INFO] [stderr]     Checking chio-kernel v0.1.2
[INFO] [stderr]     Checking chio-edge-metrics v0.1.2
[INFO] [stderr]     Checking chio-cross-protocol v0.1.2
[INFO] [stderr]     Checking chio-mcp-edge v0.1.2
[INFO] [stderr]     Checking chio-a2a-edge v0.1.2 (/opt/rustwide/workdir)
[INFO] [stdout] error[E0433]: cannot find module or crate `chio_test_support` in this scope
[INFO] [stdout]   --> src/tests/nonce_preflight.rs:12:5
[INFO] [stdout]    |
[INFO] [stdout] 12 | use chio_test_support::prelude::*;
[INFO] [stdout]    |     ^^^^^^^^^^^^^^^^^ use of unresolved module or unlinked crate `chio_test_support`
[INFO] [stdout]    |
[INFO] [stdout]    = help: if you wanted to use a crate named `chio_test_support`, use `cargo add chio_test_support` to add it to your `Cargo.toml`
[INFO] [stdout] 
[INFO] [stdout] 
[INFO] [stdout] error[E0433]: cannot find module or crate `chio_test_support` in this scope
[INFO] [stdout]  --> src/tests/all.rs:3:9
[INFO] [stdout]   |
[INFO] [stdout] 3 |     use chio_test_support::prelude::*;
[INFO] [stdout]   |         ^^^^^^^^^^^^^^^^^ use of unresolved module or unlinked crate `chio_test_support`
[INFO] [stdout]   |
[INFO] [stdout]   = help: if you wanted to use a crate named `chio_test_support`, use `cargo add chio_test_support` to add it to your `Cargo.toml`
[INFO] [stdout] 
[INFO] [stdout] 
[INFO] [stdout] error[E0599]: no method named `test_expect` found for enum `Result<T, E>` in the current scope
[INFO] [stdout]    --> src/tests/all.rs:422:14
[INFO] [stdout]     |
[INFO] [stdout] 420 |         SystemTime::now()
[INFO] [stdout] 421 |             .duration_since(UNIX_EPOCH)
[INFO] [stdout] 422 |             .test_expect("system time should be after unix epoch")
[INFO] [stdout]     |              ^^^^^^^^^^^
[INFO] [stdout]     |
[INFO] [stdout] help: there is a method `expect` with a similar name
[INFO] [stdout]     |
[INFO] [stdout] 422 -             .test_expect("system time should be after unix epoch")
[INFO] [stdout] 422 +             .expect("system time should be after unix epoch")
[INFO] [stdout]     |
[INFO] [stdout] 
[INFO] [stdout] 
[INFO] [stdout] error[E0599]: no method named `test_expect` found for enum `Result<T, E>` in the current scope
[INFO] [stdout]    --> src/tests/all.rs:481:10
[INFO] [stdout]     |
[INFO] [stdout] 455 |         chio_core::capability::token::CapabilityToken::sign(
[INFO] [stdout] 456 |             CapabilityTokenBody {
[INFO] [stdout] 457 |                 id: format!("cap-{server_id}-{tool_name}"),
[INFO] [stdout] 458 |                 issuer: issuer.public_key(),
[INFO] [stdout] 459 |                 subject: subject.public_key(),
[INFO] [stdout] 460 |                 scope: ChioScope {
[INFO] [stdout] 461 |                     grants: vec![ToolGrant {
[INFO] [stdout] 462 |                         server_id: server_id.to_string(),
[INFO] [stdout] 463 |                         tool_name: tool_name.to_string(),
[INFO] [stdout] 464 |                         operations: vec![Operation::Invoke],
[INFO] [stdout] 465 |                         constraints: vec![],
[INFO] [stdout] 466 |                         max_invocations: None,
[INFO] [stdout] 467 |                         max_cost_per_invocation: None,
[INFO] [stdout] 468 |                         max_total_cost: None,
[INFO] [stdout] 469 |                         dpop_required: None,
[INFO] [stdout] 470 |                     }],
[INFO] [stdout] 471 |                     resource_grants: vec![],
[INFO] [stdout] 472 |                     prompt_grants: vec![],
[INFO] [stdout] 473 |                 },
[INFO] [stdout] 474 |                 issued_at: now.saturating_sub(30),
[INFO] [stdout] 475 |                 expires_at: now + 300,
[INFO] [stdout] 476 |                 delegation_chain: vec![],
[INFO] [stdout] 477 |                 aggregate_invocation_budget: None,
[INFO] [stdout] 478 |             },
[INFO] [stdout] 479 |             issuer,
[INFO] [stdout] 480 |         )
[INFO] [stdout] 481 |         .test_expect("capability should sign")
[INFO] [stdout]     |          ^^^^^^^^^^^
[INFO] [stdout]     |
[INFO] [stdout] help: there is a method `expect` with a similar name
[INFO] [stdout]     |
[INFO] [stdout] 481 -         .test_expect("capability should sign")
[INFO] [stdout] 481 +         .expect("capability should sign")
[INFO] [stdout]     |
[INFO] [stdout] 
[INFO] [stdout] 
[INFO] [stdout] error[E0599]: no method named `test_expect` found for enum `Result<T, E>` in the current scope
[INFO] [stdout]    --> src/tests/all.rs:508:10
[INFO] [stdout]     |
[INFO] [stdout] 491 |         let proposal = ThresholdApprovalProposal::sign(
[INFO] [stdout] 492 |             ThresholdApprovalProposalBody {
[INFO] [stdout] 493 |                 schema: THRESHOLD_APPROVAL_PROPOSAL_SCHEMA.to_string(),
[INFO] [stdout] 494 |                 proposal_id: format!("proposal-{request_id}"),
[INFO] [stdout] 495 |                 request_id: request_id.to_string(),
[INFO] [stdout] 496 |                 governed_intent_hash: intent_hash.clone(),
[INFO] [stdout] 497 |                 subject: subject.public_key(),
[INFO] [stdout] 498 |                 authorizing_capability_digest: "b".repeat(64),
[INFO] [stdout] 499 |                 policy_hash: "c".repeat(64),
[INFO] [stdout] 500 |                 threshold: 2,
[INFO] [stdout] 501 |                 eligible_set_digest: "d".repeat(64),
[INFO] [stdout] 502 |                 proposal_created_at: 100,
[INFO] [stdout] 503 |                 proposal_deadline: 200,
[INFO] [stdout] 504 |                 policy_authority: policy_authority.public_key(),
[INFO] [stdout] 505 |             },
[INFO] [stdout] 506 |             &policy_authority,
[INFO] [stdout] 507 |         )
[INFO] [stdout] 508 |         .test_expect("threshold proposal should sign");
[INFO] [stdout]     |          ^^^^^^^^^^^
[INFO] [stdout]     |
[INFO] [stdout] help: there is a method `expect` with a similar name
[INFO] [stdout]     |
[INFO] [stdout] 508 -         .test_expect("threshold proposal should sign");
[INFO] [stdout] 508 +         .expect("threshold proposal should sign");
[INFO] [stdout]     |
[INFO] [stdout] 
[INFO] [stdout] 
[INFO] [stdout] error[E0599]: no method named `test_expect` found for enum `Result<T, E>` in the current scope
[INFO] [stdout]    --> src/tests/all.rs:530:18
[INFO] [stdout]     |
[INFO] [stdout] 516 |                 GovernedApprovalToken::sign(
[INFO] [stdout] 517 |                     GovernedApprovalTokenBody {
[INFO] [stdout] 518 |                         id: format!("approval-{request_id}-{index}"),
[INFO] [stdout] 519 |                         approver: approver.public_key(),
[INFO] [stdout] 520 |                         subject: subject.public_key(),
[INFO] [stdout] 521 |                         governed_intent_hash: intent_hash.clone(),
[INFO] [stdout] 522 |                         request_id: request_id.to_string(),
[INFO] [stdout] 523 |                         threshold_proposal_hash: Some(proposal_hash.clone()),
[INFO] [stdout] 524 |                         issued_at: 100,
[INFO] [stdout] 525 |                         expires_at: 200,
[INFO] [stdout] 526 |                         decision: GovernedApprovalDecision::Approved,
[INFO] [stdout] 527 |                     },
[INFO] [stdout] 528 |                     approver,
[INFO] [stdout] 529 |                 )
[INFO] [stdout] 530 |                 .test_expect("approval should sign")
[INFO] [stdout]     |                  ^^^^^^^^^^^
[INFO] [stdout]     |
[INFO] [stdout] help: there is a method `expect` with a similar name
[INFO] [stdout]     |
[INFO] [stdout] 530 -                 .test_expect("approval should sign")
[INFO] [stdout] 530 +                 .expect("approval should sign")
[INFO] [stdout]     |
[INFO] [stdout] 
[INFO] [stdout] 
[INFO] [stdout] error[E0599]: no method named `test_expect` found for enum `Result<T, E>` in the current scope
[INFO] [stdout]    --> src/tests/all.rs:582:10
[INFO] [stdout]     |
[INFO] [stdout] 569 |         let projected = ChioA2aEdge::build_execution_request(
[INFO] [stdout] 570 |             SkillBinding {
[INFO] [stdout] 571 |                 target_protocol: DiscoveryProtocol::Native,
[INFO] [stdout] 572 |                 server_id: "srv".to_string(),
[INFO] [stdout] 573 |                 tool_name: "run".to_string(),
[INFO] [stdout] 574 |             },
[INFO] [stdout] 575 |             "run",
[INFO] [stdout] 576 |             &source,
[INFO] [stdout] 577 |             serde_json::json!({"value": 7}),
[INFO] [stdout] 578 |             &execution,
[INFO] [stdout] 579 |             "a2a-auth-set".to_string(),
[INFO] [stdout] 580 |             "a2a-kernel-auth-set".to_string(),
[INFO] [stdout] 581 |         )
[INFO] [stdout] 582 |         .test_expect("A2A request should project");
[INFO] [stdout]     |          ^^^^^^^^^^^
[INFO] [stdout]     |
[INFO] [stdout] help: there is a method `expect` with a similar name
[INFO] [stdout]     |
[INFO] [stdout] 582 -         .test_expect("A2A request should project");
[INFO] [stdout] 582 +         .expect("A2A request should project");
[INFO] [stdout]     |
[INFO] [stdout] 
[INFO] [stdout] 
[INFO] [stdout] error[E0599]: no method named `test_expect` found for enum `std::option::Option<T>` in the current scope
[INFO] [stdout]    --> src/tests/all.rs:595:14
[INFO] [stdout]     |
[INFO] [stdout] 592 |         let sample = body
[INFO] [stdout] 593 |             .lines()
[INFO] [stdout] 594 |             .find_map(|line| line.strip_prefix(&prefix))
[INFO] [stdout] 595 |             .test_expect("Prometheus sample should exist")
[INFO] [stdout]     |              ^^^^^^^^^^^
[INFO] [stdout]     |
[INFO] [stdout] help: there is a method `expect` with a similar name
[INFO] [stdout]     |
[INFO] [stdout] 595 -             .test_expect("Prometheus sample should exist")
[INFO] [stdout] 595 +             .expect("Prometheus sample should exist")
[INFO] [stdout]     |
[INFO] [stdout] 
[INFO] [stdout] 
[INFO] [stdout] error[E0599]: no method named `test_unwrap` found for enum `Result<T, E>` in the current scope
[INFO] [stdout]    --> src/tests/all.rs:716:86
[INFO] [stdout]     |
[INFO] [stdout] 716 |         let edge = ChioA2aEdge::new(A2aEdgeConfig::default(), vec![test_manifest()]).test_unwrap();
[INFO] [stdout]     |                                                                                      ^^^^^^^^^^^
[INFO] [stdout]     |
[INFO] [stdout] help: there is a method `unwrap` with a similar name
[INFO] [stdout]     |
[INFO] [stdout] 716 -         let edge = ChioA2aEdge::new(A2aEdgeConfig::default(), vec![test_manifest()]).test_unwrap();
[INFO] [stdout] 716 +         let edge = ChioA2aEdge::new(A2aEdgeConfig::default(), vec![test_manifest()]).unwrap();
[INFO] [stdout]     |
[INFO] [stdout] 
[INFO] [stdout] 
[INFO] [stdout] error[E0599]: no method named `test_unwrap` found for enum `Result<T, E>` in the current scope
[INFO] [stdout]    --> src/tests/all.rs:730:86
[INFO] [stdout]     |
[INFO] [stdout] 730 |         let edge = ChioA2aEdge::new(A2aEdgeConfig::default(), vec![test_manifest()]).test_unwrap();
[INFO] [stdout]     |                                                                                      ^^^^^^^^^^^
[INFO] [stdout]     |
[INFO] [stdout] help: there is a method `unwrap` with a similar name
[INFO] [stdout]     |
[INFO] [stdout] 730 -         let edge = ChioA2aEdge::new(A2aEdgeConfig::default(), vec![test_manifest()]).test_unwrap();
[INFO] [stdout] 730 +         let edge = ChioA2aEdge::new(A2aEdgeConfig::default(), vec![test_manifest()]).unwrap();
[INFO] [stdout]     |
[INFO] [stdout] 
[INFO] [stdout] 
[INFO] [stdout] error[E0599]: no method named `test_unwrap` found for enum `Result<T, E>` in the current scope
[INFO] [stdout]    --> src/tests/all.rs:737:86
[INFO] [stdout]     |
[INFO] [stdout] 737 |         let edge = ChioA2aEdge::new(A2aEdgeConfig::default(), vec![test_manifest()]).test_unwrap();
[INFO] [stdout]     |                                                                                      ^^^^^^^^^^^
[INFO] [stdout]     |
[INFO] [stdout] help: there is a method `unwrap` with a similar name
[INFO] [stdout]     |
[INFO] [stdout] 737 -         let edge = ChioA2aEdge::new(A2aEdgeConfig::default(), vec![test_manifest()]).test_unwrap();
[INFO] [stdout] 737 +         let edge = ChioA2aEdge::new(A2aEdgeConfig::default(), vec![test_manifest()]).unwrap();
[INFO] [stdout]     |
[INFO] [stdout] 
[INFO] [stdout] 
[INFO] [stdout] error[E0599]: no method named `test_unwrap` found for enum `Result<T, E>` in the current scope
[INFO] [stdout]    --> src/tests/all.rs:744:86
[INFO] [stdout]     |
[INFO] [stdout] 744 |         let edge = ChioA2aEdge::new(A2aEdgeConfig::default(), vec![test_manifest()]).test_unwrap();
[INFO] [stdout]     |                                                                                      ^^^^^^^^^^^
[INFO] [stdout]     |
[INFO] [stdout] help: there is a method `unwrap` with a similar name
[INFO] [stdout]     |
[INFO] [stdout] 744 -         let edge = ChioA2aEdge::new(A2aEdgeConfig::default(), vec![test_manifest()]).test_unwrap();
[INFO] [stdout] 744 +         let edge = ChioA2aEdge::new(A2aEdgeConfig::default(), vec![test_manifest()]).unwrap();
[INFO] [stdout]     |
[INFO] [stdout] 
[INFO] [stdout] 
[INFO] [stdout] error[E0599]: no method named `test_unwrap` found for enum `Result<T, E>` in the current scope
[INFO] [stdout]    --> src/tests/all.rs:753:86
[INFO] [stdout]     |
[INFO] [stdout] 753 |         let edge = ChioA2aEdge::new(A2aEdgeConfig::default(), vec![test_manifest()]).test_unwrap();
[INFO] [stdout]     |                                                                                      ^^^^^^^^^^^
[INFO] [stdout]     |
[INFO] [stdout] help: there is a method `unwrap` with a similar name
[INFO] [stdout]     |
[INFO] [stdout] 753 -         let edge = ChioA2aEdge::new(A2aEdgeConfig::default(), vec![test_manifest()]).test_unwrap();
[INFO] [stdout] 753 +         let edge = ChioA2aEdge::new(A2aEdgeConfig::default(), vec![test_manifest()]).unwrap();
[INFO] [stdout]     |
[INFO] [stdout] 
[INFO] [stdout] 
[INFO] [stdout] error[E0599]: no method named `test_unwrap` found for enum `Result<T, E>` in the current scope
[INFO] [stdout]    --> src/tests/all.rs:762:86
[INFO] [stdout]     |
[INFO] [stdout] 762 |         let edge = ChioA2aEdge::new(A2aEdgeConfig::default(), vec![test_manifest()]).test_unwrap();
[INFO] [stdout]     |                                                                                      ^^^^^^^^^^^
[INFO] [stdout]     |
[INFO] [stdout] help: there is a method `unwrap` with a similar name
[INFO] [stdout]     |
[INFO] [stdout] 762 -         let edge = ChioA2aEdge::new(A2aEdgeConfig::default(), vec![test_manifest()]).test_unwrap();
[INFO] [stdout] 762 +         let edge = ChioA2aEdge::new(A2aEdgeConfig::default(), vec![test_manifest()]).unwrap();
[INFO] [stdout]     |
[INFO] [stdout] 
[INFO] [stdout] 
[INFO] [stdout] error[E0599]: no method named `test_unwrap` found for enum `Result<T, E>` in the current scope
[INFO] [stdout]    --> src/tests/all.rs:764:61
[INFO] [stdout]     |
[INFO] [stdout] 764 |         let parsed: Value = serde_json::from_str(&json_str).test_unwrap();
[INFO] [stdout]     |                                                             ^^^^^^^^^^^
[INFO] [stdout]     |
[INFO] [stdout] help: there is a method `unwrap` with a similar name
[INFO] [stdout]     |
[INFO] [stdout] 764 -         let parsed: Value = serde_json::from_str(&json_str).test_unwrap();
[INFO] [stdout] 764 +         let parsed: Value = serde_json::from_str(&json_str).unwrap();
[INFO] [stdout]     |
[INFO] [stdout] 
[INFO] [stdout] 
[INFO] [stdout] error[E0599]: no method named `test_unwrap` found for enum `Result<T, E>` in the current scope
[INFO] [stdout]    --> src/tests/all.rs:777:68
[INFO] [stdout]     |
[INFO] [stdout] 777 |         let edge = ChioA2aEdge::new(config, vec![test_manifest()]).test_unwrap();
[INFO] [stdout]     |                                                                    ^^^^^^^^^^^
[INFO] [stdout]     |
[INFO] [stdout] help: there is a method `unwrap` with a similar name
[INFO] [stdout]     |
[INFO] [stdout] 777 -         let edge = ChioA2aEdge::new(config, vec![test_manifest()]).test_unwrap();
[INFO] [stdout] 777 +         let edge = ChioA2aEdge::new(config, vec![test_manifest()]).unwrap();
[INFO] [stdout]     |
[INFO] [stdout] 
[INFO] [stdout] 
[INFO] [stdout] error[E0599]: no method named `test_unwrap` found for enum `Result<T, E>` in the current scope
[INFO] [stdout]    --> src/tests/all.rs:790:86
[INFO] [stdout]     |
[INFO] [stdout] 790 |         let edge = ChioA2aEdge::new(A2aEdgeConfig::default(), vec![test_manifest()]).test_unwrap();
[INFO] [stdout]     |                                                                                      ^^^^^^^^^^^
[INFO] [stdout]     |
[INFO] [stdout] help: there is a method `unwrap` with a similar name
[INFO] [stdout]     |
[INFO] [stdout] 790 -         let edge = ChioA2aEdge::new(A2aEdgeConfig::default(), vec![test_manifest()]).test_unwrap();
[INFO] [stdout] 790 +         let edge = ChioA2aEdge::new(A2aEdgeConfig::default(), vec![test_manifest()]).unwrap();
[INFO] [stdout]     |
[INFO] [stdout] 
[INFO] [stdout] 
[INFO] [stdout] error[E0599]: no method named `test_unwrap` found for enum `Result<T, E>` in the current scope
[INFO] [stdout]    --> src/tests/all.rs:797:86
[INFO] [stdout]     |
[INFO] [stdout] 797 |         let edge = ChioA2aEdge::new(A2aEdgeConfig::default(), vec![test_manifest()]).test_unwrap();
[INFO] [stdout]     |                                                                                      ^^^^^^^^^^^
[INFO] [stdout]     |
[INFO] [stdout] help: there is a method `unwrap` with a similar name
[INFO] [stdout]     |
[INFO] [stdout] 797 -         let edge = ChioA2aEdge::new(A2aEdgeConfig::default(), vec![test_manifest()]).test_unwrap();
[INFO] [stdout] 797 +         let edge = ChioA2aEdge::new(A2aEdgeConfig::default(), vec![test_manifest()]).unwrap();
[INFO] [stdout]     |
[INFO] [stdout] 
[INFO] [stdout] 
[INFO] [stdout] error[E0599]: no method named `test_unwrap` found for enum `Result<T, E>` in the current scope
[INFO] [stdout]    --> src/tests/all.rs:809:90
[INFO] [stdout]     |
[INFO] [stdout] 809 |         let edge = ChioA2aEdge::new(A2aEdgeConfig::default(), vec![approval_manifest()]).test_unwrap();
[INFO] [stdout]     |                                                                                          ^^^^^^^^^^^
[INFO] [stdout]     |
[INFO] [stdout] help: there is a method `unwrap` with a similar name
[INFO] [stdout]     |
[INFO] [stdout] 809 -         let edge = ChioA2aEdge::new(A2aEdgeConfig::default(), vec![approval_manifest()]).test_unwrap();
[INFO] [stdout] 809 +         let edge = ChioA2aEdge::new(A2aEdgeConfig::default(), vec![approval_manifest()]).unwrap();
[INFO] [stdout]     |
[INFO] [stdout] 
[INFO] [stdout] 
[INFO] [stdout] error[E0599]: no method named `test_unwrap` found for enum `Result<T, E>` in the current scope
[INFO] [stdout]    --> src/tests/all.rs:822:87
[INFO] [stdout]     |
[INFO] [stdout] 822 |             ChioA2aEdge::new(A2aEdgeConfig::default(), vec![cancellation_manifest()]).test_unwrap();
[INFO] [stdout]     |                                                                                       ^^^^^^^^^^^
[INFO] [stdout]     |
[INFO] [stdout] help: there is a method `unwrap` with a similar name
[INFO] [stdout]     |
[INFO] [stdout] 822 -             ChioA2aEdge::new(A2aEdgeConfig::default(), vec![cancellation_manifest()]).test_unwrap();
[INFO] [stdout] 822 +             ChioA2aEdge::new(A2aEdgeConfig::default(), vec![cancellation_manifest()]).unwrap();
[INFO] [stdout]     |
[INFO] [stdout] 
[INFO] [stdout] 
[INFO] [stdout] error[E0599]: no method named `test_unwrap` found for enum `Result<T, E>` in the current scope
[INFO] [stdout]    --> src/tests/all.rs:835:88
[INFO] [stdout]     |
[INFO] [stdout] 835 |         let edge = ChioA2aEdge::new(A2aEdgeConfig::default(), vec![hidden_manifest()]).test_unwrap();
[INFO] [stdout]     |                                                                                        ^^^^^^^^^^^
[INFO] [stdout]     |
[INFO] [stdout] help: there is a method `unwrap` with a similar name
[INFO] [stdout]     |
[INFO] [stdout] 835 -         let edge = ChioA2aEdge::new(A2aEdgeConfig::default(), vec![hidden_manifest()]).test_unwrap();
[INFO] [stdout] 835 +         let edge = ChioA2aEdge::new(A2aEdgeConfig::default(), vec![hidden_manifest()]).unwrap();
[INFO] [stdout]     |
[INFO] [stdout] 
[INFO] [stdout] 
[INFO] [stdout] error[E0599]: no method named `test_unwrap` found for enum `Result<T, E>` in the current scope
[INFO] [stdout]    --> src/tests/all.rs:847:88
[INFO] [stdout]     |
[INFO] [stdout] 847 |         let edge = ChioA2aEdge::new(A2aEdgeConfig::default(), vec![stream_manifest()]).test_unwrap();
[INFO] [stdout]     |                                                                                        ^^^^^^^^^^^
[INFO] [stdout]     |
[INFO] [stdout] help: there is a method `unwrap` with a similar name
[INFO] [stdout]     |
[INFO] [stdout] 847 -         let edge = ChioA2aEdge::new(A2aEdgeConfig::default(), vec![stream_manifest()]).test_unwrap();
[INFO] [stdout] 847 +         let edge = ChioA2aEdge::new(A2aEdgeConfig::default(), vec![stream_manifest()]).unwrap();
[INFO] [stdout]     |
[INFO] [stdout] 
[INFO] [stdout] 
[INFO] [stdout] error[E0599]: no method named `test_unwrap` found for enum `Result<T, E>` in the current scope
[INFO] [stdout]    --> src/tests/all.rs:860:86
[INFO] [stdout]     |
[INFO] [stdout] 860 |         let edge = ChioA2aEdge::new(A2aEdgeConfig::default(), vec![test_manifest()]).test_unwrap();
[INFO] [stdout]     |                                                                                      ^^^^^^^^^^^
[INFO] [stdout]     |
[INFO] [stdout] help: there is a method `unwrap` with a similar name
[INFO] [stdout]     |
[INFO] [stdout] 860 -         let edge = ChioA2aEdge::new(A2aEdgeConfig::default(), vec![test_manifest()]).test_unwrap();
[INFO] [stdout] 860 +         let edge = ChioA2aEdge::new(A2aEdgeConfig::default(), vec![test_manifest()]).unwrap();
[INFO] [stdout]     |
[INFO] [stdout] 
[INFO] [stdout] 
[INFO] [stdout] error[E0599]: no method named `test_unwrap` found for enum `Result<T, E>` in the current scope
[INFO] [stdout]    --> src/tests/all.rs:867:86
[INFO] [stdout]     |
[INFO] [stdout] 867 |         let edge = ChioA2aEdge::new(A2aEdgeConfig::default(), vec![test_manifest()]).test_unwrap();
[INFO] [stdout]     |                                                                                      ^^^^^^^^^^^
[INFO] [stdout]     |
[INFO] [stdout] help: there is a method `unwrap` with a similar name
[INFO] [stdout]     |
[INFO] [stdout] 867 -         let edge = ChioA2aEdge::new(A2aEdgeConfig::default(), vec![test_manifest()]).test_unwrap();
[INFO] [stdout] 867 +         let edge = ChioA2aEdge::new(A2aEdgeConfig::default(), vec![test_manifest()]).unwrap();
[INFO] [stdout]     |
[INFO] [stdout] 
[INFO] [stdout] 
[INFO] [stdout] error[E0599]: no method named `test_unwrap` found for enum `Result<T, E>` in the current scope
[INFO] [stdout]    --> src/tests/all.rs:875:90
[INFO] [stdout]     |
[INFO] [stdout] 875 |         let mut edge = ChioA2aEdge::new(A2aEdgeConfig::default(), vec![test_manifest()]).test_unwrap();
[INFO] [stdout]     |                                                                                          ^^^^^^^^^^^
[INFO] [stdout]     |
[INFO] [stdout] help: there is a method `unwrap` with a similar name
[INFO] [stdout]     |
[INFO] [stdout] 875 -         let mut edge = ChioA2aEdge::new(A2aEdgeConfig::default(), vec![test_manifest()]).test_unwrap();
[INFO] [stdout] 875 +         let mut edge = ChioA2aEdge::new(A2aEdgeConfig::default(), vec![test_manifest()]).unwrap();
[INFO] [stdout]     |
[INFO] [stdout] 
[INFO] [stdout] 
[INFO] [stdout] error[E0599]: no method named `test_unwrap` found for enum `Result<T, E>` in the current scope
[INFO] [stdout]    --> src/tests/all.rs:895:90
[INFO] [stdout]     |
[INFO] [stdout] 895 |         let mut edge = ChioA2aEdge::new(A2aEdgeConfig::default(), vec![test_manifest()]).test_unwrap();
[INFO] [stdout]     |                                                                                          ^^^^^^^^^^^
[INFO] [stdout]     |
[INFO] [stdout] help: there is a method `unwrap` with a similar name
[INFO] [stdout]     |
[INFO] [stdout] 895 -         let mut edge = ChioA2aEdge::new(A2aEdgeConfig::default(), vec![test_manifest()]).test_unwrap();
[INFO] [stdout] 895 +         let mut edge = ChioA2aEdge::new(A2aEdgeConfig::default(), vec![test_manifest()]).unwrap();
[INFO] [stdout]     |
[INFO] [stdout] 
[INFO] [stdout] 
[INFO] [stdout] error[E0599]: no method named `test_unwrap` found for enum `Result<T, E>` in the current scope
[INFO] [stdout]    --> src/tests/all.rs:912:90
[INFO] [stdout]     |
[INFO] [stdout] 912 |         let mut edge = ChioA2aEdge::new(A2aEdgeConfig::default(), vec![test_manifest()]).test_unwrap();
[INFO] [stdout]     |                                                                                          ^^^^^^^^^^^
[INFO] [stdout]     |
[INFO] [stdout] help: there is a method `unwrap` with a similar name
[INFO] [stdout]     |
[INFO] [stdout] 912 -         let mut edge = ChioA2aEdge::new(A2aEdgeConfig::default(), vec![test_manifest()]).test_unwrap();
[INFO] [stdout] 912 +         let mut edge = ChioA2aEdge::new(A2aEdgeConfig::default(), vec![test_manifest()]).unwrap();
[INFO] [stdout]     |
[INFO] [stdout] 
[INFO] [stdout] 
[INFO] [stdout] error[E0599]: no method named `test_unwrap` found for enum `Result<T, E>` in the current scope
[INFO] [stdout]    --> src/tests/all.rs:945:83
[INFO] [stdout]     |
[INFO] [stdout] 945 |         let mut edge = ChioA2aEdge::new(A2aEdgeConfig::default(), vec![manifest]).test_unwrap();
[INFO] [stdout]     |                                                                                   ^^^^^^^^^^^
[INFO] [stdout]     |
[INFO] [stdout] help: there is a method `unwrap` with a similar name
[INFO] [stdout]     |
[INFO] [stdout] 945 -         let mut edge = ChioA2aEdge::new(A2aEdgeConfig::default(), vec![manifest]).test_unwrap();
[INFO] [stdout] 945 +         let mut edge = ChioA2aEdge::new(A2aEdgeConfig::default(), vec![manifest]).unwrap();
[INFO] [stdout]     |
[INFO] [stdout] 
[INFO] [stdout] 
[INFO] [stdout] error[E0599]: no method named `test_unwrap` found for enum `Result<T, E>` in the current scope
[INFO] [stdout]    --> src/tests/all.rs:964:90
[INFO] [stdout]     |
[INFO] [stdout] 964 |         let mut edge = ChioA2aEdge::new(A2aEdgeConfig::default(), vec![test_manifest()]).test_unwrap();
[INFO] [stdout]     |                                                                                          ^^^^^^^^^^^
[INFO] [stdout]     |
[INFO] [stdout] help: there is a method `unwrap` with a similar name
[INFO] [stdout]     |
[INFO] [stdout] 964 -         let mut edge = ChioA2aEdge::new(A2aEdgeConfig::default(), vec![test_manifest()]).test_unwrap();
[INFO] [stdout] 964 +         let mut edge = ChioA2aEdge::new(A2aEdgeConfig::default(), vec![test_manifest()]).unwrap();
[INFO] [stdout]     |
[INFO] [stdout] 
[INFO] [stdout] 
[INFO] [stdout] error[E0599]: no method named `test_unwrap` found for enum `Result<T, E>` in the current scope
[INFO] [stdout]     --> src/tests/all.rs:1025:79
[INFO] [stdout]      |
[INFO] [stdout] 1025 |             ChioA2aEdge::new(A2aEdgeConfig::default(), vec![test_manifest()]).test_unwrap();
[INFO] [stdout]      |                                                                               ^^^^^^^^^^^
[INFO] [stdout]      |
[INFO] [stdout] help: there is a method `unwrap` with a similar name
[INFO] [stdout]      |
[INFO] [stdout] 1025 -             ChioA2aEdge::new(A2aEdgeConfig::default(), vec![test_manifest()]).test_unwrap();
[INFO] [stdout] 1025 +             ChioA2aEdge::new(A2aEdgeConfig::default(), vec![test_manifest()]).unwrap();
[INFO] [stdout]      |
[INFO] [stdout] 
[INFO] [stdout] 
[INFO] [stdout] error[E0599]: no method named `test_unwrap` found for enum `Result<T, E>` in the current scope
[INFO] [stdout]     --> src/tests/all.rs:1058:79
[INFO] [stdout]      |
[INFO] [stdout] 1058 |             ChioA2aEdge::new(A2aEdgeConfig::default(), vec![test_manifest()]).test_unwrap();
[INFO] [stdout]      |                                                                               ^^^^^^^^^^^
[INFO] [stdout]      |
[INFO] [stdout] help: there is a method `unwrap` with a similar name
[INFO] [stdout]      |
[INFO] [stdout] 1058 -             ChioA2aEdge::new(A2aEdgeConfig::default(), vec![test_manifest()]).test_unwrap();
[INFO] [stdout] 1058 +             ChioA2aEdge::new(A2aEdgeConfig::default(), vec![test_manifest()]).unwrap();
[INFO] [stdout]      |
[INFO] [stdout] 
[INFO] [stdout] 
[INFO] [stdout] error[E0599]: no method named `test_unwrap` found for enum `Result<T, E>` in the current scope
[INFO] [stdout]     --> src/tests/all.rs:1096:79
[INFO] [stdout]      |
[INFO] [stdout] 1096 |             ChioA2aEdge::new(A2aEdgeConfig::default(), vec![test_manifest()]).test_unwrap();
[INFO] [stdout]      |                                                                               ^^^^^^^^^^^
[INFO] [stdout]      |
[INFO] [stdout] help: there is a method `unwrap` with a similar name
[INFO] [stdout]      |
[INFO] [stdout] 1096 -             ChioA2aEdge::new(A2aEdgeConfig::default(), vec![test_manifest()]).test_unwrap();
[INFO] [stdout] 1096 +             ChioA2aEdge::new(A2aEdgeConfig::default(), vec![test_manifest()]).unwrap();
[INFO] [stdout]      |
[INFO] [stdout] 
[INFO] [stdout] 
[INFO] [stdout] error[E0599]: no method named `test_expect` found for enum `std::option::Option<T>` in the current scope
[INFO] [stdout]     --> src/tests/all.rs:1107:14
[INFO] [stdout]      |
[INFO] [stdout] 1104 |         let approval_token = approvals
[INFO] [stdout] 1105 |             .into_iter()
[INFO] [stdout] 1106 |             .next()
[INFO] [stdout] 1107 |             .test_expect("threshold artifacts must yield at least one approval token");
[INFO] [stdout]      |              ^^^^^^^^^^^
[INFO] [stdout]      |
[INFO] [stdout] help: there is a method `expect` with a similar name
[INFO] [stdout]      |
[INFO] [stdout] 1107 -             .test_expect("threshold artifacts must yield at least one approval token");
[INFO] [stdout] 1107 +             .expect("threshold artifacts must yield at least one approval token");
[INFO] [stdout]      |
[INFO] [stdout] 
[INFO] [stdout] 
[INFO] [stdout] error[E0599]: no method named `test_unwrap` found for enum `Result<T, E>` in the current scope
[INFO] [stdout]     --> src/tests/all.rs:1135:79
[INFO] [stdout]      |
[INFO] [stdout] 1135 |             ChioA2aEdge::new(A2aEdgeConfig::default(), vec![test_manifest()]).test_unwrap();
[INFO] [stdout]      |                                                                               ^^^^^^^^^^^
[INFO] [stdout]      |
[INFO] [stdout] help: there is a method `unwrap` with a similar name
[INFO] [stdout]      |
[INFO] [stdout] 1135 -             ChioA2aEdge::new(A2aEdgeConfig::default(), vec![test_manifest()]).test_unwrap();
[INFO] [stdout] 1135 +             ChioA2aEdge::new(A2aEdgeConfig::default(), vec![test_manifest()]).unwrap();
[INFO] [stdout]      |
[INFO] [stdout] 
[INFO] [stdout] 
[INFO] [stdout] error[E0599]: no method named `test_unwrap` found for enum `Result<T, E>` in the current scope
[INFO] [stdout]     --> src/tests/all.rs:1187:10
[INFO] [stdout]      |
[INFO] [stdout] 1173 |         let token = GovernedApprovalToken::sign(
[INFO] [stdout] 1174 |             GovernedApprovalTokenBody {
[INFO] [stdout] 1175 |                 id: "approval-oversize".to_string(),
[INFO] [stdout] 1176 |                 approver: approver.public_key(),
[INFO] [stdout] 1177 |                 subject: subject.public_key(),
[INFO] [stdout] 1178 |                 governed_intent_hash: "a".repeat(64),
[INFO] [stdout] 1179 |                 request_id: "a2a-request".to_string(),
[INFO] [stdout] 1180 |                 threshold_proposal_hash: Some("b".repeat(64)),
[INFO] [stdout] 1181 |                 issued_at: 1,
[INFO] [stdout] 1182 |                 expires_at: 2,
[INFO] [stdout] 1183 |                 decision: GovernedApprovalDecision::Approved,
[INFO] [stdout] 1184 |             },
[INFO] [stdout] 1185 |             &approver,
[INFO] [stdout] 1186 |         )
[INFO] [stdout] 1187 |         .test_unwrap();
[INFO] [stdout]      |          ^^^^^^^^^^^
[INFO] [stdout]      |
[INFO] [stdout] help: there is a method `unwrap` with a similar name
[INFO] [stdout]      |
[INFO] [stdout] 1187 -         .test_unwrap();
[INFO] [stdout] 1187 +         .unwrap();
[INFO] [stdout]      |
[INFO] [stdout] 
[INFO] [stdout] 
[INFO] [stdout] error[E0599]: no method named `test_expect_err` found for enum `Result<T, E>` in the current scope
[INFO] [stdout]     --> src/tests/all.rs:1206:14
[INFO] [stdout]      |
[INFO] [stdout] 1205 |         let error = validate_execution_context(&execution)
[INFO] [stdout] 1206 |             .test_expect_err("oversized A2A threshold approval set must fail");
[INFO] [stdout]      |              ^^^^^^^^^^^^^^^
[INFO] [stdout]      |
[INFO] [stdout] help: there is a method `expect_err` with a similar name
[INFO] [stdout]      |
[INFO] [stdout] 1206 -             .test_expect_err("oversized A2A threshold approval set must fail");
[INFO] [stdout] 1206 +             .expect_err("oversized A2A threshold approval set must fail");
[INFO] [stdout]      |
[INFO] [stdout] 
[INFO] [stdout] 
[INFO] [stdout] error[E0599]: no method named `test_expect_err` found for enum `Result<T, E>` in the current scope
[INFO] [stdout]     --> src/tests/all.rs:1234:14
[INFO] [stdout]      |
[INFO] [stdout] 1233 |         let error = validate_execution_context(&execution)
[INFO] [stdout] 1234 |             .test_expect_err("control character A2A execution agent_id must fail");
[INFO] [stdout]      |              ^^^^^^^^^^^^^^^
[INFO] [stdout]      |
[INFO] [stdout] help: there is a method `expect_err` with a similar name
[INFO] [stdout]      |
[INFO] [stdout] 1234 -             .test_expect_err("control character A2A execution agent_id must fail");
[INFO] [stdout] 1234 +             .expect_err("control character A2A execution agent_id must fail");
[INFO] [stdout]      |
[INFO] [stdout] 
[INFO] [stdout] 
[INFO] [stdout] error[E0599]: no method named `test_unwrap` found for enum `Result<T, E>` in the current scope
[INFO] [stdout]     --> src/tests/all.rs:1244:90
[INFO] [stdout]      |
[INFO] [stdout] 1244 |         let mut edge = ChioA2aEdge::new(A2aEdgeConfig::default(), vec![test_manifest()]).test_unwrap();
[INFO] [stdout]      |                                                                                          ^^^^^^^^^^^
[INFO] [stdout]      |
[INFO] [stdout] help: there is a method `unwrap` with a similar name
[INFO] [stdout]      |
[INFO] [stdout] 1244 -         let mut edge = ChioA2aEdge::new(A2aEdgeConfig::default(), vec![test_manifest()]).test_unwrap();
[INFO] [stdout] 1244 +         let mut edge = ChioA2aEdge::new(A2aEdgeConfig::default(), vec![test_manifest()]).unwrap();
[INFO] [stdout]      |
[INFO] [stdout] 
[INFO] [stdout] 
[INFO] [stdout] error[E0599]: no method named `test_unwrap` found for enum `Result<T, E>` in the current scope
[INFO] [stdout]     --> src/tests/all.rs:1287:90
[INFO] [stdout]      |
[INFO] [stdout] 1287 |         let mut edge = ChioA2aEdge::new(A2aEdgeConfig::default(), vec![test_manifest()]).test_unwrap();
[INFO] [stdout]      |                                                                                          ^^^^^^^^^^^
[INFO] [stdout]      |
[INFO] [stdout] help: there is a method `unwrap` with a similar name
[INFO] [stdout]      |
[INFO] [stdout] 1287 -         let mut edge = ChioA2aEdge::new(A2aEdgeConfig::default(), vec![test_manifest()]).test_unwrap();
[INFO] [stdout] 1287 +         let mut edge = ChioA2aEdge::new(A2aEdgeConfig::default(), vec![test_manifest()]).unwrap();
[INFO] [stdout]      |
[INFO] [stdout] 
[INFO] [stdout] 
[INFO] [stdout] error[E0599]: no method named `test_unwrap` found for enum `Result<T, E>` in the current scope
[INFO] [stdout]     --> src/tests/all.rs:1340:90
[INFO] [stdout]      |
[INFO] [stdout] 1340 |         let mut edge = ChioA2aEdge::new(A2aEdgeConfig::default(), vec![test_manifest()]).test_unwrap();
[INFO] [stdout]      |                                                                                          ^^^^^^^^^^^
[INFO] [stdout]      |
[INFO] [stdout] help: there is a method `unwrap` with a similar name
[INFO] [stdout]      |
[INFO] [stdout] 1340 -         let mut edge = ChioA2aEdge::new(A2aEdgeConfig::default(), vec![test_manifest()]).test_unwrap();
[INFO] [stdout] 1340 +         let mut edge = ChioA2aEdge::new(A2aEdgeConfig::default(), vec![test_manifest()]).unwrap();
[INFO] [stdout]      |
[INFO] [stdout] 
[INFO] [stdout] 
[INFO] [stdout] error[E0599]: no method named `test_unwrap` found for enum `Result<T, E>` in the current scope
[INFO] [stdout]     --> src/tests/all.rs:1378:90
[INFO] [stdout]      |
[INFO] [stdout] 1378 |         let mut edge = ChioA2aEdge::new(A2aEdgeConfig::default(), vec![test_manifest()]).test_unwrap();
[INFO] [stdout]      |                                                                                          ^^^^^^^^^^^
[INFO] [stdout]      |
[INFO] [stdout] help: there is a method `unwrap` with a similar name
[INFO] [stdout]      |
[INFO] [stdout] 1378 -         let mut edge = ChioA2aEdge::new(A2aEdgeConfig::default(), vec![test_manifest()]).test_unwrap();
[INFO] [stdout] 1378 +         let mut edge = ChioA2aEdge::new(A2aEdgeConfig::default(), vec![test_manifest()]).unwrap();
[INFO] [stdout]      |
[INFO] [stdout] 
[INFO] [stdout] 
[INFO] [stdout] error[E0599]: no method named `test_unwrap` found for enum `Result<T, E>` in the current scope
[INFO] [stdout]     --> src/tests/all.rs:1406:71
[INFO] [stdout]      |
[INFO] [stdout] 1406 |                 "capabilityRef": serde_json::to_value(capability_ref).test_unwrap()
[INFO] [stdout]      |                                                                       ^^^^^^^^^^^
[INFO] [stdout]      |
[INFO] [stdout] help: there is a method `unwrap` with a similar name
[INFO] [stdout]      |
[INFO] [stdout] 1406 -                 "capabilityRef": serde_json::to_value(capability_ref).test_unwrap()
[INFO] [stdout] 1406 +                 "capabilityRef": serde_json::to_value(capability_ref).unwrap()
[INFO] [stdout]      |
[INFO] [stdout] 
[INFO] [stdout] 
[INFO] [stdout] error[E0599]: no method named `test_unwrap` found for enum `Result<T, E>` in the current scope
[INFO] [stdout]     --> src/tests/all.rs:1444:83
[INFO] [stdout]      |
[INFO] [stdout] 1444 |         let mut edge = ChioA2aEdge::new(A2aEdgeConfig::default(), vec![manifest]).test_unwrap();
[INFO] [stdout]      |                                                                                   ^^^^^^^^^^^
[INFO] [stdout]      |
[INFO] [stdout] help: there is a method `unwrap` with a similar name
[INFO] [stdout]      |
[INFO] [stdout] 1444 -         let mut edge = ChioA2aEdge::new(A2aEdgeConfig::default(), vec![manifest]).test_unwrap();
[INFO] [stdout] 1444 +         let mut edge = ChioA2aEdge::new(A2aEdgeConfig::default(), vec![manifest]).unwrap();
[INFO] [stdout]      |
[INFO] [stdout] 
[INFO] [stdout] 
[INFO] [stdout] error[E0599]: no method named `test_unwrap` found for enum `Result<T, E>` in the current scope
[INFO] [stdout]     --> src/tests/all.rs:1490:57
[INFO] [stdout]      |
[INFO] [stdout] 1490 |         let args = extract_arguments_from_message(&msg).test_unwrap();
[INFO] [stdout]      |                                                         ^^^^^^^^^^^
[INFO] [stdout]      |
[INFO] [stdout] help: there is a method `unwrap` with a similar name
[INFO] [stdout]      |
[INFO] [stdout] 1490 -         let args = extract_arguments_from_message(&msg).test_unwrap();
[INFO] [stdout] 1490 +         let args = extract_arguments_from_message(&msg).unwrap();
[INFO] [stdout]      |
[INFO] [stdout] 
[INFO] [stdout] 
[INFO] [stdout] error[E0599]: no method named `test_unwrap` found for enum `Result<T, E>` in the current scope
[INFO] [stdout]     --> src/tests/all.rs:1503:57
[INFO] [stdout]      |
[INFO] [stdout] 1503 |         let args = extract_arguments_from_message(&msg).test_unwrap();
[INFO] [stdout]      |                                                         ^^^^^^^^^^^
[INFO] [stdout]      |
[INFO] [stdout] help: there is a method `unwrap` with a similar name
[INFO] [stdout]      |
[INFO] [stdout] 1503 -         let args = extract_arguments_from_message(&msg).test_unwrap();
[INFO] [stdout] 1503 +         let args = extract_arguments_from_message(&msg).unwrap();
[INFO] [stdout]      |
[INFO] [stdout] 
[INFO] [stdout] 
[INFO] [stdout] error[E0599]: no method named `test_expect_err` found for enum `Result<T, E>` in the current scope
[INFO] [stdout]     --> src/tests/all.rs:1518:14
[INFO] [stdout]      |
[INFO] [stdout] 1517 |         let error = extract_arguments_from_message(&msg)
[INFO] [stdout] 1518 |             .test_expect_err("scalar data parts must fail before dispatch");
[INFO] [stdout]      |              ^^^^^^^^^^^^^^^
[INFO] [stdout]      |
[INFO] [stdout] help: there is a method `expect_err` with a similar name
[INFO] [stdout]      |
[INFO] [stdout] 1518 -             .test_expect_err("scalar data parts must fail before dispatch");
[INFO] [stdout] 1518 +             .expect_err("scalar data parts must fail before dispatch");
[INFO] [stdout]      |
[INFO] [stdout] 
[INFO] [stdout] 
[INFO] [stdout] error[E0599]: no method named `test_expect_err` found for enum `Result<T, E>` in the current scope
[INFO] [stdout]     --> src/tests/all.rs:1536:14
[INFO] [stdout]      |
[INFO] [stdout] 1535 |         let error = extract_arguments_from_message(&msg)
[INFO] [stdout] 1536 |             .test_expect_err("array data parts must fail before dispatch");
[INFO] [stdout]      |              ^^^^^^^^^^^^^^^
[INFO] [stdout]      |
[INFO] [stdout] help: there is a method `expect_err` with a similar name
[INFO] [stdout]      |
[INFO] [stdout] 1536 -             .test_expect_err("array data parts must fail before dispatch");
[INFO] [stdout] 1536 +             .expect_err("array data parts must fail before dispatch");
[INFO] [stdout]      |
[INFO] [stdout] 
[INFO] [stdout] 
[INFO] [stdout] error[E0599]: no method named `test_unwrap` found for enum `Result<T, E>` in the current scope
[INFO] [stdout]     --> src/tests/all.rs:1557:57
[INFO] [stdout]      |
[INFO] [stdout] 1557 |         let args = extract_arguments_from_message(&msg).test_unwrap();
[INFO] [stdout]      |                                                         ^^^^^^^^^^^
[INFO] [stdout]      |
[INFO] [stdout] help: there is a method `unwrap` with a similar name
[INFO] [stdout]      |
[INFO] [stdout] 1557 -         let args = extract_arguments_from_message(&msg).test_unwrap();
[INFO] [stdout] 1557 +         let args = extract_arguments_from_message(&msg).unwrap();
[INFO] [stdout]      |
[INFO] [stdout] 
[INFO] [stdout] 
[INFO] [stdout] error[E0599]: no method named `test_unwrap` found for enum `Result<T, E>` in the current scope
[INFO] [stdout]     --> src/tests/all.rs:1571:10
[INFO] [stdout]      |
[INFO] [stdout] 1563 |         let mut edge = ChioA2aEdge::new(
[INFO] [stdout] 1564 |             A2aEdgeConfig::default(),
[INFO] [stdout] 1565 |             vec![{
[INFO] [stdout] 1566 |                 let mut m = test_manifest();
[INFO] [stdout] 1567 |                 m.tools.truncate(1);
[INFO] [stdout] 1568 |                 m
[INFO] [stdout] 1569 |             }],
[INFO] [stdout] 1570 |         )
[INFO] [stdout] 1571 |         .test_unwrap();
[INFO] [stdout]      |          ^^^^^^^^^^^
[INFO] [stdout]      |
[INFO] [stdout] help: there is a method `unwrap` with a similar name
[INFO] [stdout]      |
[INFO] [stdout] 1571 -         .test_unwrap();
[INFO] [stdout] 1571 +         .unwrap();
[INFO] [stdout]      |
[INFO] [stdout] 
[INFO] [stdout] 
[INFO] [stdout] error[E0599]: no method named `test_unwrap` found for enum `Result<T, E>` in the current scope
[INFO] [stdout]     --> src/tests/all.rs:1644:10
[INFO] [stdout]      |
[INFO] [stdout] 1636 |         let edge = ChioA2aEdge::new(
[INFO] [stdout] 1637 |             A2aEdgeConfig::default(),
[INFO] [stdout] 1638 |             vec![{
[INFO] [stdout] 1639 |                 let mut manifest = test_manifest();
[INFO] [stdout] 1640 |                 manifest.tools.truncate(1);
[INFO] [stdout] 1641 |                 manifest
[INFO] [stdout] 1642 |             }],
[INFO] [stdout] 1643 |         )
[INFO] [stdout] 1644 |         .test_unwrap();
[INFO] [stdout]      |          ^^^^^^^^^^^
[INFO] [stdout]      |
[INFO] [stdout] help: there is a method `unwrap` with a similar name
[INFO] [stdout]      |
[INFO] [stdout] 1644 -         .test_unwrap();
[INFO] [stdout] 1644 +         .unwrap();
[INFO] [stdout]      |
[INFO] [stdout] 
[INFO] [stdout] 
[INFO] [stdout] error[E0599]: no method named `test_unwrap` found for enum `Result<T, E>` in the current scope
[INFO] [stdout]     --> src/tests/all.rs:1648:58
[INFO] [stdout]      |
[INFO] [stdout] 1648 |                 serde_json::to_value(text_message("hi")).test_unwrap(),
[INFO] [stdout]      |                                                          ^^^^^^^^^^^
[INFO] [stdout]      |
[INFO] [stdout] help: there is a method `unwrap` with a similar name
[INFO] [stdout]      |
[INFO] [stdout] 1648 -                 serde_json::to_value(text_message("hi")).test_unwrap(),
[INFO] [stdout] 1648 +                 serde_json::to_value(text_message("hi")).unwrap(),
[INFO] [stdout]      |
[INFO] [stdout] 
[INFO] [stdout] 
[INFO] [stdout] error[E0599]: no method named `test_unwrap` found for enum `Result<T, E>` in the current scope
[INFO] [stdout]     --> src/tests/all.rs:1676:79
[INFO] [stdout]      |
[INFO] [stdout] 1676 |             ChioA2aEdge::new(A2aEdgeConfig::default(), vec![test_manifest()]).test_unwrap();
[INFO] [stdout]      |                                                                               ^^^^^^^^^^^
[INFO] [stdout]      |
[INFO] [stdout] help: there is a method `unwrap` with a similar name
[INFO] [stdout]      |
[INFO] [stdout] 1676 -             ChioA2aEdge::new(A2aEdgeConfig::default(), vec![test_manifest()]).test_unwrap();
[INFO] [stdout] 1676 +             ChioA2aEdge::new(A2aEdgeConfig::default(), vec![test_manifest()]).unwrap();
[INFO] [stdout]      |
[INFO] [stdout] 
[INFO] [stdout] 
[INFO] [stdout] error[E0599]: no method named `test_unwrap` found for enum `Result<T, E>` in the current scope
[INFO] [stdout]     --> src/tests/all.rs:1709:10
[INFO] [stdout]      |
[INFO] [stdout] 1701 |         let edge = ChioA2aEdge::new(
[INFO] [stdout] 1702 |             A2aEdgeConfig::default(),
[INFO] [stdout] 1703 |             vec![{
[INFO] [stdout] 1704 |                 let mut manifest = test_manifest();
[INFO] [stdout] 1705 |                 manifest.tools.truncate(1);
[INFO] [stdout] 1706 |                 manifest
[INFO] [stdout] 1707 |             }],
[INFO] [stdout] 1708 |         )
[INFO] [stdout] 1709 |         .test_unwrap();
[INFO] [stdout]      |          ^^^^^^^^^^^
[INFO] [stdout]      |
[INFO] [stdout] help: there is a method `unwrap` with a similar name
[INFO] [stdout]      |
[INFO] [stdout] 1709 -         .test_unwrap();
[INFO] [stdout] 1709 +         .unwrap();
[INFO] [stdout]      |
[INFO] [stdout] 
[INFO] [stdout] 
[INFO] [stdout] error[E0599]: no method named `test_unwrap` found for enum `Result<T, E>` in the current scope
[INFO] [stdout]     --> src/tests/all.rs:1742:10
[INFO] [stdout]      |
[INFO] [stdout] 1734 |         let edge = ChioA2aEdge::new(
[INFO] [stdout] 1735 |             A2aEdgeConfig::default(),
[INFO] [stdout] 1736 |             vec![{
[INFO] [stdout] 1737 |                 let mut manifest = test_manifest();
[INFO] [stdout] 1738 |                 manifest.tools.truncate(1);
[INFO] [stdout] 1739 |                 manifest
[INFO] [stdout] 1740 |             }],
[INFO] [stdout] 1741 |         )
[INFO] [stdout] 1742 |         .test_unwrap();
[INFO] [stdout]      |          ^^^^^^^^^^^
[INFO] [stdout]      |
[INFO] [stdout] help: there is a method `unwrap` with a similar name
[INFO] [stdout]      |
[INFO] [stdout] 1742 -         .test_unwrap();
[INFO] [stdout] 1742 +         .unwrap();
[INFO] [stdout]      |
[INFO] [stdout] 
[INFO] [stdout] 
[INFO] [stdout] error[E0599]: no method named `test_unwrap` found for enum `Result<T, E>` in the current scope
[INFO] [stdout]     --> src/tests/all.rs:1775:10
[INFO] [stdout]      |
[INFO] [stdout] 1767 |         let edge = ChioA2aEdge::new(
[INFO] [stdout] 1768 |             A2aEdgeConfig::default(),
[INFO] [stdout] 1769 |             vec![{
[INFO] [stdout] 1770 |                 let mut manifest = test_manifest();
[INFO] [stdout] 1771 |                 manifest.tools.truncate(1);
[INFO] [stdout] 1772 |                 manifest
[INFO] [stdout] 1773 |             }],
[INFO] [stdout] 1774 |         )
[INFO] [stdout] 1775 |         .test_unwrap();
[INFO] [stdout]      |          ^^^^^^^^^^^
[INFO] [stdout]      |
[INFO] [stdout] help: there is a method `unwrap` with a similar name
[INFO] [stdout]      |
[INFO] [stdout] 1775 -         .test_unwrap();
[INFO] [stdout] 1775 +         .unwrap();
[INFO] [stdout]      |
[INFO] [stdout] 
[INFO] [stdout] 
[INFO] [stdout] error[E0599]: no method named `test_unwrap` found for enum `Result<T, E>` in the current scope
[INFO] [stdout]     --> src/tests/all.rs:1801:79
[INFO] [stdout]      |
[INFO] [stdout] 1801 |             ChioA2aEdge::new(A2aEdgeConfig::default(), vec![test_manifest()]).test_unwrap();
[INFO] [stdout]      |                                                                               ^^^^^^^^^^^
[INFO] [stdout]      |
[INFO] [stdout] help: there is a method `unwrap` with a similar name
[INFO] [stdout]      |
[INFO] [stdout] 1801 -             ChioA2aEdge::new(A2aEdgeConfig::default(), vec![test_manifest()]).test_unwrap();
[INFO] [stdout] 1801 +             ChioA2aEdge::new(A2aEdgeConfig::default(), vec![test_manifest()]).unwrap();
[INFO] [stdout]      |
[INFO] [stdout] 
[INFO] [stdout] 
[INFO] [stdout] error[E0599]: no method named `test_unwrap` found for enum `Result<T, E>` in the current scope
[INFO] [stdout]     --> src/tests/all.rs:1837:10
[INFO] [stdout]      |
[INFO] [stdout] 1829 |         let mut edge = ChioA2aEdge::new(
[INFO] [stdout] 1830 |             A2aEdgeConfig::default(),
[INFO] [stdout] 1831 |             vec![{
[INFO] [stdout] 1832 |                 let mut m = test_manifest();
[INFO] [stdout] 1833 |                 m.tools.truncate(1); // Only "echo"
[INFO] [stdout] 1834 |                 m
[INFO] [stdout] 1835 |             }],
[INFO] [stdout] 1836 |         )
[INFO] [stdout] 1837 |         .test_unwrap();
[INFO] [stdout]      |          ^^^^^^^^^^^
[INFO] [stdout]      |
[INFO] [stdout] help: there is a method `unwrap` with a similar name
[INFO] [stdout]      |
[INFO] [stdout] 1837 -         .test_unwrap();
[INFO] [stdout] 1837 +         .unwrap();
[INFO] [stdout]      |
[INFO] [stdout] 
[INFO] [stdout] 
[INFO] [stdout] error[E0599]: no method named `test_unwrap` found for enum `Result<T, E>` in the current scope
[INFO] [stdout]     --> src/tests/all.rs:1887:10
[INFO] [stdout]      |
[INFO] [stdout] 1879 |         let mut edge = ChioA2aEdge::new(
[INFO] [stdout] 1880 |             A2aEdgeConfig::default(),
[INFO] [stdout] 1881 |             vec![{
[INFO] [stdout] 1882 |                 let mut m = test_manifest();
[INFO] [stdout] 1883 |                 m.tools.truncate(1);
[INFO] [stdout] 1884 |                 m
[INFO] [stdout] 1885 |             }],
[INFO] [stdout] 1886 |         )
[INFO] [stdout] 1887 |         .test_unwrap();
[INFO] [stdout]      |          ^^^^^^^^^^^
[INFO] [stdout]      |
[INFO] [stdout] help: there is a method `unwrap` with a similar name
[INFO] [stdout]      |
[INFO] [stdout] 1887 -         .test_unwrap();
[INFO] [stdout] 1887 +         .unwrap();
[INFO] [stdout]      |
[INFO] [stdout] 
[INFO] [stdout] 
[INFO] [stdout] error[E0599]: no method named `test_unwrap` found for enum `Result<T, E>` in the current scope
[INFO] [stdout]     --> src/tests/all.rs:1931:90
[INFO] [stdout]      |
[INFO] [stdout] 1931 |         let mut edge = ChioA2aEdge::new(A2aEdgeConfig::default(), vec![test_manifest()]).test_unwrap();
[INFO] [stdout]      |                                                                                          ^^^^^^^^^^^
[INFO] [stdout]      |
[INFO] [stdout] help: there is a method `unwrap` with a similar name
[INFO] [stdout]      |
[INFO] [stdout] 1931 -         let mut edge = ChioA2aEdge::new(A2aEdgeConfig::default(), vec![test_manifest()]).test_unwrap();
[INFO] [stdout] 1931 +         let mut edge = ChioA2aEdge::new(A2aEdgeConfig::default(), vec![test_manifest()]).unwrap();
[INFO] [stdout]      |
[INFO] [stdout] 
[INFO] [stdout] 
[INFO] [stdout] error[E0599]: no method named `test_unwrap` found for enum `Result<T, E>` in the current scope
[INFO] [stdout]     --> src/tests/all.rs:1976:90
[INFO] [stdout]      |
[INFO] [stdout] 1976 |         let mut edge = ChioA2aEdge::new(A2aEdgeConfig::default(), vec![test_manifest()]).test_unwrap();
[INFO] [stdout]      |                                                                                          ^^^^^^^^^^^
[INFO] [stdout]      |
[INFO] [stdout] help: there is a method `unwrap` with a similar name
[INFO] [stdout]      |
[INFO] [stdout] 1976 -         let mut edge = ChioA2aEdge::new(A2aEdgeConfig::default(), vec![test_manifest()]).test_unwrap();
[INFO] [stdout] 1976 +         let mut edge = ChioA2aEdge::new(A2aEdgeConfig::default(), vec![test_manifest()]).unwrap();
[INFO] [stdout]      |
[INFO] [stdout] 
[INFO] [stdout] 
[INFO] [stdout] error[E0599]: no method named `test_unwrap` found for enum `Result<T, E>` in the current scope
[INFO] [stdout]     --> src/tests/all.rs:2014:90
[INFO] [stdout]      |
[INFO] [stdout] 2014 |         let mut edge = ChioA2aEdge::new(A2aEdgeConfig::default(), vec![test_manifest()]).test_unwrap();
[INFO] [stdout]      |                                                                                          ^^^^^^^^^^^
[INFO] [stdout]      |
[INFO] [stdout] help: there is a method `unwrap` with a similar name
[INFO] [stdout]      |
[INFO] [stdout] 2014 -         let mut edge = ChioA2aEdge::new(A2aEdgeConfig::default(), vec![test_manifest()]).test_unwrap();
[INFO] [stdout] 2014 +         let mut edge = ChioA2aEdge::new(A2aEdgeConfig::default(), vec![test_manifest()]).unwrap();
[INFO] [stdout]      |
[INFO] [stdout] 
[INFO] [stdout] 
[INFO] [stdout] error[E0599]: no method named `test_unwrap` found for enum `Result<T, E>` in the current scope
[INFO] [stdout]     --> src/tests/all.rs:2047:90
[INFO] [stdout]      |
[INFO] [stdout] 2047 |         let mut edge = ChioA2aEdge::new(A2aEdgeConfig::default(), vec![test_manifest()]).test_unwrap();
[INFO] [stdout]      |                                                                                          ^^^^^^^^^^^
[INFO] [stdout]      |
[INFO] [stdout] help: there is a method `unwrap` with a similar name
[INFO] [stdout]      |
[INFO] [stdout] 2047 -         let mut edge = ChioA2aEdge::new(A2aEdgeConfig::default(), vec![test_manifest()]).test_unwrap();
[INFO] [stdout] 2047 +         let mut edge = ChioA2aEdge::new(A2aEdgeConfig::default(), vec![test_manifest()]).unwrap();
[INFO] [stdout]      |
[INFO] [stdout] 
[INFO] [stdout] 
[INFO] [stdout] error[E0599]: no method named `test_unwrap` found for enum `Result<T, E>` in the current scope
[INFO] [stdout]     --> src/tests/all.rs:2083:92
[INFO] [stdout]      |
[INFO] [stdout] 2083 |         let mut edge = ChioA2aEdge::new(A2aEdgeConfig::default(), vec![stream_manifest()]).test_unwrap();
[INFO] [stdout]      |                                                                                            ^^^^^^^^^^^
[INFO] [stdout]      |
[INFO] [stdout] help: there is a method `unwrap` with a similar name
[INFO] [stdout]      |
[INFO] [stdout] 2083 -         let mut edge = ChioA2aEdge::new(A2aEdgeConfig::default(), vec![stream_manifest()]).test_unwrap();
[INFO] [stdout] 2083 +         let mut edge = ChioA2aEdge::new(A2aEdgeConfig::default(), vec![stream_manifest()]).unwrap();
[INFO] [stdout]      |
[INFO] [stdout] 
[INFO] [stdout] 
[INFO] [stdout] error[E0599]: no method named `test_unwrap` found for enum `Result<T, E>` in the current scope
[INFO] [stdout]     --> src/tests/all.rs:2118:90
[INFO] [stdout]      |
[INFO] [stdout] 2118 |         let mut edge = ChioA2aEdge::new(A2aEdgeConfig::default(), vec![test_manifest()]).test_unwrap();
[INFO] [stdout]      |                                                                                          ^^^^^^^^^^^
[INFO] [stdout]      |
[INFO] [stdout] help: there is a method `unwrap` with a similar name
[INFO] [stdout]      |
[INFO] [stdout] 2118 -         let mut edge = ChioA2aEdge::new(A2aEdgeConfig::default(), vec![test_manifest()]).test_unwrap();
[INFO] [stdout] 2118 +         let mut edge = ChioA2aEdge::new(A2aEdgeConfig::default(), vec![test_manifest()]).unwrap();
[INFO] [stdout]      |
[INFO] [stdout] 
[INFO] [stdout] 
[INFO] [stdout] error[E0599]: no method named `test_unwrap` found for enum `Result<T, E>` in the current scope
[INFO] [stdout]     --> src/tests/all.rs:2160:79
[INFO] [stdout]      |
[INFO] [stdout] 2160 |             ChioA2aEdge::new(A2aEdgeConfig::default(), vec![test_manifest()]).test_unwrap();
[INFO] [stdout]      |                                                                               ^^^^^^^^^^^
[INFO] [stdout]      |
[INFO] [stdout] help: there is a method `unwrap` with a similar name
[INFO] [stdout]      |
[INFO] [stdout] 2160 -             ChioA2aEdge::new(A2aEdgeConfig::default(), vec![test_manifest()]).test_unwrap();
[INFO] [stdout] 2160 +             ChioA2aEdge::new(A2aEdgeConfig::default(), vec![test_manifest()]).unwrap();
[INFO] [stdout]      |
[INFO] [stdout] 
[INFO] [stdout] 
[INFO] [stdout] error[E0599]: no method named `test_unwrap` found for enum `Result<T, E>` in the current scope
[INFO] [stdout]     --> src/tests/all.rs:2204:10
[INFO] [stdout]      |
[INFO] [stdout] 2196 |         let mut edge = ChioA2aEdge::new(
[INFO] [stdout] 2197 |             A2aEdgeConfig::default(),
[INFO] [stdout] 2198 |             vec![{
[INFO] [stdout] 2199 |                 let mut m = test_manifest();
[INFO] [stdout] 2200 |                 m.tools.truncate(1);
[INFO] [stdout] 2201 |                 m
[INFO] [stdout] 2202 |             }],
[INFO] [stdout] 2203 |         )
[INFO] [stdout] 2204 |         .test_unwrap();
[INFO] [stdout]      |          ^^^^^^^^^^^
[INFO] [stdout]      |
[INFO] [stdout] help: there is a method `unwrap` with a similar name
[INFO] [stdout]      |
[INFO] [stdout] 2204 -         .test_unwrap();
[INFO] [stdout] 2204 +         .unwrap();
[INFO] [stdout]      |
[INFO] [stdout] 
[INFO] [stdout] 
[INFO] [stdout] error[E0599]: no method named `test_unwrap` found for enum `Result<T, E>` in the current scope
[INFO] [stdout]     --> src/tests/all.rs:2231:10
[INFO] [stdout]      |
[INFO] [stdout] 2223 |         let mut edge = ChioA2aEdge::new(
[INFO] [stdout] 2224 |             A2aEdgeConfig::default(),
[INFO] [stdout] 2225 |             vec![{
[INFO] [stdout] 2226 |                 let mut m = test_manifest();
[INFO] [stdout] 2227 |                 m.tools.truncate(1);
[INFO] [stdout] 2228 |                 m
[INFO] [stdout] 2229 |             }],
[INFO] [stdout] 2230 |         )
[INFO] [stdout] 2231 |         .test_unwrap();
[INFO] [stdout]      |          ^^^^^^^^^^^
[INFO] [stdout]      |
[INFO] [stdout] help: there is a method `unwrap` with a similar name
[INFO] [stdout]      |
[INFO] [stdout] 2231 -         .test_unwrap();
[INFO] [stdout] 2231 +         .unwrap();
[INFO] [stdout]      |
[INFO] [stdout] 
[INFO] [stdout] 
[INFO] [stdout] error[E0599]: no method named `test_unwrap` found for enum `Result<T, E>` in the current scope
[INFO] [stdout]     --> src/tests/all.rs:2273:92
[INFO] [stdout]      |
[INFO] [stdout] 2273 |         let mut edge = ChioA2aEdge::new(A2aEdgeConfig::default(), vec![stream_manifest()]).test_unwrap();
[INFO] [stdout]      |                                                                                            ^^^^^^^^^^^
[INFO] [stdout]      |
[INFO] [stdout] help: there is a method `unwrap` with a similar name
[INFO] [stdout]      |
[INFO] [stdout] 2273 -         let mut edge = ChioA2aEdge::new(A2aEdgeConfig::default(), vec![stream_manifest()]).test_unwrap();
[INFO] [stdout] 2273 +         let mut edge = ChioA2aEdge::new(A2aEdgeConfig::default(), vec![stream_manifest()]).unwrap();
[INFO] [stdout]      |
[INFO] [stdout] 
[INFO] [stdout] 
[INFO] [stdout] error[E0599]: no method named `test_unwrap` found for enum `Result<T, E>` in the current scope
[INFO] [stdout]     --> src/tests/all.rs:2322:92
[INFO] [stdout]      |
[INFO] [stdout] 2322 |         let mut edge = ChioA2aEdge::new(A2aEdgeConfig::default(), vec![stream_manifest()]).test_unwrap();
[INFO] [stdout]      |                                                                                            ^^^^^^^^^^^
[INFO] [stdout]      |
[INFO] [stdout] help: there is a method `unwrap` with a similar name
[INFO] [stdout]      |
[INFO] [stdout] 2322 -         let mut edge = ChioA2aEdge::new(A2aEdgeConfig::default(), vec![stream_manifest()]).test_unwrap();
[INFO] [stdout] 2322 +         let mut edge = ChioA2aEdge::new(A2aEdgeConfig::default(), vec![stream_manifest()]).unwrap();
[INFO] [stdout]      |
[INFO] [stdout] 
[INFO] [stdout] 
[INFO] [stdout] error[E0599]: no method named `test_unwrap` found for enum `Result<T, E>` in the current scope
[INFO] [stdout]     --> src/tests/all.rs:2398:81
[INFO] [stdout]      |
[INFO] [stdout] 2398 |             ChioA2aEdge::new(A2aEdgeConfig::default(), vec![stream_manifest()]).test_unwrap();
[INFO] [stdout]      |                                                                                 ^^^^^^^^^^^
[INFO] [stdout]      |
[INFO] [stdout] help: there is a method `unwrap` with a similar name
[INFO] [stdout]      |
[INFO] [stdout] 2398 -             ChioA2aEdge::new(A2aEdgeConfig::default(), vec![stream_manifest()]).test_unwrap();
[INFO] [stdout] 2398 +             ChioA2aEdge::new(A2aEdgeConfig::default(), vec![stream_manifest()]).unwrap();
[INFO] [stdout]      |
[INFO] [stdout] 
[INFO] [stdout] 
[INFO] [stdout] error[E0599]: no method named `test_unwrap` found for enum `Result<T, E>` in the current scope
[INFO] [stdout]     --> src/tests/all.rs:2473:81
[INFO] [stdout]      |
[INFO] [stdout] 2473 |             ChioA2aEdge::new(A2aEdgeConfig::default(), vec![stream_manifest()]).test_unwrap();
[INFO] [stdout]      |                                                                                 ^^^^^^^^^^^
[INFO] [stdout]      |
[INFO] [stdout] help: there is a method `unwrap` with a similar name
[INFO] [stdout]      |
[INFO] [stdout] 2473 -             ChioA2aEdge::new(A2aEdgeConfig::default(), vec![stream_manifest()]).test_unwrap();
[INFO] [stdout] 2473 +             ChioA2aEdge::new(A2aEdgeConfig::default(), vec![stream_manifest()]).unwrap();
[INFO] [stdout]      |
[INFO] [stdout] 
[INFO] [stdout] 
[INFO] [stdout] error[E0599]: no method named `test_unwrap` found for enum `Result<T, E>` in the current scope
[INFO] [stdout]     --> src/tests/all.rs:2512:92
[INFO] [stdout]      |
[INFO] [stdout] 2512 |         let mut edge = ChioA2aEdge::new(A2aEdgeConfig::default(), vec![stream_manifest()]).test_unwrap();
[INFO] [stdout]      |                                                                                            ^^^^^^^^^^^
[INFO] [stdout]      |
[INFO] [stdout] help: there is a method `unwrap` with a similar name
[INFO] [stdout]      |
[INFO] [stdout] 2512 -         let mut edge = ChioA2aEdge::new(A2aEdgeConfig::default(), vec![stream_manifest()]).test_unwrap();
[INFO] [stdout] 2512 +         let mut edge = ChioA2aEdge::new(A2aEdgeConfig::default(), vec![stream_manifest()]).unwrap();
[INFO] [stdout]      |
[INFO] [stdout] 
[INFO] [stdout] 
[INFO] [stdout] error[E0599]: no method named `test_unwrap` found for enum `Result<T, E>` in the current scope
[INFO] [stdout]     --> src/tests/all.rs:2581:92
[INFO] [stdout]      |
[INFO] [stdout] 2581 |         let mut edge = ChioA2aEdge::new(A2aEdgeConfig::default(), vec![stream_manifest()]).test_unwrap();
[INFO] [stdout]      |                                                                                            ^^^^^^^^^^^
[INFO] [stdout]      |
[INFO] [stdout] help: there is a method `unwrap` with a similar name
[INFO] [stdout]      |
[INFO] [stdout] 2581 -         let mut edge = ChioA2aEdge::new(A2aEdgeConfig::default(), vec![stream_manifest()]).test_unwrap();
[INFO] [stdout] 2581 +         let mut edge = ChioA2aEdge::new(A2aEdgeConfig::default(), vec![stream_manifest()]).unwrap();
[INFO] [stdout]      |
[INFO] [stdout] 
[INFO] [stdout] 
[INFO] [stdout] error[E0599]: no method named `test_unwrap` found for enum `Result<T, E>` in the current scope
[INFO] [stdout]     --> src/tests/all.rs:2655:92
[INFO] [stdout]      |
[INFO] [stdout] 2655 |         let mut edge = ChioA2aEdge::new(A2aEdgeConfig::default(), vec![stream_manifest()]).test_unwrap();
[INFO] [stdout]      |                                                                                            ^^^^^^^^^^^
[INFO] [stdout]      |
[INFO] [stdout] help: there is a method `unwrap` with a similar name
[INFO] [stdout]      |
[INFO] [stdout] 2655 -         let mut edge = ChioA2aEdge::new(A2aEdgeConfig::default(), vec![stream_manifest()]).test_unwrap();
[INFO] [stdout] 2655 +         let mut edge = ChioA2aEdge::new(A2aEdgeConfig::default(), vec![stream_manifest()]).unwrap();
[INFO] [stdout]      |
[INFO] [stdout] 
[INFO] [stdout] 
[INFO] [stdout] error[E0599]: no method named `test_unwrap` found for enum `Result<T, E>` in the current scope
[INFO] [stdout]     --> src/tests/all.rs:2717:81
[INFO] [stdout]      |
[INFO] [stdout] 2717 |             ChioA2aEdge::new(A2aEdgeConfig::default(), vec![stream_manifest()]).test_unwrap();
[INFO] [stdout]      |                                                                                 ^^^^^^^^^^^
[INFO] [stdout]      |
[INFO] [stdout] help: there is a method `unwrap` with a similar name
[INFO] [stdout]      |
[INFO] [stdout] 2717 -             ChioA2aEdge::new(A2aEdgeConfig::default(), vec![stream_manifest()]).test_unwrap();
[INFO] [stdout] 2717 +             ChioA2aEdge::new(A2aEdgeConfig::default(), vec![stream_manifest()]).unwrap();
[INFO] [stdout]      |
[INFO] [stdout] 
[INFO] [stdout] 
[INFO] [stdout] error[E0599]: no method named `test_unwrap` found for enum `Result<T, E>` in the current scope
[INFO] [stdout]     --> src/tests/all.rs:2763:85
[INFO] [stdout]      |
[INFO] [stdout] 2763 |                 ChioA2aEdge::new(A2aEdgeConfig::default(), vec![stream_manifest()]).test_unwrap();
[INFO] [stdout]      |                                                                                     ^^^^^^^^^^^
[INFO] [stdout]      |
[INFO] [stdout] help: there is a method `unwrap` with a similar name
[INFO] [stdout]      |
[INFO] [stdout] 2763 -                 ChioA2aEdge::new(A2aEdgeConfig::default(), vec![stream_manifest()]).test_unwrap();
[INFO] [stdout] 2763 +                 ChioA2aEdge::new(A2aEdgeConfig::default(), vec![stream_manifest()]).unwrap();
[INFO] [stdout]      |
[INFO] [stdout] 
[INFO] [stdout] 
[INFO] [stdout] error[E0599]: no method named `test_unwrap` found for enum `Result<T, E>` in the current scope
[INFO] [stdout]     --> src/tests/all.rs:2833:92
[INFO] [stdout]      |
[INFO] [stdout] 2833 |         let mut edge = ChioA2aEdge::new(A2aEdgeConfig::default(), vec![stream_manifest()]).test_unwrap();
[INFO] [stdout]      |                                                                                            ^^^^^^^^^^^
[INFO] [stdout]      |
[INFO] [stdout] help: there is a method `unwrap` with a similar name
[INFO] [stdout]      |
[INFO] [stdout] 2833 -         let mut edge = ChioA2aEdge::new(A2aEdgeConfig::default(), vec![stream_manifest()]).test_unwrap();
[INFO] [stdout] 2833 +         let mut edge = ChioA2aEdge::new(A2aEdgeConfig::default(), vec![stream_manifest()]).unwrap();
[INFO] [stdout]      |
[INFO] [stdout] 
[INFO] [stdout] 
[INFO] [stdout] error[E0599]: no method named `test_unwrap` found for enum `Result<T, E>` in the current scope
[INFO] [stdout]     --> src/tests/all.rs:2911:81
[INFO] [stdout]      |
[INFO] [stdout] 2911 |             ChioA2aEdge::new(A2aEdgeConfig::default(), vec![stream_manifest()]).test_unwrap();
[INFO] [stdout]      |                                                                                 ^^^^^^^^^^^
[INFO] [stdout]      |
[INFO] [stdout] help: there is a method `unwrap` with a similar name
[INFO] [stdout]      |
[INFO] [stdout] 2911 -             ChioA2aEdge::new(A2aEdgeConfig::default(), vec![stream_manifest()]).test_unwrap();
[INFO] [stdout] 2911 +             ChioA2aEdge::new(A2aEdgeConfig::default(), vec![stream_manifest()]).unwrap();
[INFO] [stdout]      |
[INFO] [stdout] 
[INFO] [stdout] 
[INFO] [stdout] error[E0599]: no method named `test_unwrap` found for enum `Result<T, E>` in the current scope
[INFO] [stdout]     --> src/tests/all.rs:2989:85
[INFO] [stdout]      |
[INFO] [stdout] 2989 |             ChioA2aEdge::new(A2aEdgeConfig::default(), vec![mcp_target_manifest()]).test_unwrap();
[INFO] [stdout]      |                                                                                     ^^^^^^^^^^^
[INFO] [stdout]      |
[INFO] [stdout] help: there is a method `unwrap` with a similar name
[INFO] [stdout]      |
[INFO] [stdout] 2989 -             ChioA2aEdge::new(A2aEdgeConfig::default(), vec![mcp_target_manifest()]).test_unwrap();
[INFO] [stdout] 2989 +             ChioA2aEdge::new(A2aEdgeConfig::default(), vec![mcp_target_manifest()]).unwrap();
[INFO] [stdout]      |
[INFO] [stdout] 
[INFO] [stdout] 
[INFO] [stdout] error[E0599]: no method named `test_unwrap` found for enum `Result<T, E>` in the current scope
[INFO] [stdout]     --> src/tests/all.rs:3048:88
[INFO] [stdout]      |
[INFO] [stdout] 3048 |             ChioA2aEdge::new(A2aEdgeConfig::default(), vec![openai_target_manifest()]).test_unwrap();
[INFO] [stdout]      |                                                                                        ^^^^^^^^^^^
[INFO] [stdout]      |
[INFO] [stdout] help: there is a method `unwrap` with a similar name
[INFO] [stdout]      |
[INFO] [stdout] 3048 -             ChioA2aEdge::new(A2aEdgeConfig::default(), vec![openai_target_manifest()]).test_unwrap();
[INFO] [stdout] 3048 +             ChioA2aEdge::new(A2aEdgeConfig::default(), vec![openai_target_manifest()]).unwrap();
[INFO] [stdout]      |
[INFO] [stdout] 
[INFO] [stdout] 
[INFO] [stdout] error[E0599]: no method named `test_unwrap` found for enum `Result<T, E>` in the current scope
[INFO] [stdout]     --> src/tests/all.rs:3134:77
[INFO] [stdout]      |
[INFO] [stdout] 3134 |         let edge = ChioA2aEdge::new(A2aEdgeConfig::default(), vec![m1, m2]).test_unwrap();
[INFO] [stdout]      |                                                                             ^^^^^^^^^^^
[INFO] [stdout]      |
[INFO] [stdout] help: there is a method `unwrap` with a similar name
[INFO] [stdout]      |
[INFO] [stdout] 3134 -         let edge = ChioA2aEdge::new(A2aEdgeConfig::default(), vec![m1, m2]).test_unwrap();
[INFO] [stdout] 3134 +         let edge = ChioA2aEdge::new(A2aEdgeConfig::default(), vec![m1, m2]).unwrap();
[INFO] [stdout]      |
[INFO] [stdout] 
[INFO] [stdout] 
[INFO] [stdout] error[E0599]: no method named `test_unwrap` found for enum `Result<T, E>` in the current scope
[INFO] [stdout]     --> src/tests/all.rs:3152:81
[INFO] [stdout]      |
[INFO] [stdout] 3152 |         let mut edge = ChioA2aEdge::new(A2aEdgeConfig::default(), vec![m1, m2]).test_unwrap();
[INFO] [stdout]      |                                                                                 ^^^^^^^^^^^
[INFO] [stdout]      |
[INFO] [stdout] help: there is a method `unwrap` with a similar name
[INFO] [stdout]      |
[INFO] [stdout] 3152 -         let mut edge = ChioA2aEdge::new(A2aEdgeConfig::default(), vec![m1, m2]).test_unwrap();
[INFO] [stdout] 3152 +         let mut edge = ChioA2aEdge::new(A2aEdgeConfig::default(), vec![m1, m2]).unwrap();
[INFO] [stdout]      |
[INFO] [stdout] 
[INFO] [stdout] 
[INFO] [stdout] error[E0599]: no method named `test_unwrap` found for enum `Result<T, E>` in the current scope
[INFO] [stdout]     --> src/tests/all.rs:3180:64
[INFO] [stdout]      |
[INFO] [stdout] 3180 |         let json = serde_json::to_value(TaskStatus::Completed).test_unwrap();
[INFO] [stdout]      |                                                                ^^^^^^^^^^^
[INFO] [stdout]      |
[INFO] [stdout] help: there is a method `unwrap` with a similar name
[INFO] [stdout]      |
[INFO] [stdout] 3180 -         let json = serde_json::to_value(TaskStatus::Completed).test_unwrap();
[INFO] [stdout] 3180 +         let json = serde_json::to_value(TaskStatus::Completed).unwrap();
[INFO] [stdout]      |
[INFO] [stdout] 
[INFO] [stdout] 
[INFO] [stdout] error[E0599]: no method named `test_unwrap` found for enum `Result<T, E>` in the current scope
[INFO] [stdout]     --> src/tests/all.rs:3182:61
[INFO] [stdout]      |
[INFO] [stdout] 3182 |         let json = serde_json::to_value(TaskStatus::Failed).test_unwrap();
[INFO] [stdout]      |                                                             ^^^^^^^^^^^
[INFO] [stdout]      |
[INFO] [stdout] help: there is a method `unwrap` with a similar name
[INFO] [stdout]      |
[INFO] [stdout] 3182 -         let json = serde_json::to_value(TaskStatus::Failed).test_unwrap();
[INFO] [stdout] 3182 +         let json = serde_json::to_value(TaskStatus::Failed).unwrap();
[INFO] [stdout]      |
[INFO] [stdout] 
[INFO] [stdout] 
[INFO] [stdout] error[E0599]: no method named `test_unwrap` found for enum `Result<T, E>` in the current scope
[INFO] [stdout]     --> src/tests/all.rs:3188:67
[INFO] [stdout]      |
[INFO] [stdout] 3188 |         let json = serde_json::to_value(BridgeFidelity::Lossless).test_unwrap();
[INFO] [stdout]      |                                                                   ^^^^^^^^^^^
[INFO] [stdout]      |
[INFO] [stdout] help: there is a method `unwrap` with a similar name
[INFO] [stdout]      |
[INFO] [stdout] 3188 -         let json = serde_json::to_value(BridgeFidelity::Lossless).test_unwrap();
[INFO] [stdout] 3188 +         let json = serde_json::to_value(BridgeFidelity::Lossless).unwrap();
[INFO] [stdout]      |
[INFO] [stdout] 
[INFO] [stdout] 
[INFO] [stdout] error[E0599]: no method named `test_unwrap` found for enum `Result<T, E>` in the current scope
[INFO] [stdout]     --> src/tests/all.rs:3193:10
[INFO] [stdout]      |
[INFO] [stdout] 3190 |         let json = serde_json::to_value(BridgeFidelity::Adapted {
[INFO] [stdout] 3191 |             caveats: vec!["stream collated".to_string()],
[INFO] [stdout] 3192 |         })
[INFO] [stdout] 3193 |         .test_unwrap();
[INFO] [stdout]      |          ^^^^^^^^^^^
[INFO] [stdout]      |
[INFO] [stdout] help: there is a method `unwrap` with a similar name
[INFO] [stdout]      |
[INFO] [stdout] 3193 -         .test_unwrap();
[INFO] [stdout] 3193 +         .unwrap();
[INFO] [stdout]      |
[INFO] [stdout] 
[INFO] [stdout] 
[INFO] [stdout] error[E0599]: no method named `test_unwrap` found for enum `Result<T, E>` in the current scope
[INFO] [stdout]     --> src/tests/all.rs:3201:10
[INFO] [stdout]      |
[INFO] [stdout] 3198 |         let json = serde_json::to_value(BridgeFidelity::Unsupported {
[INFO] [stdout] 3199 |             reason: "needs cancellation".to_string(),
[INFO] [stdout] 3200 |         })
[INFO] [stdout] 3201 |         .test_unwrap();
[INFO] [stdout]      |          ^^^^^^^^^^^
[INFO] [stdout]      |
[INFO] [stdout] help: there is a method `unwrap` with a similar name
[INFO] [stdout]      |
[INFO] [stdout] 3201 -         .test_unwrap();
[INFO] [stdout] 3201 +         .unwrap();
[INFO] [stdout]      |
[INFO] [stdout] 
[INFO] [stdout] 
[INFO] [stdout] error[E0599]: no method named `test_expect` found for enum `Result<T, E>` in the current scope
[INFO] [stdout]   --> src/tests/nonce_preflight.rs:90:10
[INFO] [stdout]    |
[INFO] [stdout] 88 |     let now = SystemTime::now()
[INFO] [stdout] 89 |         .duration_since(UNIX_EPOCH)
[INFO] [stdout] 90 |         .test_expect("system time should be after unix epoch")
[INFO] [stdout]    |          ^^^^^^^^^^^
[INFO] [stdout]    |
[INFO] [stdout] help: there is a method `expect` with a similar name
[INFO] [stdout]    |
[INFO] [stdout] 90 -         .test_expect("system time should be after unix epoch")
[INFO] [stdout] 90 +         .expect("system time should be after unix epoch")
[INFO] [stdout]    |
[INFO] [stdout] 
[INFO] [stdout] 
[INFO] [stdout] error[E0599]: no method named `test_expect` found for enum `Result<T, E>` in the current scope
[INFO] [stdout]    --> src/tests/nonce_preflight.rs:118:6
[INFO] [stdout]     |
[INFO] [stdout]  92 |     chio_core::capability::token::CapabilityToken::sign(
[INFO] [stdout]  93 |         CapabilityTokenBody {
[INFO] [stdout]  94 |             id: "cap-test-srv-echo".to_string(),
[INFO] [stdout]  95 |             issuer: issuer.public_key(),
[INFO] [stdout]  96 |             subject: subject.public_key(),
[INFO] [stdout]  97 |             scope: ChioScope {
[INFO] [stdout]  98 |                 grants: vec![ToolGrant {
[INFO] [stdout]  99 |                     server_id: "test-srv".to_string(),
[INFO] [stdout] 100 |                     tool_name: "echo".to_string(),
[INFO] [stdout] 101 |                     operations: vec![Operation::Invoke],
[INFO] [stdout] 102 |                     constraints: vec![],
[INFO] [stdout] 103 |                     max_invocations: None,
[INFO] [stdout] 104 |                     max_cost_per_invocation: None,
[INFO] [stdout] 105 |                     max_total_cost: None,
[INFO] [stdout] 106 |                     dpop_required: None,
[INFO] [stdout] 107 |                 }],
[INFO] [stdout] 108 |                 resource_grants: vec![],
[INFO] [stdout] 109 |                 prompt_grants: vec![],
[INFO] [stdout] 110 |             },
[INFO] [stdout] 111 |             issued_at: now.saturating_sub(30),
[INFO] [stdout] 112 |             expires_at: now + 300,
[INFO] [stdout] 113 |             delegation_chain: vec![],
[INFO] [stdout] 114 |             aggregate_invocation_budget: None,
[INFO] [stdout] 115 |         },
[INFO] [stdout] 116 |         issuer,
[INFO] [stdout] 117 |     )
[INFO] [stdout] 118 |     .test_expect("capability should sign")
[INFO] [stdout]     |      ^^^^^^^^^^^
[INFO] [stdout]     |
[INFO] [stdout] help: there is a method `expect` with a similar name
[INFO] [stdout]     |
[INFO] [stdout] 118 -     .test_expect("capability should sign")
[INFO] [stdout] 118 +     .expect("capability should sign")
[INFO] [stdout]     |
[INFO] [stdout] 
[INFO] [stdout] 
[INFO] [stdout] error[E0599]: no method named `test_unwrap` found for enum `Result<T, E>` in the current scope
[INFO] [stdout]    --> src/tests/nonce_preflight.rs:136:86
[INFO] [stdout]     |
[INFO] [stdout] 136 |     let mut edge = ChioA2aEdge::new(A2aEdgeConfig::default(), vec![test_manifest()]).test_unwrap();
[INFO] [stdout]     |                                                                                      ^^^^^^^^^^^
[INFO] [stdout]     |
[INFO] [stdout] help: there is a method `unwrap` with a similar name
[INFO] [stdout]     |
[INFO] [stdout] 136 -     let mut edge = ChioA2aEdge::new(A2aEdgeConfig::default(), vec![test_manifest()]).test_unwrap();
[INFO] [stdout] 136 +     let mut edge = ChioA2aEdge::new(A2aEdgeConfig::default(), vec![test_manifest()]).unwrap();
[INFO] [stdout]     |
[INFO] [stdout] 
[INFO] [stdout] 
[INFO] [stdout] error[E0599]: no method named `test_expect` found for enum `Result<T, E>` in the current scope
[INFO] [stdout]    --> src/tests/nonce_preflight.rs:189:10
[INFO] [stdout]     |
[INFO] [stdout] 188 |     let execution_nonce = serde_json::from_value(metadata["chio"]["executionNonce"].clone())
[INFO] [stdout] 189 |         .test_expect("preflight metadata should contain a signed execution nonce");
[INFO] [stdout]     |          ^^^^^^^^^^^
[INFO] [stdout]     |
[INFO] [stdout] help: there is a method `expect` with a similar name
[INFO] [stdout]     |
[INFO] [stdout] 189 -         .test_expect("preflight metadata should contain a signed execution nonce");
[INFO] [stdout] 189 +         .expect("preflight metadata should contain a signed execution nonce");
[INFO] [stdout]     |
[INFO] [stdout] 
[INFO] [stdout] 
[INFO] [stdout] Some errors have detailed explanations: E0433, E0599.
[INFO] [stdout] 
[INFO] [stdout] For more information about an error, try `rustc --explain E0433`.
[INFO] [stdout] 
[INFO] [stderr] error: could not compile `chio-a2a-edge` (lib test) due to 91 previous errors
[INFO] running `Command { std: "docker" "inspect" "ffd6bbd7c135b9154e5227561e2810e71244d31cf5b0b50e6c502dce5ebe930d", kill_on_drop: false }`
[INFO] running `Command { std: "docker" "rm" "-f" "ffd6bbd7c135b9154e5227561e2810e71244d31cf5b0b50e6c502dce5ebe930d", kill_on_drop: false }`
[INFO] [stdout] ffd6bbd7c135b9154e5227561e2810e71244d31cf5b0b50e6c502dce5ebe930d
