[INFO] fetching crate chainlist-rs 0.1.2...
[INFO] checking chainlist-rs-0.1.2 against 3154cc1a3e6424e44f438a95007d043ed5ceaaf6 for pr-133502-30
[INFO] extracting crate chainlist-rs 0.1.2 into /workspace/builds/worker-3-tc2/source
[INFO] started tweaking crates.io crate chainlist-rs 0.1.2
[INFO] finished tweaking crates.io crate chainlist-rs 0.1.2
[INFO] tweaked toml for crates.io crate chainlist-rs 0.1.2 written to /workspace/builds/worker-3-tc2/source/Cargo.toml
[INFO] validating manifest of crates.io crate chainlist-rs 0.1.2 on toolchain 3154cc1a3e6424e44f438a95007d043ed5ceaaf6
[INFO] running `Command { std: CARGO_HOME="/workspace/cargo-home" RUSTUP_HOME="/workspace/rustup-home" "/workspace/cargo-home/bin/cargo" "+3154cc1a3e6424e44f438a95007d043ed5ceaaf6" "metadata" "--manifest-path" "Cargo.toml" "--no-deps", kill_on_drop: false }`
[INFO] crate crates.io crate chainlist-rs 0.1.2 already has a lockfile, it will not be regenerated
[INFO] running `Command { std: CARGO_HOME="/workspace/cargo-home" RUSTUP_HOME="/workspace/rustup-home" "/workspace/cargo-home/bin/cargo" "+3154cc1a3e6424e44f438a95007d043ed5ceaaf6" "fetch" "--manifest-path" "Cargo.toml", kill_on_drop: false }`
[INFO] running `Command { std: "docker" "create" "-v" "/var/lib/crater-agent-workspace/builds/worker-3-tc2/source:/opt/rustwide/workdir:ro,Z" "-v" "/var/lib/crater-agent-workspace/builds/worker-3-tc2/target:/opt/rustwide/target:rw,Z" "-v" "/var/lib/crater-agent-workspace/cargo-home:/opt/rustwide/cargo-home:ro,Z" "-v" "/var/lib/crater-agent-workspace/rustup-home:/opt/rustwide/rustup-home:ro,Z" "-m" "1610612736" "--network" "none" "ghcr.io/rust-lang/crates-build-env/linux@sha256:77db811e55d90add9212f6832c23229e3de5f1c1f9905e8cb07319ea15df73ac" "sleep" "infinity", kill_on_drop: false }`
[INFO] [stdout] 586d15e93a4b5303c4a727de505c93f12325f1a32572ad4d79268f5369af8cd4
[INFO] running `Command { std: "docker" "start" "586d15e93a4b5303c4a727de505c93f12325f1a32572ad4d79268f5369af8cd4", kill_on_drop: false }`
[INFO] running `Command { std: "docker" "inspect" "586d15e93a4b5303c4a727de505c93f12325f1a32572ad4d79268f5369af8cd4", kill_on_drop: false }`
[INFO] running `Command { std: "docker" "exec" "-e" "SOURCE_DIR=/opt/rustwide/workdir" "-e" "CARGO_HOME=/opt/rustwide/cargo-home" "-e" "RUSTUP_HOME=/opt/rustwide/rustup-home" "-e" "CARGO_TARGET_DIR=/opt/rustwide/target" "-w" "/opt/rustwide/workdir" "--user" "0:0" "586d15e93a4b5303c4a727de505c93f12325f1a32572ad4d79268f5369af8cd4" "/opt/rustwide/cargo-home/bin/cargo" "+3154cc1a3e6424e44f438a95007d043ed5ceaaf6" "metadata" "--no-deps" "--format-version=1", kill_on_drop: false }`
[INFO] running `Command { std: "docker" "inspect" "586d15e93a4b5303c4a727de505c93f12325f1a32572ad4d79268f5369af8cd4", kill_on_drop: false }`
[INFO] running `Command { std: "docker" "exec" "-e" "SOURCE_DIR=/opt/rustwide/workdir" "-e" "CARGO_HOME=/opt/rustwide/cargo-home" "-e" "RUSTUP_HOME=/opt/rustwide/rustup-home" "-e" "CARGO_TARGET_DIR=/opt/rustwide/target" "-e" "CARGO_INCREMENTAL=0" "-e" "RUST_BACKTRACE=full" "-e" "RUSTFLAGS=--cap-lints=forbid" "-e" "RUSTDOCFLAGS=--cap-lints=forbid" "-w" "/opt/rustwide/workdir" "--user" "0:0" "586d15e93a4b5303c4a727de505c93f12325f1a32572ad4d79268f5369af8cd4" "/opt/rustwide/cargo-home/bin/cargo" "+3154cc1a3e6424e44f438a95007d043ed5ceaaf6" "check" "--frozen" "--all" "--all-targets" "--message-format=json", kill_on_drop: false }`
[INFO] [stderr]    Compiling proc-macro2 v1.0.103
[INFO] [stderr]    Compiling unicode-ident v1.0.22
[INFO] [stderr]    Compiling quote v1.0.42
[INFO] [stderr]    Compiling libc v0.2.177
[INFO] [stderr]    Compiling stable_deref_trait v1.2.1
[INFO] [stderr]    Compiling bytes v1.11.0
[INFO] [stderr]    Compiling find-msvc-tools v0.1.5
[INFO] [stderr]    Compiling futures-core v0.3.31
[INFO] [stderr]    Compiling itoa v1.0.15
[INFO] [stderr]    Compiling litemap v0.8.1
[INFO] [stderr]    Compiling smallvec v1.15.1
[INFO] [stderr]    Compiling writeable v0.6.2
[INFO] [stderr]    Compiling futures-sink v0.3.31
[INFO] [stderr]    Compiling serde_core v1.0.228
[INFO] [stderr]    Compiling zeroize v1.8.2
[INFO] [stderr]    Compiling icu_properties_data v2.1.1
[INFO] [stderr]    Compiling icu_normalizer_data v2.1.1
[INFO] [stderr]    Compiling memchr v2.7.6
[INFO] [stderr]    Compiling cc v1.2.47
[INFO] [stderr]    Compiling pin-utils v0.1.0
[INFO] [stderr]    Compiling rustls-pki-types v1.13.0
[INFO] [stderr]    Compiling futures-task v0.3.31
[INFO] [stderr]    Compiling slab v0.4.11
[INFO] [stderr]    Compiling untrusted v0.9.0
[INFO] [stderr]    Compiling percent-encoding v2.3.2
[INFO] [stderr]    Compiling futures-io v0.3.31
[INFO] [stderr]    Compiling httparse v1.10.1
[INFO] [stderr]    Compiling serde v1.0.228
[INFO] [stderr]    Compiling rustls v0.23.35
[INFO] [stderr]    Compiling try-lock v0.2.5
[INFO] [stderr]    Compiling tower-service v0.3.3
[INFO] [stderr]    Compiling futures-channel v0.3.31
[INFO] [stderr]    Compiling tracing-core v0.1.34
[INFO] [stderr]    Compiling subtle v2.6.1
[INFO] [stderr]    Compiling serde_json v1.0.145
[INFO] [stderr]    Compiling atomic-waker v1.1.2
[INFO] [stderr]    Compiling want v0.3.1
[INFO] [stderr]    Compiling form_urlencoded v1.2.2
[INFO] [stderr]    Compiling sync_wrapper v1.0.2
[INFO] [stderr]    Compiling ryu v1.0.20
[INFO] [stderr]    Compiling tower-layer v0.3.3
[INFO] [stderr]    Compiling ipnet v2.11.0
[INFO] [stderr]    Compiling iri-string v0.7.9
[INFO] [stderr]    Compiling bitflags v2.10.0
[INFO] [stderr]    Compiling crunchy v0.2.4
[INFO] [stderr]    Compiling log v0.4.28
[INFO] [stderr]    Compiling tiny-keccak v2.0.2
[INFO] [stderr]    Compiling futures-util v0.3.31
[INFO] [stderr]    Compiling webpki-roots v1.0.4
[INFO] [stderr]    Compiling tracing v0.1.41
[INFO] [stderr]    Compiling convert_case v0.4.0
[INFO] [stderr]    Compiling ruint-macro v1.2.1
[INFO] [stderr]     Checking const-hex v1.17.0
[INFO] [stderr]    Compiling syn v2.0.111
[INFO] [stderr]     Checking hex-literal v0.4.1
[INFO] [stderr]    Compiling http v1.4.0
[INFO] [stderr]     Checking strum v0.27.2
[INFO] [stderr]     Checking ruint v1.17.0
[INFO] [stderr]    Compiling ring v0.17.14
[INFO] [stderr]    Compiling mio v1.1.0
[INFO] [stderr]    Compiling socket2 v0.6.1
[INFO] [stderr]    Compiling getrandom v0.2.16
[INFO] [stderr]    Compiling tokio v1.48.0
[INFO] [stderr]    Compiling http-body v1.0.1
[INFO] [stderr]    Compiling http-body-util v0.1.3
[INFO] [stderr]    Compiling synstructure v0.13.2
[INFO] [stderr]    Compiling prettyplease v0.2.37
[INFO] [stderr]    Compiling rustls-webpki v0.103.8
[INFO] [stderr]    Compiling zerofrom-derive v0.1.6
[INFO] [stderr]    Compiling yoke-derive v0.8.1
[INFO] [stderr]    Compiling zerovec-derive v0.11.2
[INFO] [stderr]    Compiling displaydoc v0.2.5
[INFO] [stderr]    Compiling serde_derive v1.0.228
[INFO] [stderr]    Compiling derive_more v0.99.20
[INFO] [stderr]    Compiling thiserror-impl v1.0.69
[INFO] [stderr]    Compiling strum_macros v0.27.2
[INFO] [stderr]    Compiling hyper v1.8.1
[INFO] [stderr]    Compiling tower v0.5.2
[INFO] [stderr]     Checking thiserror v1.0.69
[INFO] [stderr]    Compiling zerofrom v0.1.6
[INFO] [stderr]    Compiling yoke v0.8.1
[INFO] [stderr]    Compiling zerovec v0.11.5
[INFO] [stderr]    Compiling zerotrie v0.2.3
[INFO] [stderr]    Compiling tower-http v0.6.7
[INFO] [stderr]     Checking alloy-primitives v0.7.7
[INFO] [stderr]    Compiling tinystr v0.8.2
[INFO] [stderr]    Compiling potential_utf v0.1.4
[INFO] [stderr]    Compiling icu_collections v2.1.1
[INFO] [stderr]    Compiling hyper-util v0.1.18
[INFO] [stderr]    Compiling icu_locale_core v2.1.1
[INFO] [stderr]    Compiling icu_provider v2.1.1
[INFO] [stderr]    Compiling serde_urlencoded v0.7.1
[INFO] [stderr]    Compiling icu_normalizer v2.1.1
[INFO] [stderr]    Compiling icu_properties v2.1.1
[INFO] [stderr]    Compiling tokio-rustls v0.26.4
[INFO] [stderr]    Compiling idna_adapter v1.2.1
[INFO] [stderr]    Compiling idna v1.1.0
[INFO] [stderr]    Compiling hyper-rustls v0.27.7
[INFO] [stderr]    Compiling url v2.5.7
[INFO] [stderr]    Compiling reqwest v0.12.24
[INFO] [stderr]    Compiling chainlist-rs v0.1.2 (/opt/rustwide/workdir)
[INFO] [stderr] warning: chainlist-rs@0.1.2: Failed to download https://chainid.network/chains.json: error sending request for url (https://chainid.network/chains.json)
[INFO] [stderr] warning: chainlist-rs@0.1.2: Network download failed, using local chains.json at "/opt/rustwide/workdir/data/chains.json"
[INFO] [stderr] warning: chainlist-rs@0.1.2: Failed to download https://chainid.network/chains.json: error sending request for url (https://chainid.network/chains.json)
[INFO] [stderr] warning: chainlist-rs@0.1.2: Network download failed, using local chains.json at "/opt/rustwide/workdir/data/chains.json"
[INFO] [stderr] error: could not compile `chainlist-rs` (lib test)
[INFO] [stderr] 
[INFO] [stderr] Caused by:
[INFO] [stderr]   process didn't exit successfully: `/opt/rustwide/rustup-home/toolchains/3154cc1a3e6424e44f438a95007d043ed5ceaaf6/bin/rustc --crate-name chainlist_rs --edition=2021 src/lib.rs --error-format=json --json=diagnostic-rendered-ansi,artifacts,future-incompat,unused-externs-silent --emit=dep-info,metadata -C embed-bitcode=no -C debuginfo=2 --test --check-cfg 'cfg(docsrs,test)' --check-cfg 'cfg(feature, values())' -C metadata=d95e1afce12a2fdd -C extra-filename=-d2ad0198ebb2d9db --out-dir /opt/rustwide/target/debug/build/chainlist-rs/d2ad0198ebb2d9db/out -L dependency=/opt/rustwide/target/debug/build/bytes/59aeeb57213c82dc/out -L dependency=/opt/rustwide/target/debug/build/cfg-if/190c9021fd162845/out -L dependency=/opt/rustwide/target/debug/build/const-hex/6742faf0744cf940/out -L dependency=/opt/rustwide/target/debug/build/cpufeatures/1ae956ba346ebd12/out -L dependency=/opt/rustwide/target/debug/build/crunchy/0885f6cedd1c0589/out -L dependency=/opt/rustwide/target/debug/build/derive_more/252a2f007244999d/out -L dependency=/opt/rustwide/target/debug/build/hex-literal/405d3ae16531c1e8/out -L dependency=/opt/rustwide/target/debug/build/itoa/aa1c64fbdc4f12a7/out -L dependency=/opt/rustwide/target/debug/build/memchr/c13007f728075df8/out -L dependency=/opt/rustwide/target/debug/build/ruint-macro/ce3e92a1ea88db0c/out -L dependency=/opt/rustwide/target/debug/build/ruint/c2fd2b5ea7cb98a8/out -L dependency=/opt/rustwide/target/debug/build/ryu/e5cf39b0424d7e5c/out -L dependency=/opt/rustwide/target/debug/build/serde_core/c4530b55da017d9d/out -L dependency=/opt/rustwide/target/debug/build/serde_derive/d1d0a2525a00aebe/out -L dependency=/opt/rustwide/target/debug/build/thiserror-impl/2d9ff23f5d4580ef/out -L dependency=/opt/rustwide/target/debug/build/tiny-keccak/61e518da257440e5/out --extern alloy_primitives=/opt/rustwide/target/debug/build/alloy-primitives/dff2d76523828fff/out/liballoy_primitives-dff2d76523828fff.rmeta --extern once_cell=/opt/rustwide/target/debug/build/once_cell/2ad934dc7da92e31/out/libonce_cell-2ad934dc7da92e31.rmeta --extern serde=/opt/rustwide/target/debug/build/serde/3a3c28ec62d3b262/out/libserde-3a3c28ec62d3b262.rmeta --extern serde_json=/opt/rustwide/target/debug/build/serde_json/12243289fc97134b/out/libserde_json-12243289fc97134b.rmeta --extern strum=/opt/rustwide/target/debug/build/strum/771bd2a9d5c660fa/out/libstrum-771bd2a9d5c660fa.rmeta --extern strum_macros=/opt/rustwide/target/debug/build/strum_macros/00edd557255fbbde/out/libstrum_macros-00edd557255fbbde.so --extern thiserror=/opt/rustwide/target/debug/build/thiserror/4bc4a4b2a7734aa1/out/libthiserror-4bc4a4b2a7734aa1.rmeta --cap-lints=forbid --force-warn=unused_crate_dependencies` (signal: 9, SIGKILL: kill)
[INFO] [stderr] warning: build failed, waiting for other jobs to finish...
[INFO] [stderr] warning: chainlist-rs@0.1.2: Failed to download https://chainid.network/chains.json: error sending request for url (https://chainid.network/chains.json)
[INFO] [stderr] warning: chainlist-rs@0.1.2: Network download failed, using local chains.json at "/opt/rustwide/workdir/data/chains.json"
[INFO] [stderr] error: could not compile `chainlist-rs` (lib)
[INFO] [stderr] 
[INFO] [stderr] Caused by:
[INFO] [stderr]   process didn't exit successfully: `/opt/rustwide/rustup-home/toolchains/3154cc1a3e6424e44f438a95007d043ed5ceaaf6/bin/rustc --crate-name chainlist_rs --edition=2021 src/lib.rs --error-format=json --json=diagnostic-rendered-ansi,artifacts,future-incompat,unused-externs-silent --crate-type lib --emit=dep-info,metadata -C embed-bitcode=no -C debuginfo=2 --check-cfg 'cfg(docsrs,test)' --check-cfg 'cfg(feature, values())' -C metadata=9e84f79a3f0b185f -C extra-filename=-d784827c78b7480f --out-dir /opt/rustwide/target/debug/build/chainlist-rs/d784827c78b7480f/out -L dependency=/opt/rustwide/target/debug/build/bytes/59aeeb57213c82dc/out -L dependency=/opt/rustwide/target/debug/build/cfg-if/190c9021fd162845/out -L dependency=/opt/rustwide/target/debug/build/const-hex/6742faf0744cf940/out -L dependency=/opt/rustwide/target/debug/build/cpufeatures/1ae956ba346ebd12/out -L dependency=/opt/rustwide/target/debug/build/crunchy/0885f6cedd1c0589/out -L dependency=/opt/rustwide/target/debug/build/derive_more/252a2f007244999d/out -L dependency=/opt/rustwide/target/debug/build/hex-literal/405d3ae16531c1e8/out -L dependency=/opt/rustwide/target/debug/build/itoa/aa1c64fbdc4f12a7/out -L dependency=/opt/rustwide/target/debug/build/memchr/c13007f728075df8/out -L dependency=/opt/rustwide/target/debug/build/ruint-macro/ce3e92a1ea88db0c/out -L dependency=/opt/rustwide/target/debug/build/ruint/c2fd2b5ea7cb98a8/out -L dependency=/opt/rustwide/target/debug/build/ryu/e5cf39b0424d7e5c/out -L dependency=/opt/rustwide/target/debug/build/serde_core/c4530b55da017d9d/out -L dependency=/opt/rustwide/target/debug/build/serde_derive/d1d0a2525a00aebe/out -L dependency=/opt/rustwide/target/debug/build/thiserror-impl/2d9ff23f5d4580ef/out -L dependency=/opt/rustwide/target/debug/build/tiny-keccak/61e518da257440e5/out --extern alloy_primitives=/opt/rustwide/target/debug/build/alloy-primitives/dff2d76523828fff/out/liballoy_primitives-dff2d76523828fff.rmeta --extern once_cell=/opt/rustwide/target/debug/build/once_cell/2ad934dc7da92e31/out/libonce_cell-2ad934dc7da92e31.rmeta --extern serde=/opt/rustwide/target/debug/build/serde/3a3c28ec62d3b262/out/libserde-3a3c28ec62d3b262.rmeta --extern serde_json=/opt/rustwide/target/debug/build/serde_json/12243289fc97134b/out/libserde_json-12243289fc97134b.rmeta --extern strum=/opt/rustwide/target/debug/build/strum/771bd2a9d5c660fa/out/libstrum-771bd2a9d5c660fa.rmeta --extern strum_macros=/opt/rustwide/target/debug/build/strum_macros/00edd557255fbbde/out/libstrum_macros-00edd557255fbbde.so --extern thiserror=/opt/rustwide/target/debug/build/thiserror/4bc4a4b2a7734aa1/out/libthiserror-4bc4a4b2a7734aa1.rmeta --cap-lints=forbid --force-warn=unused_crate_dependencies` (signal: 9, SIGKILL: kill)
[INFO] running `Command { std: "docker" "inspect" "586d15e93a4b5303c4a727de505c93f12325f1a32572ad4d79268f5369af8cd4", kill_on_drop: false }`
[INFO] running `Command { std: "docker" "rm" "-f" "586d15e93a4b5303c4a727de505c93f12325f1a32572ad4d79268f5369af8cd4", kill_on_drop: false }`
[INFO] [stdout] 586d15e93a4b5303c4a727de505c93f12325f1a32572ad4d79268f5369af8cd4
