[INFO] fetching crate cgfx-wgpu 0.1.0...
[INFO] checking cgfx-wgpu-0.1.0 against 3154cc1a3e6424e44f438a95007d043ed5ceaaf6+rustflags=-Znext-solver=coherence for pr-133502-30
[INFO] extracting crate cgfx-wgpu 0.1.0 into /workspace/builds/worker-5-tc1/source
[INFO] started tweaking crates.io crate cgfx-wgpu 0.1.0
[INFO] removed 0 missing examples
[INFO] finished tweaking crates.io crate cgfx-wgpu 0.1.0
[INFO] tweaked toml for crates.io crate cgfx-wgpu 0.1.0 written to /workspace/builds/worker-5-tc1/source/Cargo.toml
[INFO] validating manifest of crates.io crate cgfx-wgpu 0.1.0 on toolchain 3154cc1a3e6424e44f438a95007d043ed5ceaaf6
[INFO] running `Command { std: CARGO_HOME="/workspace/cargo-home" RUSTUP_HOME="/workspace/rustup-home" "/workspace/cargo-home/bin/cargo" "+3154cc1a3e6424e44f438a95007d043ed5ceaaf6" "metadata" "--manifest-path" "Cargo.toml" "--no-deps", kill_on_drop: false }`
[INFO] crate crates.io crate cgfx-wgpu 0.1.0 already has a lockfile, it will not be regenerated
[INFO] running `Command { std: CARGO_HOME="/workspace/cargo-home" RUSTUP_HOME="/workspace/rustup-home" "/workspace/cargo-home/bin/cargo" "+3154cc1a3e6424e44f438a95007d043ed5ceaaf6" "fetch" "--manifest-path" "Cargo.toml", kill_on_drop: false }`
[INFO] [stderr]     Updating crates.io index
[INFO] [stderr]  Downloading crates ...
[INFO] [stderr]   Downloaded cgfx-parser v0.1.0
[INFO] [stderr]   Downloaded cgfx-renderer v0.1.0
[INFO] running `Command { std: "docker" "create" "-v" "/var/lib/crater-agent-workspace/builds/worker-5-tc1/source:/opt/rustwide/workdir:ro,Z" "-v" "/var/lib/crater-agent-workspace/builds/worker-5-tc1/target:/opt/rustwide/target:rw,Z" "-v" "/var/lib/crater-agent-workspace/cargo-home:/opt/rustwide/cargo-home:ro,Z" "-v" "/var/lib/crater-agent-workspace/rustup-home:/opt/rustwide/rustup-home:ro,Z" "-m" "1610612736" "--network" "none" "ghcr.io/rust-lang/crates-build-env/linux@sha256:77db811e55d90add9212f6832c23229e3de5f1c1f9905e8cb07319ea15df73ac" "sleep" "infinity", kill_on_drop: false }`
[INFO] [stdout] 8747c1a0539f3c3ac3575f3dcb31da560e19c19e77ba0578c3b00a520eb369ff
[INFO] running `Command { std: "docker" "start" "8747c1a0539f3c3ac3575f3dcb31da560e19c19e77ba0578c3b00a520eb369ff", kill_on_drop: false }`
[INFO] running `Command { std: "docker" "inspect" "8747c1a0539f3c3ac3575f3dcb31da560e19c19e77ba0578c3b00a520eb369ff", kill_on_drop: false }`
[INFO] running `Command { std: "docker" "exec" "-e" "SOURCE_DIR=/opt/rustwide/workdir" "-e" "CARGO_HOME=/opt/rustwide/cargo-home" "-e" "RUSTUP_HOME=/opt/rustwide/rustup-home" "-e" "CARGO_TARGET_DIR=/opt/rustwide/target" "-w" "/opt/rustwide/workdir" "--user" "0:0" "8747c1a0539f3c3ac3575f3dcb31da560e19c19e77ba0578c3b00a520eb369ff" "/opt/rustwide/cargo-home/bin/cargo" "+3154cc1a3e6424e44f438a95007d043ed5ceaaf6" "metadata" "--no-deps" "--format-version=1", kill_on_drop: false }`
[INFO] running `Command { std: "docker" "inspect" "8747c1a0539f3c3ac3575f3dcb31da560e19c19e77ba0578c3b00a520eb369ff", kill_on_drop: false }`
[INFO] running `Command { std: "docker" "exec" "-e" "SOURCE_DIR=/opt/rustwide/workdir" "-e" "CARGO_HOME=/opt/rustwide/cargo-home" "-e" "RUSTUP_HOME=/opt/rustwide/rustup-home" "-e" "CARGO_TARGET_DIR=/opt/rustwide/target" "-e" "CARGO_INCREMENTAL=0" "-e" "RUST_BACKTRACE=full" "-e" "RUSTFLAGS=--cap-lints=forbid -Znext-solver=coherence" "-e" "RUSTDOCFLAGS=--cap-lints=forbid" "-w" "/opt/rustwide/workdir" "--user" "0:0" "8747c1a0539f3c3ac3575f3dcb31da560e19c19e77ba0578c3b00a520eb369ff" "/opt/rustwide/cargo-home/bin/cargo" "+3154cc1a3e6424e44f438a95007d043ed5ceaaf6" "check" "--frozen" "--all" "--all-targets" "--message-format=json", kill_on_drop: false }`
[INFO] [stderr]    Compiling wayland-sys v0.31.11
[INFO] [stderr]    Compiling bytemuck_derive v1.11.0
[INFO] [stderr]    Compiling syn v3.0.3
[INFO] [stderr]    Compiling cc v1.4.0
[INFO] [stderr]    Compiling zerocopy v0.8.55
[INFO] [stderr]    Compiling thiserror v2.0.19
[INFO] [stderr]    Compiling num-traits v0.2.19
[INFO] [stderr]    Compiling zerocopy-derive v0.8.55
[INFO] [stderr]    Compiling naga v29.0.4
[INFO] [stderr]     Checking bit-vec v0.9.1
[INFO] [stderr]     Checking codespan-reporting v0.13.1
[INFO] [stderr]     Checking indexmap v2.14.0
[INFO] [stderr]     Checking bit-set v0.9.1
[INFO] [stderr]     Checking spirv v0.4.0+sdk-1.4.341.0
[INFO] [stderr]     Checking parking_lot_core v0.9.12
[INFO] [stderr]    Compiling wgpu-hal v29.0.4
[INFO] [stderr]    Compiling thiserror-impl v1.0.69
[INFO] [stderr]     Checking gpu-descriptor-types v0.2.0
[INFO] [stderr]     Checking rustix v0.38.44
[INFO] [stderr]     Checking bytemuck v1.25.2
[INFO] [stderr]     Checking gpu-descriptor v0.3.2
[INFO] [stderr]     Checking ordered-float v5.3.0
[INFO] [stderr]     Checking wgpu-types v29.0.4
[INFO] [stderr]     Checking parking_lot v0.12.5
[INFO] [stderr]     Checking khronos-egl v6.0.0
[INFO] [stderr]    Compiling wayland-backend v0.3.16
[INFO] [stderr]     Checking glow v0.17.0
[INFO] [stderr]    Compiling wgpu-core v29.0.4
[INFO] [stderr]     Checking thiserror v1.0.69
[INFO] [stderr]     Checking tiny-skia-path v0.11.4
[INFO] [stderr]     Checking nom v8.0.0
[INFO] [stderr]     Checking memmap2 v0.9.11
[INFO] [stderr]    Compiling wgpu v29.0.4
[INFO] [stderr]     Checking wayland-client v0.31.15
[INFO] [stderr]    Compiling thiserror-impl v2.0.19
[INFO] [stderr]     Checking wayland-csd-frame v0.3.0
[INFO] [stderr]     Checking tiny-skia v0.11.4
[INFO] [stderr]     Checking tracing-core v0.1.36
[INFO] [stderr]     Checking glam v0.33.2
[INFO] [stderr]     Checking tracing v0.1.44
[INFO] [stderr]     Checking x11rb v0.13.2
[INFO] [stderr]     Checking calloop v0.13.0
[INFO] [stderr]     Checking wayland-protocols v0.32.13
[INFO] [stderr]     Checking wayland-cursor v0.31.14
[INFO] [stderr]     Checking gpu-allocator v0.28.0
[INFO] [stderr]     Checking x11-dl v2.21.0
[INFO] [stderr]     Checking calloop-wayland-source v0.3.0
[INFO] [stderr]     Checking xkbcommon-dl v0.4.2
[INFO] [stderr]     Checking pollster v1.0.1
[INFO] [stderr]     Checking cgfx-parser v0.1.0
[INFO] [stderr]     Checking half v2.7.1
[INFO] [stderr]     Checking ahash v0.8.12
[INFO] [stderr]     Checking wayland-protocols-wlr v0.3.12
[INFO] [stderr]     Checking wayland-protocols-plasma v0.3.12
[INFO] [stderr]     Checking smithay-client-toolkit v0.19.2
[INFO] [stderr]     Checking cgfx-renderer v0.1.0
[INFO] [stderr]     Checking sctk-adwaita v0.10.1
[INFO] [stderr]     Checking winit v0.30.13
[INFO] [stderr]     Checking wgpu-naga-bridge v29.0.4
[INFO] [stderr]     Checking wgpu-core-deps-windows-linux-android v29.0.4
[INFO] [stderr]     Checking cgfx-wgpu v0.1.0 (/opt/rustwide/workdir)
[INFO] [stdout] error: couldn't read `src/../../../animal_crossing_new_leaf_cgfx/entry_00.cgfx`: No such file or directory (os error 2)
[INFO] [stdout]     --> src/gpu.rs:2649:44
[INFO] [stdout]      |
[INFO] [stdout] 2649 |           let cgfx = cgfx_parser::parse_cgfx(include_bytes!(
[INFO] [stdout]      |  ____________________________________________^
[INFO] [stdout] 2650 | |             "../../../animal_crossing_new_leaf_cgfx/entry_00.cgfx"
[INFO] [stdout] 2651 | |         ))
[INFO] [stdout]      | |_________^
[INFO] [stdout] 
[INFO] [stdout] 
[INFO] [stdout] error: couldn't read `src/../../../fates_cgfx/entry_00.cgfx`: No such file or directory (os error 2)
[INFO] [stdout]     --> src/gpu.rs:2672:37
[INFO] [stdout]      |
[INFO] [stdout] 2672 |             cgfx_parser::parse_cgfx(include_bytes!("../../../fates_cgfx/entry_00.cgfx")).unwrap();
[INFO] [stdout]      |                                     ^^^^^^^^^^^^^^^^^^^^^^^^^^^^^^^^^^^^^^^^^^^^^^^^^^^
[INFO] [stdout] 
[INFO] [stdout] 
[INFO] [stdout] error: couldn't read `src/../../../fates_cgfx/entry_00.cgfx`: No such file or directory (os error 2)
[INFO] [stdout]     --> src/gpu.rs:2686:37
[INFO] [stdout]      |
[INFO] [stdout] 2686 |             cgfx_parser::parse_cgfx(include_bytes!("../../../fates_cgfx/entry_00.cgfx")).unwrap();
[INFO] [stdout]      |                                     ^^^^^^^^^^^^^^^^^^^^^^^^^^^^^^^^^^^^^^^^^^^^^^^^^^^
[INFO] [stdout] 
[INFO] [stdout] 
[INFO] [stdout] error: couldn't read `src/../../../awakening_cgfx/entry_00.cgfx`: No such file or directory (os error 2)
[INFO] [stdout]     --> src/gpu.rs:2712:44
[INFO] [stdout]      |
[INFO] [stdout] 2712 |         let cgfx = cgfx_parser::parse_cgfx(include_bytes!("../../../awakening_cgfx/entry_00.cgfx"))
[INFO] [stdout]      |                                            ^^^^^^^^^^^^^^^^^^^^^^^^^^^^^^^^^^^^^^^^^^^^^^^^^^^^^^^
[INFO] [stdout] 
[INFO] [stdout] 
[INFO] [stdout] error: couldn't read `src/../../../detective_pikachu_cgfx/entry_00.cgfx`: No such file or directory (os error 2)
[INFO] [stdout]     --> src/gpu.rs:2757:44
[INFO] [stdout]      |
[INFO] [stdout] 2757 |           let cgfx = cgfx_parser::parse_cgfx(include_bytes!(
[INFO] [stdout]      |  ____________________________________________^
[INFO] [stdout] 2758 | |             "../../../detective_pikachu_cgfx/entry_00.cgfx"
[INFO] [stdout] 2759 | |         ))
[INFO] [stdout]      | |_________^
[INFO] [stdout] 
[INFO] [stdout] 
[INFO] [stderr] error: could not compile `cgfx-wgpu` (lib test) due to 5 previous errors
[INFO] [stderr] warning: build failed, waiting for other jobs to finish...
[INFO] [stdout] error[E0599]: no method named `present` found for struct `wgpu::Queue` in the current scope
[INFO] [stdout]    --> examples/viewer.rs:349:20
[INFO] [stdout]     |
[INFO] [stdout] 349 |         self.queue.present(frame);
[INFO] [stdout]     |                    ^^^^^^^ method not found in `wgpu::Queue`
[INFO] [stdout] 
[INFO] [stdout] 
[INFO] [stdout] error[E0277]: the `?` operator can only be applied to values that implement `Try`
[INFO] [stdout]    --> examples/headless.rs:159:18
[INFO] [stdout]     |
[INFO] [stdout] 159 |     let mapped = readback.slice(..).get_mapped_range()?;
[INFO] [stdout]     |                  ^^^^^^^^^^^^^^^^^^^^^^^^^^^^^^^^^^^^^^ the `?` operator cannot be applied to type `BufferView`
[INFO] [stdout]     |
[INFO] [stdout]     = help: the nightly-only, unstable trait `Try` is not implemented for `BufferView`
[INFO] [stdout] 
[INFO] [stdout] 
[INFO] [stdout] warning: method call on a diverging inference variable
[INFO] [stdout]    --> examples/headless.rs:164:10
[INFO] [stdout]     |
[INFO] [stdout] 164 |         .chunks_exact(bytes_per_row as usize)
[INFO] [stdout]     |          ^^^^^^^^^^^^
[INFO] [stdout]     |
[INFO] [stdout]     = help: consider providing a type annotation
[INFO] [stdout]     = warning: this was previously accepted by the compiler but is being phased out; it will become a hard error in a future release!
[INFO] [stdout]     = note: for more information, see issue #156047 <https://github.com/rust-lang/rust/issues/156047>
[INFO] [stdout]     = note: `#[warn(method_call_on_diverging_infer_var)]` (part of `#[warn(future_incompatible)]`) on by default
[INFO] [stdout] 
[INFO] [stdout] 
[INFO] [stdout] For more information about this error, try `rustc --explain E0599`.
[INFO] [stdout] 
[INFO] [stdout] error[E0599]: no method named `chunks_exact` found for type `!` in the current scope
[INFO] [stdout]    --> examples/headless.rs:164:10
[INFO] [stdout]     |
[INFO] [stdout] 163 |     let drawn_pixels = mapped
[INFO] [stdout] 164 |         .chunks_exact(bytes_per_row as usize)
[INFO] [stdout]     |          ^^^^^^^^^^^^ method not found in `!`
[INFO] [stdout] 
[INFO] [stdout] 
[INFO] [stderr] error: could not compile `cgfx-wgpu` (example "viewer") due to 1 previous error
[INFO] [stdout] warning: unreachable call
[INFO] [stdout]    --> examples/headless.rs:178:5
[INFO] [stdout]     |
[INFO] [stdout] 178 |     drop(mapped);
[INFO] [stdout]     |     ^^^^ ------ any code following this expression is unreachable
[INFO] [stdout]     |     |
[INFO] [stdout]     |     unreachable call
[INFO] [stdout]     |
[INFO] [stdout]     = note: `#[warn(unreachable_code)]` (part of `#[warn(unused)]`) on by default
[INFO] [stdout] 
[INFO] [stdout] 
[INFO] [stdout] Some errors have detailed explanations: E0277, E0599.
[INFO] [stdout] 
[INFO] [stdout] For more information about an error, try `rustc --explain E0277`.
[INFO] [stdout] 
[INFO] [stderr] error: could not compile `cgfx-wgpu` (example "headless") due to 2 previous errors; 3 warnings emitted
[INFO] running `Command { std: "docker" "inspect" "8747c1a0539f3c3ac3575f3dcb31da560e19c19e77ba0578c3b00a520eb369ff", kill_on_drop: false }`
[INFO] running `Command { std: "docker" "rm" "-f" "8747c1a0539f3c3ac3575f3dcb31da560e19c19e77ba0578c3b00a520eb369ff", kill_on_drop: false }`
[INFO] [stdout] 8747c1a0539f3c3ac3575f3dcb31da560e19c19e77ba0578c3b00a520eb369ff
