[INFO] fetching crate cellule-app 0.1.0...
[INFO] checking cellule-app-0.1.0 against 3154cc1a3e6424e44f438a95007d043ed5ceaaf6+rustflags=-Znext-solver=coherence for pr-133502-30
[INFO] extracting crate cellule-app 0.1.0 into /workspace/builds/worker-0-tc1/source
[INFO] started tweaking crates.io crate cellule-app 0.1.0
[INFO] removed 0 missing examples
[INFO] removed 0 missing tests
[INFO] finished tweaking crates.io crate cellule-app 0.1.0
[INFO] tweaked toml for crates.io crate cellule-app 0.1.0 written to /workspace/builds/worker-0-tc1/source/Cargo.toml
[INFO] validating manifest of crates.io crate cellule-app 0.1.0 on toolchain 3154cc1a3e6424e44f438a95007d043ed5ceaaf6
[INFO] running `Command { std: CARGO_HOME="/workspace/cargo-home" RUSTUP_HOME="/workspace/rustup-home" "/workspace/cargo-home/bin/cargo" "+3154cc1a3e6424e44f438a95007d043ed5ceaaf6" "metadata" "--manifest-path" "Cargo.toml" "--no-deps", kill_on_drop: false }`
[INFO] crate crates.io crate cellule-app 0.1.0 already has a lockfile, it will not be regenerated
[INFO] running `Command { std: CARGO_HOME="/workspace/cargo-home" RUSTUP_HOME="/workspace/rustup-home" "/workspace/cargo-home/bin/cargo" "+3154cc1a3e6424e44f438a95007d043ed5ceaaf6" "fetch" "--manifest-path" "Cargo.toml", kill_on_drop: false }`
[INFO] [stderr]     Updating crates.io index
[INFO] [stderr]  Downloading crates ...
[INFO] [stderr]   Downloaded yoke-derive v0.8.3
[INFO] [stderr]   Downloaded find-msvc-tools v0.1.13
[INFO] [stderr]   Downloaded lru-slab v0.1.3
[INFO] [stderr]   Downloaded cellule-types v0.1.0
[INFO] [stderr]   Downloaded protoc-bin-vendored v3.2.0
[INFO] [stderr]   Downloaded hyper-rustls v0.27.10
[INFO] [stderr]   Downloaded quinn v0.11.12
[INFO] [stderr]   Downloaded cc v1.4.7
[INFO] [stderr]   Downloaded cellule-store v0.1.0
[INFO] [stderr]   Downloaded rand v0.10.3
[INFO] [stderr]   Downloaded object_store v0.14.2
[INFO] [stderr]   Downloaded rusqlite v0.34.0
[INFO] [stderr]   Downloaded quinn-proto v0.11.18
[INFO] [stderr]   Downloaded rustls v0.23.45
[INFO] [stderr]   Downloaded cellule-ltx v0.1.0
[INFO] [stderr]   Downloaded crc-fast v1.10.0
[INFO] [stderr]   Downloaded cellule-runtime v0.1.0
[INFO] [stderr]   Downloaded protoc-bin-vendored-macos-aarch_64 v3.2.0
[INFO] [stderr]   Downloaded protoc-bin-vendored-macos-x86_64 v3.2.0
[INFO] [stderr]   Downloaded protoc-bin-vendored-linux-x86_64 v3.2.0
[INFO] [stderr]   Downloaded protoc-bin-vendored-win32 v3.2.0
[INFO] [stderr]   Downloaded protoc-bin-vendored-linux-aarch_64 v3.2.0
[INFO] [stderr]   Downloaded protoc-bin-vendored-linux-x86_32 v3.2.0
[INFO] [stderr]   Downloaded protoc-bin-vendored-linux-ppcle_64 v3.2.0
[INFO] [stderr]   Downloaded protoc-bin-vendored-linux-s390_64 v3.2.0
[INFO] [stderr]   Downloaded libsqlite3-sys v0.32.0
[INFO] running `Command { std: "docker" "create" "-v" "/var/lib/crater-agent-workspace/builds/worker-0-tc1/source:/opt/rustwide/workdir:ro,Z" "-v" "/var/lib/crater-agent-workspace/builds/worker-0-tc1/target:/opt/rustwide/target:rw,Z" "-v" "/var/lib/crater-agent-workspace/cargo-home:/opt/rustwide/cargo-home:ro,Z" "-v" "/var/lib/crater-agent-workspace/rustup-home:/opt/rustwide/rustup-home:ro,Z" "-m" "1610612736" "--network" "none" "ghcr.io/rust-lang/crates-build-env/linux@sha256:77db811e55d90add9212f6832c23229e3de5f1c1f9905e8cb07319ea15df73ac" "sleep" "infinity", kill_on_drop: false }`
[INFO] [stdout] 6f9b1eee0930a2cd9571a9df89b09d73ecf279351de94b5dd6eda2f78e4ca54a
[INFO] running `Command { std: "docker" "start" "6f9b1eee0930a2cd9571a9df89b09d73ecf279351de94b5dd6eda2f78e4ca54a", kill_on_drop: false }`
[INFO] running `Command { std: "docker" "inspect" "6f9b1eee0930a2cd9571a9df89b09d73ecf279351de94b5dd6eda2f78e4ca54a", kill_on_drop: false }`
[INFO] running `Command { std: "docker" "exec" "-e" "SOURCE_DIR=/opt/rustwide/workdir" "-e" "CARGO_HOME=/opt/rustwide/cargo-home" "-e" "RUSTUP_HOME=/opt/rustwide/rustup-home" "-e" "CARGO_TARGET_DIR=/opt/rustwide/target" "-w" "/opt/rustwide/workdir" "--user" "0:0" "6f9b1eee0930a2cd9571a9df89b09d73ecf279351de94b5dd6eda2f78e4ca54a" "/opt/rustwide/cargo-home/bin/cargo" "+3154cc1a3e6424e44f438a95007d043ed5ceaaf6" "metadata" "--no-deps" "--format-version=1", kill_on_drop: false }`
[INFO] running `Command { std: "docker" "inspect" "6f9b1eee0930a2cd9571a9df89b09d73ecf279351de94b5dd6eda2f78e4ca54a", kill_on_drop: false }`
[INFO] running `Command { std: "docker" "exec" "-e" "SOURCE_DIR=/opt/rustwide/workdir" "-e" "CARGO_HOME=/opt/rustwide/cargo-home" "-e" "RUSTUP_HOME=/opt/rustwide/rustup-home" "-e" "CARGO_TARGET_DIR=/opt/rustwide/target" "-e" "CARGO_INCREMENTAL=0" "-e" "RUST_BACKTRACE=full" "-e" "RUSTFLAGS=--cap-lints=forbid -Znext-solver=coherence" "-e" "RUSTDOCFLAGS=--cap-lints=forbid" "-w" "/opt/rustwide/workdir" "--user" "0:0" "6f9b1eee0930a2cd9571a9df89b09d73ecf279351de94b5dd6eda2f78e4ca54a" "/opt/rustwide/cargo-home/bin/cargo" "+3154cc1a3e6424e44f438a95007d043ed5ceaaf6" "check" "--frozen" "--all" "--all-targets" "--message-format=json", kill_on_drop: false }`
[INFO] [stderr]    Compiling unicode-ident v1.0.26
[INFO] [stderr]    Compiling libc v0.2.189
[INFO] [stderr]    Compiling find-msvc-tools v0.1.13
[INFO] [stderr]     Checking cfg-if v1.0.5
[INFO] [stderr]     Checking smallvec v1.16.1
[INFO] [stderr]     Checking futures-core v0.3.34
[INFO] [stderr]     Checking zeroize v1.9.0
[INFO] [stderr]     Checking futures-sink v0.3.34
[INFO] [stderr]     Checking litemap v0.8.3
[INFO] [stderr]     Checking writeable v0.6.4
[INFO] [stderr]     Checking futures-task v0.3.34
[INFO] [stderr]     Checking http v1.5.0
[INFO] [stderr]    Compiling serde_core v1.0.229
[INFO] [stderr]    Compiling icu_properties_data v2.3.0
[INFO] [stderr]    Compiling icu_normalizer_data v2.3.0
[INFO] [stderr]    Compiling proc-macro2 v1.0.107
[INFO] [stderr]    Compiling aws-lc-rs v1.18.1
[INFO] [stderr]     Checking bitflags v2.13.2
[INFO] [stderr]    Compiling serde v1.0.229
[INFO] [stderr]    Compiling rustix v1.1.5
[INFO] [stderr]     Checking indexmap v2.14.2
[INFO] [stderr]    Compiling rustls v0.23.45
[INFO] [stderr]     Checking rustls-pki-types v1.15.1
[INFO] [stderr]    Compiling anyhow v1.0.104
[INFO] [stderr]     Checking futures-channel v0.3.34
[INFO] [stderr]     Checking log v0.4.34
[INFO] [stderr]    Compiling either v1.18.0
[INFO] [stderr]     Checking sync_wrapper v1.0.2
[INFO] [stderr]     Checking hybrid-array v0.4.15
[INFO] [stderr]    Compiling zerocopy v0.8.57
[INFO] [stderr]     Checking ipnet v2.12.2
[INFO] [stderr]    Compiling num-traits v0.2.19
[INFO] [stderr]     Checking cpufeatures v0.3.1
[INFO] [stderr]    Compiling getrandom v0.4.3
[INFO] [stderr]    Compiling nix v0.31.3
[INFO] [stderr]    Compiling itertools v0.14.0
[INFO] [stderr]    Compiling schemars v0.8.22
[INFO] [stderr]    Compiling thiserror v2.0.20
[INFO] [stderr]     Checking rustls-native-certs v0.8.4
[INFO] [stderr]    Compiling regex-syntax v0.8.11
[INFO] [stderr]    Compiling quote v1.0.47
[INFO] [stderr]    Compiling bytes v1.12.1
[INFO] [stderr]     Checking chacha20 v0.10.2
[INFO] [stderr]    Compiling syn v3.0.6
[INFO] [stderr]    Compiling syn v2.0.119
[INFO] [stderr]     Checking block-buffer v0.12.1
[INFO] [stderr]     Checking http-body v1.1.0
[INFO] [stderr]     Checking http-body-util v0.1.5
[INFO] [stderr]     Checking crypto-common v0.2.2
[INFO] [stderr]     Checking spin v0.10.1
[INFO] [stderr]    Compiling fastrand v2.5.0
[INFO] [stderr]     Checking base64 v0.23.1
[INFO] [stderr]    Compiling fixedbitset v0.5.7
[INFO] [stderr]    Compiling jobserver v0.1.35
[INFO] [stderr]     Checking itertools v0.15.0
[INFO] [stderr]     Checking crc-fast v1.10.0
[INFO] [stderr]    Compiling curve25519-dalek v4.1.3
[INFO] [stderr]    Compiling protoc-bin-vendored-win32 v3.2.0
[INFO] [stderr]    Compiling cc v1.4.7
[INFO] [stderr]    Compiling petgraph v0.7.1
[INFO] [stderr]    Compiling protoc-bin-vendored-macos-aarch_64 v3.2.0
[INFO] [stderr]    Compiling protoc-bin-vendored-linux-x86_32 v3.2.0
[INFO] [stderr]    Compiling protoc-bin-vendored-linux-ppcle_64 v3.2.0
[INFO] [stderr]    Compiling multimap v0.10.1
[INFO] [stderr]    Compiling protoc-bin-vendored-macos-x86_64 v3.2.0
[INFO] [stderr]     Checking digest v0.11.3
[INFO] [stderr]    Compiling protoc-bin-vendored-linux-x86_64 v3.2.0
[INFO] [stderr]    Compiling protoc-bin-vendored-linux-s390_64 v3.2.0
[INFO] [stderr]     Checking md-5 v0.11.0
[INFO] [stderr]    Compiling protoc-bin-vendored-linux-aarch_64 v3.2.0
[INFO] [stderr]    Compiling protoc-bin-vendored v3.2.0
[INFO] [stderr]     Checking hashlink v0.10.0
[INFO] [stderr]     Checking fallible-iterator v0.3.0
[INFO] [stderr]     Checking fallible-streaming-iterator v0.1.9
[INFO] [stderr]     Checking twox-hash v2.1.4
[INFO] [stderr]     Checking signature v2.2.0
[INFO] [stderr]     Checking ed25519 v2.2.3
[INFO] [stderr]     Checking lz4_flex v0.11.6
[INFO] [stderr]     Checking sha2 v0.10.9
[INFO] [stderr]     Checking socket2 v0.6.5
[INFO] [stderr]     Checking mio v1.2.3
[INFO] [stderr]     Checking serde_json v1.0.151
[INFO] [stderr]     Checking getrandom v0.3.4
[INFO] [stderr]     Checking rand_core v0.9.5
[INFO] [stderr]    Compiling regex-automata v0.4.18
[INFO] [stderr]     Checking parking_lot_core v0.9.12
[INFO] [stderr]     Checking rand v0.10.3
[INFO] [stderr]     Checking parking_lot v0.12.5
[INFO] [stderr]    Compiling tempfile v3.27.0
[INFO] [stderr]     Checking tracing-log v0.2.0
[INFO] [stderr]     Checking thread_local v1.1.10
[INFO] [stderr]     Checking tracing-subscriber v0.3.23
[INFO] [stderr]    Compiling cmake v0.1.58
[INFO] [stderr]     Checking fs4 v0.13.1
[INFO] [stderr]    Compiling libsqlite3-sys v0.32.0
[INFO] [stderr]    Compiling blake3 v1.8.7
[INFO] [stderr]    Compiling aws-lc-sys v0.45.0
[INFO] [stderr]    Compiling regex v1.13.1
[INFO] [stderr]    Compiling synstructure v0.14.0
[INFO] [stderr]    Compiling serde_derive_internals v0.29.1
[INFO] [stderr]    Compiling prettyplease v0.2.37
[INFO] [stderr]    Compiling zerovec-derive v0.11.6
[INFO] [stderr]    Compiling displaydoc v0.2.7
[INFO] [stderr]    Compiling tokio-macros v2.7.2
[INFO] [stderr]    Compiling futures-macro v0.3.34
[INFO] [stderr]    Compiling serde_derive v1.0.229
[INFO] [stderr]    Compiling thiserror-impl v2.0.20
[INFO] [stderr]    Compiling async-trait v0.1.92
[INFO] [stderr]    Compiling zerofrom-derive v0.1.8
[INFO] [stderr]    Compiling yoke-derive v0.8.3
[INFO] [stderr]    Compiling tracing-attributes v0.1.31
[INFO] [stderr]    Compiling prost-derive v0.13.5
[INFO] [stderr]    Compiling schemars_derive v0.8.22
[INFO] [stderr]     Checking ppv-lite86 v0.2.21
[INFO] [stderr]    Compiling curve25519-dalek-derive v0.1.1
[INFO] [stderr]     Checking futures-util v0.3.34
[INFO] [stderr]     Checking rand_chacha v0.9.0
[INFO] [stderr]     Checking tokio v1.53.1
[INFO] [stderr]     Checking rand v0.9.5
[INFO] [stderr]     Checking zerofrom v0.1.8
[INFO] [stderr]     Checking tracing v0.1.44
[INFO] [stderr]     Checking yoke v0.8.3
[INFO] [stderr]     Checking zerovec v0.11.8
[INFO] [stderr]     Checking zerotrie v0.2.5
[INFO] [stderr]    Compiling prost v0.13.5
[INFO] [stderr]    Compiling prost-types v0.13.5
[INFO] [stderr]     Checking ed25519-dalek v2.2.0
[INFO] [stderr]     Checking tinystr v0.8.4
[INFO] [stderr]     Checking potential_utf v0.1.6
[INFO] [stderr]     Checking icu_collections v2.3.0
[INFO] [stderr]     Checking icu_locale_core v2.3.0
[INFO] [stderr]    Compiling prost-build v0.13.5
[INFO] [stderr]     Checking icu_provider v2.3.1
[INFO] [stderr]     Checking icu_normalizer v2.3.0
[INFO] [stderr]     Checking icu_properties v2.3.0
[INFO] [stderr]     Checking serde_urlencoded v0.7.1
[INFO] [stderr]     Checking chrono v0.4.45
[INFO] [stderr]     Checking quick-xml v0.41.0
[INFO] [stderr]    Compiling cellule-runtime v0.1.0
[INFO] [stderr]     Checking idna_adapter v1.2.2
[INFO] [stderr]     Checking cellule-types v0.1.0
[INFO] [stderr]     Checking idna v1.1.0
[INFO] [stderr]     Checking url v2.5.8
[INFO] [stderr]     Checking tokio-util v0.7.19
[INFO] [stderr]     Checking tower v0.5.3
[INFO] [stderr]     Checking tower-http v0.6.11
[INFO] [stderr]     Checking rusqlite v0.34.0
[INFO] [stderr]     Checking h2 v0.4.19
[INFO] [stderr]     Checking hyper v1.11.1
[INFO] [stderr]     Checking hyper-util v0.1.20
[INFO] [stderr]     Checking reqwest v0.12.28
[INFO] [stderr]     Checking rustls-webpki v0.103.15
[INFO] [stderr]     Checking tokio-rustls v0.26.5
[INFO] [stderr]     Checking rustls-platform-verifier v0.7.0
[INFO] [stderr]     Checking hyper-rustls v0.27.10
[INFO] [stderr]     Checking reqwest v0.13.5
[INFO] [stderr]     Checking object_store v0.14.2
[INFO] [stderr]     Checking cellule-store v0.1.0
[INFO] [stderr]     Checking cellule-ltx v0.1.0
[INFO] [stderr]     Checking cellule-app v0.1.0 (/opt/rustwide/workdir)
[INFO] [stdout] error: couldn't read `examples/../../../Cargo.lock`: No such file or directory (os error 2)
[INFO] [stdout]    --> examples/blob.rs:219:27
[INFO] [stdout]     |
[INFO] [stdout] 219 |             *blake3::hash(include_bytes!("../../../Cargo.lock")).as_bytes(),
[INFO] [stdout]     |                           ^^^^^^^^^^^^^^^^^^^^^^^^^^^^^^^^^^^^^
[INFO] [stdout]     |
[INFO] [stdout] help: there is a file with the same name in a different directory
[INFO] [stdout]     |
[INFO] [stdout] 219 -             *blake3::hash(include_bytes!("../../../Cargo.lock")).as_bytes(),
[INFO] [stdout] 219 +             *blake3::hash(include_bytes!("../Cargo.lock")).as_bytes(),
[INFO] [stdout]     |
[INFO] [stdout] 
[INFO] [stdout] 
[INFO] [stderr] error: could not compile `cellule-app` (example "blob") due to 1 previous error
[INFO] [stdout] error: couldn't read `examples/../../../Cargo.lock`: No such file or directory (os error 2)
[INFO] [stdout]    --> examples/schedules.rs:329:27
[INFO] [stdout]     |
[INFO] [stdout] 329 |             *blake3::hash(include_bytes!("../../../Cargo.lock")).as_bytes(),
[INFO] [stdout]     |                           ^^^^^^^^^^^^^^^^^^^^^^^^^^^^^^^^^^^^^
[INFO] [stdout]     |
[INFO] [stdout] help: there is a file with the same name in a different directory
[INFO] [stdout]     |
[INFO] [stdout] 329 -             *blake3::hash(include_bytes!("../../../Cargo.lock")).as_bytes(),
[INFO] [stdout] 329 +             *blake3::hash(include_bytes!("../Cargo.lock")).as_bytes(),
[INFO] [stdout]     |
[INFO] [stdout] 
[INFO] [stdout] 
[INFO] [stderr] warning: build failed, waiting for other jobs to finish...
[INFO] [stdout] error: couldn't read `examples/../../../Cargo.lock`: No such file or directory (os error 2)
[INFO] [stdout]    --> examples/sql.rs:174:27
[INFO] [stdout]     |
[INFO] [stdout] 174 |             *blake3::hash(include_bytes!("../../../Cargo.lock")).as_bytes(),
[INFO] [stdout]     |                           ^^^^^^^^^^^^^^^^^^^^^^^^^^^^^^^^^^^^^
[INFO] [stdout]     |
[INFO] [stdout] help: there is a file with the same name in a different directory
[INFO] [stdout]     |
[INFO] [stdout] 174 -             *blake3::hash(include_bytes!("../../../Cargo.lock")).as_bytes(),
[INFO] [stdout] 174 +             *blake3::hash(include_bytes!("../Cargo.lock")).as_bytes(),
[INFO] [stdout]     |
[INFO] [stdout] 
[INFO] [stdout] 
[INFO] [stdout] error: couldn't read `examples/../../../Cargo.lock`: No such file or directory (os error 2)
[INFO] [stdout]    --> examples/workflow.rs:219:27
[INFO] [stdout]     |
[INFO] [stdout] 219 |             *blake3::hash(include_bytes!("../../../Cargo.lock")).as_bytes(),
[INFO] [stdout]     |                           ^^^^^^^^^^^^^^^^^^^^^^^^^^^^^^^^^^^^^
[INFO] [stdout]     |
[INFO] [stdout] help: there is a file with the same name in a different directory
[INFO] [stdout]     |
[INFO] [stdout] 219 -             *blake3::hash(include_bytes!("../../../Cargo.lock")).as_bytes(),
[INFO] [stdout] 219 +             *blake3::hash(include_bytes!("../Cargo.lock")).as_bytes(),
[INFO] [stdout]     |
[INFO] [stdout] 
[INFO] [stdout] 
[INFO] [stdout] error: couldn't read `examples/../../../Cargo.lock`: No such file or directory (os error 2)
[INFO] [stdout]    --> examples/basic.rs:290:27
[INFO] [stdout]     |
[INFO] [stdout] 290 |             *blake3::hash(include_bytes!("../../../Cargo.lock")).as_bytes(),
[INFO] [stdout]     |                           ^^^^^^^^^^^^^^^^^^^^^^^^^^^^^^^^^^^^^
[INFO] [stdout]     |
[INFO] [stdout] help: there is a file with the same name in a different directory
[INFO] [stdout]     |
[INFO] [stdout] 290 -             *blake3::hash(include_bytes!("../../../Cargo.lock")).as_bytes(),
[INFO] [stdout] 290 +             *blake3::hash(include_bytes!("../Cargo.lock")).as_bytes(),
[INFO] [stdout]     |
[INFO] [stdout] 
[INFO] [stdout] 
[INFO] [stderr] error: could not compile `cellule-app` (example "sql") due to 1 previous error
[INFO] [stderr] error: could not compile `cellule-app` (example "workflow") due to 1 previous error
[INFO] [stdout] error[E0432]: unresolved import `cellule_host`
[INFO] [stdout]  --> tests/host/rollout.rs:5:5
[INFO] [stdout]   |
[INFO] [stdout] 5 | use cellule_host::CellNodeBuilder;
[INFO] [stdout]   |     ^^^^^^^^^^^^ use of unresolved module or unlinked crate `cellule_host`
[INFO] [stdout]   |
[INFO] [stdout] help: there is a crate or module with a similar name
[INFO] [stdout]   |
[INFO] [stdout] 5 - use cellule_host::CellNodeBuilder;
[INFO] [stdout] 5 + use cellule_app::CellNodeBuilder;
[INFO] [stdout]   |
[INFO] [stdout] 
[INFO] [stdout] 
[INFO] [stdout] error[E0432]: unresolved import `cellule_host`
[INFO] [stdout]   --> tests/performance_fixture.rs:10:5
[INFO] [stdout]    |
[INFO] [stdout] 10 | use cellule_host::{CellNode, CellNodeBuilder};
[INFO] [stdout]    |     ^^^^^^^^^^^^ use of unresolved module or unlinked crate `cellule_host`
[INFO] [stdout]    |
[INFO] [stdout] help: there is a crate or module with a similar name
[INFO] [stdout]    |
[INFO] [stdout] 10 - use cellule_host::{CellNode, CellNodeBuilder};
[INFO] [stdout] 10 + use cellule_app::{CellNode, CellNodeBuilder};
[INFO] [stdout]    |
[INFO] [stdout] 
[INFO] [stdout] 
[INFO] [stdout] error[E0432]: unresolved import `cellule_host`
[INFO] [stdout]  --> tests/process_node.rs:5:5
[INFO] [stdout]   |
[INFO] [stdout] 5 | use cellule_host::{CellNode, CellNodeBuilder};
[INFO] [stdout]   |     ^^^^^^^^^^^^ use of unresolved module or unlinked crate `cellule_host`
[INFO] [stdout]   |
[INFO] [stdout] help: there is a crate or module with a similar name
[INFO] [stdout]   |
[INFO] [stdout] 5 - use cellule_host::{CellNode, CellNodeBuilder};
[INFO] [stdout] 5 + use cellule_app::{CellNode, CellNodeBuilder};
[INFO] [stdout]   |
[INFO] [stdout] 
[INFO] [stdout] 
[INFO] [stderr] error: could not compile `cellule-app` (example "basic") due to 1 previous error
[INFO] [stderr] error: could not compile `cellule-app` (example "schedules") due to 1 previous error
[INFO] [stdout] error[E0433]: cannot find module or crate `cellule_host` in this scope
[INFO] [stdout]   --> tests/fleet.rs:22:9
[INFO] [stdout]    |
[INFO] [stdout] 22 |     Arc<cellule_host::read_replicas::ReadReplicaManager>,
[INFO] [stdout]    |         ^^^^^^^^^^^^ use of unresolved module or unlinked crate `cellule_host`
[INFO] [stdout]    |
[INFO] [stdout] help: there is a crate or module with a similar name
[INFO] [stdout]    |
[INFO] [stdout] 22 -     Arc<cellule_host::read_replicas::ReadReplicaManager>,
[INFO] [stdout] 22 +     Arc<cellule_app::read_replicas::ReadReplicaManager>,
[INFO] [stdout]    |
[INFO] [stdout] 
[INFO] [stdout] 
[INFO] [stdout] error[E0433]: cannot find module or crate `cellule_host` in this scope
[INFO] [stdout]    --> tests/host/replicas.rs:131:16
[INFO] [stdout]     |
[INFO] [stdout] 131 |     let node = cellule_host::CellNodeBuilder::new(application)
[INFO] [stdout]     |                ^^^^^^^^^^^^ use of unresolved module or unlinked crate `cellule_host`
[INFO] [stdout]     |
[INFO] [stdout] help: there is a crate or module with a similar name
[INFO] [stdout]     |
[INFO] [stdout] 131 -     let node = cellule_host::CellNodeBuilder::new(application)
[INFO] [stdout] 131 +     let node = cellule_app::CellNodeBuilder::new(application)
[INFO] [stdout]     |
[INFO] [stdout] 
[INFO] [stdout] 
[INFO] [stdout] error[E0433]: cannot find module or crate `cellule_host` in this scope
[INFO] [stdout]    --> tests/host/replicas.rs:282:16
[INFO] [stdout]     |
[INFO] [stdout] 282 |     let node = cellule_host::CellNodeBuilder::new(Arc::clone(&application))
[INFO] [stdout]     |                ^^^^^^^^^^^^ use of unresolved module or unlinked crate `cellule_host`
[INFO] [stdout]     |
[INFO] [stdout] help: there is a crate or module with a similar name
[INFO] [stdout]     |
[INFO] [stdout] 282 -     let node = cellule_host::CellNodeBuilder::new(Arc::clone(&application))
[INFO] [stdout] 282 +     let node = cellule_app::CellNodeBuilder::new(Arc::clone(&application))
[INFO] [stdout]     |
[INFO] [stdout] 
[INFO] [stdout] 
[INFO] [stdout] error[E0433]: cannot find module or crate `cellule_host` in this scope
[INFO] [stdout]   --> tests/process_node.rs:28:5
[INFO] [stdout]    |
[INFO] [stdout] 28 |     cellule_host::read_replicas::ReadReplicaManager,
[INFO] [stdout]    |     ^^^^^^^^^^^^ use of unresolved module or unlinked crate `cellule_host`
[INFO] [stdout]    |
[INFO] [stdout] help: there is a crate or module with a similar name
[INFO] [stdout]    |
[INFO] [stdout] 28 -     cellule_host::read_replicas::ReadReplicaManager,
[INFO] [stdout] 28 +     cellule_app::read_replicas::ReadReplicaManager,
[INFO] [stdout]    |
[INFO] [stdout] 
[INFO] [stdout] 
[INFO] [stdout] error[E0433]: cannot find module or crate `cellule_host` in this scope
[INFO] [stdout]   --> tests/entities.rs:63:12
[INFO] [stdout]    |
[INFO] [stdout] 63 |     host: &cellule_host::CellNode,
[INFO] [stdout]    |            ^^^^^^^^^^^^ use of unresolved module or unlinked crate `cellule_host`
[INFO] [stdout]    |
[INFO] [stdout] help: there is a crate or module with a similar name
[INFO] [stdout]    |
[INFO] [stdout] 63 -     host: &cellule_host::CellNode,
[INFO] [stdout] 63 +     host: &cellule_app::CellNode,
[INFO] [stdout]    |
[INFO] [stdout] 
[INFO] [stdout] 
[INFO] [stdout] error[E0433]: cannot find module or crate `cellule_host` in this scope
[INFO] [stdout]   --> tests/entities/process/observation.rs:59:16
[INFO] [stdout]    |
[INFO] [stdout] 59 |         host: &cellule_host::CellNode,
[INFO] [stdout]    |                ^^^^^^^^^^^^ use of unresolved module or unlinked crate `cellule_host`
[INFO] [stdout]    |
[INFO] [stdout] help: there is a crate or module with a similar name
[INFO] [stdout]    |
[INFO] [stdout] 59 -         host: &cellule_host::CellNode,
[INFO] [stdout] 59 +         host: &cellule_app::CellNode,
[INFO] [stdout]    |
[INFO] [stdout] 
[INFO] [stdout] 
[INFO] [stdout] Some errors have detailed explanations: E0432, E0433.
[INFO] [stdout] 
[INFO] [stdout] For more information about an error, try `rustc --explain E0432`.
[INFO] [stdout] 
[INFO] [stderr] error: could not compile `cellule-app` (test "integration") due to 9 previous errors
[INFO] running `Command { std: "docker" "inspect" "6f9b1eee0930a2cd9571a9df89b09d73ecf279351de94b5dd6eda2f78e4ca54a", kill_on_drop: false }`
[INFO] running `Command { std: "docker" "rm" "-f" "6f9b1eee0930a2cd9571a9df89b09d73ecf279351de94b5dd6eda2f78e4ca54a", kill_on_drop: false }`
[INFO] [stdout] 6f9b1eee0930a2cd9571a9df89b09d73ecf279351de94b5dd6eda2f78e4ca54a
