[INFO] fetching crate cbvault 0.1.4...
[INFO] checking cbvault-0.1.4 against 3154cc1a3e6424e44f438a95007d043ed5ceaaf6+rustflags=-Znext-solver=coherence for pr-133502-30
[INFO] extracting crate cbvault 0.1.4 into /workspace/builds/worker-3-tc1/source
[INFO] started tweaking crates.io crate cbvault 0.1.4
[INFO] removed 0 missing examples
[INFO] removed 0 missing tests
[INFO] finished tweaking crates.io crate cbvault 0.1.4
[INFO] tweaked toml for crates.io crate cbvault 0.1.4 written to /workspace/builds/worker-3-tc1/source/Cargo.toml
[INFO] validating manifest of crates.io crate cbvault 0.1.4 on toolchain 3154cc1a3e6424e44f438a95007d043ed5ceaaf6
[INFO] running `Command { std: CARGO_HOME="/workspace/cargo-home" RUSTUP_HOME="/workspace/rustup-home" "/workspace/cargo-home/bin/cargo" "+3154cc1a3e6424e44f438a95007d043ed5ceaaf6" "metadata" "--manifest-path" "Cargo.toml" "--no-deps", kill_on_drop: false }`
[INFO] crate crates.io crate cbvault 0.1.4 already has a lockfile, it will not be regenerated
[INFO] running `Command { std: CARGO_HOME="/workspace/cargo-home" RUSTUP_HOME="/workspace/rustup-home" "/workspace/cargo-home/bin/cargo" "+3154cc1a3e6424e44f438a95007d043ed5ceaaf6" "fetch" "--manifest-path" "Cargo.toml", kill_on_drop: false }`
[INFO] [stderr]     Updating crates.io index
[INFO] [stderr]  Downloading crates ...
[INFO] [stderr]   Downloaded cbvault-format v0.1.4
[INFO] [stderr]   Downloaded cbvault-chess v0.1.4
[INFO] [stderr]   Downloaded gigachess v0.1.9
[INFO] running `Command { std: "docker" "create" "-v" "/var/lib/crater-agent-workspace/builds/worker-3-tc1/source:/opt/rustwide/workdir:ro,Z" "-v" "/var/lib/crater-agent-workspace/builds/worker-3-tc1/target:/opt/rustwide/target:rw,Z" "-v" "/var/lib/crater-agent-workspace/cargo-home:/opt/rustwide/cargo-home:ro,Z" "-v" "/var/lib/crater-agent-workspace/rustup-home:/opt/rustwide/rustup-home:ro,Z" "-m" "1610612736" "--network" "none" "ghcr.io/rust-lang/crates-build-env/linux@sha256:77db811e55d90add9212f6832c23229e3de5f1c1f9905e8cb07319ea15df73ac" "sleep" "infinity", kill_on_drop: false }`
[INFO] [stdout] aa46ce0998155e5b8670bdc76a22d27bd4f4abb2b7b0784705a0ff52da4e765c
[INFO] running `Command { std: "docker" "start" "aa46ce0998155e5b8670bdc76a22d27bd4f4abb2b7b0784705a0ff52da4e765c", kill_on_drop: false }`
[INFO] running `Command { std: "docker" "inspect" "aa46ce0998155e5b8670bdc76a22d27bd4f4abb2b7b0784705a0ff52da4e765c", kill_on_drop: false }`
[INFO] running `Command { std: "docker" "exec" "-e" "SOURCE_DIR=/opt/rustwide/workdir" "-e" "CARGO_HOME=/opt/rustwide/cargo-home" "-e" "RUSTUP_HOME=/opt/rustwide/rustup-home" "-e" "CARGO_TARGET_DIR=/opt/rustwide/target" "-w" "/opt/rustwide/workdir" "--user" "0:0" "aa46ce0998155e5b8670bdc76a22d27bd4f4abb2b7b0784705a0ff52da4e765c" "/opt/rustwide/cargo-home/bin/cargo" "+3154cc1a3e6424e44f438a95007d043ed5ceaaf6" "metadata" "--no-deps" "--format-version=1", kill_on_drop: false }`
[INFO] running `Command { std: "docker" "inspect" "aa46ce0998155e5b8670bdc76a22d27bd4f4abb2b7b0784705a0ff52da4e765c", kill_on_drop: false }`
[INFO] running `Command { std: "docker" "exec" "-e" "SOURCE_DIR=/opt/rustwide/workdir" "-e" "CARGO_HOME=/opt/rustwide/cargo-home" "-e" "RUSTUP_HOME=/opt/rustwide/rustup-home" "-e" "CARGO_TARGET_DIR=/opt/rustwide/target" "-e" "CARGO_INCREMENTAL=0" "-e" "RUST_BACKTRACE=full" "-e" "RUSTFLAGS=--cap-lints=forbid -Znext-solver=coherence" "-e" "RUSTDOCFLAGS=--cap-lints=forbid" "-w" "/opt/rustwide/workdir" "--user" "0:0" "aa46ce0998155e5b8670bdc76a22d27bd4f4abb2b7b0784705a0ff52da4e765c" "/opt/rustwide/cargo-home/bin/cargo" "+3154cc1a3e6424e44f438a95007d043ed5ceaaf6" "check" "--frozen" "--all" "--all-targets" "--message-format=json", kill_on_drop: false }`
[INFO] [stderr]    Compiling zerocopy v0.8.59
[INFO] [stderr]     Checking clap_lex v1.1.1
[INFO] [stderr]     Checking regex-automata v0.4.18
[INFO] [stderr]     Checking itertools v0.10.5
[INFO] [stderr]    Compiling syn v2.0.119
[INFO] [stderr]    Compiling syn v3.0.6
[INFO] [stderr]     Checking is-terminal v0.4.17
[INFO] [stderr]     Checking cbvault-format v0.1.4
[INFO] [stderr]     Checking rayon v1.12.0
[INFO] [stderr]     Checking clap_builder v4.6.7
[INFO] [stderr]     Checking criterion-plot v0.5.0
[INFO] [stderr]     Checking clap v4.6.7
[INFO] [stderr]     Checking regex v1.13.1
[INFO] [stderr]     Checking gigachess v0.1.9
[INFO] [stderr]    Compiling serde_derive v1.0.229
[INFO] [stderr]     Checking cbvault-chess v0.1.4
[INFO] [stderr]    Compiling zerocopy-derive v0.8.59
[INFO] [stderr]     Checking cbvault v0.1.4 (/opt/rustwide/workdir)
[INFO] [stderr]     Checking serde v1.0.229
[INFO] [stderr]     Checking tinytemplate v1.2.1
[INFO] [stderr]     Checking half v2.7.1
[INFO] [stderr]     Checking ciborium-ll v0.2.2
[INFO] [stderr]     Checking ciborium v0.2.2
[INFO] [stderr]     Checking criterion v0.5.1
[INFO] [stdout] error[E0433]: cannot find module or crate `cbvault_fixtures` in this scope
[INFO] [stdout]   --> benches/phase4_export.rs:18:5
[INFO] [stdout]    |
[INFO] [stdout] 18 | use cbvault_fixtures::classic::{self, Builder, Tok};
[INFO] [stdout]    |     ^^^^^^^^^^^^^^^^ use of unresolved module or unlinked crate `cbvault_fixtures`
[INFO] [stdout]    |
[INFO] [stdout]    = help: if you wanted to use a crate named `cbvault_fixtures`, use `cargo add cbvault_fixtures` to add it to your `Cargo.toml`
[INFO] [stdout] 
[INFO] [stdout] 
[INFO] [stdout] error[E0432]: unresolved import `cbvault_fixtures`
[INFO] [stdout]   --> benches/phase4_export.rs:17:5
[INFO] [stdout]    |
[INFO] [stdout] 17 | use cbvault_fixtures::TempDb;
[INFO] [stdout]    |     ^^^^^^^^^^^^^^^^ use of unresolved module or unlinked crate `cbvault_fixtures`
[INFO] [stdout]    |
[INFO] [stdout]    = help: if you wanted to use a crate named `cbvault_fixtures`, use `cargo add cbvault_fixtures` to add it to your `Cargo.toml`
[INFO] [stdout] 
[INFO] [stdout] 
[INFO] [stdout] error[E0433]: cannot find module or crate `cbvault_fixtures` in this scope
[INFO] [stdout]  --> tests/parallel_export.rs:7:5
[INFO] [stdout]   |
[INFO] [stdout] 7 | use cbvault_fixtures::classic::{self, Builder, Tok};
[INFO] [stdout]   |     ^^^^^^^^^^^^^^^^ use of unresolved module or unlinked crate `cbvault_fixtures`
[INFO] [stdout]   |
[INFO] [stdout]   = help: if you wanted to use a crate named `cbvault_fixtures`, use `cargo add cbvault_fixtures` to add it to your `Cargo.toml`
[INFO] [stdout] 
[INFO] [stdout] 
[INFO] [stdout] error[E0432]: unresolved import `cbvault_fixtures`
[INFO] [stdout]  --> tests/parallel_export.rs:6:5
[INFO] [stdout]   |
[INFO] [stdout] 6 | use cbvault_fixtures::TempDb;
[INFO] [stdout]   |     ^^^^^^^^^^^^^^^^ use of unresolved module or unlinked crate `cbvault_fixtures`
[INFO] [stdout]   |
[INFO] [stdout]   = help: if you wanted to use a crate named `cbvault_fixtures`, use `cargo add cbvault_fixtures` to add it to your `Cargo.toml`
[INFO] [stdout] 
[INFO] [stdout] 
[INFO] [stdout] error[E0433]: cannot find module or crate `cbvault_fixtures` in this scope
[INFO] [stdout]   --> benches/phase3.rs:21:5
[INFO] [stdout]    |
[INFO] [stdout] 21 | use cbvault_fixtures::classic::{self, Builder, Tok};
[INFO] [stdout]    |     ^^^^^^^^^^^^^^^^ use of unresolved module or unlinked crate `cbvault_fixtures`
[INFO] [stdout]    |
[INFO] [stdout]    = help: if you wanted to use a crate named `cbvault_fixtures`, use `cargo add cbvault_fixtures` to add it to your `Cargo.toml`
[INFO] [stdout] 
[INFO] [stdout] 
[INFO] [stdout] error[E0432]: unresolved import `cbvault_fixtures`
[INFO] [stdout]   --> benches/phase3.rs:20:5
[INFO] [stdout]    |
[INFO] [stdout] 20 | use cbvault_fixtures::TempDb;
[INFO] [stdout]    |     ^^^^^^^^^^^^^^^^ use of unresolved module or unlinked crate `cbvault_fixtures`
[INFO] [stdout]    |
[INFO] [stdout]    = help: if you wanted to use a crate named `cbvault_fixtures`, use `cargo add cbvault_fixtures` to add it to your `Cargo.toml`
[INFO] [stdout] 
[INFO] [stdout] 
[INFO] [stdout] error[E0433]: cannot find module or crate `cbvault_fixtures` in this scope
[INFO] [stdout]   --> tests/san_split.rs:10:5
[INFO] [stdout]    |
[INFO] [stdout] 10 | use cbvault_fixtures::classic::{self, Builder, Tok};
[INFO] [stdout]    |     ^^^^^^^^^^^^^^^^ use of unresolved module or unlinked crate `cbvault_fixtures`
[INFO] [stdout]    |
[INFO] [stdout]    = help: if you wanted to use a crate named `cbvault_fixtures`, use `cargo add cbvault_fixtures` to add it to your `Cargo.toml`
[INFO] [stdout] 
[INFO] [stdout] 
[INFO] [stdout] error[E0432]: unresolved import `cbvault_fixtures`
[INFO] [stdout]  --> tests/san_split.rs:9:5
[INFO] [stdout]   |
[INFO] [stdout] 9 | use cbvault_fixtures::TempDb;
[INFO] [stdout]   |     ^^^^^^^^^^^^^^^^ use of unresolved module or unlinked crate `cbvault_fixtures`
[INFO] [stdout]   |
[INFO] [stdout]   = help: if you wanted to use a crate named `cbvault_fixtures`, use `cargo add cbvault_fixtures` to add it to your `Cargo.toml`
[INFO] [stdout] 
[INFO] [stdout] 
[INFO] [stdout] error[E0433]: cannot find module or crate `cbvault_fixtures` in this scope
[INFO] [stdout]   --> tests/wide_rule.rs:14:5
[INFO] [stdout]    |
[INFO] [stdout] 14 | use cbvault_fixtures::classic::{self, Builder, Tok};
[INFO] [stdout]    |     ^^^^^^^^^^^^^^^^ use of unresolved module or unlinked crate `cbvault_fixtures`
[INFO] [stdout]    |
[INFO] [stdout]    = help: if you wanted to use a crate named `cbvault_fixtures`, use `cargo add cbvault_fixtures` to add it to your `Cargo.toml`
[INFO] [stdout] 
[INFO] [stdout] 
[INFO] [stdout] error[E0432]: unresolved import `cbvault_fixtures`
[INFO] [stdout]   --> tests/wide_rule.rs:13:5
[INFO] [stdout]    |
[INFO] [stdout] 13 | use cbvault_fixtures::TempDb;
[INFO] [stdout]    |     ^^^^^^^^^^^^^^^^ use of unresolved module or unlinked crate `cbvault_fixtures`
[INFO] [stdout]    |
[INFO] [stdout]    = help: if you wanted to use a crate named `cbvault_fixtures`, use `cargo add cbvault_fixtures` to add it to your `Cargo.toml`
[INFO] [stdout] 
[INFO] [stdout] 
[INFO] [stdout] Some errors have detailed explanations: E0432, E0433.
[INFO] [stdout] 
[INFO] [stdout] For more information about an error, try `rustc --explain E0432`.
[INFO] [stdout] 
[INFO] [stdout] error[E0433]: cannot find module or crate `cbvault_fixtures` in this scope
[INFO] [stdout]    --> benches/bridge.rs:164:9
[INFO] [stdout]     |
[INFO] [stdout] 164 |     use cbvault_fixtures::classic::{self, Builder, Tok};
[INFO] [stdout]     |         ^^^^^^^^^^^^^^^^ use of unresolved module or unlinked crate `cbvault_fixtures`
[INFO] [stdout]     |
[INFO] [stdout]     = help: if you wanted to use a crate named `cbvault_fixtures`, use `cargo add cbvault_fixtures` to add it to your `Cargo.toml`
[INFO] [stdout] 
[INFO] [stdout] 
[INFO] [stdout] Some errors have detailed explanations: E0432, E0433.
[INFO] [stdout] 
[INFO] [stderr] error: could not compile `cbvault` (bench "phase4_export") due to 2 previous errors
[INFO] [stdout] For more information about an error, try `rustc --explain E0432`.
[INFO] [stdout] 
[INFO] [stderr] warning: build failed, waiting for other jobs to finish...
[INFO] [stdout] Some errors have detailed explanations: E0432, E0433.
[INFO] [stdout] 
[INFO] [stderr] error: could not compile `cbvault` (bench "phase3") due to 2 previous errors
[INFO] [stdout] For more information about an error, try `rustc --explain E0432`.
[INFO] [stdout] 
[INFO] [stderr] error: could not compile `cbvault` (test "parallel_export") due to 2 previous errors
[INFO] [stdout] error[E0433]: cannot find module or crate `cbvault_fixtures` in this scope
[INFO] [stdout]  --> tests/pgn.rs:6:5
[INFO] [stdout]   |
[INFO] [stdout] 6 | use cbvault_fixtures::classic::{self, Builder, Tok};
[INFO] [stdout]   |     ^^^^^^^^^^^^^^^^ use of unresolved module or unlinked crate `cbvault_fixtures`
[INFO] [stdout]   |
[INFO] [stdout]   = help: if you wanted to use a crate named `cbvault_fixtures`, use `cargo add cbvault_fixtures` to add it to your `Cargo.toml`
[INFO] [stdout] 
[INFO] [stdout] 
[INFO] [stdout] error[E0432]: unresolved import `cbvault_fixtures`
[INFO] [stdout]  --> tests/pgn.rs:5:5
[INFO] [stdout]   |
[INFO] [stdout] 5 | use cbvault_fixtures::TempDb;
[INFO] [stdout]   |     ^^^^^^^^^^^^^^^^ use of unresolved module or unlinked crate `cbvault_fixtures`
[INFO] [stdout]   |
[INFO] [stdout]   = help: if you wanted to use a crate named `cbvault_fixtures`, use `cargo add cbvault_fixtures` to add it to your `Cargo.toml`
[INFO] [stdout] 
[INFO] [stdout] 
[INFO] [stdout] Some errors have detailed explanations: E0432, E0433.
[INFO] [stdout] 
[INFO] [stdout] Some errors have detailed explanations: E0432, E0433.
[INFO] [stdout] 
[INFO] [stdout] For more information about an error, try `rustc --explain E0432`.
[INFO] [stdout] 
[INFO] [stdout] error[E0433]: cannot find module or crate `cbvault_fixtures` in this scope
[INFO] [stdout]    --> examples/convert.rs:234:9
[INFO] [stdout]     |
[INFO] [stdout] 234 |     use cbvault_fixtures::classic::{self, Builder, Tok};
[INFO] [stdout]     |         ^^^^^^^^^^^^^^^^ use of unresolved module or unlinked crate `cbvault_fixtures`
[INFO] [stdout]     |
[INFO] [stdout]     = help: if you wanted to use a crate named `cbvault_fixtures`, use `cargo add cbvault_fixtures` to add it to your `Cargo.toml`
[INFO] [stdout] 
[INFO] [stdout] 
[INFO] [stdout] For more information about an error, try `rustc --explain E0432`.
[INFO] [stdout] 
[INFO] [stderr] error: could not compile `cbvault` (test "san_split") due to 2 previous errors
[INFO] [stderr] error: could not compile `cbvault` (test "wide_rule") due to 2 previous errors
[INFO] [stdout] For more information about this error, try `rustc --explain E0433`.
[INFO] [stdout] 
[INFO] [stdout] Some errors have detailed explanations: E0432, E0433.
[INFO] [stdout] 
[INFO] [stdout] For more information about an error, try `rustc --explain E0432`.
[INFO] [stdout] 
[INFO] [stderr] error: could not compile `cbvault` (example "convert") due to 1 previous error
[INFO] [stderr] error: could not compile `cbvault` (test "pgn") due to 2 previous errors
[INFO] [stdout] error[E0433]: cannot find module or crate `cbvault_fixtures` in this scope
[INFO] [stdout]    --> benches/bridge.rs:163:15
[INFO] [stdout]     |
[INFO] [stdout] 163 | fn build() -> cbvault_fixtures::TempDb {
[INFO] [stdout]     |               ^^^^^^^^^^^^^^^^ use of unresolved module or unlinked crate `cbvault_fixtures`
[INFO] [stdout]     |
[INFO] [stdout]     = help: if you wanted to use a crate named `cbvault_fixtures`, use `cargo add cbvault_fixtures` to add it to your `Cargo.toml`
[INFO] [stdout] 
[INFO] [stdout] 
[INFO] [stdout] For more information about this error, try `rustc --explain E0433`.
[INFO] [stdout] 
[INFO] [stderr] error: could not compile `cbvault` (bench "bridge") due to 2 previous errors
[INFO] [stdout] error[E0433]: cannot find module or crate `cbvault_fixtures` in this scope
[INFO] [stdout]   --> src/bridge/tests.rs:10:5
[INFO] [stdout]    |
[INFO] [stdout] 10 | use cbvault_fixtures::classic::{self, Builder, Tok};
[INFO] [stdout]    |     ^^^^^^^^^^^^^^^^ use of unresolved module or unlinked crate `cbvault_fixtures`
[INFO] [stdout]    |
[INFO] [stdout]    = help: if you wanted to use a crate named `cbvault_fixtures`, use `cargo add cbvault_fixtures` to add it to your `Cargo.toml`
[INFO] [stdout] 
[INFO] [stdout] 
[INFO] [stdout] error[E0432]: unresolved import `cbvault_fixtures`
[INFO] [stdout]  --> src/bridge/tests.rs:9:5
[INFO] [stdout]   |
[INFO] [stdout] 9 | use cbvault_fixtures::TempDb;
[INFO] [stdout]   |     ^^^^^^^^^^^^^^^^ use of unresolved module or unlinked crate `cbvault_fixtures`
[INFO] [stdout]   |
[INFO] [stdout]   = help: if you wanted to use a crate named `cbvault_fixtures`, use `cargo add cbvault_fixtures` to add it to your `Cargo.toml`
[INFO] [stdout] 
[INFO] [stdout] 
[INFO] [stdout] Some errors have detailed explanations: E0432, E0433.
[INFO] [stdout] 
[INFO] [stdout] For more information about an error, try `rustc --explain E0432`.
[INFO] [stdout] 
[INFO] [stderr] error: could not compile `cbvault` (lib test) due to 2 previous errors
[INFO] running `Command { std: "docker" "inspect" "aa46ce0998155e5b8670bdc76a22d27bd4f4abb2b7b0784705a0ff52da4e765c", kill_on_drop: false }`
[INFO] running `Command { std: "docker" "rm" "-f" "aa46ce0998155e5b8670bdc76a22d27bd4f4abb2b7b0784705a0ff52da4e765c", kill_on_drop: false }`
[INFO] [stdout] aa46ce0998155e5b8670bdc76a22d27bd4f4abb2b7b0784705a0ff52da4e765c
