[INFO] fetching crate cbvault-format 0.1.4...
[INFO] checking cbvault-format-0.1.4 against 3154cc1a3e6424e44f438a95007d043ed5ceaaf6+rustflags=-Znext-solver=coherence for pr-133502-30
[INFO] extracting crate cbvault-format 0.1.4 into /workspace/builds/worker-4-tc1/source
[INFO] started tweaking crates.io crate cbvault-format 0.1.4
[INFO] removed 0 missing examples
[INFO] removed 0 missing tests
[INFO] finished tweaking crates.io crate cbvault-format 0.1.4
[INFO] tweaked toml for crates.io crate cbvault-format 0.1.4 written to /workspace/builds/worker-4-tc1/source/Cargo.toml
[INFO] validating manifest of crates.io crate cbvault-format 0.1.4 on toolchain 3154cc1a3e6424e44f438a95007d043ed5ceaaf6
[INFO] running `Command { std: CARGO_HOME="/workspace/cargo-home" RUSTUP_HOME="/workspace/rustup-home" "/workspace/cargo-home/bin/cargo" "+3154cc1a3e6424e44f438a95007d043ed5ceaaf6" "metadata" "--manifest-path" "Cargo.toml" "--no-deps", kill_on_drop: false }`
[INFO] crate crates.io crate cbvault-format 0.1.4 already has a lockfile, it will not be regenerated
[INFO] running `Command { std: CARGO_HOME="/workspace/cargo-home" RUSTUP_HOME="/workspace/rustup-home" "/workspace/cargo-home/bin/cargo" "+3154cc1a3e6424e44f438a95007d043ed5ceaaf6" "fetch" "--manifest-path" "Cargo.toml", kill_on_drop: false }`
[INFO] [stderr]     Blocking waiting for file lock on package cache
[INFO] [stderr]     Blocking waiting for file lock on package cache
[INFO] [stderr]  Downloading crates ...
[INFO] [stderr]   Downloaded memmap2 v0.9.11
[INFO] [stderr]   Downloaded libc v0.2.189
[INFO] running `Command { std: "docker" "create" "-v" "/var/lib/crater-agent-workspace/builds/worker-4-tc1/source:/opt/rustwide/workdir:ro,Z" "-v" "/var/lib/crater-agent-workspace/builds/worker-4-tc1/target:/opt/rustwide/target:rw,Z" "-v" "/var/lib/crater-agent-workspace/cargo-home:/opt/rustwide/cargo-home:ro,Z" "-v" "/var/lib/crater-agent-workspace/rustup-home:/opt/rustwide/rustup-home:ro,Z" "-m" "1610612736" "--network" "none" "ghcr.io/rust-lang/crates-build-env/linux@sha256:77db811e55d90add9212f6832c23229e3de5f1c1f9905e8cb07319ea15df73ac" "sleep" "infinity", kill_on_drop: false }`
[INFO] [stdout] e69a0af8cf49394f33fcacc287e462466d98a473713fe215c422e68ef255c4cc
[INFO] running `Command { std: "docker" "start" "e69a0af8cf49394f33fcacc287e462466d98a473713fe215c422e68ef255c4cc", kill_on_drop: false }`
[INFO] running `Command { std: "docker" "inspect" "e69a0af8cf49394f33fcacc287e462466d98a473713fe215c422e68ef255c4cc", kill_on_drop: false }`
[INFO] running `Command { std: "docker" "exec" "-e" "SOURCE_DIR=/opt/rustwide/workdir" "-e" "CARGO_HOME=/opt/rustwide/cargo-home" "-e" "RUSTUP_HOME=/opt/rustwide/rustup-home" "-e" "CARGO_TARGET_DIR=/opt/rustwide/target" "-w" "/opt/rustwide/workdir" "--user" "0:0" "e69a0af8cf49394f33fcacc287e462466d98a473713fe215c422e68ef255c4cc" "/opt/rustwide/cargo-home/bin/cargo" "+3154cc1a3e6424e44f438a95007d043ed5ceaaf6" "metadata" "--no-deps" "--format-version=1", kill_on_drop: false }`
[INFO] running `Command { std: "docker" "inspect" "e69a0af8cf49394f33fcacc287e462466d98a473713fe215c422e68ef255c4cc", kill_on_drop: false }`
[INFO] running `Command { std: "docker" "exec" "-e" "SOURCE_DIR=/opt/rustwide/workdir" "-e" "CARGO_HOME=/opt/rustwide/cargo-home" "-e" "RUSTUP_HOME=/opt/rustwide/rustup-home" "-e" "CARGO_TARGET_DIR=/opt/rustwide/target" "-e" "CARGO_INCREMENTAL=0" "-e" "RUST_BACKTRACE=full" "-e" "RUSTFLAGS=--cap-lints=forbid -Znext-solver=coherence" "-e" "RUSTDOCFLAGS=--cap-lints=forbid" "-w" "/opt/rustwide/workdir" "--user" "0:0" "e69a0af8cf49394f33fcacc287e462466d98a473713fe215c422e68ef255c4cc" "/opt/rustwide/cargo-home/bin/cargo" "+3154cc1a3e6424e44f438a95007d043ed5ceaaf6" "check" "--frozen" "--all" "--all-targets" "--message-format=json", kill_on_drop: false }`
[INFO] [stderr]    Compiling libc v0.2.189
[INFO] [stderr]     Checking memmap2 v0.9.11
[INFO] [stderr]     Checking cbvault-format v0.1.4 (/opt/rustwide/workdir)
[INFO] [stdout] error[E0433]: cannot find module or crate `cbvault_fixtures` in this scope
[INFO] [stdout]    --> src/cbh/entities.rs:279:9
[INFO] [stdout]     |
[INFO] [stdout] 279 |     use cbvault_fixtures::classic::Builder;
[INFO] [stdout]     |         ^^^^^^^^^^^^^^^^ use of unresolved module or unlinked crate `cbvault_fixtures`
[INFO] [stdout]     |
[INFO] [stdout]     = help: if you wanted to use a crate named `cbvault_fixtures`, use `cargo add cbvault_fixtures` to add it to your `Cargo.toml`
[INFO] [stdout] 
[INFO] [stdout] 
[INFO] [stdout] error[E0433]: cannot find module or crate `cbvault_fixtures` in this scope
[INFO] [stdout]  --> tests/annotations.rs:7:5
[INFO] [stdout]   |
[INFO] [stdout] 7 | use cbvault_fixtures::classic::{self, Builder};
[INFO] [stdout]   |     ^^^^^^^^^^^^^^^^ use of unresolved module or unlinked crate `cbvault_fixtures`
[INFO] [stdout]   |
[INFO] [stdout]   = help: if you wanted to use a crate named `cbvault_fixtures`, use `cargo add cbvault_fixtures` to add it to your `Cargo.toml`
[INFO] [stdout] 
[INFO] [stdout] 
[INFO] [stdout] error[E0432]: unresolved import `cbvault_fixtures`
[INFO] [stdout]  --> tests/optional_files.rs:4:5
[INFO] [stdout]   |
[INFO] [stdout] 4 | use cbvault_fixtures::TempDb;
[INFO] [stdout]   |     ^^^^^^^^^^^^^^^^ use of unresolved module or unlinked crate `cbvault_fixtures`
[INFO] [stdout]   |
[INFO] [stdout]   = help: if you wanted to use a crate named `cbvault_fixtures`, use `cargo add cbvault_fixtures` to add it to your `Cargo.toml`
[INFO] [stdout] 
[INFO] [stdout] 
[INFO] [stdout] error[E0433]: cannot find module or crate `cbvault_fixtures` in this scope
[INFO] [stdout]  --> tests/batch.rs:6:5
[INFO] [stdout]   |
[INFO] [stdout] 6 | use cbvault_fixtures::classic::Builder;
[INFO] [stdout]   |     ^^^^^^^^^^^^^^^^ use of unresolved module or unlinked crate `cbvault_fixtures`
[INFO] [stdout]   |
[INFO] [stdout]   = help: if you wanted to use a crate named `cbvault_fixtures`, use `cargo add cbvault_fixtures` to add it to your `Cargo.toml`
[INFO] [stdout] 
[INFO] [stdout] 
[INFO] [stdout] error[E0432]: unresolved import `cbvault_fixtures`
[INFO] [stdout]  --> tests/batch.rs:5:5
[INFO] [stdout]   |
[INFO] [stdout] 5 | use cbvault_fixtures::TempDb;
[INFO] [stdout]   |     ^^^^^^^^^^^^^^^^ use of unresolved module or unlinked crate `cbvault_fixtures`
[INFO] [stdout]   |
[INFO] [stdout]   = help: if you wanted to use a crate named `cbvault_fixtures`, use `cargo add cbvault_fixtures` to add it to your `Cargo.toml`
[INFO] [stdout] 
[INFO] [stdout] 
[INFO] [stdout] error[E0432]: unresolved import `cbvault_fixtures`
[INFO] [stdout]  --> tests/text_files.rs:3:5
[INFO] [stdout]   |
[INFO] [stdout] 3 | use cbvault_fixtures::TempDb;
[INFO] [stdout]   |     ^^^^^^^^^^^^^^^^ use of unresolved module or unlinked crate `cbvault_fixtures`
[INFO] [stdout]   |
[INFO] [stdout]   = help: if you wanted to use a crate named `cbvault_fixtures`, use `cargo add cbvault_fixtures` to add it to your `Cargo.toml`
[INFO] [stdout] 
[INFO] [stdout] 
[INFO] [stdout] error[E0433]: cannot find module or crate `cbvault_fixtures` in this scope
[INFO] [stdout]  --> tests/headers.rs:3:5
[INFO] [stdout]   |
[INFO] [stdout] 3 | use cbvault_fixtures::classic::Builder;
[INFO] [stdout]   |     ^^^^^^^^^^^^^^^^ use of unresolved module or unlinked crate `cbvault_fixtures`
[INFO] [stdout]   |
[INFO] [stdout]   = help: if you wanted to use a crate named `cbvault_fixtures`, use `cargo add cbvault_fixtures` to add it to your `Cargo.toml`
[INFO] [stdout] 
[INFO] [stdout] 
[INFO] [stdout] error[E0433]: cannot find module or crate `cbvault_fixtures` in this scope
[INFO] [stdout]  --> tests/namebases.rs:5:5
[INFO] [stdout]   |
[INFO] [stdout] 5 | use cbvault_fixtures::classic::Builder;
[INFO] [stdout]   |     ^^^^^^^^^^^^^^^^ use of unresolved module or unlinked crate `cbvault_fixtures`
[INFO] [stdout]   |
[INFO] [stdout]   = help: if you wanted to use a crate named `cbvault_fixtures`, use `cargo add cbvault_fixtures` to add it to your `Cargo.toml`
[INFO] [stdout] 
[INFO] [stdout] 
[INFO] [stdout] Some errors have detailed explanations: E0432, E0433.
[INFO] [stdout] 
[INFO] [stdout] For more information about an error, try `rustc --explain E0432`.
[INFO] [stdout] 
[INFO] [stdout] For more information about this error, try `rustc --explain E0432`.
[INFO] [stdout] 
[INFO] [stderr] error: could not compile `cbvault-format` (test "batch") due to 2 previous errors
[INFO] [stderr] warning: build failed, waiting for other jobs to finish...
[INFO] [stdout] error[E0433]: cannot find module or crate `cbvault_fixtures` in this scope
[INFO] [stdout]   --> tests/namebases.rs:66:14
[INFO] [stdout]    |
[INFO] [stdout] 66 |     let db = cbvault_fixtures::TempDb::create("namebases-deleted");
[INFO] [stdout]    |              ^^^^^^^^^^^^^^^^ use of unresolved module or unlinked crate `cbvault_fixtures`
[INFO] [stdout]    |
[INFO] [stdout]    = help: if you wanted to use a crate named `cbvault_fixtures`, use `cargo add cbvault_fixtures` to add it to your `Cargo.toml`
[INFO] [stdout] 
[INFO] [stdout] 
[INFO] [stdout] For more information about this error, try `rustc --explain E0432`.
[INFO] [stdout] 
[INFO] [stdout] error[E0433]: cannot find module or crate `cbvault_fixtures` in this scope
[INFO] [stdout]   --> tests/namebases.rs:80:14
[INFO] [stdout]    |
[INFO] [stdout] 80 |     let db = cbvault_fixtures::TempDb::create("namebases-teams");
[INFO] [stdout]    |              ^^^^^^^^^^^^^^^^ use of unresolved module or unlinked crate `cbvault_fixtures`
[INFO] [stdout]    |
[INFO] [stdout]    = help: if you wanted to use a crate named `cbvault_fixtures`, use `cargo add cbvault_fixtures` to add it to your `Cargo.toml`
[INFO] [stdout] 
[INFO] [stdout] 
[INFO] [stdout] error[E0433]: cannot find module or crate `cbvault_fixtures` in this scope
[INFO] [stdout]    --> tests/namebases.rs:100:14
[INFO] [stdout]     |
[INFO] [stdout] 100 |     let db = cbvault_fixtures::TempDb::create("namebases-damaged");
[INFO] [stdout]     |              ^^^^^^^^^^^^^^^^ use of unresolved module or unlinked crate `cbvault_fixtures`
[INFO] [stdout]     |
[INFO] [stdout]     = help: if you wanted to use a crate named `cbvault_fixtures`, use `cargo add cbvault_fixtures` to add it to your `Cargo.toml`
[INFO] [stdout] 
[INFO] [stdout] 
[INFO] [stderr] error: could not compile `cbvault-format` (test "optional_files") due to 1 previous error
[INFO] [stderr] error: could not compile `cbvault-format` (test "text_files") due to 1 previous error
[INFO] [stdout] For more information about this error, try `rustc --explain E0433`.
[INFO] [stdout] 
[INFO] [stdout] For more information about this error, try `rustc --explain E0433`.
[INFO] [stdout] 
[INFO] [stderr] error: could not compile `cbvault-format` (test "namebases") due to 4 previous errors
[INFO] [stderr] error: could not compile `cbvault-format` (test "annotations") due to 1 previous error
[INFO] [stdout] For more information about this error, try `rustc --explain E0433`.
[INFO] [stdout] 
[INFO] [stderr] error: could not compile `cbvault-format` (lib test) due to 1 previous error
[INFO] [stdout] error[E0308]: mismatched types
[INFO] [stdout]   --> tests/headers.rs:20:40
[INFO] [stdout]    |
[INFO] [stdout] 20 |     b.text(&[(1, b"Introduction"), (2, b"Einleitung")]);
[INFO] [stdout]    |                                        ^^^^^^^^^^^^^ expected an array with a size of 12, found one with a size of 10
[INFO] [stdout] 
[INFO] [stdout] 
[INFO] [stdout] error[E0277]: the size for values of type `[u8]` cannot be known at compilation time
[INFO] [stdout]   --> tests/headers.rs:69:5
[INFO] [stdout]    |
[INFO] [stdout] 69 | /     for path in [db.base(), db.path(".cbh"), db.path(".CBH")] {
[INFO] [stdout] 70 | |         let headers = cbh::Headers::open(&path).unwrap_or_else(|e| panic!("{}: {e}", path.display()));
[INFO] [stdout] 71 | |         assert_eq!(headers.records(), 3, "{}", path.display());
[INFO] [stdout] 72 | |     }
[INFO] [stdout]    | |_____^ doesn't have a size known at compile-time
[INFO] [stdout]    |
[INFO] [stdout]    = help: within `Path`, the trait `Sized` is not implemented for `[u8]`
[INFO] [stdout] note: required because it appears within the type `Path`
[INFO] [stdout]   --> /rustc/3154cc1a3e6424e44f438a95007d043ed5ceaaf6/library/std/src/path.rs:2357:11
[INFO] [stdout] note: required by an implicit `Sized` bound in `Option`
[INFO] [stdout]   --> /rustc/3154cc1a3e6424e44f438a95007d043ed5ceaaf6/library/core/src/option.rs:598:0
[INFO] [stdout] 
[INFO] [stdout] 
[INFO] [stdout] error[E0433]: cannot find module or crate `cbvault_fixtures` in this scope
[INFO] [stdout]  --> tests/headers.rs:9:23
[INFO] [stdout]   |
[INFO] [stdout] 9 | fn set(name: &str) -> cbvault_fixtures::TempDb {
[INFO] [stdout]   |                       ^^^^^^^^^^^^^^^^ use of unresolved module or unlinked crate `cbvault_fixtures`
[INFO] [stdout]   |
[INFO] [stdout]   = help: if you wanted to use a crate named `cbvault_fixtures`, use `cargo add cbvault_fixtures` to add it to your `Cargo.toml`
[INFO] [stdout] 
[INFO] [stdout] 
[INFO] [stdout] Some errors have detailed explanations: E0277, E0308, E0433.
[INFO] [stdout] 
[INFO] [stdout] For more information about an error, try `rustc --explain E0277`.
[INFO] [stdout] 
[INFO] [stderr] error: could not compile `cbvault-format` (test "headers") due to 4 previous errors
[INFO] running `Command { std: "docker" "inspect" "e69a0af8cf49394f33fcacc287e462466d98a473713fe215c422e68ef255c4cc", kill_on_drop: false }`
[INFO] running `Command { std: "docker" "rm" "-f" "e69a0af8cf49394f33fcacc287e462466d98a473713fe215c422e68ef255c4cc", kill_on_drop: false }`
[INFO] [stdout] e69a0af8cf49394f33fcacc287e462466d98a473713fe215c422e68ef255c4cc
