[INFO] fetching crate cats-cli 0.1.3...
[INFO] checking cats-cli-0.1.3 against 3154cc1a3e6424e44f438a95007d043ed5ceaaf6+rustflags=-Znext-solver=coherence for pr-133502-30
[INFO] extracting crate cats-cli 0.1.3 into /workspace/builds/worker-1-tc1/source
[INFO] started tweaking crates.io crate cats-cli 0.1.3
[INFO] removed 0 missing tests
[INFO] finished tweaking crates.io crate cats-cli 0.1.3
[INFO] tweaked toml for crates.io crate cats-cli 0.1.3 written to /workspace/builds/worker-1-tc1/source/Cargo.toml
[INFO] validating manifest of crates.io crate cats-cli 0.1.3 on toolchain 3154cc1a3e6424e44f438a95007d043ed5ceaaf6
[INFO] running `Command { std: CARGO_HOME="/workspace/cargo-home" RUSTUP_HOME="/workspace/rustup-home" "/workspace/cargo-home/bin/cargo" "+3154cc1a3e6424e44f438a95007d043ed5ceaaf6" "metadata" "--manifest-path" "Cargo.toml" "--no-deps", kill_on_drop: false }`
[INFO] crate crates.io crate cats-cli 0.1.3 already has a lockfile, it will not be regenerated
[INFO] running `Command { std: CARGO_HOME="/workspace/cargo-home" RUSTUP_HOME="/workspace/rustup-home" "/workspace/cargo-home/bin/cargo" "+3154cc1a3e6424e44f438a95007d043ed5ceaaf6" "fetch" "--manifest-path" "Cargo.toml", kill_on_drop: false }`
[INFO] [stderr]     Updating crates.io index
[INFO] [stderr]  Downloading crates ...
[INFO] [stderr]   Downloaded zbus-secret-service-keyring-store v1.0.0
[INFO] [stderr]   Downloaded keyring v4.1.5
[INFO] [stderr]   Downloaded secret-service v5.1.0
[INFO] [stderr]   Downloaded apple-native-keyring-store v1.0.1
[INFO] [stderr]   Downloaded libc v0.2.188
[INFO] [stderr]   Downloaded clap_derive v4.6.3
[INFO] [stderr]   Downloaded clap v4.6.3
[INFO] [stderr]   Downloaded cats-api v0.1.2
[INFO] running `Command { std: "docker" "create" "-v" "/var/lib/crater-agent-workspace/builds/worker-1-tc1/source:/opt/rustwide/workdir:ro,Z" "-v" "/var/lib/crater-agent-workspace/builds/worker-1-tc1/target:/opt/rustwide/target:rw,Z" "-v" "/var/lib/crater-agent-workspace/cargo-home:/opt/rustwide/cargo-home:ro,Z" "-v" "/var/lib/crater-agent-workspace/rustup-home:/opt/rustwide/rustup-home:ro,Z" "-m" "1610612736" "--network" "none" "ghcr.io/rust-lang/crates-build-env/linux@sha256:77db811e55d90add9212f6832c23229e3de5f1c1f9905e8cb07319ea15df73ac" "sleep" "infinity", kill_on_drop: false }`
[INFO] [stdout] 8a34bdc3cb6e7e8fb11f8fa3654fde2ec96c7788a81d5009b06b02e5acbc1338
[INFO] running `Command { std: "docker" "start" "8a34bdc3cb6e7e8fb11f8fa3654fde2ec96c7788a81d5009b06b02e5acbc1338", kill_on_drop: false }`
[INFO] running `Command { std: "docker" "inspect" "8a34bdc3cb6e7e8fb11f8fa3654fde2ec96c7788a81d5009b06b02e5acbc1338", kill_on_drop: false }`
[INFO] running `Command { std: "docker" "exec" "-e" "SOURCE_DIR=/opt/rustwide/workdir" "-e" "CARGO_HOME=/opt/rustwide/cargo-home" "-e" "RUSTUP_HOME=/opt/rustwide/rustup-home" "-e" "CARGO_TARGET_DIR=/opt/rustwide/target" "-w" "/opt/rustwide/workdir" "--user" "0:0" "8a34bdc3cb6e7e8fb11f8fa3654fde2ec96c7788a81d5009b06b02e5acbc1338" "/opt/rustwide/cargo-home/bin/cargo" "+3154cc1a3e6424e44f438a95007d043ed5ceaaf6" "metadata" "--no-deps" "--format-version=1", kill_on_drop: false }`
[INFO] running `Command { std: "docker" "inspect" "8a34bdc3cb6e7e8fb11f8fa3654fde2ec96c7788a81d5009b06b02e5acbc1338", kill_on_drop: false }`
[INFO] running `Command { std: "docker" "exec" "-e" "SOURCE_DIR=/opt/rustwide/workdir" "-e" "CARGO_HOME=/opt/rustwide/cargo-home" "-e" "RUSTUP_HOME=/opt/rustwide/rustup-home" "-e" "CARGO_TARGET_DIR=/opt/rustwide/target" "-e" "CARGO_INCREMENTAL=0" "-e" "RUST_BACKTRACE=full" "-e" "RUSTFLAGS=--cap-lints=forbid -Znext-solver=coherence" "-e" "RUSTDOCFLAGS=--cap-lints=forbid" "-w" "/opt/rustwide/workdir" "--user" "0:0" "8a34bdc3cb6e7e8fb11f8fa3654fde2ec96c7788a81d5009b06b02e5acbc1338" "/opt/rustwide/cargo-home/bin/cargo" "+3154cc1a3e6424e44f438a95007d043ed5ceaaf6" "check" "--frozen" "--all" "--all-targets" "--message-format=json", kill_on_drop: false }`
[INFO] [stderr]    Compiling libc v0.2.188
[INFO] [stderr]    Compiling serde_core v1.0.229
[INFO] [stderr]     Checking futures-core v0.3.33
[INFO] [stderr]    Compiling proc-macro2 v1.0.107
[INFO] [stderr]     Checking typenum v1.20.1
[INFO] [stderr]     Checking futures-io v0.3.33
[INFO] [stderr]    Compiling crossbeam-utils v0.8.22
[INFO] [stderr]     Checking log v0.4.33
[INFO] [stderr]     Checking bitflags v2.13.1
[INFO] [stderr]    Compiling cc v1.3.0
[INFO] [stderr]    Compiling toml_parser v1.1.2+spec-1.1.0
[INFO] [stderr]    Compiling quote v1.0.47
[INFO] [stderr]     Checking generic-array v0.14.7
[INFO] [stderr]     Checking concurrent-queue v2.5.0
[INFO] [stderr]    Compiling syn v2.0.119
[INFO] [stderr]    Compiling syn v3.0.2
[INFO] [stderr]    Compiling rustix v1.1.4
[INFO] [stderr]    Compiling toml_datetime v1.1.1+spec-1.1.0
[INFO] [stderr]     Checking crypto-common v0.1.7
[INFO] [stderr]     Checking smallvec v1.15.2
[INFO] [stderr]     Checking futures-sink v0.3.33
[INFO] [stderr]     Checking block-buffer v0.10.4
[INFO] [stderr]    Compiling toml_edit v0.25.13+spec-1.1.0
[INFO] [stderr]    Compiling num-traits v0.2.19
[INFO] [stderr]     Checking errno v0.3.14
[INFO] [stderr]     Checking signal-hook-registry v1.4.8
[INFO] [stderr]     Checking getrandom v0.2.17
[INFO] [stderr]    Compiling ring v0.17.14
[INFO] [stderr]     Checking mio v1.2.2
[INFO] [stderr]     Checking linux-raw-sys v0.12.1
[INFO] [stderr]     Checking digest v0.10.7
[INFO] [stderr]    Compiling proc-macro-crate v3.5.0
[INFO] [stderr]     Checking event-listener v5.4.1
[INFO] [stderr]     Checking futures-task v0.3.33
[INFO] [stderr]     Checking rustls-pki-types v1.15.0
[INFO] [stderr]     Checking event-listener-strategy v0.5.4
[INFO] [stderr]     Checking socket2 v0.6.5
[INFO] [stderr]     Checking futures-lite v2.6.1
[INFO] [stderr]     Checking http v1.4.2
[INFO] [stderr]     Checking num-integer v0.1.46
[INFO] [stderr]     Checking block-padding v0.3.3
[INFO] [stderr]    Compiling zerocopy v0.8.55
[INFO] [stderr]    Compiling rustls v0.23.42
[INFO] [stderr]     Checking inout v0.1.4
[INFO] [stderr]     Checking http-body v1.1.0
[INFO] [stderr]     Checking getrandom v0.4.3
[INFO] [stderr]     Checking async-channel v2.5.0
[INFO] [stderr]     Checking cipher v0.4.4
[INFO] [stderr]     Checking getrandom v0.3.4
[INFO] [stderr]     Checking num-bigint v0.4.8
[INFO] [stderr]     Checking async-lock v3.4.2
[INFO] [stderr]     Checking piper v0.2.5
[INFO] [stderr]    Compiling thiserror v2.0.19
[INFO] [stderr]     Checking blocking v1.6.2
[INFO] [stderr]    Compiling synstructure v0.13.2
[INFO] [stderr]    Compiling serde_derive v1.0.229
[INFO] [stderr]     Checking num-rational v0.4.2
[INFO] [stderr]    Compiling serde_repr v0.1.21
[INFO] [stderr]    Compiling thiserror-impl v2.0.19
[INFO] [stderr]     Checking rustls-webpki v0.103.13
[INFO] [stderr]    Compiling async-trait v0.1.91
[INFO] [stderr]     Checking rand_core v0.9.5
[INFO] [stderr]     Checking uuid v1.24.0
[INFO] [stderr]     Checking async-executor v1.14.0
[INFO] [stderr]     Checking num-iter v0.1.46
[INFO] [stderr]     Checking num-complex v0.4.6
[INFO] [stderr]     Checking sha2 v0.10.9
[INFO] [stderr]    Compiling zerofrom-derive v0.1.7
[INFO] [stderr]    Compiling yoke-derive v0.8.2
[INFO] [stderr]    Compiling zerovec-derive v0.11.3
[INFO] [stderr]    Compiling displaydoc v0.2.6
[INFO] [stderr]    Compiling enumflags2_derive v0.7.12
[INFO] [stderr]    Compiling futures-macro v0.3.33
[INFO] [stderr]     Checking zerofrom v0.1.8
[INFO] [stderr]    Compiling tokio-macros v2.7.1
[INFO] [stderr]    Compiling tracing-attributes v0.1.31
[INFO] [stderr]     Checking yoke v0.8.3
[INFO] [stderr]     Checking polling v3.11.0
[INFO] [stderr]     Checking zerovec v0.11.6
[INFO] [stderr]     Checking zerotrie v0.2.4
[INFO] [stderr]     Checking async-io v2.6.0
[INFO] [stderr]     Checking ppv-lite86 v0.2.21
[INFO] [stderr]     Checking futures-util v0.3.33
[INFO] [stderr]     Checking tokio v1.53.1
[INFO] [stderr]     Checking tinystr v0.8.3
[INFO] [stderr]     Checking potential_utf v0.1.5
[INFO] [stderr]     Checking icu_collections v2.2.0
[INFO] [stderr]     Checking async-signal v0.2.14
[INFO] [stderr]    Compiling serde v1.0.229
[INFO] [stderr]     Checking icu_locale_core v2.2.0
[INFO] [stderr]     Checking tracing v0.1.44
[INFO] [stderr]     Checking async-process v2.5.0
[INFO] [stderr]     Checking zvariant_utils v3.5.0
[INFO] [stderr]     Checking enumflags2 v0.7.12
[INFO] [stderr]    Compiling async-recursion v1.1.1
[INFO] [stderr]     Checking async-broadcast v0.7.2
[INFO] [stderr]     Checking hmac v0.12.1
[INFO] [stderr]     Checking futures-channel v0.3.33
[INFO] [stderr]     Checking ordered-stream v0.2.0
[INFO] [stderr]    Compiling signal-hook v0.3.18
[INFO] [stderr]     Checking icu_provider v2.2.0
[INFO] [stderr]    Compiling serde_json v1.0.151
[INFO] [stderr]     Checking hkdf v0.12.4
[INFO] [stderr]     Checking rand_chacha v0.9.0
[INFO] [stderr]     Checking num v0.4.3
[INFO] [stderr]     Checking cbc v0.1.2
[INFO] [stderr]     Checking icu_properties v2.2.0
[INFO] [stderr]     Checking icu_normalizer v2.2.0
[INFO] [stderr]     Checking aes v0.8.4
[INFO] [stderr]     Checking sync_wrapper v1.0.2
[INFO] [stderr]     Checking rand v0.9.5
[INFO] [stderr]    Compiling zvariant_derive v5.13.1
[INFO] [stderr]    Compiling derive_more-impl v2.1.1
[INFO] [stderr]     Checking parking_lot_core v0.9.12
[INFO] [stderr]     Checking sha1 v0.10.7
[INFO] [stderr]     Checking webpki-roots v1.0.9
[INFO] [stderr]     Checking keyring-core v1.0.0
[INFO] [stderr]     Checking is-docker v0.2.0
[INFO] [stderr]    Compiling litrs v1.0.0
[INFO] [stderr]     Checking data-encoding v2.11.0
[INFO] [stderr]     Checking option-ext v0.2.0
[INFO] [stderr]     Checking dirs-sys v0.5.0
[INFO] [stderr]    Compiling zvariant v5.13.1
[INFO] [stderr]     Checking tungstenite v0.29.0
[INFO] [stderr]     Checking derive_more v2.1.1
[INFO] [stderr]     Checking clap_builder v4.6.2
[INFO] [stderr]     Checking idna_adapter v1.2.2
[INFO] [stderr]     Checking idna v1.1.0
[INFO] [stderr]     Checking url v2.5.8
[INFO] [stderr]     Checking rustls-native-certs v0.8.4
[INFO] [stderr]    Compiling document-features v0.2.12
[INFO] [stderr]     Checking is-wsl v0.4.0
[INFO] [stderr]     Checking serde_urlencoded v0.7.1
[INFO] [stderr]    Compiling clap_derive v4.6.3
[INFO] [stderr]     Checking parking_lot v0.12.5
[INFO] [stderr]     Checking signal-hook-mio v0.2.5
[INFO] [stderr]     Checking http-body-util v0.1.4
[INFO] [stderr]     Checking open v5.4.0
[INFO] [stderr]     Checking crossterm v0.29.0
[INFO] [stderr]     Checking directories v6.0.0
[INFO] [stderr]     Checking cats-api v0.1.2
[INFO] [stderr]     Checking fs2 v0.4.3
[INFO] [stderr]     Checking tempfile v3.27.0
[INFO] [stderr]     Checking zbus_names v4.3.4
[INFO] [stderr]     Checking hyper v1.11.0
[INFO] [stderr]     Checking tokio-rustls v0.26.4
[INFO] [stderr]     Checking tower v0.5.3
[INFO] [stderr]     Checking tokio-tungstenite v0.29.0
[INFO] [stderr]     Checking clap v4.6.3
[INFO] [stderr]     Checking tower-http v0.6.11
[INFO] [stderr]     Checking hyper-util v0.1.20
[INFO] [stderr]    Compiling zbus_macros v5.18.0
[INFO] [stderr]     Checking hyper-rustls v0.27.9
[INFO] [stderr]     Checking reqwest v0.12.28
[INFO] [stderr]     Checking zbus v5.18.0
[INFO] [stderr]     Checking secret-service v5.1.0
[INFO] [stderr]     Checking zbus-secret-service-keyring-store v1.0.0
[INFO] [stderr]     Checking keyring v4.1.5
[INFO] [stderr]     Checking cats-cli v0.1.3 (/opt/rustwide/workdir)
[INFO] [stdout] error[E0433]: cannot find module or crate `cats_test_support` in this scope
[INFO] [stdout]    --> src/auth.rs:695:41
[INFO] [stdout]     |
[INFO] [stdout] 695 |         let deadline = Instant::now() + cats_test_support::poll_bound();
[INFO] [stdout]     |                                         ^^^^^^^^^^^^^^^^^ use of unresolved module or unlinked crate `cats_test_support`
[INFO] [stdout]     |
[INFO] [stdout]     = help: if you wanted to use a crate named `cats_test_support`, use `cargo add cats_test_support` to add it to your `Cargo.toml`
[INFO] [stdout] 
[INFO] [stdout] 
[INFO] [stdout] error[E0433]: cannot find module or crate `cats_test_support` in this scope
[INFO] [stdout]    --> src/auth.rs:707:41
[INFO] [stdout]     |
[INFO] [stdout] 707 |         let deadline = Instant::now() + cats_test_support::poll_bound();
[INFO] [stdout]     |                                         ^^^^^^^^^^^^^^^^^ use of unresolved module or unlinked crate `cats_test_support`
[INFO] [stdout]     |
[INFO] [stdout]     = help: if you wanted to use a crate named `cats_test_support`, use `cargo add cats_test_support` to add it to your `Cargo.toml`
[INFO] [stdout] 
[INFO] [stdout] 
[INFO] [stdout] error[E0433]: cannot find module or crate `cats_test_support` in this scope
[INFO] [stdout]    --> src/auth.rs:845:41
[INFO] [stdout]     |
[INFO] [stdout] 845 |         let deadline = Instant::now() + cats_test_support::poll_bound();
[INFO] [stdout]     |                                         ^^^^^^^^^^^^^^^^^ use of unresolved module or unlinked crate `cats_test_support`
[INFO] [stdout]     |
[INFO] [stdout]     = help: if you wanted to use a crate named `cats_test_support`, use `cargo add cats_test_support` to add it to your `Cargo.toml`
[INFO] [stdout] 
[INFO] [stdout] 
[INFO] [stdout] error[E0433]: cannot find module or crate `cats_test_support` in this scope
[INFO] [stdout]    --> src/config.rs:695:48
[INFO] [stdout]     |
[INFO] [stdout] 695 |     let deadline = std::time::Instant::now() + cats_test_support::poll_bound();
[INFO] [stdout]     |                                                ^^^^^^^^^^^^^^^^^ use of unresolved module or unlinked crate `cats_test_support`
[INFO] [stdout]     |
[INFO] [stdout]     = help: if you wanted to use a crate named `cats_test_support`, use `cargo add cats_test_support` to add it to your `Cargo.toml`
[INFO] [stdout] 
[INFO] [stdout] 
[INFO] [stdout] error[E0433]: cannot find module or crate `cats_test_support` in this scope
[INFO] [stdout]     --> src/runtime_node_admin.rs:2679:27
[INFO] [stdout]      |
[INFO] [stdout] 2679 |             .recv_timeout(cats_test_support::poll_bound())
[INFO] [stdout]      |                           ^^^^^^^^^^^^^^^^^ use of unresolved module or unlinked crate `cats_test_support`
[INFO] [stdout]      |
[INFO] [stdout]      = help: if you wanted to use a crate named `cats_test_support`, use `cargo add cats_test_support` to add it to your `Cargo.toml`
[INFO] [stdout] 
[INFO] [stdout] 
[INFO] [stdout] error[E0433]: cannot find module or crate `cats_test_support` in this scope
[INFO] [stdout]     --> src/runtime_node_admin.rs:2724:27
[INFO] [stdout]      |
[INFO] [stdout] 2724 |             .recv_timeout(cats_test_support::poll_bound())
[INFO] [stdout]      |                           ^^^^^^^^^^^^^^^^^ use of unresolved module or unlinked crate `cats_test_support`
[INFO] [stdout]      |
[INFO] [stdout]      = help: if you wanted to use a crate named `cats_test_support`, use `cargo add cats_test_support` to add it to your `Cargo.toml`
[INFO] [stdout] 
[INFO] [stdout] 
[INFO] [stdout] error[E0433]: cannot find module or crate `cats_test_support` in this scope
[INFO] [stdout]    --> src/shell.rs:558:40
[INFO] [stdout]     |
[INFO] [stdout] 558 |                 .set_read_timeout(Some(cats_test_support::poll_bound()))
[INFO] [stdout]     |                                        ^^^^^^^^^^^^^^^^^ use of unresolved module or unlinked crate `cats_test_support`
[INFO] [stdout]     |
[INFO] [stdout]     = help: if you wanted to use a crate named `cats_test_support`, use `cargo add cats_test_support` to add it to your `Cargo.toml`
[INFO] [stdout] 
[INFO] [stdout] 
[INFO] [stdout] error[E0433]: cannot find module or crate `cats_test_support` in this scope
[INFO] [stdout]    --> src/shell.rs:744:27
[INFO] [stdout]     |
[INFO] [stdout] 744 |             .recv_timeout(cats_test_support::poll_bound())
[INFO] [stdout]     |                           ^^^^^^^^^^^^^^^^^ use of unresolved module or unlinked crate `cats_test_support`
[INFO] [stdout]     |
[INFO] [stdout]     = help: if you wanted to use a crate named `cats_test_support`, use `cargo add cats_test_support` to add it to your `Cargo.toml`
[INFO] [stdout] 
[INFO] [stdout] 
[INFO] [stdout] error[E0433]: cannot find module or crate `cats_test_support` in this scope
[INFO] [stdout]    --> src/shell.rs:770:27
[INFO] [stdout]     |
[INFO] [stdout] 770 |             .recv_timeout(cats_test_support::poll_bound())
[INFO] [stdout]     |                           ^^^^^^^^^^^^^^^^^ use of unresolved module or unlinked crate `cats_test_support`
[INFO] [stdout]     |
[INFO] [stdout]     = help: if you wanted to use a crate named `cats_test_support`, use `cargo add cats_test_support` to add it to your `Cargo.toml`
[INFO] [stdout] 
[INFO] [stdout] 
[INFO] [stdout] For more information about this error, try `rustc --explain E0433`.
[INFO] [stdout] 
[INFO] [stderr] error: could not compile `cats-cli` (lib test) due to 9 previous errors
[INFO] running `Command { std: "docker" "inspect" "8a34bdc3cb6e7e8fb11f8fa3654fde2ec96c7788a81d5009b06b02e5acbc1338", kill_on_drop: false }`
[INFO] running `Command { std: "docker" "rm" "-f" "8a34bdc3cb6e7e8fb11f8fa3654fde2ec96c7788a81d5009b06b02e5acbc1338", kill_on_drop: false }`
[INFO] [stdout] 8a34bdc3cb6e7e8fb11f8fa3654fde2ec96c7788a81d5009b06b02e5acbc1338
