[INFO] fetching crate catga-core 0.2.0...
[INFO] checking catga-core-0.2.0 against 3154cc1a3e6424e44f438a95007d043ed5ceaaf6 for pr-133502-30
[INFO] extracting crate catga-core 0.2.0 into /workspace/builds/worker-1-tc2/source
[INFO] started tweaking crates.io crate catga-core 0.2.0
[INFO] removed 0 missing tests
[INFO] finished tweaking crates.io crate catga-core 0.2.0
[INFO] tweaked toml for crates.io crate catga-core 0.2.0 written to /workspace/builds/worker-1-tc2/source/Cargo.toml
[INFO] validating manifest of crates.io crate catga-core 0.2.0 on toolchain 3154cc1a3e6424e44f438a95007d043ed5ceaaf6
[INFO] running `Command { std: CARGO_HOME="/workspace/cargo-home" RUSTUP_HOME="/workspace/rustup-home" "/workspace/cargo-home/bin/cargo" "+3154cc1a3e6424e44f438a95007d043ed5ceaaf6" "metadata" "--manifest-path" "Cargo.toml" "--no-deps", kill_on_drop: false }`
[INFO] crate crates.io crate catga-core 0.2.0 already has a lockfile, it will not be regenerated
[INFO] running `Command { std: CARGO_HOME="/workspace/cargo-home" RUSTUP_HOME="/workspace/rustup-home" "/workspace/cargo-home/bin/cargo" "+3154cc1a3e6424e44f438a95007d043ed5ceaaf6" "fetch" "--manifest-path" "Cargo.toml", kill_on_drop: false }`
[INFO] running `Command { std: "docker" "create" "-v" "/var/lib/crater-agent-workspace/builds/worker-1-tc2/source:/opt/rustwide/workdir:ro,Z" "-v" "/var/lib/crater-agent-workspace/builds/worker-1-tc2/target:/opt/rustwide/target:rw,Z" "-v" "/var/lib/crater-agent-workspace/cargo-home:/opt/rustwide/cargo-home:ro,Z" "-v" "/var/lib/crater-agent-workspace/rustup-home:/opt/rustwide/rustup-home:ro,Z" "-m" "1610612736" "--network" "none" "ghcr.io/rust-lang/crates-build-env/linux@sha256:77db811e55d90add9212f6832c23229e3de5f1c1f9905e8cb07319ea15df73ac" "sleep" "infinity", kill_on_drop: false }`
[INFO] [stdout] 261f9bdfa8e37da6970c61df5d47b9581bdcdf29bcfd82121c60ba6e3b3278ee
[INFO] running `Command { std: "docker" "start" "261f9bdfa8e37da6970c61df5d47b9581bdcdf29bcfd82121c60ba6e3b3278ee", kill_on_drop: false }`
[INFO] running `Command { std: "docker" "inspect" "261f9bdfa8e37da6970c61df5d47b9581bdcdf29bcfd82121c60ba6e3b3278ee", kill_on_drop: false }`
[INFO] running `Command { std: "docker" "exec" "-e" "SOURCE_DIR=/opt/rustwide/workdir" "-e" "CARGO_HOME=/opt/rustwide/cargo-home" "-e" "RUSTUP_HOME=/opt/rustwide/rustup-home" "-e" "CARGO_TARGET_DIR=/opt/rustwide/target" "-w" "/opt/rustwide/workdir" "--user" "0:0" "261f9bdfa8e37da6970c61df5d47b9581bdcdf29bcfd82121c60ba6e3b3278ee" "/opt/rustwide/cargo-home/bin/cargo" "+3154cc1a3e6424e44f438a95007d043ed5ceaaf6" "metadata" "--no-deps" "--format-version=1", kill_on_drop: false }`
[INFO] running `Command { std: "docker" "inspect" "261f9bdfa8e37da6970c61df5d47b9581bdcdf29bcfd82121c60ba6e3b3278ee", kill_on_drop: false }`
[INFO] running `Command { std: "docker" "exec" "-e" "SOURCE_DIR=/opt/rustwide/workdir" "-e" "CARGO_HOME=/opt/rustwide/cargo-home" "-e" "RUSTUP_HOME=/opt/rustwide/rustup-home" "-e" "CARGO_TARGET_DIR=/opt/rustwide/target" "-e" "CARGO_INCREMENTAL=0" "-e" "RUST_BACKTRACE=full" "-e" "RUSTFLAGS=--cap-lints=forbid" "-e" "RUSTDOCFLAGS=--cap-lints=forbid" "-w" "/opt/rustwide/workdir" "--user" "0:0" "261f9bdfa8e37da6970c61df5d47b9581bdcdf29bcfd82121c60ba6e3b3278ee" "/opt/rustwide/cargo-home/bin/cargo" "+3154cc1a3e6424e44f438a95007d043ed5ceaaf6" "check" "--frozen" "--all" "--all-targets" "--message-format=json", kill_on_drop: false }`
[INFO] [stderr]     Checking futures-core v0.3.33
[INFO] [stderr]     Checking futures-sink v0.3.33
[INFO] [stderr]    Compiling zerocopy v0.8.55
[INFO] [stderr]    Compiling syn v3.0.3
[INFO] [stderr]    Compiling num-traits v0.2.19
[INFO] [stderr]     Checking either v1.17.0
[INFO] [stderr]     Checking smallvec v1.15.2
[INFO] [stderr]    Compiling zerocopy-derive v0.8.55
[INFO] [stderr]    Compiling futures-macro v0.3.33
[INFO] [stderr]     Checking digest v0.11.3
[INFO] [stderr]    Compiling alloca v0.4.0
[INFO] [stderr]     Checking rapidhash v4.5.1
[INFO] [stderr]     Checking ciborium-io v0.2.2
[INFO] [stderr]     Checking plotters-backend v0.3.7
[INFO] [stderr]    Compiling thiserror v2.0.19
[INFO] [stderr]    Compiling virtue-next v0.1.3
[INFO] [stderr]    Compiling bincode-next v3.1.1
[INFO] [stderr]     Checking clap_builder v4.6.5
[INFO] [stderr]     Checking futures-channel v0.3.33
[INFO] [stderr]     Checking itertools v0.13.0
[INFO] [stderr]     Checking regex-automata v0.4.16
[INFO] [stderr]     Checking plotters-svg v0.3.7
[INFO] [stderr]     Checking serde_json v1.0.151
[INFO] [stderr]     Checking miniz_oxide v0.8.9
[INFO] [stderr]     Checking parking_lot_core v0.9.12
[INFO] [stderr]    Compiling tracing-attributes v0.1.31
[INFO] [stderr]     Checking cast v0.3.0
[INFO] [stderr]     Checking unty-next v0.1.2
[INFO] [stderr]     Checking sha2 v0.11.0
[INFO] [stderr]     Checking parking_lot v0.12.5
[INFO] [stderr]     Checking dashmap v6.2.1
[INFO] [stderr]     Checking brotli v8.0.4
[INFO] [stderr]     Checking rayon v1.12.0
[INFO] [stderr]     Checking metrics v0.24.6
[INFO] [stderr]     Checking flate2 v1.1.9
[INFO] [stderr]     Checking hmac v0.13.0
[INFO] [stderr]    Compiling catga-memorypack-derive v0.2.0
[INFO] [stderr]    Compiling catga-core-macros v0.2.0
[INFO] [stderr]     Checking page_size v0.6.0
[INFO] [stderr]     Checking futures-util v0.3.33
[INFO] [stderr]     Checking arc-swap v1.9.2
[INFO] [stderr]    Compiling bincode_derive-next v3.1.1
[INFO] [stderr]     Checking simdutf8 v0.1.5
[INFO] [stderr]     Checking anes v0.1.6
[INFO] [stderr]     Checking oorandom v11.1.5
[INFO] [stderr]     Checking base64 v0.23.0
[INFO] [stderr]     Checking plotters v0.3.7
[INFO] [stderr]     Checking tracing v0.1.44
[INFO] [stderr]     Checking criterion-plot v0.8.2
[INFO] [stderr]     Checking regex v1.13.1
[INFO] [stderr]     Checking clap v4.6.5
[INFO] [stderr]    Compiling serde_derive v1.0.229
[INFO] [stderr]    Compiling tokio-macros v2.7.2
[INFO] [stderr]    Compiling thiserror-impl v2.0.19
[INFO] [stderr]    Compiling async-trait v0.1.91
[INFO] [stderr]     Checking tokio v1.53.1
[INFO] [stderr]     Checking futures-executor v0.3.33
[INFO] [stderr]     Checking futures v0.3.33
[INFO] [stderr]     Checking tokio-util v0.7.19
[INFO] [stderr]     Checking half v2.7.1
[INFO] [stderr]     Checking ciborium-ll v0.2.2
[INFO] [stderr]     Checking serde v1.0.229
[INFO] [stderr]     Checking tinytemplate v1.2.1
[INFO] [stderr]     Checking ciborium v0.2.2
[INFO] [stderr]     Checking catga-core v0.2.0 (/opt/rustwide/workdir)
[INFO] [stderr]     Checking criterion v0.8.2
[INFO] [stdout] warning: use of deprecated method `std::sync::atomic::Atomic::<usize>::fetch_update`: renamed to `try_update` for consistency
[INFO] [stdout]    --> src/flow/metrics.rs:151:14
[INFO] [stdout]     |
[INFO] [stdout] 151 |             .fetch_update(Ordering::AcqRel, Ordering::Acquire, |current| {
[INFO] [stdout]     |              ^^^^^^^^^^^^
[INFO] [stdout]     |
[INFO] [stdout]     = note: `#[warn(deprecated)]` on by default
[INFO] [stdout] help: replace the use of the deprecated method
[INFO] [stdout]     |
[INFO] [stdout] 151 -             .fetch_update(Ordering::AcqRel, Ordering::Acquire, |current| {
[INFO] [stdout] 151 +             .try_update(Ordering::AcqRel, Ordering::Acquire, |current| {
[INFO] [stdout]     |
[INFO] [stdout] 
[INFO] [stdout] 
[INFO] [stdout] warning: use of deprecated method `std::sync::atomic::Atomic::<u64>::fetch_update`: renamed to `try_update` for consistency
[INFO] [stdout]    --> src/flow/scheduler.rs:224:14
[INFO] [stdout]     |
[INFO] [stdout] 224 |             .fetch_update(Ordering::AcqRel, Ordering::Acquire, |id| id.checked_add(1))
[INFO] [stdout]     |              ^^^^^^^^^^^^
[INFO] [stdout]     |
[INFO] [stdout] help: replace the use of the deprecated method
[INFO] [stdout]     |
[INFO] [stdout] 224 -             .fetch_update(Ordering::AcqRel, Ordering::Acquire, |id| id.checked_add(1))
[INFO] [stdout] 224 +             .try_update(Ordering::AcqRel, Ordering::Acquire, |id| id.checked_add(1))
[INFO] [stdout]     |
[INFO] [stdout] 
[INFO] [stdout] 
[INFO] [stdout] warning: use of deprecated method `std::sync::atomic::Atomic::<usize>::fetch_update`: renamed to `try_update` for consistency
[INFO] [stdout]    --> src/lifecycle.rs:326:18
[INFO] [stdout]     |
[INFO] [stdout] 326 |                 .fetch_update(Ordering::AcqRel, Ordering::Acquire, |pending| {
[INFO] [stdout]     |                  ^^^^^^^^^^^^
[INFO] [stdout]     |
[INFO] [stdout] help: replace the use of the deprecated method
[INFO] [stdout]     |
[INFO] [stdout] 326 -                 .fetch_update(Ordering::AcqRel, Ordering::Acquire, |pending| {
[INFO] [stdout] 326 +                 .try_update(Ordering::AcqRel, Ordering::Acquire, |pending| {
[INFO] [stdout]     |
[INFO] [stdout] 
[INFO] [stdout] 
[INFO] [stdout] warning: use of deprecated method `std::sync::atomic::Atomic::<u64>::fetch_update`: renamed to `try_update` for consistency
[INFO] [stdout]   --> src/memory/capacity.rs:26:14
[INFO] [stdout]    |
[INFO] [stdout] 26 |             .fetch_update(Ordering::AcqRel, Ordering::Acquire, |identity| {
[INFO] [stdout]    |              ^^^^^^^^^^^^
[INFO] [stdout]    |
[INFO] [stdout] help: replace the use of the deprecated method
[INFO] [stdout]    |
[INFO] [stdout] 26 -             .fetch_update(Ordering::AcqRel, Ordering::Acquire, |identity| {
[INFO] [stdout] 26 +             .try_update(Ordering::AcqRel, Ordering::Acquire, |identity| {
[INFO] [stdout]    |
[INFO] [stdout] 
[INFO] [stdout] 
[INFO] [stdout] warning: use of deprecated method `std::sync::atomic::Atomic::<usize>::fetch_update`: renamed to `try_update` for consistency
[INFO] [stdout]   --> src/memory/dead_letter.rs:38:14
[INFO] [stdout]    |
[INFO] [stdout] 38 |             .fetch_update(Ordering::AcqRel, Ordering::Acquire, |used| {
[INFO] [stdout]    |              ^^^^^^^^^^^^
[INFO] [stdout]    |
[INFO] [stdout] help: replace the use of the deprecated method
[INFO] [stdout]    |
[INFO] [stdout] 38 -             .fetch_update(Ordering::AcqRel, Ordering::Acquire, |used| {
[INFO] [stdout] 38 +             .try_update(Ordering::AcqRel, Ordering::Acquire, |used| {
[INFO] [stdout]    |
[INFO] [stdout] 
[INFO] [stdout] 
[INFO] [stdout] warning: use of deprecated method `std::sync::atomic::Atomic::<usize>::fetch_update`: renamed to `try_update` for consistency
[INFO] [stdout]    --> src/flow/metrics.rs:151:14
[INFO] [stdout]     |
[INFO] [stdout] 151 |             .fetch_update(Ordering::AcqRel, Ordering::Acquire, |current| {
[INFO] [stdout]     |              ^^^^^^^^^^^^
[INFO] [stdout]     |
[INFO] [stdout]     = note: `#[warn(deprecated)]` on by default
[INFO] [stdout] help: replace the use of the deprecated method
[INFO] [stdout]     |
[INFO] [stdout] 151 -             .fetch_update(Ordering::AcqRel, Ordering::Acquire, |current| {
[INFO] [stdout] 151 +             .try_update(Ordering::AcqRel, Ordering::Acquire, |current| {
[INFO] [stdout]     |
[INFO] [stdout] 
[INFO] [stdout] 
[INFO] [stdout] warning: use of deprecated method `std::sync::atomic::Atomic::<u64>::fetch_update`: renamed to `try_update` for consistency
[INFO] [stdout]    --> src/flow/scheduler.rs:224:14
[INFO] [stdout]     |
[INFO] [stdout] 224 |             .fetch_update(Ordering::AcqRel, Ordering::Acquire, |id| id.checked_add(1))
[INFO] [stdout]     |              ^^^^^^^^^^^^
[INFO] [stdout]     |
[INFO] [stdout] help: replace the use of the deprecated method
[INFO] [stdout]     |
[INFO] [stdout] 224 -             .fetch_update(Ordering::AcqRel, Ordering::Acquire, |id| id.checked_add(1))
[INFO] [stdout] 224 +             .try_update(Ordering::AcqRel, Ordering::Acquire, |id| id.checked_add(1))
[INFO] [stdout]     |
[INFO] [stdout] 
[INFO] [stdout] 
[INFO] [stdout] warning: use of deprecated method `std::sync::atomic::Atomic::<usize>::fetch_update`: renamed to `try_update` for consistency
[INFO] [stdout]    --> src/lifecycle.rs:326:18
[INFO] [stdout]     |
[INFO] [stdout] 326 |                 .fetch_update(Ordering::AcqRel, Ordering::Acquire, |pending| {
[INFO] [stdout]     |                  ^^^^^^^^^^^^
[INFO] [stdout]     |
[INFO] [stdout] help: replace the use of the deprecated method
[INFO] [stdout]     |
[INFO] [stdout] 326 -                 .fetch_update(Ordering::AcqRel, Ordering::Acquire, |pending| {
[INFO] [stdout] 326 +                 .try_update(Ordering::AcqRel, Ordering::Acquire, |pending| {
[INFO] [stdout]     |
[INFO] [stdout] 
[INFO] [stdout] 
[INFO] [stdout] warning: use of deprecated method `std::sync::atomic::Atomic::<u64>::fetch_update`: renamed to `try_update` for consistency
[INFO] [stdout]   --> src/memory/capacity.rs:26:14
[INFO] [stdout]    |
[INFO] [stdout] 26 |             .fetch_update(Ordering::AcqRel, Ordering::Acquire, |identity| {
[INFO] [stdout]    |              ^^^^^^^^^^^^
[INFO] [stdout]    |
[INFO] [stdout] help: replace the use of the deprecated method
[INFO] [stdout]    |
[INFO] [stdout] 26 -             .fetch_update(Ordering::AcqRel, Ordering::Acquire, |identity| {
[INFO] [stdout] 26 +             .try_update(Ordering::AcqRel, Ordering::Acquire, |identity| {
[INFO] [stdout]    |
[INFO] [stdout] 
[INFO] [stdout] 
[INFO] [stdout] warning: use of deprecated method `std::sync::atomic::Atomic::<usize>::fetch_update`: renamed to `try_update` for consistency
[INFO] [stdout]   --> src/memory/dead_letter.rs:38:14
[INFO] [stdout]    |
[INFO] [stdout] 38 |             .fetch_update(Ordering::AcqRel, Ordering::Acquire, |used| {
[INFO] [stdout]    |              ^^^^^^^^^^^^
[INFO] [stdout]    |
[INFO] [stdout] help: replace the use of the deprecated method
[INFO] [stdout]    |
[INFO] [stdout] 38 -             .fetch_update(Ordering::AcqRel, Ordering::Acquire, |used| {
[INFO] [stdout] 38 +             .try_update(Ordering::AcqRel, Ordering::Acquire, |used| {
[INFO] [stdout]    |
[INFO] [stdout] 
[INFO] [stdout] 
[INFO] [stdout] warning: use of deprecated method `std::sync::atomic::Atomic::<usize>::fetch_update`: renamed to `try_update` for consistency
[INFO] [stdout]    --> tests/recovery_runtime_contracts.rs:131:22
[INFO] [stdout]     |
[INFO] [stdout] 131 |                     .fetch_update(Ordering::AcqRel, Ordering::Acquire, |remaining| {
[INFO] [stdout]     |                      ^^^^^^^^^^^^
[INFO] [stdout]     |
[INFO] [stdout]     = note: `#[warn(deprecated)]` on by default
[INFO] [stdout] help: replace the use of the deprecated method
[INFO] [stdout]     |
[INFO] [stdout] 131 -                     .fetch_update(Ordering::AcqRel, Ordering::Acquire, |remaining| {
[INFO] [stdout] 131 +                     .try_update(Ordering::AcqRel, Ordering::Acquire, |remaining| {
[INFO] [stdout]     |
[INFO] [stdout] 
[INFO] [stdout] 
[INFO] [stdout] error[E0433]: cannot find module or crate `ahash` in this scope
[INFO] [stdout]   --> tests/codec_memorypack.rs:98:16
[INFO] [stdout]    |
[INFO] [stdout] 98 |     round_trip(ahash::AHashMap::from([(1_i64, 2_u16)]));
[INFO] [stdout]    |                ^^^^^ use of unresolved module or unlinked crate `ahash`
[INFO] [stdout]    |
[INFO] [stdout]    = help: if you wanted to use a crate named `ahash`, use `cargo add ahash` to add it to your `Cargo.toml`
[INFO] [stdout] 
[INFO] [stdout] 
[INFO] [stdout] error[E0433]: cannot find module or crate `ahash` in this scope
[INFO] [stdout]   --> tests/codec_memorypack.rs:99:16
[INFO] [stdout]    |
[INFO] [stdout] 99 |     round_trip(ahash::AHashSet::from([7_u8]));
[INFO] [stdout]    |                ^^^^^ use of unresolved module or unlinked crate `ahash`
[INFO] [stdout]    |
[INFO] [stdout]    = help: if you wanted to use a crate named `ahash`, use `cargo add ahash` to add it to your `Cargo.toml`
[INFO] [stdout] 
[INFO] [stdout] 
[INFO] [stdout] error[E0433]: cannot find module or crate `uuid` in this scope
[INFO] [stdout]    --> tests/codec_memorypack.rs:118:16
[INFO] [stdout]     |
[INFO] [stdout] 118 |     round_trip(uuid::Uuid::from_u128(
[INFO] [stdout]     |                ^^^^ use of unresolved module or unlinked crate `uuid`
[INFO] [stdout]     |
[INFO] [stdout]     = help: if you wanted to use a crate named `uuid`, use `cargo add uuid` to add it to your `Cargo.toml`
[INFO] [stdout] 
[INFO] [stdout] 
[INFO] [stdout] error[E0433]: cannot find module or crate `half` in this scope
[INFO] [stdout]    --> tests/codec_memorypack.rs:122:16
[INFO] [stdout]     |
[INFO] [stdout] 122 |     round_trip(half::f16::from_f32(1.5));
[INFO] [stdout]     |                ^^^^ use of unresolved module or unlinked crate `half`
[INFO] [stdout]     |
[INFO] [stdout]     = help: if you wanted to use a crate named `half`, use `cargo add half` to add it to your `Cargo.toml`
[INFO] [stdout] 
[INFO] [stdout] 
[INFO] [stdout] error[E0433]: cannot find module or crate `url` in this scope
[INFO] [stdout]    --> tests/codec_memorypack.rs:133:16
[INFO] [stdout]     |
[INFO] [stdout] 133 |     round_trip(url::Url::parse("https://example.com/path?q=1").expect("parses"));
[INFO] [stdout]     |                ^^^ use of unresolved module or unlinked crate `url`
[INFO] [stdout]     |
[INFO] [stdout]     = help: if you wanted to use a crate named `url`, use `cargo add url` to add it to your `Cargo.toml`
[INFO] [stdout] 
[INFO] [stdout] 
[INFO] [stdout] error[E0433]: cannot find module or crate `glam` in this scope
[INFO] [stdout]    --> tests/codec_memorypack.rs:136:16
[INFO] [stdout]     |
[INFO] [stdout] 136 |     round_trip(glam::Vec2::new(1.0, -2.5));
[INFO] [stdout]     |                ^^^^ use of unresolved module or unlinked crate `glam`
[INFO] [stdout]     |
[INFO] [stdout]     = help: if you wanted to use a crate named `glam`, use `cargo add glam` to add it to your `Cargo.toml`
[INFO] [stdout] 
[INFO] [stdout] 
[INFO] [stdout] error[E0433]: cannot find module or crate `glam` in this scope
[INFO] [stdout]    --> tests/codec_memorypack.rs:137:16
[INFO] [stdout]     |
[INFO] [stdout] 137 |     round_trip(glam::Vec3::new(1.0, 2.0, 3.5));
[INFO] [stdout]     |                ^^^^ use of unresolved module or unlinked crate `glam`
[INFO] [stdout]     |
[INFO] [stdout]     = help: if you wanted to use a crate named `glam`, use `cargo add glam` to add it to your `Cargo.toml`
[INFO] [stdout] 
[INFO] [stdout] 
[INFO] [stdout] error[E0433]: cannot find module or crate `glam` in this scope
[INFO] [stdout]    --> tests/codec_memorypack.rs:138:16
[INFO] [stdout]     |
[INFO] [stdout] 138 |     round_trip(glam::Vec4::new(1.0, 2.0, 3.0, 4.5));
[INFO] [stdout]     |                ^^^^ use of unresolved module or unlinked crate `glam`
[INFO] [stdout]     |
[INFO] [stdout]     = help: if you wanted to use a crate named `glam`, use `cargo add glam` to add it to your `Cargo.toml`
[INFO] [stdout] 
[INFO] [stdout] 
[INFO] [stdout] error[E0433]: cannot find module or crate `glam` in this scope
[INFO] [stdout]    --> tests/codec_memorypack.rs:139:16
[INFO] [stdout]     |
[INFO] [stdout] 139 |     round_trip(glam::Quat::from_xyzw(0.1, 0.2, 0.3, 0.9));
[INFO] [stdout]     |                ^^^^ use of unresolved module or unlinked crate `glam`
[INFO] [stdout]     |
[INFO] [stdout]     = help: if you wanted to use a crate named `glam`, use `cargo add glam` to add it to your `Cargo.toml`
[INFO] [stdout] 
[INFO] [stdout] 
[INFO] [stdout] error[E0433]: cannot find module or crate `glam` in this scope
[INFO] [stdout]    --> tests/codec_memorypack.rs:140:16
[INFO] [stdout]     |
[INFO] [stdout] 140 |     round_trip(glam::Mat3A::from_cols_array(&[
[INFO] [stdout]     |                ^^^^ use of unresolved module or unlinked crate `glam`
[INFO] [stdout]     |
[INFO] [stdout]     = help: if you wanted to use a crate named `glam`, use `cargo add glam` to add it to your `Cargo.toml`
[INFO] [stdout] 
[INFO] [stdout] 
[INFO] [stdout] error[E0433]: cannot find module or crate `glam` in this scope
[INFO] [stdout]    --> tests/codec_memorypack.rs:143:16
[INFO] [stdout]     |
[INFO] [stdout] 143 |     round_trip(glam::Mat4::from_cols_array(&[
[INFO] [stdout]     |                ^^^^ use of unresolved module or unlinked crate `glam`
[INFO] [stdout]     |
[INFO] [stdout]     = help: if you wanted to use a crate named `glam`, use `cargo add glam` to add it to your `Cargo.toml`
[INFO] [stdout] 
[INFO] [stdout] 
[INFO] [stdout] error[E0433]: cannot find module or crate `chrono` in this scope
[INFO] [stdout]    --> tests/codec_memorypack.rs:147:16
[INFO] [stdout]     |
[INFO] [stdout] 147 |     round_trip(chrono::TimeDelta::milliseconds(-5_000));
[INFO] [stdout]     |                ^^^^^^ use of unresolved module or unlinked crate `chrono`
[INFO] [stdout]     |
[INFO] [stdout]     = help: if you wanted to use a crate named `chrono`, use `cargo add chrono` to add it to your `Cargo.toml`
[INFO] [stdout] 
[INFO] [stdout] 
[INFO] [stdout] error[E0433]: cannot find module or crate `chrono` in this scope
[INFO] [stdout]    --> tests/codec_memorypack.rs:148:16
[INFO] [stdout]     |
[INFO] [stdout] 148 |     round_trip(chrono::DateTime::from_timestamp(1_700_000_000, 123_456_700).expect("valid"));
[INFO] [stdout]     |                ^^^^^^ use of unresolved module or unlinked crate `chrono`
[INFO] [stdout]     |
[INFO] [stdout]     = help: if you wanted to use a crate named `chrono`, use `cargo add chrono` to add it to your `Cargo.toml`
[INFO] [stdout] 
[INFO] [stdout] 
[INFO] [stdout] error[E0433]: cannot find module or crate `chrono` in this scope
[INFO] [stdout]    --> tests/codec_memorypack.rs:149:16
[INFO] [stdout]     |
[INFO] [stdout] 149 |     round_trip(chrono::NaiveTime::from_hms_nano_opt(23, 59, 59, 999_999_900).expect("valid"));
[INFO] [stdout]     |                ^^^^^^ use of unresolved module or unlinked crate `chrono`
[INFO] [stdout]     |
[INFO] [stdout]     = help: if you wanted to use a crate named `chrono`, use `cargo add chrono` to add it to your `Cargo.toml`
[INFO] [stdout] 
[INFO] [stdout] 
[INFO] [stdout] error[E0433]: cannot find module or crate `chrono` in this scope
[INFO] [stdout]    --> tests/codec_memorypack.rs:150:16
[INFO] [stdout]     |
[INFO] [stdout] 150 |     round_trip(chrono::NaiveDate::from_ymd_opt(2024, 2, 29).expect("valid"));
[INFO] [stdout]     |                ^^^^^^ use of unresolved module or unlinked crate `chrono`
[INFO] [stdout]     |
[INFO] [stdout]     = help: if you wanted to use a crate named `chrono`, use `cargo add chrono` to add it to your `Cargo.toml`
[INFO] [stdout] 
[INFO] [stdout] 
[INFO] [stdout] error[E0433]: cannot find module or crate `chrono` in this scope
[INFO] [stdout]    --> tests/codec_memorypack.rs:151:18
[INFO] [stdout]     |
[INFO] [stdout] 151 |     let offset = chrono::FixedOffset::east_opt(3_600).expect("valid");
[INFO] [stdout]     |                  ^^^^^^ use of unresolved module or unlinked crate `chrono`
[INFO] [stdout]     |
[INFO] [stdout]     = help: if you wanted to use a crate named `chrono`, use `cargo add chrono` to add it to your `Cargo.toml`
[INFO] [stdout] 
[INFO] [stdout] 
[INFO] [stdout] error[E0433]: cannot find module or crate `chrono` in this scope
[INFO] [stdout]    --> tests/codec_memorypack.rs:153:9
[INFO] [stdout]     |
[INFO] [stdout] 153 |         chrono::DateTime::from_timestamp(1_700_000_000, 0)
[INFO] [stdout]     |         ^^^^^^ use of unresolved module or unlinked crate `chrono`
[INFO] [stdout]     |
[INFO] [stdout]     = help: if you wanted to use a crate named `chrono`, use `cargo add chrono` to add it to your `Cargo.toml`
[INFO] [stdout] 
[INFO] [stdout] 
[INFO] [stdout] error[E0433]: cannot find module or crate `chrono` in this scope
[INFO] [stdout]    --> tests/codec_memorypack.rs:157:13
[INFO] [stdout]     |
[INFO] [stdout] 157 |     let _ = chrono::DateTime::from_timestamp(1_700_000_000, 0)
[INFO] [stdout]     |             ^^^^^^ use of unresolved module or unlinked crate `chrono`
[INFO] [stdout]     |
[INFO] [stdout]     = help: if you wanted to use a crate named `chrono`, use `cargo add chrono` to add it to your `Cargo.toml`
[INFO] [stdout] 
[INFO] [stdout] 
[INFO] [stdout] error[E0433]: cannot find module or crate `hashbrown` in this scope
[INFO] [stdout]   --> tests/codec_memorypack.rs:96:16
[INFO] [stdout]    |
[INFO] [stdout] 96 |     round_trip(hashbrown::HashMap::from([("h".to_string(), 2_u32)]));
[INFO] [stdout]    |                ^^^^^^^^^ use of unresolved module or unlinked crate `hashbrown`
[INFO] [stdout]    |
[INFO] [stdout]    = help: if you wanted to use a crate named `hashbrown`, use `cargo add hashbrown` to add it to your `Cargo.toml`
[INFO] [stdout] help: consider importing one of these structs
[INFO] [stdout]    |
[INFO] [stdout]  5 + use crate::HashMap;
[INFO] [stdout]    |
[INFO] [stdout]  5 + use std::collections::HashMap;
[INFO] [stdout]    |
[INFO] [stdout] help: if you import `HashMap`, refer to it directly
[INFO] [stdout]    |
[INFO] [stdout] 96 -     round_trip(hashbrown::HashMap::from([("h".to_string(), 2_u32)]));
[INFO] [stdout] 96 +     round_trip(HashMap::from([("h".to_string(), 2_u32)]));
[INFO] [stdout]    |
[INFO] [stdout] 
[INFO] [stdout] 
[INFO] [stdout] error[E0433]: cannot find module or crate `hashbrown` in this scope
[INFO] [stdout]   --> tests/codec_memorypack.rs:97:16
[INFO] [stdout]    |
[INFO] [stdout] 97 |     round_trip(hashbrown::HashSet::from([5_i32, 6]));
[INFO] [stdout]    |                ^^^^^^^^^ use of unresolved module or unlinked crate `hashbrown`
[INFO] [stdout]    |
[INFO] [stdout]    = help: if you wanted to use a crate named `hashbrown`, use `cargo add hashbrown` to add it to your `Cargo.toml`
[INFO] [stdout] help: consider importing one of these structs
[INFO] [stdout]    |
[INFO] [stdout]  5 + use crate::HashSet;
[INFO] [stdout]    |
[INFO] [stdout]  5 + use std::collections::HashSet;
[INFO] [stdout]    |
[INFO] [stdout] help: if you import `HashSet`, refer to it directly
[INFO] [stdout]    |
[INFO] [stdout] 97 -     round_trip(hashbrown::HashSet::from([5_i32, 6]));
[INFO] [stdout] 97 +     round_trip(HashSet::from([5_i32, 6]));
[INFO] [stdout]    |
[INFO] [stdout] 
[INFO] [stdout] 
[INFO] [stdout] error[E0433]: cannot find module or crate `rust_decimal` in this scope
[INFO] [stdout]    --> tests/codec_memorypack.rs:121:16
[INFO] [stdout]     |
[INFO] [stdout] 121 |     round_trip(rust_decimal::Decimal::new(-12_345, 2));
[INFO] [stdout]     |                ^^^^^^^^^^^^ use of unresolved module or unlinked crate `rust_decimal`
[INFO] [stdout]     |
[INFO] [stdout]     = help: if you wanted to use a crate named `rust_decimal`, use `cargo add rust_decimal` to add it to your `Cargo.toml`
[INFO] [stdout] 
[INFO] [stdout] 
[INFO] [stdout] error[E0433]: cannot find module or crate `num_complex` in this scope
[INFO] [stdout]    --> tests/codec_memorypack.rs:135:16
[INFO] [stdout]     |
[INFO] [stdout] 135 |     round_trip(num_complex::Complex::new(1.5_f64, -2.25_f64));
[INFO] [stdout]     |                ^^^^^^^^^^^ use of unresolved module or unlinked crate `num_complex`
[INFO] [stdout]     |
[INFO] [stdout]     = help: if you wanted to use a crate named `num_complex`, use `cargo add num_complex` to add it to your `Cargo.toml`
[INFO] [stdout] help: consider importing this struct
[INFO] [stdout]     |
[INFO] [stdout]   5 + use std::num::Complex;
[INFO] [stdout]     |
[INFO] [stdout] help: if you import `Complex`, refer to it directly
[INFO] [stdout]     |
[INFO] [stdout] 135 -     round_trip(num_complex::Complex::new(1.5_f64, -2.25_f64));
[INFO] [stdout] 135 +     round_trip(Complex::new(1.5_f64, -2.25_f64));
[INFO] [stdout]     |
[INFO] [stdout] 
[INFO] [stdout] 
[INFO] [stdout] error[E0433]: cannot find module or crate `chrono` in this scope
[INFO] [stdout]    --> tests/codec_memorypack.rs:159:25
[INFO] [stdout]     |
[INFO] [stdout] 159 |         .with_timezone(&chrono::Local);
[INFO] [stdout]     |                         ^^^^^^ use of unresolved module or unlinked crate `chrono`
[INFO] [stdout]     |
[INFO] [stdout]     = help: if you wanted to use a crate named `chrono`, use `cargo add chrono` to add it to your `Cargo.toml`
[INFO] [stdout] 
[INFO] [stdout] 
[INFO] [stdout] error[E0433]: cannot find module or crate `num_bigint` in this scope
[INFO] [stdout]    --> tests/codec_memorypack.rs:125:22
[INFO] [stdout]     |
[INFO] [stdout] 125 |             .parse::<num_bigint::BigInt>()
[INFO] [stdout]     |                      ^^^^^^^^^^ use of unresolved module or unlinked crate `num_bigint`
[INFO] [stdout]     |
[INFO] [stdout]     = help: if you wanted to use a crate named `num_bigint`, use `cargo add num_bigint` to add it to your `Cargo.toml`
[INFO] [stdout] 
[INFO] [stdout] 
[INFO] [stdout] error[E0433]: cannot find module or crate `num_bigint` in this scope
[INFO] [stdout]    --> tests/codec_memorypack.rs:130:22
[INFO] [stdout]     |
[INFO] [stdout] 130 |             .parse::<num_bigint::BigUint>()
[INFO] [stdout]     |                      ^^^^^^^^^^ use of unresolved module or unlinked crate `num_bigint`
[INFO] [stdout]     |
[INFO] [stdout]     = help: if you wanted to use a crate named `num_bigint`, use `cargo add num_bigint` to add it to your `Cargo.toml`
[INFO] [stdout] 
[INFO] [stdout] 
[INFO] [stdout] For more information about this error, try `rustc --explain E0433`.
[INFO] [stdout] 
[INFO] [stderr] error: could not compile `catga-core` (test "codec_memorypack") due to 25 previous errors
[INFO] [stderr] warning: build failed, waiting for other jobs to finish...
[INFO] running `Command { std: "docker" "inspect" "261f9bdfa8e37da6970c61df5d47b9581bdcdf29bcfd82121c60ba6e3b3278ee", kill_on_drop: false }`
[INFO] running `Command { std: "docker" "rm" "-f" "261f9bdfa8e37da6970c61df5d47b9581bdcdf29bcfd82121c60ba6e3b3278ee", kill_on_drop: false }`
[INFO] [stdout] 261f9bdfa8e37da6970c61df5d47b9581bdcdf29bcfd82121c60ba6e3b3278ee
