[INFO] fetching crate catenary-cli 2.1.2...
[INFO] checking catenary-cli-2.1.2 against 3154cc1a3e6424e44f438a95007d043ed5ceaaf6 for pr-133502-30
[INFO] extracting crate catenary-cli 2.1.2 into /workspace/builds/worker-2-tc2/source
[INFO] removed /workspace/builds/worker-2-tc2/source/rust-toolchain.toml
[INFO] started tweaking crates.io crate catenary-cli 2.1.2
[INFO] removed 0 missing tests
[INFO] finished tweaking crates.io crate catenary-cli 2.1.2
[INFO] tweaked toml for crates.io crate catenary-cli 2.1.2 written to /workspace/builds/worker-2-tc2/source/Cargo.toml
[INFO] validating manifest of crates.io crate catenary-cli 2.1.2 on toolchain 3154cc1a3e6424e44f438a95007d043ed5ceaaf6
[INFO] running `Command { std: CARGO_HOME="/workspace/cargo-home" RUSTUP_HOME="/workspace/rustup-home" "/workspace/cargo-home/bin/cargo" "+3154cc1a3e6424e44f438a95007d043ed5ceaaf6" "metadata" "--manifest-path" "Cargo.toml" "--no-deps", kill_on_drop: false }`
[INFO] crate crates.io crate catenary-cli 2.1.2 already has a lockfile, it will not be regenerated
[INFO] running `Command { std: CARGO_HOME="/workspace/cargo-home" RUSTUP_HOME="/workspace/rustup-home" "/workspace/cargo-home/bin/cargo" "+3154cc1a3e6424e44f438a95007d043ed5ceaaf6" "fetch" "--manifest-path" "Cargo.toml", kill_on_drop: false }`
[INFO] running `Command { std: "docker" "create" "-v" "/var/lib/crater-agent-workspace/builds/worker-2-tc2/source:/opt/rustwide/workdir:ro,Z" "-v" "/var/lib/crater-agent-workspace/builds/worker-2-tc2/target:/opt/rustwide/target:rw,Z" "-v" "/var/lib/crater-agent-workspace/cargo-home:/opt/rustwide/cargo-home:ro,Z" "-v" "/var/lib/crater-agent-workspace/rustup-home:/opt/rustwide/rustup-home:ro,Z" "-m" "1610612736" "--network" "none" "ghcr.io/rust-lang/crates-build-env/linux@sha256:77db811e55d90add9212f6832c23229e3de5f1c1f9905e8cb07319ea15df73ac" "sleep" "infinity", kill_on_drop: false }`
[INFO] [stdout] d1673aa949551f8ac404919c1a6d9b421277d29297ee98e63732ce887619bbcf
[INFO] running `Command { std: "docker" "start" "d1673aa949551f8ac404919c1a6d9b421277d29297ee98e63732ce887619bbcf", kill_on_drop: false }`
[INFO] running `Command { std: "docker" "inspect" "d1673aa949551f8ac404919c1a6d9b421277d29297ee98e63732ce887619bbcf", kill_on_drop: false }`
[INFO] running `Command { std: "docker" "exec" "-e" "SOURCE_DIR=/opt/rustwide/workdir" "-e" "CARGO_HOME=/opt/rustwide/cargo-home" "-e" "RUSTUP_HOME=/opt/rustwide/rustup-home" "-e" "CARGO_TARGET_DIR=/opt/rustwide/target" "-w" "/opt/rustwide/workdir" "--user" "0:0" "d1673aa949551f8ac404919c1a6d9b421277d29297ee98e63732ce887619bbcf" "/opt/rustwide/cargo-home/bin/cargo" "+3154cc1a3e6424e44f438a95007d043ed5ceaaf6" "metadata" "--no-deps" "--format-version=1", kill_on_drop: false }`
[INFO] running `Command { std: "docker" "inspect" "d1673aa949551f8ac404919c1a6d9b421277d29297ee98e63732ce887619bbcf", kill_on_drop: false }`
[INFO] running `Command { std: "docker" "exec" "-e" "SOURCE_DIR=/opt/rustwide/workdir" "-e" "CARGO_HOME=/opt/rustwide/cargo-home" "-e" "RUSTUP_HOME=/opt/rustwide/rustup-home" "-e" "CARGO_TARGET_DIR=/opt/rustwide/target" "-e" "CARGO_INCREMENTAL=0" "-e" "RUST_BACKTRACE=full" "-e" "RUSTFLAGS=--cap-lints=forbid" "-e" "RUSTDOCFLAGS=--cap-lints=forbid" "-w" "/opt/rustwide/workdir" "--user" "0:0" "d1673aa949551f8ac404919c1a6d9b421277d29297ee98e63732ce887619bbcf" "/opt/rustwide/cargo-home/bin/cargo" "+3154cc1a3e6424e44f438a95007d043ed5ceaaf6" "check" "--frozen" "--all" "--all-targets" "--message-format=json", kill_on_drop: false }`
[INFO] [stderr]    Compiling libc v0.2.189
[INFO] [stderr]     Checking cfg-if v1.0.4
[INFO] [stderr]    Compiling syn v3.0.3
[INFO] [stderr]     Checking memchr v2.8.3
[INFO] [stderr]     Checking bitflags v2.13.1
[INFO] [stderr]     Checking log v0.4.33
[INFO] [stderr]     Checking smallvec v1.15.2
[INFO] [stderr]     Checking zerofrom v0.1.8
[INFO] [stderr]     Checking stable_deref_trait v1.2.1
[INFO] [stderr]     Checking once_cell v1.21.4
[INFO] [stderr]     Checking yoke v0.8.3
[INFO] [stderr]    Compiling serde_core v1.0.229
[INFO] [stderr]     Checking allocator-api2 v0.2.21
[INFO] [stderr]     Checking equivalent v1.0.2
[INFO] [stderr]     Checking foldhash v0.2.0
[INFO] [stderr]    Compiling rustix v1.1.4
[INFO] [stderr]     Checking zerovec v0.11.6
[INFO] [stderr]     Checking linux-raw-sys v0.12.1
[INFO] [stderr]    Compiling parking_lot_core v0.9.12
[INFO] [stderr]     Checking scopeguard v1.2.0
[INFO] [stderr]     Checking regex-syntax v0.8.11
[INFO] [stderr]     Checking aho-corasick v1.1.4
[INFO] [stderr]     Checking lock_api v0.4.14
[INFO] [stderr]    Compiling thiserror v2.0.19
[INFO] [stderr]     Checking itoa v1.0.18
[INFO] [stderr]     Checking zeroize v1.9.0
[INFO] [stderr]     Checking litemap v0.8.2
[INFO] [stderr]     Checking writeable v0.6.3
[INFO] [stderr]     Checking pin-project-lite v0.2.17
[INFO] [stderr]    Compiling getrandom v0.4.3
[INFO] [stderr]    Compiling cc v1.4.0
[INFO] [stderr]    Compiling serde v1.0.229
[INFO] [stderr]    Compiling generic-array v0.14.7
[INFO] [stderr]     Checking errno v0.3.14
[INFO] [stderr]     Checking signal-hook-registry v1.4.8
[INFO] [stderr]     Checking parking_lot v0.12.5
[INFO] [stderr]     Checking mio v1.2.2
[INFO] [stderr]     Checking potential_utf v0.1.5
[INFO] [stderr]     Checking hashbrown v0.17.1
[INFO] [stderr]     Checking hashbrown v0.16.1
[INFO] [stderr]     Checking typenum v1.20.1
[INFO] [stderr]     Checking utf8_iter v1.0.4
[INFO] [stderr]    Compiling icu_properties_data v2.2.0
[INFO] [stderr]    Compiling signal-hook v0.3.18
[INFO] [stderr]    Compiling icu_normalizer_data v2.2.0
[INFO] [stderr]     Checking either v1.17.0
[INFO] [stderr]     Checking regex-automata v0.4.16
[INFO] [stderr]    Compiling zerocopy v0.8.55
[INFO] [stderr]    Compiling zmij v1.0.23
[INFO] [stderr]     Checking itertools v0.14.0
[INFO] [stderr]    Compiling ring v0.17.14
[INFO] [stderr]     Checking rustls-pki-types v1.15.1
[INFO] [stderr]     Checking castaway v0.2.4
[INFO] [stderr]     Checking fastrand v2.5.0
[INFO] [stderr]     Checking ryu v1.0.23
[INFO] [stderr]     Checking static_assertions v1.1.0
[INFO] [stderr]     Checking futures-core v0.3.33
[INFO] [stderr]     Checking futures-sink v0.3.33
[INFO] [stderr]     Checking unicode-width v0.2.2
[INFO] [stderr]     Checking unicode-segmentation v1.13.3
[INFO] [stderr]    Compiling num-traits v0.2.19
[INFO] [stderr]     Checking compact_str v0.9.1
[INFO] [stderr]     Checking tempfile v3.27.0
[INFO] [stderr]    Compiling getrandom v0.3.4
[INFO] [stderr]    Compiling serde_json v1.0.151
[INFO] [stderr]    Compiling rustix v0.38.44
[INFO] [stderr]    Compiling crossbeam-utils v0.8.22
[INFO] [stderr]     Checking strum v0.28.0
[INFO] [stderr]     Checking signal-hook-mio v0.2.5
[INFO] [stderr]     Checking crypto-common v0.1.7
[INFO] [stderr]     Checking block-buffer v0.10.4
[INFO] [stderr]     Checking lru v0.18.1
[INFO] [stderr]     Checking getrandom v0.2.17
[INFO] [stderr]     Checking tracing-core v0.1.36
[INFO] [stderr]    Compiling ucd-trie v0.1.7
[INFO] [stderr]     Checking utf8parse v0.2.2
[INFO] [stderr]     Checking untrusted v0.9.0
[INFO] [stderr]    Compiling inotify-sys v0.1.8
[INFO] [stderr]     Checking linux-raw-sys v0.4.15
[INFO] [stderr]     Checking subtle v2.6.1
[INFO] [stderr]    Compiling crossbeam-epoch v0.9.20
[INFO] [stderr]    Compiling pest v2.8.8
[INFO] [stderr]    Compiling crc32fast v1.5.0
[INFO] [stderr]     Checking anstyle-parse v1.0.0
[INFO] [stderr]    Compiling darling_core v0.20.11
[INFO] [stderr]     Checking unicode-truncate v2.0.1
[INFO] [stderr]    Compiling displaydoc v0.2.7
[INFO] [stderr]    Compiling thiserror-impl v2.0.19
[INFO] [stderr]     Checking tinystr v0.8.3
[INFO] [stderr]     Checking icu_locale_core v2.2.0
[INFO] [stderr]     Checking zerotrie v0.2.4
[INFO] [stderr]    Compiling serde_derive v1.0.229
[INFO] [stderr]     Checking icu_collections v2.2.0
[INFO] [stderr]     Checking bstr v1.13.0
[INFO] [stderr]     Checking digest v0.10.7
[INFO] [stderr]     Checking derive_more v2.1.1
[INFO] [stderr]    Compiling curve25519-dalek v4.1.3
[INFO] [stderr]     Checking icu_provider v2.2.0
[INFO] [stderr]     Checking futures-channel v0.3.33
[INFO] [stderr]     Checking simd-adler32 v0.3.10
[INFO] [stderr]    Compiling rustls v0.23.43
[INFO] [stderr]     Checking icu_properties v2.2.0
[INFO] [stderr]     Checking kasuari v0.4.12
[INFO] [stderr]     Checking icu_normalizer v2.2.0
[INFO] [stderr]     Checking cpufeatures v0.2.17
[INFO] [stderr]     Checking colorchoice v1.0.5
[INFO] [stderr]     Checking winnow v1.0.4
[INFO] [stderr]     Checking ratatui-core v0.1.2
[INFO] [stderr]     Checking futures-task v0.3.33
[INFO] [stderr]     Checking same-file v1.0.6
[INFO] [stderr]     Checking is_terminal_polyfill v1.70.2
[INFO] [stderr]     Checking futures-io v0.3.33
[INFO] [stderr]     Checking anstyle v1.0.14
[INFO] [stderr]     Checking slab v0.4.12
[INFO] [stderr]     Checking adler2 v2.0.1
[INFO] [stderr]     Checking percent-encoding v2.3.2
[INFO] [stderr]    Compiling prettyplease v0.2.37
[INFO] [stderr]     Checking anstyle-query v1.1.5
[INFO] [stderr]     Checking anstream v1.0.0
[INFO] [stderr]     Checking form_urlencoded v1.2.2
[INFO] [stderr]     Checking miniz_oxide v0.8.9
[INFO] [stderr]    Compiling darling_macro v0.20.11
[INFO] [stderr]     Checking futures-util v0.3.33
[INFO] [stderr]     Checking idna_adapter v1.2.2
[INFO] [stderr]     Checking idna v1.1.0
[INFO] [stderr]     Checking rustls-webpki v0.103.13
[INFO] [stderr]     Checking walkdir v2.5.0
[INFO] [stderr]    Compiling crossbeam-deque v0.8.7
[INFO] [stderr]     Checking tracing v0.1.44
[INFO] [stderr]     Checking rand_core v0.9.5
[INFO] [stderr]     Checking crossterm v0.29.0
[INFO] [stderr]    Compiling pest_meta v2.8.8
[INFO] [stderr]     Checking crossterm v0.28.1
[INFO] [stderr]     Checking toml_parser v1.1.3+spec-1.1.0
[INFO] [stderr]    Compiling tokio-macros v2.7.2
[INFO] [stderr]     Checking webpki-roots v1.0.9
[INFO] [stderr]     Checking socket2 v0.6.5
[INFO] [stderr]     Checking grep-matcher v0.1.9
[INFO] [stderr]     Checking line-clipping v0.3.7
[INFO] [stderr]     Checking encoding_rs v0.8.35
[INFO] [stderr]    Compiling curve25519-dalek-derive v0.1.1
[INFO] [stderr]     Checking similar v2.7.0
[INFO] [stderr]     Checking signature v2.2.0
[INFO] [stderr]    Compiling schemars v0.8.22
[INFO] [stderr]     Checking clap_lex v1.1.0
[INFO] [stderr]     Checking toml_writer v1.1.2+spec-1.1.0
[INFO] [stderr]     Checking bytes v1.12.1
[INFO] [stderr]     Checking option-ext v0.2.0
[INFO] [stderr]     Checking strsim v0.11.1
[INFO] [stderr]     Checking lazy_static v1.5.0
[INFO] [stderr]     Checking sharded-slab v0.1.7
[INFO] [stderr]     Checking dirs-sys v0.5.0
[INFO] [stderr]     Checking clap_builder v4.6.2
[INFO] [stderr]    Compiling anyhow v1.0.104
[INFO] [stderr]     Checking ed25519 v2.2.3
[INFO] [stderr]    Compiling pest_generator v2.8.8
[INFO] [stderr]     Checking tokio v1.53.1
[INFO] [stderr]    Compiling schemars_derive v0.8.22
[INFO] [stderr]     Checking encoding_rs_io v0.1.7
[INFO] [stderr]     Checking ratatui-widgets v0.3.2
[INFO] [stderr]    Compiling ahash v0.8.12
[INFO] [stderr]     Checking ratatui-crossterm v0.1.2
[INFO] [stderr]     Checking webpki-roots v0.26.11
[INFO] [stderr]     Checking inotify v0.11.4
[INFO] [stderr]     Checking flate2 v1.1.9
[INFO] [stderr]     Checking futures-executor v0.3.33
[INFO] [stderr]     Checking url v2.5.8
[INFO] [stderr]    Compiling darling v0.20.11
[INFO] [stderr]     Checking sha2 v0.10.9
[INFO] [stderr]     Checking globset v0.4.19
[INFO] [stderr]     Checking matchers v0.2.0
[INFO] [stderr]    Compiling clap_derive v4.6.4
[INFO] [stderr]     Checking tracing-log v0.2.0
[INFO] [stderr]     Checking xattr v1.6.1
[INFO] [stderr]     Checking serde_spanned v1.1.1
[INFO] [stderr]     Checking toml_datetime v0.7.5+spec-1.1.0
[INFO] [stderr]     Checking indexmap v2.14.0
[INFO] [stderr]     Checking memmap2 v0.9.11
[INFO] [stderr]     Checking filetime v0.2.29
[INFO] [stderr]     Checking notify-types v2.1.0
[INFO] [stderr]     Checking thread_local v1.1.10
[INFO] [stderr]     Checking dyn-clone v1.0.20
[INFO] [stderr]     Checking iana-time-zone v0.1.65
[INFO] [stderr]    Compiling peg-runtime v0.8.6
[INFO] [stderr]     Checking nu-ansi-term v0.50.3
[INFO] [stderr]    Compiling catenary-cli v2.1.2 (/opt/rustwide/workdir)
[INFO] [stderr]     Checking toml_datetime v1.1.1+spec-1.1.0
[INFO] [stderr]     Checking winnow v0.7.15
[INFO] [stderr]     Checking base64 v0.22.1
[INFO] [stderr]    Compiling peg-macros v0.8.6
[INFO] [stderr]     Checking tracing-subscriber v0.3.23
[INFO] [stderr]     Checking toml_edit v0.25.13+spec-1.1.0
[INFO] [stderr]    Compiling bon-macros v3.9.3
[INFO] [stderr]     Checking clap v4.6.4
[INFO] [stderr]     Checking chrono v0.4.45
[INFO] [stderr]     Checking notify v8.2.0
[INFO] [stderr]     Checking grep-searcher v0.1.17
[INFO] [stderr]     Checking tar v0.4.46
[INFO] [stderr]     Checking ignore v0.4.31
[INFO] [stderr]     Checking ureq v2.12.1
[INFO] [stderr]     Checking toml v0.9.12+spec-1.1.0
[INFO] [stderr]     Checking ratatui v0.30.2
[INFO] [stderr]     Checking ed25519-dalek v2.2.0
[INFO] [stderr]    Compiling cached_proc_macro v0.27.0
[INFO] [stderr]     Checking futures v0.3.33
[INFO] [stderr]    Compiling pest_derive v2.8.8
[INFO] [stderr]     Checking dirs v6.0.0
[INFO] [stderr]     Checking catenary-mcp v3.0.1
[INFO] [stderr]     Checking grep-regex v0.1.14
[INFO] [stderr]     Checking ppv-lite86 v0.2.21
[INFO] [stderr]     Checking regex v1.13.1
[INFO] [stderr]     Checking uuid v1.24.0
[INFO] [stderr]     Checking console v0.16.4
[INFO] [stderr]     Checking catenary-proc v0.2.2
[INFO] [stderr]     Checking os_pipe v1.2.3
[INFO] [stderr]     Checking wait-timeout v0.2.1
[INFO] [stderr]     Checking fnv v1.0.7
[INFO] [stderr]     Checking quick-error v1.2.3
[INFO] [stderr]     Checking bit-vec v0.8.0
[INFO] [stderr]     Checking arrayvec v0.7.8
[INFO] [stderr]     Checking cached_proc_macro_types v0.1.1
[INFO] [stderr]     Checking tokio-util v0.7.19
[INFO] [stderr]     Checking web-time v1.1.0
[INFO] [stderr]     Checking rusty-fork v0.3.1
[INFO] [stderr]     Checking peg v0.8.6
[INFO] [stderr]     Checking insta v1.48.0
[INFO] [stderr]     Checking rand_chacha v0.9.0
[INFO] [stderr]     Checking rand_xorshift v0.4.0
[INFO] [stderr]     Checking cached v0.59.0
[INFO] [stderr]     Checking utf8-chars v3.0.7
[INFO] [stderr]     Checking bit-set v0.8.0
[INFO] [stderr]     Checking rand v0.9.5
[INFO] [stderr]     Checking indenter v0.3.4
[INFO] [stderr]     Checking unarray v0.1.4
[INFO] [stderr]     Checking proptest v1.11.0
[INFO] [stderr]     Checking bon v3.9.3
[INFO] [stderr]     Checking brush-parser v0.4.0
[INFO] [stdout] error[E0432]: unresolved import `crate::lsp::test_support`
[INFO] [stdout]    --> src/bridge/hitstream_enricher.rs:517:21
[INFO] [stdout]     |
[INFO] [stdout] 517 |     use crate::lsp::test_support::mockls_bin;
[INFO] [stdout]     |                     ^^^^^^^^^^^^ could not find `test_support` in `lsp`
[INFO] [stdout]     |
[INFO] [stdout] note: found an item that was configured out
[INFO] [stdout]    --> src/lsp/mod.rs:57:9
[INFO] [stdout]     |
[INFO] [stdout]  48 | #[cfg(feature = "mockls")]
[INFO] [stdout]     |       ------------------ the item is gated behind the `mockls` feature
[INFO] [stdout] ...
[INFO] [stdout]  57 | pub mod test_support {
[INFO] [stdout]     |         ^^^^^^^^^^^^
[INFO] [stdout] 
[INFO] [stdout] 
[INFO] [stdout] error[E0432]: unresolved import `crate::lsp::test_support`
[INFO] [stdout]     --> src/lsp/client.rs:1458:21
[INFO] [stdout]      |
[INFO] [stdout] 1458 |     use crate::lsp::test_support::mockls_bin;
[INFO] [stdout]      |                     ^^^^^^^^^^^^ could not find `test_support` in `lsp`
[INFO] [stdout]      |
[INFO] [stdout] note: found an item that was configured out
[INFO] [stdout]     --> src/lsp/mod.rs:57:9
[INFO] [stdout]      |
[INFO] [stdout]   48 | #[cfg(feature = "mockls")]
[INFO] [stdout]      |       ------------------ the item is gated behind the `mockls` feature
[INFO] [stdout] ...
[INFO] [stdout]   57 | pub mod test_support {
[INFO] [stdout]      |         ^^^^^^^^^^^^
[INFO] [stdout] 
[INFO] [stdout] 
[INFO] [stdout] error[E0432]: unresolved import `crate::logging::test_support`
[INFO] [stdout]    --> src/hook/mod.rs:701:25
[INFO] [stdout]     |
[INFO] [stdout] 701 |     use crate::logging::test_support::{
[INFO] [stdout]     |                         ^^^^^^^^^^^^ could not find `test_support` in `logging`
[INFO] [stdout]     |
[INFO] [stdout] note: found an item that was configured out
[INFO] [stdout]    --> src/logging/mod.rs:705:9
[INFO] [stdout]     |
[INFO] [stdout] 695 | #[cfg(feature = "mockls")]
[INFO] [stdout]     |       ------------------ the item is gated behind the `mockls` feature
[INFO] [stdout] ...
[INFO] [stdout] 705 | pub mod test_support {
[INFO] [stdout]     |         ^^^^^^^^^^^^
[INFO] [stdout] 
[INFO] [stdout] 
[INFO] [stdout] error[E0432]: unresolved import `crate::logging::test_support`
[INFO] [stdout]     --> src/lsp/client.rs:1456:25
[INFO] [stdout]      |
[INFO] [stdout] 1456 |     use crate::logging::test_support::{MessageRecorder, setup_logging};
[INFO] [stdout]      |                         ^^^^^^^^^^^^ could not find `test_support` in `logging`
[INFO] [stdout]      |
[INFO] [stdout] note: found an item that was configured out
[INFO] [stdout]     --> src/logging/mod.rs:705:9
[INFO] [stdout]      |
[INFO] [stdout]  695 | #[cfg(feature = "mockls")]
[INFO] [stdout]      |       ------------------ the item is gated behind the `mockls` feature
[INFO] [stdout] ...
[INFO] [stdout]  705 | pub mod test_support {
[INFO] [stdout]      |         ^^^^^^^^^^^^
[INFO] [stdout] 
[INFO] [stdout] 
[INFO] [stdout] error[E0432]: unresolved import `crate::logging::test_support`
[INFO] [stdout]     --> src/lsp/connection.rs:1114:25
[INFO] [stdout]      |
[INFO] [stdout] 1114 |     use crate::logging::test_support::{query_all_messages, setup_logging};
[INFO] [stdout]      |                         ^^^^^^^^^^^^ could not find `test_support` in `logging`
[INFO] [stdout]      |
[INFO] [stdout] note: found an item that was configured out
[INFO] [stdout]     --> src/logging/mod.rs:705:9
[INFO] [stdout]      |
[INFO] [stdout]  695 | #[cfg(feature = "mockls")]
[INFO] [stdout]      |       ------------------ the item is gated behind the `mockls` feature
[INFO] [stdout] ...
[INFO] [stdout]  705 | pub mod test_support {
[INFO] [stdout]      |         ^^^^^^^^^^^^
[INFO] [stdout] 
[INFO] [stdout] 
[INFO] [stdout] error[E0432]: unresolved import `crate::logging::test_support`
[INFO] [stdout]     --> src/lsp/server.rs:1741:25
[INFO] [stdout]      |
[INFO] [stdout] 1741 |     use crate::logging::test_support::{query_all_messages, setup_logging};
[INFO] [stdout]      |                         ^^^^^^^^^^^^ could not find `test_support` in `logging`
[INFO] [stdout]      |
[INFO] [stdout] note: found an item that was configured out
[INFO] [stdout]     --> src/logging/mod.rs:705:9
[INFO] [stdout]      |
[INFO] [stdout]  695 | #[cfg(feature = "mockls")]
[INFO] [stdout]      |       ------------------ the item is gated behind the `mockls` feature
[INFO] [stdout] ...
[INFO] [stdout]  705 | pub mod test_support {
[INFO] [stdout]      |         ^^^^^^^^^^^^
[INFO] [stdout] 
[INFO] [stdout] 
[INFO] [stdout] error[E0432]: unresolved import `crate::logging::test_support`
[INFO] [stdout]     --> src/mcp/server.rs:1360:25
[INFO] [stdout]      |
[INFO] [stdout] 1360 |     use crate::logging::test_support::{
[INFO] [stdout]      |                         ^^^^^^^^^^^^ could not find `test_support` in `logging`
[INFO] [stdout]      |
[INFO] [stdout] note: found an item that was configured out
[INFO] [stdout]     --> src/logging/mod.rs:705:9
[INFO] [stdout]      |
[INFO] [stdout]  695 | #[cfg(feature = "mockls")]
[INFO] [stdout]      |       ------------------ the item is gated behind the `mockls` feature
[INFO] [stdout] ...
[INFO] [stdout]  705 | pub mod test_support {
[INFO] [stdout]      |         ^^^^^^^^^^^^
[INFO] [stdout] 
[INFO] [stdout] 
[INFO] [stdout] error[E0432]: unresolved import `crate::logging::test_support`
[INFO] [stdout]     --> src/lsp/protocol.rs:1065:29
[INFO] [stdout]      |
[INFO] [stdout] 1065 |         use crate::logging::test_support::{query_all_messages, setup_logging};
[INFO] [stdout]      |                             ^^^^^^^^^^^^ could not find `test_support` in `logging`
[INFO] [stdout]      |
[INFO] [stdout] note: found an item that was configured out
[INFO] [stdout]     --> src/logging/mod.rs:705:9
[INFO] [stdout]      |
[INFO] [stdout]  695 | #[cfg(feature = "mockls")]
[INFO] [stdout]      |       ------------------ the item is gated behind the `mockls` feature
[INFO] [stdout] ...
[INFO] [stdout]  705 | pub mod test_support {
[INFO] [stdout]      |         ^^^^^^^^^^^^
[INFO] [stdout] 
[INFO] [stdout] 
[INFO] [stdout] error[E0433]: cannot find `test_support` in `lsp`
[INFO] [stdout]     --> src/bridge/diagnostics_server.rs:5146:31
[INFO] [stdout]      |
[INFO] [stdout] 5146 |         let bin = crate::lsp::test_support::mockls_bin();
[INFO] [stdout]      |                               ^^^^^^^^^^^^ could not find `test_support` in `lsp`
[INFO] [stdout]      |
[INFO] [stdout] note: found an item that was configured out
[INFO] [stdout]     --> src/lsp/mod.rs:57:9
[INFO] [stdout]      |
[INFO] [stdout]   48 | #[cfg(feature = "mockls")]
[INFO] [stdout]      |       ------------------ the item is gated behind the `mockls` feature
[INFO] [stdout] ...
[INFO] [stdout]   57 | pub mod test_support {
[INFO] [stdout]      |         ^^^^^^^^^^^^
[INFO] [stdout] 
[INFO] [stdout] 
[INFO] [stdout] error[E0433]: cannot find `test_support` in `logging`
[INFO] [stdout]    --> src/lsp/bracket.rs:686:60
[INFO] [stdout]     |
[INFO] [stdout] 686 |         let (_logging, recorder, _guard) = crate::logging::test_support::setup_logging();
[INFO] [stdout]     |                                                            ^^^^^^^^^^^^ could not find `test_support` in `logging`
[INFO] [stdout]     |
[INFO] [stdout] note: found an item that was configured out
[INFO] [stdout]    --> src/logging/mod.rs:705:9
[INFO] [stdout]     |
[INFO] [stdout] 695 | #[cfg(feature = "mockls")]
[INFO] [stdout]     |       ------------------ the item is gated behind the `mockls` feature
[INFO] [stdout] ...
[INFO] [stdout] 705 | pub mod test_support {
[INFO] [stdout]     |         ^^^^^^^^^^^^
[INFO] [stdout] 
[INFO] [stdout] 
[INFO] [stdout] error[E0433]: cannot find `test_support` in `logging`
[INFO] [stdout]    --> src/lsp/bracket.rs:702:36
[INFO] [stdout]     |
[INFO] [stdout] 702 |         let rows = crate::logging::test_support::query_all_messages(&recorder);
[INFO] [stdout]     |                                    ^^^^^^^^^^^^ could not find `test_support` in `logging`
[INFO] [stdout]     |
[INFO] [stdout] note: found an item that was configured out
[INFO] [stdout]    --> src/logging/mod.rs:705:9
[INFO] [stdout]     |
[INFO] [stdout] 695 | #[cfg(feature = "mockls")]
[INFO] [stdout]     |       ------------------ the item is gated behind the `mockls` feature
[INFO] [stdout] ...
[INFO] [stdout] 705 | pub mod test_support {
[INFO] [stdout]     |         ^^^^^^^^^^^^
[INFO] [stdout] 
[INFO] [stdout] 
[INFO] [stdout] error[E0433]: cannot find `test_support` in `lsp`
[INFO] [stdout]     --> src/lsp/connection.rs:1329:31
[INFO] [stdout]      |
[INFO] [stdout] 1329 |         let bin = crate::lsp::test_support::mockls_bin();
[INFO] [stdout]      |                               ^^^^^^^^^^^^ could not find `test_support` in `lsp`
[INFO] [stdout]      |
[INFO] [stdout] note: found an item that was configured out
[INFO] [stdout]     --> src/lsp/mod.rs:57:9
[INFO] [stdout]      |
[INFO] [stdout]   48 | #[cfg(feature = "mockls")]
[INFO] [stdout]      |       ------------------ the item is gated behind the `mockls` feature
[INFO] [stdout] ...
[INFO] [stdout]   57 | pub mod test_support {
[INFO] [stdout]      |         ^^^^^^^^^^^^
[INFO] [stdout] 
[INFO] [stdout] 
[INFO] [stdout] error[E0433]: cannot find `test_support` in `lsp`
[INFO] [stdout]     --> src/lsp/connection.rs:1377:31
[INFO] [stdout]      |
[INFO] [stdout] 1377 |         let bin = crate::lsp::test_support::mockls_bin();
[INFO] [stdout]      |                               ^^^^^^^^^^^^ could not find `test_support` in `lsp`
[INFO] [stdout]      |
[INFO] [stdout] note: found an item that was configured out
[INFO] [stdout]     --> src/lsp/mod.rs:57:9
[INFO] [stdout]      |
[INFO] [stdout]   48 | #[cfg(feature = "mockls")]
[INFO] [stdout]      |       ------------------ the item is gated behind the `mockls` feature
[INFO] [stdout] ...
[INFO] [stdout]   57 | pub mod test_support {
[INFO] [stdout]      |         ^^^^^^^^^^^^
[INFO] [stdout] 
[INFO] [stdout] 
[INFO] [stdout] error[E0433]: cannot find `test_support` in `lsp`
[INFO] [stdout]     --> src/lsp/server.rs:3871:31
[INFO] [stdout]      |
[INFO] [stdout] 3871 |         let bin = crate::lsp::test_support::mockls_bin();
[INFO] [stdout]      |                               ^^^^^^^^^^^^ could not find `test_support` in `lsp`
[INFO] [stdout]      |
[INFO] [stdout] note: found an item that was configured out
[INFO] [stdout]     --> src/lsp/mod.rs:57:9
[INFO] [stdout]      |
[INFO] [stdout]   48 | #[cfg(feature = "mockls")]
[INFO] [stdout]      |       ------------------ the item is gated behind the `mockls` feature
[INFO] [stdout] ...
[INFO] [stdout]   57 | pub mod test_support {
[INFO] [stdout]      |         ^^^^^^^^^^^^
[INFO] [stdout] 
[INFO] [stdout] 
[INFO] [stdout] error[E0433]: cannot find `test_support` in `logging`
[INFO] [stdout]      --> src/router.rs:11725:40
[INFO] [stdout]       |
[INFO] [stdout] 11725 |         recorder: &Arc<crate::logging::test_support::MessageRecorder>,
[INFO] [stdout]       |                                        ^^^^^^^^^^^^ could not find `test_support` in `logging`
[INFO] [stdout]       |
[INFO] [stdout] note: found an item that was configured out
[INFO] [stdout]      --> src/logging/mod.rs:705:9
[INFO] [stdout]       |
[INFO] [stdout]   695 | #[cfg(feature = "mockls")]
[INFO] [stdout]       |       ------------------ the item is gated behind the `mockls` feature
[INFO] [stdout] ...
[INFO] [stdout]   705 | pub mod test_support {
[INFO] [stdout]       |         ^^^^^^^^^^^^
[INFO] [stdout] 
[INFO] [stdout] 
[INFO] [stdout] error[E0433]: cannot find `test_support` in `logging`
[INFO] [stdout]      --> src/router.rs:11726:30
[INFO] [stdout]       |
[INFO] [stdout] 11726 |     ) -> Vec<crate::logging::test_support::MsgRow> {
[INFO] [stdout]       |                              ^^^^^^^^^^^^ could not find `test_support` in `logging`
[INFO] [stdout]       |
[INFO] [stdout] note: found an item that was configured out
[INFO] [stdout]      --> src/logging/mod.rs:705:9
[INFO] [stdout]       |
[INFO] [stdout]   695 | #[cfg(feature = "mockls")]
[INFO] [stdout]       |       ------------------ the item is gated behind the `mockls` feature
[INFO] [stdout] ...
[INFO] [stdout]   705 | pub mod test_support {
[INFO] [stdout]       |         ^^^^^^^^^^^^
[INFO] [stdout] 
[INFO] [stdout] 
[INFO] [stdout] error[E0433]: cannot find `test_support` in `logging`
[INFO] [stdout]      --> src/router.rs:11727:25
[INFO] [stdout]       |
[INFO] [stdout] 11727 |         crate::logging::test_support::query_all_messages(recorder)
[INFO] [stdout]       |                         ^^^^^^^^^^^^ could not find `test_support` in `logging`
[INFO] [stdout]       |
[INFO] [stdout] note: found an item that was configured out
[INFO] [stdout]      --> src/logging/mod.rs:705:9
[INFO] [stdout]       |
[INFO] [stdout]   695 | #[cfg(feature = "mockls")]
[INFO] [stdout]       |       ------------------ the item is gated behind the `mockls` feature
[INFO] [stdout] ...
[INFO] [stdout]   705 | pub mod test_support {
[INFO] [stdout]       |         ^^^^^^^^^^^^
[INFO] [stdout] 
[INFO] [stdout] 
[INFO] [stdout] error[E0433]: cannot find `test_support` in `logging`
[INFO] [stdout]      --> src/router.rs:11735:60
[INFO] [stdout]       |
[INFO] [stdout] 11735 |         let (_logging, recorder, _guard) = crate::logging::test_support::setup_logging();
[INFO] [stdout]       |                                                            ^^^^^^^^^^^^ could not find `test_support` in `logging`
[INFO] [stdout]       |
[INFO] [stdout] note: found an item that was configured out
[INFO] [stdout]      --> src/logging/mod.rs:705:9
[INFO] [stdout]       |
[INFO] [stdout]   695 | #[cfg(feature = "mockls")]
[INFO] [stdout]       |       ------------------ the item is gated behind the `mockls` feature
[INFO] [stdout] ...
[INFO] [stdout]   705 | pub mod test_support {
[INFO] [stdout]       |         ^^^^^^^^^^^^
[INFO] [stdout] 
[INFO] [stdout] 
[INFO] [stdout] error[E0433]: cannot find `test_support` in `logging`
[INFO] [stdout]      --> src/router.rs:11760:60
[INFO] [stdout]       |
[INFO] [stdout] 11760 |         let (_logging, recorder, _guard) = crate::logging::test_support::setup_logging();
[INFO] [stdout]       |                                                            ^^^^^^^^^^^^ could not find `test_support` in `logging`
[INFO] [stdout]       |
[INFO] [stdout] note: found an item that was configured out
[INFO] [stdout]      --> src/logging/mod.rs:705:9
[INFO] [stdout]       |
[INFO] [stdout]   695 | #[cfg(feature = "mockls")]
[INFO] [stdout]       |       ------------------ the item is gated behind the `mockls` feature
[INFO] [stdout] ...
[INFO] [stdout]   705 | pub mod test_support {
[INFO] [stdout]       |         ^^^^^^^^^^^^
[INFO] [stdout] 
[INFO] [stdout] 
[INFO] [stdout] error[E0433]: cannot find `test_support` in `logging`
[INFO] [stdout]      --> src/router.rs:11776:60
[INFO] [stdout]       |
[INFO] [stdout] 11776 |         let (_logging, recorder, _guard) = crate::logging::test_support::setup_logging();
[INFO] [stdout]       |                                                            ^^^^^^^^^^^^ could not find `test_support` in `logging`
[INFO] [stdout]       |
[INFO] [stdout] note: found an item that was configured out
[INFO] [stdout]      --> src/logging/mod.rs:705:9
[INFO] [stdout]       |
[INFO] [stdout]   695 | #[cfg(feature = "mockls")]
[INFO] [stdout]       |       ------------------ the item is gated behind the `mockls` feature
[INFO] [stdout] ...
[INFO] [stdout]   705 | pub mod test_support {
[INFO] [stdout]       |         ^^^^^^^^^^^^
[INFO] [stdout] 
[INFO] [stdout] 
[INFO] [stdout] error[E0433]: cannot find `test_support` in `logging`
[INFO] [stdout]      --> src/router.rs:11792:60
[INFO] [stdout]       |
[INFO] [stdout] 11792 |         let (_logging, recorder, _guard) = crate::logging::test_support::setup_logging();
[INFO] [stdout]       |                                                            ^^^^^^^^^^^^ could not find `test_support` in `logging`
[INFO] [stdout]       |
[INFO] [stdout] note: found an item that was configured out
[INFO] [stdout]      --> src/logging/mod.rs:705:9
[INFO] [stdout]       |
[INFO] [stdout]   695 | #[cfg(feature = "mockls")]
[INFO] [stdout]       |       ------------------ the item is gated behind the `mockls` feature
[INFO] [stdout] ...
[INFO] [stdout]   705 | pub mod test_support {
[INFO] [stdout]       |         ^^^^^^^^^^^^
[INFO] [stdout] 
[INFO] [stdout] 
[INFO] [stdout] error[E0432]: unresolved import `catenary_cli::logging::test_support`
[INFO] [stdout]    --> tests/lsp_log_integration.rs:14:28
[INFO] [stdout]     |
[INFO] [stdout]  14 | use catenary_cli::logging::test_support::{
[INFO] [stdout]     |                            ^^^^^^^^^^^^ could not find `test_support` in `logging`
[INFO] [stdout]     |
[INFO] [stdout] note: found an item that was configured out
[INFO] [stdout]    --> src/logging/mod.rs:705:9
[INFO] [stdout]     |
[INFO] [stdout] 695 | #[cfg(feature = "mockls")]
[INFO] [stdout]     |       ------------------ the item is gated behind the `mockls` feature
[INFO] [stdout] ...
[INFO] [stdout] 705 | pub mod test_support {
[INFO] [stdout]     |         ^^^^^^^^^^^^
[INFO] [stdout] 
[INFO] [stdout] 
[INFO] [stdout] For more information about this error, try `rustc --explain E0432`.
[INFO] [stdout] 
[INFO] [stderr] error: could not compile `catenary-cli` (test "lsp_log_integration") due to 1 previous error
[INFO] [stderr] warning: build failed, waiting for other jobs to finish...
[INFO] [stdout] Some errors have detailed explanations: E0432, E0433.
[INFO] [stdout] 
[INFO] [stdout] For more information about an error, try `rustc --explain E0432`.
[INFO] [stdout] 
[INFO] [stderr] error: could not compile `catenary-cli` (lib test) due to 21 previous errors
[INFO] running `Command { std: "docker" "inspect" "d1673aa949551f8ac404919c1a6d9b421277d29297ee98e63732ce887619bbcf", kill_on_drop: false }`
[INFO] running `Command { std: "docker" "rm" "-f" "d1673aa949551f8ac404919c1a6d9b421277d29297ee98e63732ce887619bbcf", kill_on_drop: false }`
[INFO] [stdout] d1673aa949551f8ac404919c1a6d9b421277d29297ee98e63732ce887619bbcf
