[INFO] fetching crate castellan 0.0.3...
[INFO] checking castellan-0.0.3 against 3154cc1a3e6424e44f438a95007d043ed5ceaaf6+rustflags=-Znext-solver=coherence for pr-133502-30
[INFO] extracting crate castellan 0.0.3 into /workspace/builds/worker-4-tc1/source
[INFO] started tweaking crates.io crate castellan 0.0.3
[INFO] finished tweaking crates.io crate castellan 0.0.3
[INFO] tweaked toml for crates.io crate castellan 0.0.3 written to /workspace/builds/worker-4-tc1/source/Cargo.toml
[INFO] validating manifest of crates.io crate castellan 0.0.3 on toolchain 3154cc1a3e6424e44f438a95007d043ed5ceaaf6
[INFO] running `Command { std: CARGO_HOME="/workspace/cargo-home" RUSTUP_HOME="/workspace/rustup-home" "/workspace/cargo-home/bin/cargo" "+3154cc1a3e6424e44f438a95007d043ed5ceaaf6" "metadata" "--manifest-path" "Cargo.toml" "--no-deps", kill_on_drop: false }`
[INFO] crate crates.io crate castellan 0.0.3 already has a lockfile, it will not be regenerated
[INFO] running `Command { std: CARGO_HOME="/workspace/cargo-home" RUSTUP_HOME="/workspace/rustup-home" "/workspace/cargo-home/bin/cargo" "+3154cc1a3e6424e44f438a95007d043ed5ceaaf6" "fetch" "--manifest-path" "Cargo.toml", kill_on_drop: false }`
[INFO] [stderr]     Updating crates.io index
[INFO] [stderr]  Downloading crates ...
[INFO] [stderr]   Downloaded p521 v0.13.3
[INFO] [stderr]   Downloaded ssh-encoding v0.2.0
[INFO] [stderr]   Downloaded ssh-cipher v0.2.0
[INFO] [stderr]   Downloaded service-binding v3.0.0
[INFO] [stderr]   Downloaded raunch v1.0.1
[INFO] [stderr]   Downloaded bcrypt-pbkdf v0.10.0
[INFO] [stderr]   Downloaded blowfish v0.9.1
[INFO] [stderr]   Downloaded muniment v0.1.2
[INFO] [stderr]   Downloaded p2panda-core v0.7.1
[INFO] [stderr]   Downloaded notochord v0.1.0
[INFO] [stderr]   Downloaded ssh-agent-lib v0.6.0
[INFO] [stderr]   Downloaded munge v0.4.7
[INFO] [stderr]   Downloaded p384 v0.13.1
[INFO] [stderr]   Downloaded rend v0.5.4
[INFO] [stderr]   Downloaded ptr_meta_derive v0.3.2
[INFO] [stderr]   Downloaded bytecheck_derive v0.8.3
[INFO] [stderr]   Downloaded munge_macro v0.4.7
[INFO] [stderr]   Downloaded rkyv_derive v0.8.18
[INFO] [stderr]   Downloaded bytecheck v0.8.3
[INFO] [stderr]   Downloaded rancor v0.1.3
[INFO] [stderr]   Downloaded ptr_meta v0.3.2
[INFO] [stderr]   Downloaded codicil v0.1.1
[INFO] [stderr]   Downloaded numen v0.2.0
[INFO] [stderr]   Downloaded ssh-key v0.6.7
[INFO] [stderr]   Downloaded personae v0.2.1
[INFO] [stderr]   Downloaded mere-forme v0.1.0
[INFO] [stderr]   Downloaded titulus v0.0.2
[INFO] [stderr]   Downloaded pandect v0.1.1
[INFO] [stderr]   Downloaded cbor-core v0.10.1
[INFO] [stderr]   Downloaded incipit v0.2.0
[INFO] [stderr]   Downloaded scenotime v0.0.4
[INFO] [stderr]   Downloaded sceno v0.0.4
[INFO] [stderr]   Downloaded chirograph v0.0.2
[INFO] [stderr]   Downloaded mere-kernel v0.0.1
[INFO] [stderr]   Downloaded rkyv v0.8.18
[INFO] [stderr]   Downloaded chartulary v0.2.1
[INFO] [stderr]   Downloaded mere-eidetic v0.0.2
[INFO] [stderr]   Downloaded taffy v0.11.0-experimental-cache-fix.3
[INFO] running `Command { std: "docker" "create" "-v" "/var/lib/crater-agent-workspace/builds/worker-4-tc1/source:/opt/rustwide/workdir:ro,Z" "-v" "/var/lib/crater-agent-workspace/builds/worker-4-tc1/target:/opt/rustwide/target:rw,Z" "-v" "/var/lib/crater-agent-workspace/cargo-home:/opt/rustwide/cargo-home:ro,Z" "-v" "/var/lib/crater-agent-workspace/rustup-home:/opt/rustwide/rustup-home:ro,Z" "-m" "1610612736" "--network" "none" "ghcr.io/rust-lang/crates-build-env/linux@sha256:77db811e55d90add9212f6832c23229e3de5f1c1f9905e8cb07319ea15df73ac" "sleep" "infinity", kill_on_drop: false }`
[INFO] [stdout] 4b6e434d164791509c9e407be7581f6e1ae74c177e353eb94fa90e265dc5aad6
[INFO] running `Command { std: "docker" "start" "4b6e434d164791509c9e407be7581f6e1ae74c177e353eb94fa90e265dc5aad6", kill_on_drop: false }`
[INFO] running `Command { std: "docker" "inspect" "4b6e434d164791509c9e407be7581f6e1ae74c177e353eb94fa90e265dc5aad6", kill_on_drop: false }`
[INFO] running `Command { std: "docker" "exec" "-e" "SOURCE_DIR=/opt/rustwide/workdir" "-e" "CARGO_HOME=/opt/rustwide/cargo-home" "-e" "RUSTUP_HOME=/opt/rustwide/rustup-home" "-e" "CARGO_TARGET_DIR=/opt/rustwide/target" "-w" "/opt/rustwide/workdir" "--user" "0:0" "4b6e434d164791509c9e407be7581f6e1ae74c177e353eb94fa90e265dc5aad6" "/opt/rustwide/cargo-home/bin/cargo" "+3154cc1a3e6424e44f438a95007d043ed5ceaaf6" "metadata" "--no-deps" "--format-version=1", kill_on_drop: false }`
[INFO] running `Command { std: "docker" "inspect" "4b6e434d164791509c9e407be7581f6e1ae74c177e353eb94fa90e265dc5aad6", kill_on_drop: false }`
[INFO] running `Command { std: "docker" "exec" "-e" "SOURCE_DIR=/opt/rustwide/workdir" "-e" "CARGO_HOME=/opt/rustwide/cargo-home" "-e" "RUSTUP_HOME=/opt/rustwide/rustup-home" "-e" "CARGO_TARGET_DIR=/opt/rustwide/target" "-e" "CARGO_INCREMENTAL=0" "-e" "RUST_BACKTRACE=full" "-e" "RUSTFLAGS=--cap-lints=forbid -Znext-solver=coherence" "-e" "RUSTDOCFLAGS=--cap-lints=forbid" "-w" "/opt/rustwide/workdir" "--user" "0:0" "4b6e434d164791509c9e407be7581f6e1ae74c177e353eb94fa90e265dc5aad6" "/opt/rustwide/cargo-home/bin/cargo" "+3154cc1a3e6424e44f438a95007d043ed5ceaaf6" "check" "--frozen" "--all" "--all-targets" "--message-format=json", kill_on_drop: false }`
[INFO] [stderr]    Compiling libc v0.2.189
[INFO] [stderr]    Compiling getrandom v0.4.3
[INFO] [stderr]     Checking rand_core v0.10.1
[INFO] [stderr]    Compiling serde_core v1.0.229
[INFO] [stderr]     Checking subtle v2.6.1
[INFO] [stderr]    Compiling serde v1.0.229
[INFO] [stderr]     Checking inout v0.2.2
[INFO] [stderr]    Compiling thiserror v2.0.20
[INFO] [stderr]    Compiling syn v2.0.119
[INFO] [stderr]    Compiling syn v3.0.4
[INFO] [stderr]    Compiling cc v1.4.4
[INFO] [stderr]    Compiling curve25519-dalek v5.0.0
[INFO] [stderr]    Compiling heapless v0.7.17
[INFO] [stderr]     Checking generic-array v0.14.7
[INFO] [stderr]     Checking rand_core v0.6.4
[INFO] [stderr]     Checking signature v3.0.0
[INFO] [stderr]     Checking byteorder v1.5.0
[INFO] [stderr]     Checking base64ct v1.8.3
[INFO] [stderr]     Checking ed25519 v3.0.0
[INFO] [stderr]     Checking spin v0.9.9
[INFO] [stderr]     Checking memchr v2.8.3
[INFO] [stderr]     Checking password-hash v0.5.0
[INFO] [stderr]     Checking hash32 v0.2.1
[INFO] [stderr]     Checking crypto-common v0.1.7
[INFO] [stderr]     Checking block-buffer v0.10.4
[INFO] [stderr]     Checking digest v0.10.7
[INFO] [stderr]     Checking blake2 v0.10.6
[INFO] [stderr]     Checking argon2 v0.5.3
[INFO] [stderr]    Compiling blake3 v1.8.7
[INFO] [stderr]     Checking getrandom v0.3.4
[INFO] [stderr]     Checking crypto-common v0.2.2
[INFO] [stderr]    Compiling serde_derive v1.0.229
[INFO] [stderr]    Compiling thiserror-impl v2.0.20
[INFO] [stderr]     Checking digest v0.11.3
[INFO] [stderr]     Checking cipher v0.5.2
[INFO] [stderr]     Checking universal-hash v0.6.1
[INFO] [stderr]     Checking aead v0.6.1
[INFO] [stderr]     Checking poly1305 v0.9.1
[INFO] [stderr]     Checking chacha20 v0.10.1
[INFO] [stderr]     Checking sha2 v0.11.0
[INFO] [stderr]     Checking sha1 v0.11.0
[INFO] [stderr]     Checking hmac v0.13.0
[INFO] [stderr]     Checking chacha20poly1305 v0.11.0
[INFO] [stderr]     Checking serde_json v1.0.151
[INFO] [stderr]     Checking uuid v1.25.0
[INFO] [stderr]     Checking cobs v0.3.0
[INFO] [stderr]     Checking postcard v1.1.3
[INFO] [stderr]    Compiling zeroize_derive v1.5.0
[INFO] [stderr]    Compiling curve25519-dalek-derive v0.1.1
[INFO] [stderr]    Compiling tracing-attributes v0.1.31
[INFO] [stderr]    Compiling thiserror-impl v1.0.69
[INFO] [stderr]     Checking zeroize v1.9.0
[INFO] [stderr]     Checking thiserror v1.0.69
[INFO] [stderr]     Checking tracing v0.1.44
[INFO] [stderr]     Checking ed25519-dalek v3.0.0
[INFO] [stderr]     Checking personae v0.2.1
[INFO] [stderr]     Checking notochord v0.1.0
[INFO] [stderr]     Checking castellan v0.0.3 (/opt/rustwide/workdir)
[INFO] [stdout] error[E0432]: unresolved import `tempfile`
[INFO] [stdout]   --> src/otp/admitted_tests.rs:13:5
[INFO] [stdout]    |
[INFO] [stdout] 13 | use tempfile::{TempDir, tempdir};
[INFO] [stdout]    |     ^^^^^^^^ use of unresolved module or unlinked crate `tempfile`
[INFO] [stdout]    |
[INFO] [stdout]    = help: if you wanted to use a crate named `tempfile`, use `cargo add tempfile` to add it to your `Cargo.toml`
[INFO] [stdout] 
[INFO] [stdout] 
[INFO] [stdout] error[E0432]: unresolved import `tempfile`
[INFO] [stdout]    --> src/otp/item.rs:438:9
[INFO] [stdout]     |
[INFO] [stdout] 438 |     use tempfile::tempdir;
[INFO] [stdout]     |         ^^^^^^^^ use of unresolved module or unlinked crate `tempfile`
[INFO] [stdout]     |
[INFO] [stdout]     = help: if you wanted to use a crate named `tempfile`, use `cargo add tempfile` to add it to your `Cargo.toml`
[INFO] [stdout] 
[INFO] [stdout] 
[INFO] [stdout] error[E0432]: unresolved import `tempfile`
[INFO] [stdout]  --> src/otp/release_concurrency_tests.rs:8:5
[INFO] [stdout]   |
[INFO] [stdout] 8 | use tempfile::tempdir;
[INFO] [stdout]   |     ^^^^^^^^ use of unresolved module or unlinked crate `tempfile`
[INFO] [stdout]   |
[INFO] [stdout]   = help: if you wanted to use a crate named `tempfile`, use `cargo add tempfile` to add it to your `Cargo.toml`
[INFO] [stdout] 
[INFO] [stdout] 
[INFO] [stdout] error[E0432]: unresolved import `tempfile`
[INFO] [stdout]    --> src/otp/release.rs:368:9
[INFO] [stdout]     |
[INFO] [stdout] 368 |     use tempfile::tempdir;
[INFO] [stdout]     |         ^^^^^^^^ use of unresolved module or unlinked crate `tempfile`
[INFO] [stdout]     |
[INFO] [stdout]     = help: if you wanted to use a crate named `tempfile`, use `cargo add tempfile` to add it to your `Cargo.toml`
[INFO] [stdout] 
[INFO] [stdout] 
[INFO] [stdout] error[E0432]: unresolved import `tempfile`
[INFO] [stdout]   --> src/resident.rs:87:9
[INFO] [stdout]    |
[INFO] [stdout] 87 |     use tempfile::tempdir;
[INFO] [stdout]    |         ^^^^^^^^ use of unresolved module or unlinked crate `tempfile`
[INFO] [stdout]    |
[INFO] [stdout]    = help: if you wanted to use a crate named `tempfile`, use `cargo add tempfile` to add it to your `Cargo.toml`
[INFO] [stdout] 
[INFO] [stdout] 
[INFO] [stdout] For more information about this error, try `rustc --explain E0432`.
[INFO] [stdout] 
[INFO] [stderr] error: could not compile `castellan` (lib test) due to 5 previous errors
[INFO] running `Command { std: "docker" "inspect" "4b6e434d164791509c9e407be7581f6e1ae74c177e353eb94fa90e265dc5aad6", kill_on_drop: false }`
[INFO] running `Command { std: "docker" "rm" "-f" "4b6e434d164791509c9e407be7581f6e1ae74c177e353eb94fa90e265dc5aad6", kill_on_drop: false }`
[INFO] [stdout] 4b6e434d164791509c9e407be7581f6e1ae74c177e353eb94fa90e265dc5aad6
